{"id":219,"date":"2016-10-28T13:34:06","date_gmt":"2016-10-28T11:34:47","guid":{"rendered":"https:\/\/wl.heimpixel.de\/vorlage\/ueber-uns\/"},"modified":"2021-11-22T14:59:57","modified_gmt":"2021-11-22T13:59:57","slug":"ueber-uns","status":"publish","type":"page","link":"https:\/\/weltlaeden.de\/zell-im-wiesental\/ueber-uns\/","title":{"rendered":"\u00dcber uns"},"content":{"rendered":"<div class=\"wpb-content-wrapper\"><p>[vc_row][vc_column]<div class=\"wl_einzelbild\"><p><img loading=\"lazy\" decoding=\"async\" class=\"alignnone wp-image-483 size-full\" src=\"https:\/\/weltlaeden.de\/zell-im-wiesental\/wp-content\/uploads\/sites\/148\/2020\/10\/MG_9122.jpeg\" alt=\"\" width=\"1280\" height=\"629\" srcset=\"https:\/\/weltlaeden.de\/zell-im-wiesental\/wp-content\/uploads\/sites\/148\/2020\/10\/MG_9122.jpeg 1280w, https:\/\/weltlaeden.de\/zell-im-wiesental\/wp-content\/uploads\/sites\/148\/2020\/10\/MG_9122-300x147.jpeg 300w, https:\/\/weltlaeden.de\/zell-im-wiesental\/wp-content\/uploads\/sites\/148\/2020\/10\/MG_9122-768x377.jpeg 768w, https:\/\/weltlaeden.de\/zell-im-wiesental\/wp-content\/uploads\/sites\/148\/2020\/10\/MG_9122-1024x503.jpeg 1024w\" sizes=\"auto, (max-width: 1280px) 100vw, 1280px\" \/><\/p><\/div>[vc_empty_space][vc_column_text]<\/p>\n<h1>\u00dcber den Weltladen Cabanja<\/h1>\n<p>[\/vc_column_text][vc_column_text]<\/p>\n<p class=\"western\"><span style=\"font-size: large\">Der Weltladen Cabanja ging 1985 zusammen mit dem Tr\u00e4gerverein \u201eFrieden und Entwicklung e.V.\u201c aus der damaligen Friedensbewegung in Zell hervor. Nach Anf\u00e4ngen in einem kleinen unbeheizten Ladenlokal am Rande von Zell, zog der Laden im Jahre 2000 in die Kirchstra\u00dfe. Es fanden sich gen\u00fcgend ehrenamtliche Mitarbeiter, um den Weltladen t\u00e4glich morgens und nachmittags \u00f6ffnen zu k\u00f6nnen. 2010 konnte auch der angrenzende Nachbarladen \u00fcbernommen werden, sodass das Weltladensortiment \u00fcbersichtlich pr\u00e4sentiert werden kann.<\/span><\/p>\n<p class=\"western\" align=\"left\"><span style=\"font-size: large\">Allf\u00e4llige Gewinne aus dem Verkauf der Produkte <\/span><span style=\"color: #000000\"><span style=\"font-size: large\"><span lang=\"de-DE\">werden<\/span><\/span><\/span><span style=\"font-size: large\"> wieder in den Fairen Handel oder in <\/span><span style=\"color: #000000\"><span style=\"font-size: large\"><span lang=\"de-DE\">klimasch\u00fctzende Ma\u00dfnahmen<\/span><\/span><\/span><span style=\"font-size: large\"> investiert. <\/span><\/p>\n<p class=\"western\"><span style=\"font-size: large\">Weltladen Cabanja ist Mitglied im Weltladendachverband und im DEAB*, er ist berechtigt, das Emblem der WFTO** zu tragen. <\/span><\/p>\n<p>&nbsp;<\/p>\n<p class=\"western\"><span style=\"font-size: large\">Die Beitrittserkl\u00e4rung f\u00fcr den Tr\u00e4gerverein &#8222;Frieden und Entwicklung e.V.&#8220; finden Sie <a href=\"https:\/\/weltlaeden.de\/zell-im-wiesental\/wp-content\/uploads\/sites\/148\/2021\/11\/Beitrittserkl\u00e4rung.pdf\">hier.<\/a><br \/>\n<\/span><\/p>\n<p>&nbsp;<\/p>\n<p class=\"western\"><span style=\"font-size: large\">*<\/span><span style=\"font-size: small\">Dachverband entwicklungspolitischer Arbeitsgruppen Baden-W\u00fcrttemberg<\/span><\/p>\n<p class=\"western\"><span style=\"color: #000000\"><span style=\"font-size: small\"><span lang=\"de-DE\">**world fair trade organisation<\/span><\/span><\/span><\/p>\n<p>[\/vc_column_text][\/vc_column][\/vc_row][vc_row][vc_column][vc_empty_space][vc_column_text]<\/p>\n<h1>Mitmachen im Weltladen Cabanja<\/h1>\n<p>[\/vc_column_text][vc_column_text]Das Weltladenteam sucht immer Mitarbeiter, die Lust haben, sich ehrenamtlich im Weltladen zu engagieren, sei es im Verkauf, Teilnahme an politischen Kampagnen zum Weltladentag oder auch in der Bildungsarbeit.<\/p>\n<p><strong>Wir bieten<\/strong> ein nettes Team aus Engagierten mit vielf\u00e4ltigen M\u00f6glichkeiten, sich selbst einzubringen. Eine Gemeinschaft, die Dich herzlich aufnimmt, einarbeitet und bei Fragen zur Verf\u00fcgung steht. Fortbildungsm\u00f6glichkeiten nach Deinen Interessen und Aufgaben.<\/p>\n<p><strong>Ansprechpartner\/in:<\/strong><br \/>\nAlmut Teichert-Hailperin<br \/>\n07625 1808<\/p>\n<p>cabanja@t-online.de<\/p>\n<p><strong>Wir freuen uns auf Dich!<\/strong>[\/vc_column_text][\/vc_column][\/vc_row]<\/p>\n<\/div>","protected":false},"excerpt":{"rendered":"<p>[vc_row][vc_column][vc_empty_space][vc_column_text] \u00dcber den Weltladen Cabanja [\/vc_column_text][vc_column_text] Der Weltladen Cabanja ging 1985 zusammen mit dem Tr\u00e4gerverein \u201eFrieden und Entwicklung e.V.\u201c aus der damaligen Friedensbewegung in Zell hervor. Nach Anf\u00e4ngen in einem kleinen unbeheizten Ladenlokal am Rande von Zell, zog der Laden im Jahre 2000 in die Kirchstra\u00dfe. Es fanden sich gen\u00fcgend ehrenamtliche Mitarbeiter, um den Weltladen&hellip;<\/p>\n","protected":false},"author":1,"featured_media":0,"parent":0,"menu_order":5,"comment_status":"closed","ping_status":"closed","template":"","meta":{"footnotes":""},"class_list":["post-219","page","type-page","status-publish","hentry","description-off"],"yoast_head":"<!-- This site is optimized with the Yoast SEO plugin v26.8 - https:\/\/yoast.com\/product\/yoast-seo-wordpress\/ -->\n<title>\u00dcber uns - Weltladen Cabanja<\/title>\n<meta name=\"robots\" content=\"index, follow, max-snippet:-1, max-image-preview:large, max-video-preview:-1\" \/>\n<link rel=\"canonical\" href=\"https:\/\/weltlaeden.de\/zell-im-wiesental\/ueber-uns\/\" \/>\n<meta property=\"og:locale\" content=\"de_DE\" \/>\n<meta property=\"og:type\" content=\"article\" \/>\n<meta property=\"og:title\" content=\"\u00dcber uns - Weltladen Cabanja\" \/>\n<meta property=\"og:description\" content=\"[vc_row][vc_column][vc_empty_space][vc_column_text] \u00dcber den Weltladen Cabanja [\/vc_column_text][vc_column_text] Der Weltladen Cabanja ging 1985 zusammen mit dem Tr\u00e4gerverein \u201eFrieden und Entwicklung e.V.\u201c aus der damaligen Friedensbewegung in Zell hervor. Nach Anf\u00e4ngen in einem kleinen unbeheizten Ladenlokal am Rande von Zell, zog der Laden im Jahre 2000 in die Kirchstra\u00dfe. Es fanden sich gen\u00fcgend ehrenamtliche Mitarbeiter, um den Weltladen&hellip;\" \/>\n<meta property=\"og:url\" content=\"https:\/\/weltlaeden.de\/zell-im-wiesental\/ueber-uns\/\" \/>\n<meta property=\"og:site_name\" content=\"Weltladen Cabanja\" \/>\n<meta property=\"article:modified_time\" content=\"2021-11-22T13:59:57+00:00\" \/>\n<meta property=\"og:image\" content=\"https:\/\/weltlaeden.de\/zell-im-wiesental\/wp-content\/uploads\/sites\/148\/2020\/10\/MG_9122.jpeg\" \/>\n<meta name=\"twitter:card\" content=\"summary_large_image\" \/>\n<meta name=\"twitter:label1\" content=\"Gesch\u00e4tzte Lesezeit\" \/>\n\t<meta name=\"twitter:data1\" content=\"1\u00a0Minute\" \/>\n<script type=\"application\/ld+json\" class=\"yoast-schema-graph\">{\"@context\":\"https:\/\/schema.org\",\"@graph\":[{\"@type\":\"WebPage\",\"@id\":\"https:\/\/weltlaeden.de\/zell-im-wiesental\/ueber-uns\/\",\"url\":\"https:\/\/weltlaeden.de\/zell-im-wiesental\/ueber-uns\/\",\"name\":\"\u00dcber uns - Weltladen Cabanja\",\"isPartOf\":{\"@id\":\"https:\/\/weltlaeden.de\/zell-im-wiesental\/#website\"},\"primaryImageOfPage\":{\"@id\":\"https:\/\/weltlaeden.de\/zell-im-wiesental\/ueber-uns\/#primaryimage\"},\"image\":{\"@id\":\"https:\/\/weltlaeden.de\/zell-im-wiesental\/ueber-uns\/#primaryimage\"},\"thumbnailUrl\":\"https:\/\/weltlaeden.de\/zell-im-wiesental\/wp-content\/uploads\/sites\/148\/2020\/10\/MG_9122.jpeg\",\"datePublished\":\"2016-10-28T11:34:47+00:00\",\"dateModified\":\"2021-11-22T13:59:57+00:00\",\"breadcrumb\":{\"@id\":\"https:\/\/weltlaeden.de\/zell-im-wiesental\/ueber-uns\/#breadcrumb\"},\"inLanguage\":\"de\",\"potentialAction\":[{\"@type\":\"ReadAction\",\"target\":[\"https:\/\/weltlaeden.de\/zell-im-wiesental\/ueber-uns\/\"]}]},{\"@type\":\"ImageObject\",\"inLanguage\":\"de\",\"@id\":\"https:\/\/weltlaeden.de\/zell-im-wiesental\/ueber-uns\/#primaryimage\",\"url\":\"https:\/\/weltlaeden.de\/zell-im-wiesental\/wp-content\/uploads\/sites\/148\/2020\/10\/MG_9122.jpeg\",\"contentUrl\":\"https:\/\/weltlaeden.de\/zell-im-wiesental\/wp-content\/uploads\/sites\/148\/2020\/10\/MG_9122.jpeg\",\"width\":1280,\"height\":629},{\"@type\":\"BreadcrumbList\",\"@id\":\"https:\/\/weltlaeden.de\/zell-im-wiesental\/ueber-uns\/#breadcrumb\",\"itemListElement\":[{\"@type\":\"ListItem\",\"position\":1,\"name\":\"Startseite\",\"item\":\"https:\/\/weltlaeden.de\/zell-im-wiesental\/\"},{\"@type\":\"ListItem\",\"position\":2,\"name\":\"\u00dcber uns\"}]},{\"@type\":\"WebSite\",\"@id\":\"https:\/\/weltlaeden.de\/zell-im-wiesental\/#website\",\"url\":\"https:\/\/weltlaeden.de\/zell-im-wiesental\/\",\"name\":\"Weltladen Cabanja\",\"description\":\"Faire Produkte seit 1985\",\"potentialAction\":[{\"@type\":\"SearchAction\",\"target\":{\"@type\":\"EntryPoint\",\"urlTemplate\":\"https:\/\/weltlaeden.de\/zell-im-wiesental\/?s={search_term_string}\"},\"query-input\":{\"@type\":\"PropertyValueSpecification\",\"valueRequired\":true,\"valueName\":\"search_term_string\"}}],\"inLanguage\":\"de\"}]}<\/script>\n<!-- \/ Yoast SEO plugin. -->","yoast_head_json":{"title":"\u00dcber uns - Weltladen Cabanja","robots":{"index":"index","follow":"follow","max-snippet":"max-snippet:-1","max-image-preview":"max-image-preview:large","max-video-preview":"max-video-preview:-1"},"canonical":"https:\/\/weltlaeden.de\/zell-im-wiesental\/ueber-uns\/","og_locale":"de_DE","og_type":"article","og_title":"\u00dcber uns - Weltladen Cabanja","og_description":"[vc_row][vc_column][vc_empty_space][vc_column_text] \u00dcber den Weltladen Cabanja [\/vc_column_text][vc_column_text] Der Weltladen Cabanja ging 1985 zusammen mit dem Tr\u00e4gerverein \u201eFrieden und Entwicklung e.V.\u201c aus der damaligen Friedensbewegung in Zell hervor. Nach Anf\u00e4ngen in einem kleinen unbeheizten Ladenlokal am Rande von Zell, zog der Laden im Jahre 2000 in die Kirchstra\u00dfe. Es fanden sich gen\u00fcgend ehrenamtliche Mitarbeiter, um den Weltladen&hellip;","og_url":"https:\/\/weltlaeden.de\/zell-im-wiesental\/ueber-uns\/","og_site_name":"Weltladen Cabanja","article_modified_time":"2021-11-22T13:59:57+00:00","og_image":[{"url":"https:\/\/weltlaeden.de\/zell-im-wiesental\/wp-content\/uploads\/sites\/148\/2020\/10\/MG_9122.jpeg","type":"","width":"","height":""}],"twitter_card":"summary_large_image","twitter_misc":{"Gesch\u00e4tzte Lesezeit":"1\u00a0Minute"},"schema":{"@context":"https:\/\/schema.org","@graph":[{"@type":"WebPage","@id":"https:\/\/weltlaeden.de\/zell-im-wiesental\/ueber-uns\/","url":"https:\/\/weltlaeden.de\/zell-im-wiesental\/ueber-uns\/","name":"\u00dcber uns - Weltladen Cabanja","isPartOf":{"@id":"https:\/\/weltlaeden.de\/zell-im-wiesental\/#website"},"primaryImageOfPage":{"@id":"https:\/\/weltlaeden.de\/zell-im-wiesental\/ueber-uns\/#primaryimage"},"image":{"@id":"https:\/\/weltlaeden.de\/zell-im-wiesental\/ueber-uns\/#primaryimage"},"thumbnailUrl":"https:\/\/weltlaeden.de\/zell-im-wiesental\/wp-content\/uploads\/sites\/148\/2020\/10\/MG_9122.jpeg","datePublished":"2016-10-28T11:34:47+00:00","dateModified":"2021-11-22T13:59:57+00:00","breadcrumb":{"@id":"https:\/\/weltlaeden.de\/zell-im-wiesental\/ueber-uns\/#breadcrumb"},"inLanguage":"de","potentialAction":[{"@type":"ReadAction","target":["https:\/\/weltlaeden.de\/zell-im-wiesental\/ueber-uns\/"]}]},{"@type":"ImageObject","inLanguage":"de","@id":"https:\/\/weltlaeden.de\/zell-im-wiesental\/ueber-uns\/#primaryimage","url":"https:\/\/weltlaeden.de\/zell-im-wiesental\/wp-content\/uploads\/sites\/148\/2020\/10\/MG_9122.jpeg","contentUrl":"https:\/\/weltlaeden.de\/zell-im-wiesental\/wp-content\/uploads\/sites\/148\/2020\/10\/MG_9122.jpeg","width":1280,"height":629},{"@type":"BreadcrumbList","@id":"https:\/\/weltlaeden.de\/zell-im-wiesental\/ueber-uns\/#breadcrumb","itemListElement":[{"@type":"ListItem","position":1,"name":"Startseite","item":"https:\/\/weltlaeden.de\/zell-im-wiesental\/"},{"@type":"ListItem","position":2,"name":"\u00dcber uns"}]},{"@type":"WebSite","@id":"https:\/\/weltlaeden.de\/zell-im-wiesental\/#website","url":"https:\/\/weltlaeden.de\/zell-im-wiesental\/","name":"Weltladen Cabanja","description":"Faire Produkte seit 1985","potentialAction":[{"@type":"SearchAction","target":{"@type":"EntryPoint","urlTemplate":"https:\/\/weltlaeden.de\/zell-im-wiesental\/?s={search_term_string}"},"query-input":{"@type":"PropertyValueSpecification","valueRequired":true,"valueName":"search_term_string"}}],"inLanguage":"de"}]}},"_links":{"self":[{"href":"https:\/\/weltlaeden.de\/zell-im-wiesental\/wp-json\/wp\/v2\/pages\/219","targetHints":{"allow":["GET"]}}],"collection":[{"href":"https:\/\/weltlaeden.de\/zell-im-wiesental\/wp-json\/wp\/v2\/pages"}],"about":[{"href":"https:\/\/weltlaeden.de\/zell-im-wiesental\/wp-json\/wp\/v2\/types\/page"}],"author":[{"embeddable":true,"href":"https:\/\/weltlaeden.de\/zell-im-wiesental\/wp-json\/wp\/v2\/users\/1"}],"replies":[{"embeddable":true,"href":"https:\/\/weltlaeden.de\/zell-im-wiesental\/wp-json\/wp\/v2\/comments?post=219"}],"version-history":[{"count":19,"href":"https:\/\/weltlaeden.de\/zell-im-wiesental\/wp-json\/wp\/v2\/pages\/219\/revisions"}],"predecessor-version":[{"id":723,"href":"https:\/\/weltlaeden.de\/zell-im-wiesental\/wp-json\/wp\/v2\/pages\/219\/revisions\/723"}],"wp:attachment":[{"href":"https:\/\/weltlaeden.de\/zell-im-wiesental\/wp-json\/wp\/v2\/media?parent=219"}],"curies":[{"name":"wp","href":"https:\/\/api.w.org\/{rel}","templated":true}]}}

Über uns

<div class="wpb-content-wrapper"><p>[vc_row][vc_column]<div class="wl_einzelbild"><p><img loading="lazy" decoding="async" class="alignnone wp-image-483 size-full" src="https://weltlaeden.de/zell-im-wiesental/wp-content/uploads/sites/148/2020/10/MG_9122.jpeg" alt="" width="1280" height="629" srcset="https://weltlaeden.de/zell-im-wiesental/wp-content/uploads/sites/148/2020/10/MG_9122.jpeg 1280w, https://weltlaeden.de/zell-im-wiesental/wp-content/uploads/sites/148/2020/10/MG_9122-300x147.jpeg 300w, https://weltlaeden.de/zell-im-wiesental/wp-content/uploads/sites/148/2020/10/MG_9122-768x377.jpeg 768w, https://weltlaeden.de/zell-im-wiesental/wp-content/uploads/sites/148/2020/10/MG_9122-1024x503.jpeg 1024w" sizes="auto, (max-width: 1280px) 100vw, 1280px" /></p></div>[vc_empty_space][vc_column_text]</p>
<h1>Über den Weltladen Cabanja</h1>
<p>[/vc_column_text][vc_column_text]</p>
<p class="western"><span style="font-size: large">Der Weltladen Cabanja ging 1985 zusammen mit dem Trägerverein „Frieden und Entwicklung e.V.“ aus der damaligen Friedensbewegung in Zell hervor. Nach Anfängen in einem kleinen unbeheizten Ladenlokal am Rande von Zell, zog der Laden im Jahre 2000 in die Kirchstraße. Es fanden sich genügend ehrenamtliche Mitarbeiter, um den Weltladen täglich morgens und nachmittags öffnen zu können. 2010 konnte auch der angrenzende Nachbarladen übernommen werden, sodass das Weltladensortiment übersichtlich präsentiert werden kann.</span></p>
<p class="western" align="left"><span style="font-size: large">Allfällige Gewinne aus dem Verkauf der Produkte </span><span style="color: #000000"><span style="font-size: large"><span lang="de-DE">werden</span></span></span><span style="font-size: large"> wieder in den Fairen Handel oder in </span><span style="color: #000000"><span style="font-size: large"><span lang="de-DE">klimaschützende Maßnahmen</span></span></span><span style="font-size: large"> investiert. </span></p>
<p class="western"><span style="font-size: large">Weltladen Cabanja ist Mitglied im Weltladendachverband und im DEAB*, er ist berechtigt, das Emblem der WFTO** zu tragen. </span></p>
<p>&nbsp;</p>
<p class="western"><span style="font-size: large">Die Beitrittserklärung für den Trägerverein &#8222;Frieden und Entwicklung e.V.&#8220; finden Sie <a href="https://weltlaeden.de/zell-im-wiesental/wp-content/uploads/sites/148/2021/11/Beitrittserklärung.pdf">hier.</a><br />
</span></p>
<p>&nbsp;</p>
<p class="western"><span style="font-size: large">*</span><span style="font-size: small">Dachverband entwicklungspolitischer Arbeitsgruppen Baden-Württemberg</span></p>
<p class="western"><span style="color: #000000"><span style="font-size: small"><span lang="de-DE">**world fair trade organisation</span></span></span></p>
<p>[/vc_column_text][/vc_column][/vc_row][vc_row][vc_column][vc_empty_space][vc_column_text]</p>
<h1>Mitmachen im Weltladen Cabanja</h1>
<p>[/vc_column_text][vc_column_text]Das Weltladenteam sucht immer Mitarbeiter, die Lust haben, sich ehrenamtlich im Weltladen zu engagieren, sei es im Verkauf, Teilnahme an politischen Kampagnen zum Weltladentag oder auch in der Bildungsarbeit.</p>
<p><strong>Wir bieten</strong> ein nettes Team aus Engagierten mit vielfältigen Möglichkeiten, sich selbst einzubringen. Eine Gemeinschaft, die Dich herzlich aufnimmt, einarbeitet und bei Fragen zur Verfügung steht. Fortbildungsmöglichkeiten nach Deinen Interessen und Aufgaben.</p>
<p><strong>Ansprechpartner/in:</strong><br />
Almut Teichert-Hailperin<br />
07625 1808</p>
<p>cabanja@t-online.de</p>
<p><strong>Wir freuen uns auf Dich!</strong>[/vc_column_text][/vc_column][/vc_row]</p>
</div>

<p>[vc_row][vc_column][vc_empty_space][vc_column_text] Über den Weltladen Cabanja [/vc_column_text][vc_column_text] Der Weltladen Cabanja ging 1985 zusammen mit dem Trägerverein „Frieden und Entwicklung e.V.“ aus der damaligen Friedensbewegung in Zell hervor. Nach Anfängen in einem kleinen unbeheizten Ladenlokal am Rande von Zell, zog der Laden im Jahre 2000 in die Kirchstraße. Es fanden sich genügend ehrenamtliche Mitarbeiter, um den Weltladen&hellip;</p>

<!-- This site is optimized with the Yoast SEO plugin v26.8 - https://yoast.com/product/yoast-seo-wordpress/ -->
<title>Über uns - Weltladen Cabanja</title>
<meta name="robots" content="index, follow, max-snippet:-1, max-image-preview:large, max-video-preview:-1" />
<link rel="canonical" href="https://weltlaeden.de/zell-im-wiesental/ueber-uns/" />
<meta property="og:locale" content="de_DE" />
<meta property="og:type" content="article" />
<meta property="og:title" content="Über uns - Weltladen Cabanja" />
<meta property="og:description" content="[vc_row][vc_column][vc_empty_space][vc_column_text] Über den Weltladen Cabanja [/vc_column_text][vc_column_text] Der Weltladen Cabanja ging 1985 zusammen mit dem Trägerverein „Frieden und Entwicklung e.V.“ aus der damaligen Friedensbewegung in Zell hervor. Nach Anfängen in einem kleinen unbeheizten Ladenlokal am Rande von Zell, zog der Laden im Jahre 2000 in die Kirchstraße. Es fanden sich genügend ehrenamtliche Mitarbeiter, um den Weltladen&hellip;" />
<meta property="og:url" content="https://weltlaeden.de/zell-im-wiesental/ueber-uns/" />
<meta property="og:site_name" content="Weltladen Cabanja" />
<meta property="article:modified_time" content="2021-11-22T13:59:57+00:00" />
<meta property="og:image" content="https://weltlaeden.de/zell-im-wiesental/wp-content/uploads/sites/148/2020/10/MG_9122.jpeg" />
<meta name="twitter:card" content="summary_large_image" />
<meta name="twitter:label1" content="Geschätzte Lesezeit" />
	<meta name="twitter:data1" content="1 Minute" />
<script type="application/ld+json" class="yoast-schema-graph">{"@context":"https://schema.org","@graph":[{"@type":"WebPage","@id":"https://weltlaeden.de/zell-im-wiesental/ueber-uns/","url":"https://weltlaeden.de/zell-im-wiesental/ueber-uns/","name":"Über uns - Weltladen Cabanja","isPartOf":{"@id":"https://weltlaeden.de/zell-im-wiesental/#website"},"primaryImageOfPage":{"@id":"https://weltlaeden.de/zell-im-wiesental/ueber-uns/#primaryimage"},"image":{"@id":"https://weltlaeden.de/zell-im-wiesental/ueber-uns/#primaryimage"},"thumbnailUrl":"https://weltlaeden.de/zell-im-wiesental/wp-content/uploads/sites/148/2020/10/MG_9122.jpeg","datePublished":"2016-10-28T11:34:47+00:00","dateModified":"2021-11-22T13:59:57+00:00","breadcrumb":{"@id":"https://weltlaeden.de/zell-im-wiesental/ueber-uns/#breadcrumb"},"inLanguage":"de","potentialAction":[{"@type":"ReadAction","target":["https://weltlaeden.de/zell-im-wiesental/ueber-uns/"]}]},{"@type":"ImageObject","inLanguage":"de","@id":"https://weltlaeden.de/zell-im-wiesental/ueber-uns/#primaryimage","url":"https://weltlaeden.de/zell-im-wiesental/wp-content/uploads/sites/148/2020/10/MG_9122.jpeg","contentUrl":"https://weltlaeden.de/zell-im-wiesental/wp-content/uploads/sites/148/2020/10/MG_9122.jpeg","width":1280,"height":629},{"@type":"BreadcrumbList","@id":"https://weltlaeden.de/zell-im-wiesental/ueber-uns/#breadcrumb","itemListElement":[{"@type":"ListItem","position":1,"name":"Startseite","item":"https://weltlaeden.de/zell-im-wiesental/"},{"@type":"ListItem","position":2,"name":"Über uns"}]},{"@type":"WebSite","@id":"https://weltlaeden.de/zell-im-wiesental/#website","url":"https://weltlaeden.de/zell-im-wiesental/","name":"Weltladen Cabanja","description":"Faire Produkte seit 1985","potentialAction":[{"@type":"SearchAction","target":{"@type":"EntryPoint","urlTemplate":"https://weltlaeden.de/zell-im-wiesental/?s={search_term_string}"},"query-input":{"@type":"PropertyValueSpecification","valueRequired":true,"valueName":"search_term_string"}}],"inLanguage":"de"}]}</script>
<!-- / Yoast SEO plugin. -->

Über uns - Weltladen Cabanja

[vc_row][vc_column][vc_empty_space][vc_column_text] Über den Weltladen Cabanja [/vc_column_text][vc_column_text] Der Weltladen Cabanja ging 1985 zusammen mit dem Trägerverein „Frieden und Entwicklung e.V.“ aus der damaligen Friedensbewegung in Zell hervor. Nach Anfängen in einem kleinen unbeheizten Ladenlokal am Rande von Zell, zog der Laden im Jahre 2000 in die Kirchstraße. Es fanden sich genügend ehrenamtliche Mitarbeiter, um den Weltladen&hellip;
