{"id":219,"date":"2016-10-28T13:34:47","date_gmt":"2016-10-28T11:34:47","guid":{"rendered":"https:\/\/wl.heimpixel.de\/vorlage\/ueber-uns\/"},"modified":"2025-07-13T15:50:03","modified_gmt":"2025-07-13T13:50:03","slug":"ueber-uns","status":"publish","type":"page","link":"https:\/\/weltlaeden.de\/wolfenbuettel\/ueber-uns\/","title":{"rendered":"\u00dcber uns"},"content":{"rendered":"<div class=\"wpb-content-wrapper\"><div id=\"attachment_514\" style=\"width: 310px\" class=\"wp-caption alignnone\"><img loading=\"lazy\" decoding=\"async\" aria-describedby=\"caption-attachment-514\" class=\"wp-image-514 size-medium\" src=\"https:\/\/weltlaeden.de\/wolfenbuettel\/wp-content\/uploads\/sites\/111\/2019\/10\/Weltladen_WF_Weltkugel-300x214.jpg\" alt=\"\" width=\"300\" height=\"214\" srcset=\"https:\/\/weltlaeden.de\/wolfenbuettel\/wp-content\/uploads\/sites\/111\/2019\/10\/Weltladen_WF_Weltkugel-300x214.jpg 300w, https:\/\/weltlaeden.de\/wolfenbuettel\/wp-content\/uploads\/sites\/111\/2019\/10\/Weltladen_WF_Weltkugel-768x547.jpg 768w, https:\/\/weltlaeden.de\/wolfenbuettel\/wp-content\/uploads\/sites\/111\/2019\/10\/Weltladen_WF_Weltkugel.jpg 1024w\" sizes=\"auto, (max-width: 300px) 100vw, 300px\" \/><p id=\"caption-attachment-514\" class=\"wp-caption-text\">Anschub zur Gr\u00fcndung des Weltladens Wolfenb\u00fcttel<\/p><\/div>\n<p>[vc_row][vc_column]<div class=\"wl_einzelbild\"><p><\/p><\/div>[vc_empty_space][vc_column_text]<\/p>\n<div id=\"attachment_1387\" style=\"width: 1878px\" class=\"wp-caption alignright\"><a class=\"dt-pswp-item\" href=\"https:\/\/weltlaeden.de\/wolfenbuettel\/wp-content\/uploads\/sites\/111\/2024\/07\/2024-Foto-neuer-Vorstand-e1722195113387.jpg\" data-dt-img-description=\"neuer Vorstand: Dennis Walter, Matthias Knoche-Herwig, Bettina Lindenberg, Renate Sentleben, J\u00fcrgen Koszewski\" data-large_image_width=\"1868\" data-large_image_height=\"983\"><img loading=\"lazy\" decoding=\"async\" aria-describedby=\"caption-attachment-1387\" class=\" wp-image-1387\" src=\"https:\/\/weltlaeden.de\/wolfenbuettel\/wp-content\/uploads\/sites\/111\/2024\/07\/2024-Foto-neuer-Vorstand-e1722195113387.jpg\" alt=\"\" width=\"384\" height=\"202\" srcset=\"https:\/\/weltlaeden.de\/wolfenbuettel\/wp-content\/uploads\/sites\/111\/2024\/07\/2024-Foto-neuer-Vorstand-e1722195113387.jpg 1868w, https:\/\/weltlaeden.de\/wolfenbuettel\/wp-content\/uploads\/sites\/111\/2024\/07\/2024-Foto-neuer-Vorstand-e1722195113387-300x158.jpg 300w, https:\/\/weltlaeden.de\/wolfenbuettel\/wp-content\/uploads\/sites\/111\/2024\/07\/2024-Foto-neuer-Vorstand-e1722195113387-1024x539.jpg 1024w, https:\/\/weltlaeden.de\/wolfenbuettel\/wp-content\/uploads\/sites\/111\/2024\/07\/2024-Foto-neuer-Vorstand-e1722195113387-768x404.jpg 768w, https:\/\/weltlaeden.de\/wolfenbuettel\/wp-content\/uploads\/sites\/111\/2024\/07\/2024-Foto-neuer-Vorstand-e1722195113387-1536x808.jpg 1536w\" sizes=\"auto, (max-width: 384px) 100vw, 384px\" \/><\/a><p id=\"caption-attachment-1387\" class=\"wp-caption-text\">Vorstand : Dennis Walter, Matthias Knoche-Herwig, Bettina Linnenberg, Renate Sentleben, J\u00fcrgen Koszewski<\/p><\/div>\n<h6><\/h6>\n<h1>\u00dcber den Weltladen Wolfenb\u00fcttel<\/h1>\n<h3>Chronik<\/h3>\n<ul>\n<li>Gr\u00fcndung des Vereins &#8222;Werkstatt Solidarische Welt&#8220; 2004<\/li>\n<li>10 Jahre Betrieb eines kleinen Verkaufs im Zentrum f\u00fcr Umwelt und Mobilit\u00e4t (Z\/U\/M\/) am Stadtmark<\/li>\n<li>Mai 2014 Er\u00f6ffnung des Ladens in der Okerstra\u00dfe 10<\/li>\n<li>Mai 2024 Umzug in ein gr\u00f6\u00dferes Ladengesch\u00e4ft &#8211; Krambuden 9<\/li>\n<\/ul>\n<h2>Verein &#8222;Werkstatt Solidarische Welt e.V.&#8220;<\/h2>\n<h3>Ziele des Vereins<\/h3>\n<p>Weltweite Solidarit\u00e4tsarbeit und Entwicklungshilfe. Der gemeinn\u00fctzige Verein setzt sich ein f\u00fcr die Menschenrechte, eine gerechte Verteilung der Lebenschancen und die Bewahrung der nat\u00fcrlichen Lebensgrundlagen. Er unterst\u00fctzt ggf. auch Entwicklungsprojekte in den L\u00e4ndern des Globalen S\u00fcdens.<br \/>\nDurch Bildungs- und Informationsangebote f\u00fcr Kinder, Jugendliche und Erwachsene f\u00f6rdert der Verein internationale Gesinnung und Toleranz sowie V\u00f6lkerverst\u00e4ndigung. Er informiert die \u00d6ffentlichkeit \u00fcber Probleme der L\u00e4nder des Globalen S\u00fcdens und die Zusammenh\u00e4nge zwischen ihnen und den Industrienationen.[\/vc_column_text][\/vc_column][\/vc_row][vc_row][vc_column][vc_empty_space][vc_column_text][\/vc_column_text][\/vc_column][\/vc_row][vc_row][vc_column][vc_column_text][\/vc_column_text][\/vc_column][\/vc_row][vc_row][vc_column][vc_column_text]<\/p>\n<h3>Mitglieder<\/h3>\n<p>Mitglieder des Vereins k\u00f6nnen nat\u00fcrliche oder juristische Personen sein, die die Ziele des Vereins \u201eWerkstatt Solidarische Welt\u201c unterst\u00fctzen und seinen Grunds\u00e4tzen verbunden sind. Die Aufnahme in den Verein erfolgt durch den Vorstand. Die Mitgliedschaft ist nicht \u00fcbertragbar und nicht vererblich.<\/p>\n<p>Ein Eintrittsformular finden sie in unserem Flyer: <a href=\"https:\/\/weltlaeden.de\/wolfenbuettel\/wp-content\/uploads\/sites\/111\/2025\/07\/Flyer-Vorderseite.pdf\">Flyer Vorderseite<\/a><\/p>\n<h3>F\u00f6rderung<\/h3>\n<p>Von vielen Seiten wurde und wird der Verein<a href=\"https:\/\/weltlaeden.de\/wolfenbuettel\/foerderung\/\"> unterst\u00fctzt<\/a>.[\/vc_column_text][vc_empty_space][vc_column_text]<\/p>\n<h3>Vorstand<\/h3>\n<p>Dem im Juli 2024 gew\u00e4hlten Vorstand geh\u00f6ren an:<\/p>\n<p>Matthias Knoche-Herwig, Bettina Linnenberg, J\u00fcrgen Koszewski, Renate Senftleben, Dennis Walter<\/p>\n<p>[\/vc_column_text][vc_empty_space][vc_column_text]<\/p>\n<h3>Berichte<\/h3>\n<p>Jahresbericht des Vereins f\u00fcr 2024 zur Jahreshauptversammlung am 3. Juni 2025:<\/p>\n<p>[\/vc_column_text][\/vc_column][\/vc_row][vc_row][vc_column][vc_column_text]<\/p>\n<p><a href=\"https:\/\/weltlaeden.de\/wolfenbuettel\/wp-content\/uploads\/sites\/111\/2025\/07\/Jahresbericht-2024.pdf\">Jahresbericht 2024<\/a><\/p>\n<h3>Downloads<\/h3>\n<p><a href=\"https:\/\/weltlaeden.de\/wolfenbuettel\/wp-content\/uploads\/sites\/111\/2025\/07\/Flyer-Vorderseite.pdf\">Flyer Vorderseite<\/a><\/p>\n<p><a href=\"https:\/\/weltlaeden.de\/wolfenbuettel\/wp-content\/uploads\/sites\/111\/2025\/07\/Flyer-Rueckseite.pdf\">Flyer R\u00fcckseite<\/a><\/p>\n<p><a href=\"https:\/\/weltlaeden.de\/wolfenbuettel\/wp-content\/uploads\/sites\/111\/2019\/11\/Satzung-Neufassung-21.04.16.pdf\"><strong>Satzung<\/strong> (April 2016)<\/a><\/p>\n<p>[\/vc_column_text][\/vc_column][\/vc_row]<\/p>\n<\/div>","protected":false},"excerpt":{"rendered":"<p>[vc_row][vc_column][vc_empty_space][vc_column_text] \u00dcber den Weltladen Wolfenb\u00fcttel Chronik Gr\u00fcndung des Vereins &#8222;Werkstatt Solidarische Welt&#8220; 2004 10 Jahre Betrieb eines kleinen Verkaufs im Zentrum f\u00fcr Umwelt und Mobilit\u00e4t (Z\/U\/M\/) am Stadtmark Mai 2014 Er\u00f6ffnung des Ladens in der Okerstra\u00dfe 10 Mai 2024 Umzug in ein gr\u00f6\u00dferes Ladengesch\u00e4ft &#8211; Krambuden 9 Verein &#8222;Werkstatt Solidarische Welt e.V.&#8220; Ziele des Vereins&hellip;<\/p>\n","protected":false},"author":1,"featured_media":0,"parent":0,"menu_order":4,"comment_status":"closed","ping_status":"closed","template":"","meta":{"footnotes":""},"class_list":["post-219","page","type-page","status-publish","hentry","description-off"],"yoast_head":"<!-- This site is optimized with the Yoast SEO plugin v26.8 - https:\/\/yoast.com\/product\/yoast-seo-wordpress\/ -->\n<title>\u00dcber uns - Weltladen Wolfenb\u00fcttel Mitglieder Vorstand Downloads Satzung Flyer<\/title>\n<meta name=\"description\" content=\"Weltladen Wolfenb\u00fcttel Gr\u00fcndung\" \/>\n<meta name=\"robots\" content=\"index, follow, max-snippet:-1, max-image-preview:large, max-video-preview:-1\" \/>\n<link rel=\"canonical\" href=\"https:\/\/weltlaeden.de\/wolfenbuettel\/ueber-uns\/\" \/>\n<meta property=\"og:locale\" content=\"de_DE\" \/>\n<meta property=\"og:type\" content=\"article\" \/>\n<meta property=\"og:title\" content=\"\u00dcber uns - Weltladen Wolfenb\u00fcttel Mitglieder Vorstand Downloads Satzung Flyer\" \/>\n<meta property=\"og:description\" content=\"Weltladen Wolfenb\u00fcttel Gr\u00fcndung\" \/>\n<meta property=\"og:url\" content=\"https:\/\/weltlaeden.de\/wolfenbuettel\/ueber-uns\/\" \/>\n<meta property=\"og:site_name\" content=\"Weltladen Wolfenb\u00fcttel\" \/>\n<meta property=\"article:modified_time\" content=\"2025-07-13T13:50:03+00:00\" \/>\n<meta property=\"og:image\" content=\"https:\/\/weltlaeden.de\/wolfenbuettel\/wp-content\/uploads\/sites\/111\/2019\/10\/Weltladen_WF_Weltkugel.jpg\" \/>\n\t<meta property=\"og:image:width\" content=\"1024\" \/>\n\t<meta property=\"og:image:height\" content=\"729\" \/>\n\t<meta property=\"og:image:type\" content=\"image\/jpeg\" \/>\n<meta name=\"twitter:card\" content=\"summary_large_image\" \/>\n<meta name=\"twitter:label1\" content=\"Gesch\u00e4tzte Lesezeit\" \/>\n\t<meta name=\"twitter:data1\" content=\"2\u00a0Minuten\" \/>\n<script type=\"application\/ld+json\" class=\"yoast-schema-graph\">{\"@context\":\"https:\/\/schema.org\",\"@graph\":[{\"@type\":\"WebPage\",\"@id\":\"https:\/\/weltlaeden.de\/wolfenbuettel\/ueber-uns\/\",\"url\":\"https:\/\/weltlaeden.de\/wolfenbuettel\/ueber-uns\/\",\"name\":\"\u00dcber uns - Weltladen Wolfenb\u00fcttel Mitglieder Vorstand Downloads Satzung Flyer\",\"isPartOf\":{\"@id\":\"https:\/\/weltlaeden.de\/wolfenbuettel\/#website\"},\"primaryImageOfPage\":{\"@id\":\"https:\/\/weltlaeden.de\/wolfenbuettel\/ueber-uns\/#primaryimage\"},\"image\":{\"@id\":\"https:\/\/weltlaeden.de\/wolfenbuettel\/ueber-uns\/#primaryimage\"},\"thumbnailUrl\":\"https:\/\/weltlaeden.de\/wolfenbuettel\/wp-content\/uploads\/sites\/111\/2019\/10\/Weltladen_WF_Weltkugel-300x214.jpg\",\"datePublished\":\"2016-10-28T11:34:47+00:00\",\"dateModified\":\"2025-07-13T13:50:03+00:00\",\"description\":\"Weltladen Wolfenb\u00fcttel Gr\u00fcndung\",\"breadcrumb\":{\"@id\":\"https:\/\/weltlaeden.de\/wolfenbuettel\/ueber-uns\/#breadcrumb\"},\"inLanguage\":\"de\",\"potentialAction\":[{\"@type\":\"ReadAction\",\"target\":[\"https:\/\/weltlaeden.de\/wolfenbuettel\/ueber-uns\/\"]}]},{\"@type\":\"ImageObject\",\"inLanguage\":\"de\",\"@id\":\"https:\/\/weltlaeden.de\/wolfenbuettel\/ueber-uns\/#primaryimage\",\"url\":\"https:\/\/weltlaeden.de\/wolfenbuettel\/wp-content\/uploads\/sites\/111\/2019\/10\/Weltladen_WF_Weltkugel.jpg\",\"contentUrl\":\"https:\/\/weltlaeden.de\/wolfenbuettel\/wp-content\/uploads\/sites\/111\/2019\/10\/Weltladen_WF_Weltkugel.jpg\",\"width\":1024,\"height\":729},{\"@type\":\"BreadcrumbList\",\"@id\":\"https:\/\/weltlaeden.de\/wolfenbuettel\/ueber-uns\/#breadcrumb\",\"itemListElement\":[{\"@type\":\"ListItem\",\"position\":1,\"name\":\"Startseite\",\"item\":\"https:\/\/weltlaeden.de\/wolfenbuettel\/\"},{\"@type\":\"ListItem\",\"position\":2,\"name\":\"\u00dcber uns\"}]},{\"@type\":\"WebSite\",\"@id\":\"https:\/\/weltlaeden.de\/wolfenbuettel\/#website\",\"url\":\"https:\/\/weltlaeden.de\/wolfenbuettel\/\",\"name\":\"Weltladen Wolfenb\u00fcttel\",\"description\":\"Faire Produkte seit 2014\",\"potentialAction\":[{\"@type\":\"SearchAction\",\"target\":{\"@type\":\"EntryPoint\",\"urlTemplate\":\"https:\/\/weltlaeden.de\/wolfenbuettel\/?s={search_term_string}\"},\"query-input\":{\"@type\":\"PropertyValueSpecification\",\"valueRequired\":true,\"valueName\":\"search_term_string\"}}],\"inLanguage\":\"de\"}]}<\/script>\n<!-- \/ Yoast SEO plugin. -->","yoast_head_json":{"title":"\u00dcber uns - Weltladen Wolfenb\u00fcttel Mitglieder Vorstand Downloads Satzung Flyer","description":"Weltladen Wolfenb\u00fcttel Gr\u00fcndung","robots":{"index":"index","follow":"follow","max-snippet":"max-snippet:-1","max-image-preview":"max-image-preview:large","max-video-preview":"max-video-preview:-1"},"canonical":"https:\/\/weltlaeden.de\/wolfenbuettel\/ueber-uns\/","og_locale":"de_DE","og_type":"article","og_title":"\u00dcber uns - Weltladen Wolfenb\u00fcttel Mitglieder Vorstand Downloads Satzung Flyer","og_description":"Weltladen Wolfenb\u00fcttel Gr\u00fcndung","og_url":"https:\/\/weltlaeden.de\/wolfenbuettel\/ueber-uns\/","og_site_name":"Weltladen Wolfenb\u00fcttel","article_modified_time":"2025-07-13T13:50:03+00:00","og_image":[{"width":1024,"height":729,"url":"https:\/\/weltlaeden.de\/wolfenbuettel\/wp-content\/uploads\/sites\/111\/2019\/10\/Weltladen_WF_Weltkugel.jpg","type":"image\/jpeg"}],"twitter_card":"summary_large_image","twitter_misc":{"Gesch\u00e4tzte Lesezeit":"2\u00a0Minuten"},"schema":{"@context":"https:\/\/schema.org","@graph":[{"@type":"WebPage","@id":"https:\/\/weltlaeden.de\/wolfenbuettel\/ueber-uns\/","url":"https:\/\/weltlaeden.de\/wolfenbuettel\/ueber-uns\/","name":"\u00dcber uns - Weltladen Wolfenb\u00fcttel Mitglieder Vorstand Downloads Satzung Flyer","isPartOf":{"@id":"https:\/\/weltlaeden.de\/wolfenbuettel\/#website"},"primaryImageOfPage":{"@id":"https:\/\/weltlaeden.de\/wolfenbuettel\/ueber-uns\/#primaryimage"},"image":{"@id":"https:\/\/weltlaeden.de\/wolfenbuettel\/ueber-uns\/#primaryimage"},"thumbnailUrl":"https:\/\/weltlaeden.de\/wolfenbuettel\/wp-content\/uploads\/sites\/111\/2019\/10\/Weltladen_WF_Weltkugel-300x214.jpg","datePublished":"2016-10-28T11:34:47+00:00","dateModified":"2025-07-13T13:50:03+00:00","description":"Weltladen Wolfenb\u00fcttel Gr\u00fcndung","breadcrumb":{"@id":"https:\/\/weltlaeden.de\/wolfenbuettel\/ueber-uns\/#breadcrumb"},"inLanguage":"de","potentialAction":[{"@type":"ReadAction","target":["https:\/\/weltlaeden.de\/wolfenbuettel\/ueber-uns\/"]}]},{"@type":"ImageObject","inLanguage":"de","@id":"https:\/\/weltlaeden.de\/wolfenbuettel\/ueber-uns\/#primaryimage","url":"https:\/\/weltlaeden.de\/wolfenbuettel\/wp-content\/uploads\/sites\/111\/2019\/10\/Weltladen_WF_Weltkugel.jpg","contentUrl":"https:\/\/weltlaeden.de\/wolfenbuettel\/wp-content\/uploads\/sites\/111\/2019\/10\/Weltladen_WF_Weltkugel.jpg","width":1024,"height":729},{"@type":"BreadcrumbList","@id":"https:\/\/weltlaeden.de\/wolfenbuettel\/ueber-uns\/#breadcrumb","itemListElement":[{"@type":"ListItem","position":1,"name":"Startseite","item":"https:\/\/weltlaeden.de\/wolfenbuettel\/"},{"@type":"ListItem","position":2,"name":"\u00dcber uns"}]},{"@type":"WebSite","@id":"https:\/\/weltlaeden.de\/wolfenbuettel\/#website","url":"https:\/\/weltlaeden.de\/wolfenbuettel\/","name":"Weltladen Wolfenb\u00fcttel","description":"Faire Produkte seit 2014","potentialAction":[{"@type":"SearchAction","target":{"@type":"EntryPoint","urlTemplate":"https:\/\/weltlaeden.de\/wolfenbuettel\/?s={search_term_string}"},"query-input":{"@type":"PropertyValueSpecification","valueRequired":true,"valueName":"search_term_string"}}],"inLanguage":"de"}]}},"_links":{"self":[{"href":"https:\/\/weltlaeden.de\/wolfenbuettel\/wp-json\/wp\/v2\/pages\/219","targetHints":{"allow":["GET"]}}],"collection":[{"href":"https:\/\/weltlaeden.de\/wolfenbuettel\/wp-json\/wp\/v2\/pages"}],"about":[{"href":"https:\/\/weltlaeden.de\/wolfenbuettel\/wp-json\/wp\/v2\/types\/page"}],"author":[{"embeddable":true,"href":"https:\/\/weltlaeden.de\/wolfenbuettel\/wp-json\/wp\/v2\/users\/1"}],"replies":[{"embeddable":true,"href":"https:\/\/weltlaeden.de\/wolfenbuettel\/wp-json\/wp\/v2\/comments?post=219"}],"version-history":[{"count":55,"href":"https:\/\/weltlaeden.de\/wolfenbuettel\/wp-json\/wp\/v2\/pages\/219\/revisions"}],"predecessor-version":[{"id":461,"href":"https:\/\/weltlaeden.de\/wolfenbuettel\/wp-json\/wp\/v2\/pages\/219\/revisions\/461"}],"wp:attachment":[{"href":"https:\/\/weltlaeden.de\/wolfenbuettel\/wp-json\/wp\/v2\/media?parent=219"}],"curies":[{"name":"wp","href":"https:\/\/api.w.org\/{rel}","templated":true}]}}