{"version":"1.0","provider_name":"Weltladen Wolfenb\u00fcttel","provider_url":"https:\/\/weltlaeden.de\/wolfenbuettel","title":"Fairer Bio Kaffeeanbau in Nicaragua - ein Kaffeebauer berichtet - Weltladen Wolfenb\u00fcttel","type":"rich","width":600,"height":338,"html":"<blockquote class=\"wp-embedded-content\" data-secret=\"fgJdWHAayd\"><a href=\"https:\/\/weltlaeden.de\/wolfenbuettel\/termin\/kaffeeanbau-und-landleben-in-nicaragua\/\">Fairer Bio Kaffeeanbau in Nicaragua &#8211; ein Kaffeebauer berichtet<\/a><\/blockquote><iframe sandbox=\"allow-scripts\" security=\"restricted\" src=\"https:\/\/weltlaeden.de\/wolfenbuettel\/termin\/kaffeeanbau-und-landleben-in-nicaragua\/embed\/#?secret=fgJdWHAayd\" width=\"600\" height=\"338\" title=\"&#8222;Fairer Bio Kaffeeanbau in Nicaragua &#8211; ein Kaffeebauer berichtet&#8220; &#8211; Weltladen Wolfenb\u00fcttel\" data-secret=\"fgJdWHAayd\" frameborder=\"0\" marginwidth=\"0\" marginheight=\"0\" scrolling=\"no\" class=\"wp-embedded-content\"><\/iframe><script>\n\/*! This file is auto-generated *\/\n!function(d,l){\"use strict\";l.querySelector&&d.addEventListener&&\"undefined\"!=typeof URL&&(d.wp=d.wp||{},d.wp.receiveEmbedMessage||(d.wp.receiveEmbedMessage=function(e){var t=e.data;if((t||t.secret||t.message||t.value)&&!\/[^a-zA-Z0-9]\/.test(t.secret)){for(var s,r,n,a=l.querySelectorAll('iframe[data-secret=\"'+t.secret+'\"]'),o=l.querySelectorAll('blockquote[data-secret=\"'+t.secret+'\"]'),c=new RegExp(\"^https?:$\",\"i\"),i=0;i<o.length;i++)o[i].style.display=\"none\";for(i=0;i<a.length;i++)s=a[i],e.source===s.contentWindow&&(s.removeAttribute(\"style\"),\"height\"===t.message?(1e3<(r=parseInt(t.value,10))?r=1e3:~~r<200&&(r=200),s.height=r):\"link\"===t.message&&(r=new URL(s.getAttribute(\"src\")),n=new URL(t.value),c.test(n.protocol))&&n.host===r.host&&l.activeElement===s&&(d.top.location.href=t.value))}},d.addEventListener(\"message\",d.wp.receiveEmbedMessage,!1),l.addEventListener(\"DOMContentLoaded\",function(){for(var e,t,s=l.querySelectorAll(\"iframe.wp-embedded-content\"),r=0;r<s.length;r++)(t=(e=s[r]).getAttribute(\"data-secret\"))||(t=Math.random().toString(36).substring(2,12),e.src+=\"#?secret=\"+t,e.setAttribute(\"data-secret\",t)),e.contentWindow.postMessage({message:\"ready\",secret:t},\"*\")},!1)))}(window,document);\n<\/script>\n","description":"Referent Jolver Mendoza, Multimedia Vortrag um 19.00 Uhr im Pavillon in der VHS Harzstra\u00dfe 2-5 Wolfenb\u00fcttel Unsere t\u00e4gliche Tasse Kaffee ist uns wichtig. Aroma soll der Kaffee haben, einen guten Geschmack, aber zahlen wir auch einen gerechten Preis daf\u00fcr? Jolver Mendoza, der als Kaffeebauer im Naturreservat Miraflor in Nicaragua lebt, baut dort gemeinsam mit seiner&hellip;","thumbnail_url":"https:\/\/weltlaeden.de\/wolfenbuettel\/wp-content\/uploads\/sites\/111\/2022\/09\/Cafe-Chavalo_Logo_1500px-289x300.jpg"}

Weltladen Wolfenbüttel

Fairer Bio Kaffeeanbau in Nicaragua - ein Kaffeebauer berichtet - Weltladen Wolfenbüttel

<blockquote class="wp-embedded-content" data-secret="fgJdWHAayd"><a href="https://weltlaeden.de/wolfenbuettel/termin/kaffeeanbau-und-landleben-in-nicaragua/">Fairer Bio Kaffeeanbau in Nicaragua &#8211; ein Kaffeebauer berichtet</a></blockquote><iframe sandbox="allow-scripts" security="restricted" src="https://weltlaeden.de/wolfenbuettel/termin/kaffeeanbau-und-landleben-in-nicaragua/embed/#?secret=fgJdWHAayd" width="600" height="338" title="&#8222;Fairer Bio Kaffeeanbau in Nicaragua &#8211; ein Kaffeebauer berichtet&#8220; &#8211; Weltladen Wolfenbüttel" data-secret="fgJdWHAayd" frameborder="0" marginwidth="0" marginheight="0" scrolling="no" class="wp-embedded-content"></iframe><script>
/*! This file is auto-generated */
!function(d,l){"use strict";l.querySelector&&d.addEventListener&&"undefined"!=typeof URL&&(d.wp=d.wp||{},d.wp.receiveEmbedMessage||(d.wp.receiveEmbedMessage=function(e){var t=e.data;if((t||t.secret||t.message||t.value)&&!/[^a-zA-Z0-9]/.test(t.secret)){for(var s,r,n,a=l.querySelectorAll('iframe[data-secret="'+t.secret+'"]'),o=l.querySelectorAll('blockquote[data-secret="'+t.secret+'"]'),c=new RegExp("^https?:$","i"),i=0;i<o.length;i++)o[i].style.display="none";for(i=0;i<a.length;i++)s=a[i],e.source===s.contentWindow&&(s.removeAttribute("style"),"height"===t.message?(1e3<(r=parseInt(t.value,10))?r=1e3:~~r<200&&(r=200),s.height=r):"link"===t.message&&(r=new URL(s.getAttribute("src")),n=new URL(t.value),c.test(n.protocol))&&n.host===r.host&&l.activeElement===s&&(d.top.location.href=t.value))}},d.addEventListener("message",d.wp.receiveEmbedMessage,!1),l.addEventListener("DOMContentLoaded",function(){for(var e,t,s=l.querySelectorAll("iframe.wp-embedded-content"),r=0;r<s.length;r++)(t=(e=s[r]).getAttribute("data-secret"))||(t=Math.random().toString(36).substring(2,12),e.src+="#?secret="+t,e.setAttribute("data-secret",t)),e.contentWindow.postMessage({message:"ready",secret:t},"*")},!1)))}(window,document);
</script>

Referent Jolver Mendoza, Multimedia Vortrag um 19.00 Uhr im Pavillon in der VHS Harzstraße 2-5 Wolfenbüttel Unsere tägliche Tasse Kaffee ist uns wichtig. Aroma soll der Kaffee haben, einen guten Geschmack, aber zahlen wir auch einen gerechten Preis dafür? Jolver Mendoza, der als Kaffeebauer im Naturreservat Miraflor in Nicaragua lebt, baut dort gemeinsam mit seiner&hellip;
