{"id":219,"date":"2016-10-28T13:34:47","date_gmt":"2016-10-28T11:34:47","guid":{"rendered":"https:\/\/wl.heimpixel.de\/vorlage\/ueber-uns\/"},"modified":"2025-12-08T20:26:22","modified_gmt":"2025-12-08T19:26:22","slug":"ueber-uns","status":"publish","type":"page","link":"https:\/\/weltlaeden.de\/westerstede\/ueber-uns\/","title":{"rendered":"\u00dcber uns"},"content":{"rendered":"<div class=\"wpb-content-wrapper\"><p>[vc_row][vc_column]<div class=\"wl_einzelbild\"><p><img loading=\"lazy\" decoding=\"async\" class=\"alignnone wp-image-427 size-full\" src=\"https:\/\/weltlaeden.de\/westerstede\/wp-content\/uploads\/sites\/55\/2020\/01\/Ladenteam.png\" alt=\"\" width=\"787\" height=\"340\" srcset=\"https:\/\/weltlaeden.de\/westerstede\/wp-content\/uploads\/sites\/55\/2020\/01\/Ladenteam.png 787w, https:\/\/weltlaeden.de\/westerstede\/wp-content\/uploads\/sites\/55\/2020\/01\/Ladenteam-300x130.png 300w, https:\/\/weltlaeden.de\/westerstede\/wp-content\/uploads\/sites\/55\/2020\/01\/Ladenteam-768x332.png 768w\" sizes=\"auto, (max-width: 787px) 100vw, 787px\" \/><\/p><\/div>[vc_empty_space][vc_column_text]<\/p>\n<h1>\u00dcber den Weltladen \u00c4quator Westerstede<\/h1>\n<p>[\/vc_column_text][vc_column_text css=&#8220;&#8220;]<strong>Der Weltladen \u00c4quator Westerstede<\/strong><\/p>\n<p>1996 gr\u00fcndeten 7 Personen die \u201eEine Welt Gruppe \u00c4quator e.V.\u201c mit dem Ziel, einen Weltladen zu gr\u00fcnden. In einer ehemaligen Werkstatt wurde der erste Laden er\u00f6ffnet.<br \/>\n2001 zog der Laden an den jetzigen Standort, direkt in der Fu\u00dfg\u00e4ngerzone, um.<\/p>\n<p>Wir m\u00f6chten durch den fairen, d.h. gerechten Handel, einen kleinen Beitrag f\u00fcr bessere Lebens- und Arbeitsbedingungen bzw. Perspektiven f\u00fcr die ProduzentInnen schaffen, die durch politische, kulturelle oder andere Faktoren benachteiligt werden.<\/p>\n<p>Heute k\u00fcmmern sich rund 20 ehrenamtliche MitarbeiterInnen um den Einkauf, den Verkauf, die Schaufensterdekoration und das Gesch\u00e4ftliche im Hintergrund.<br \/>\nCa. alle 6 Wochen kommen wir zu einem Ladentreffen zusammen, bei dem alle anliegenden Themen besprochen werden. Es gibt weitere gemeinsame Treffen beim Stammtisch, zu Vortr\u00e4gen, sowie interessante Ausfl\u00fcge.<\/p>\n<p>&nbsp;<\/p>\n<p>[\/vc_column_text][\/vc_column][\/vc_row][vc_row][vc_column][vc_empty_space][vc_column_text]<\/p>\n<h1>Mitmachen im Weltladen \u00c4quator Westerstede<\/h1>\n<p>[\/vc_column_text][vc_column_text css=&#8220;&#8220;]<strong>Wir suchen<\/strong> Menschen, die Lust haben, sich ehrenamtlich zu engagieren.<\/p>\n<p><strong>Wir sind<\/strong> ein nettes Team aus engagierten Menschen mit vielf\u00e4ltigen M\u00f6glichkeiten, sich mit den eigenen F\u00e4higkeiten, Kenntnissen und Erfahrungen einzubringen. Eine Gemeinschaft, die Dich herzlich aufnimmt, einarbeitet und bei Fragen zur Verf\u00fcgung steht.<\/p>\n<p><strong>Ansprechpartner:<\/strong><br \/>\nErnst-Dieter Kirchhoff<br \/>\nTel. 04488-2138<\/p>\n<p><strong>Wir freuen uns auf Dich!<\/strong><\/p>\n<p>[\/vc_column_text][\/vc_column][\/vc_row]<\/p>\n<\/div>","protected":false},"excerpt":{"rendered":"<p>[vc_row][vc_column][vc_empty_space][vc_column_text] \u00dcber den Weltladen \u00c4quator Westerstede [\/vc_column_text][vc_column_text css=&#8220;&#8220;]Der Weltladen \u00c4quator Westerstede 1996 gr\u00fcndeten 7 Personen die \u201eEine Welt Gruppe \u00c4quator e.V.\u201c mit dem Ziel, einen Weltladen zu gr\u00fcnden. In einer ehemaligen Werkstatt wurde der erste Laden er\u00f6ffnet. 2001 zog der Laden an den jetzigen Standort, direkt in der Fu\u00dfg\u00e4ngerzone, um. Wir m\u00f6chten durch den fairen,&hellip;<\/p>\n","protected":false},"author":1,"featured_media":0,"parent":0,"menu_order":4,"comment_status":"closed","ping_status":"closed","template":"","meta":{"footnotes":""},"class_list":["post-219","page","type-page","status-publish","hentry","description-off"],"yoast_head":"<!-- This site is optimized with the Yoast SEO plugin v26.8 - https:\/\/yoast.com\/product\/yoast-seo-wordpress\/ -->\n<title>\u00dcber uns - Weltladen Westerstede<\/title>\n<meta name=\"robots\" content=\"index, follow, max-snippet:-1, max-image-preview:large, max-video-preview:-1\" \/>\n<link rel=\"canonical\" href=\"https:\/\/weltlaeden.de\/westerstede\/ueber-uns\/\" \/>\n<meta property=\"og:locale\" content=\"de_DE\" \/>\n<meta property=\"og:type\" content=\"article\" \/>\n<meta property=\"og:title\" content=\"\u00dcber uns - Weltladen Westerstede\" \/>\n<meta property=\"og:description\" content=\"[vc_row][vc_column][vc_empty_space][vc_column_text] \u00dcber den Weltladen \u00c4quator Westerstede [\/vc_column_text][vc_column_text css=&#8220;&#8220;]Der Weltladen \u00c4quator Westerstede 1996 gr\u00fcndeten 7 Personen die \u201eEine Welt Gruppe \u00c4quator e.V.\u201c mit dem Ziel, einen Weltladen zu gr\u00fcnden. In einer ehemaligen Werkstatt wurde der erste Laden er\u00f6ffnet. 2001 zog der Laden an den jetzigen Standort, direkt in der Fu\u00dfg\u00e4ngerzone, um. Wir m\u00f6chten durch den fairen,&hellip;\" \/>\n<meta property=\"og:url\" content=\"https:\/\/weltlaeden.de\/westerstede\/ueber-uns\/\" \/>\n<meta property=\"og:site_name\" content=\"Weltladen Westerstede\" \/>\n<meta property=\"article:modified_time\" content=\"2025-12-08T19:26:22+00:00\" \/>\n<meta property=\"og:image\" content=\"https:\/\/weltlaeden.de\/westerstede\/wp-content\/uploads\/sites\/55\/2020\/01\/Ladenteam.png\" \/>\n\t<meta property=\"og:image:width\" content=\"787\" \/>\n\t<meta property=\"og:image:height\" content=\"340\" \/>\n\t<meta property=\"og:image:type\" content=\"image\/png\" \/>\n<meta name=\"twitter:card\" content=\"summary_large_image\" \/>\n<meta name=\"twitter:label1\" content=\"Gesch\u00e4tzte Lesezeit\" \/>\n\t<meta name=\"twitter:data1\" content=\"2\u00a0Minuten\" \/>\n<script type=\"application\/ld+json\" class=\"yoast-schema-graph\">{\"@context\":\"https:\/\/schema.org\",\"@graph\":[{\"@type\":\"WebPage\",\"@id\":\"https:\/\/weltlaeden.de\/westerstede\/ueber-uns\/\",\"url\":\"https:\/\/weltlaeden.de\/westerstede\/ueber-uns\/\",\"name\":\"\u00dcber uns - Weltladen Westerstede\",\"isPartOf\":{\"@id\":\"https:\/\/weltlaeden.de\/westerstede\/#website\"},\"primaryImageOfPage\":{\"@id\":\"https:\/\/weltlaeden.de\/westerstede\/ueber-uns\/#primaryimage\"},\"image\":{\"@id\":\"https:\/\/weltlaeden.de\/westerstede\/ueber-uns\/#primaryimage\"},\"thumbnailUrl\":\"https:\/\/weltlaeden.de\/westerstede\/wp-content\/uploads\/sites\/55\/2020\/01\/Ladenteam.png\",\"datePublished\":\"2016-10-28T11:34:47+00:00\",\"dateModified\":\"2025-12-08T19:26:22+00:00\",\"breadcrumb\":{\"@id\":\"https:\/\/weltlaeden.de\/westerstede\/ueber-uns\/#breadcrumb\"},\"inLanguage\":\"de\",\"potentialAction\":[{\"@type\":\"ReadAction\",\"target\":[\"https:\/\/weltlaeden.de\/westerstede\/ueber-uns\/\"]}]},{\"@type\":\"ImageObject\",\"inLanguage\":\"de\",\"@id\":\"https:\/\/weltlaeden.de\/westerstede\/ueber-uns\/#primaryimage\",\"url\":\"https:\/\/weltlaeden.de\/westerstede\/wp-content\/uploads\/sites\/55\/2020\/01\/Ladenteam.png\",\"contentUrl\":\"https:\/\/weltlaeden.de\/westerstede\/wp-content\/uploads\/sites\/55\/2020\/01\/Ladenteam.png\",\"width\":787,\"height\":340},{\"@type\":\"BreadcrumbList\",\"@id\":\"https:\/\/weltlaeden.de\/westerstede\/ueber-uns\/#breadcrumb\",\"itemListElement\":[{\"@type\":\"ListItem\",\"position\":1,\"name\":\"Startseite\",\"item\":\"https:\/\/weltlaeden.de\/westerstede\/\"},{\"@type\":\"ListItem\",\"position\":2,\"name\":\"\u00dcber uns\"}]},{\"@type\":\"WebSite\",\"@id\":\"https:\/\/weltlaeden.de\/westerstede\/#website\",\"url\":\"https:\/\/weltlaeden.de\/westerstede\/\",\"name\":\"Vorlage\",\"description\":\"Faire Produkte seit 1990\",\"potentialAction\":[{\"@type\":\"SearchAction\",\"target\":{\"@type\":\"EntryPoint\",\"urlTemplate\":\"https:\/\/weltlaeden.de\/westerstede\/?s={search_term_string}\"},\"query-input\":{\"@type\":\"PropertyValueSpecification\",\"valueRequired\":true,\"valueName\":\"search_term_string\"}}],\"inLanguage\":\"de\"}]}<\/script>\n<!-- \/ Yoast SEO plugin. -->","yoast_head_json":{"title":"\u00dcber uns - Weltladen Westerstede","robots":{"index":"index","follow":"follow","max-snippet":"max-snippet:-1","max-image-preview":"max-image-preview:large","max-video-preview":"max-video-preview:-1"},"canonical":"https:\/\/weltlaeden.de\/westerstede\/ueber-uns\/","og_locale":"de_DE","og_type":"article","og_title":"\u00dcber uns - Weltladen Westerstede","og_description":"[vc_row][vc_column][vc_empty_space][vc_column_text] \u00dcber den Weltladen \u00c4quator Westerstede [\/vc_column_text][vc_column_text css=&#8220;&#8220;]Der Weltladen \u00c4quator Westerstede 1996 gr\u00fcndeten 7 Personen die \u201eEine Welt Gruppe \u00c4quator e.V.\u201c mit dem Ziel, einen Weltladen zu gr\u00fcnden. In einer ehemaligen Werkstatt wurde der erste Laden er\u00f6ffnet. 2001 zog der Laden an den jetzigen Standort, direkt in der Fu\u00dfg\u00e4ngerzone, um. Wir m\u00f6chten durch den fairen,&hellip;","og_url":"https:\/\/weltlaeden.de\/westerstede\/ueber-uns\/","og_site_name":"Weltladen Westerstede","article_modified_time":"2025-12-08T19:26:22+00:00","og_image":[{"width":787,"height":340,"url":"https:\/\/weltlaeden.de\/westerstede\/wp-content\/uploads\/sites\/55\/2020\/01\/Ladenteam.png","type":"image\/png"}],"twitter_card":"summary_large_image","twitter_misc":{"Gesch\u00e4tzte Lesezeit":"2\u00a0Minuten"},"schema":{"@context":"https:\/\/schema.org","@graph":[{"@type":"WebPage","@id":"https:\/\/weltlaeden.de\/westerstede\/ueber-uns\/","url":"https:\/\/weltlaeden.de\/westerstede\/ueber-uns\/","name":"\u00dcber uns - Weltladen Westerstede","isPartOf":{"@id":"https:\/\/weltlaeden.de\/westerstede\/#website"},"primaryImageOfPage":{"@id":"https:\/\/weltlaeden.de\/westerstede\/ueber-uns\/#primaryimage"},"image":{"@id":"https:\/\/weltlaeden.de\/westerstede\/ueber-uns\/#primaryimage"},"thumbnailUrl":"https:\/\/weltlaeden.de\/westerstede\/wp-content\/uploads\/sites\/55\/2020\/01\/Ladenteam.png","datePublished":"2016-10-28T11:34:47+00:00","dateModified":"2025-12-08T19:26:22+00:00","breadcrumb":{"@id":"https:\/\/weltlaeden.de\/westerstede\/ueber-uns\/#breadcrumb"},"inLanguage":"de","potentialAction":[{"@type":"ReadAction","target":["https:\/\/weltlaeden.de\/westerstede\/ueber-uns\/"]}]},{"@type":"ImageObject","inLanguage":"de","@id":"https:\/\/weltlaeden.de\/westerstede\/ueber-uns\/#primaryimage","url":"https:\/\/weltlaeden.de\/westerstede\/wp-content\/uploads\/sites\/55\/2020\/01\/Ladenteam.png","contentUrl":"https:\/\/weltlaeden.de\/westerstede\/wp-content\/uploads\/sites\/55\/2020\/01\/Ladenteam.png","width":787,"height":340},{"@type":"BreadcrumbList","@id":"https:\/\/weltlaeden.de\/westerstede\/ueber-uns\/#breadcrumb","itemListElement":[{"@type":"ListItem","position":1,"name":"Startseite","item":"https:\/\/weltlaeden.de\/westerstede\/"},{"@type":"ListItem","position":2,"name":"\u00dcber uns"}]},{"@type":"WebSite","@id":"https:\/\/weltlaeden.de\/westerstede\/#website","url":"https:\/\/weltlaeden.de\/westerstede\/","name":"Vorlage","description":"Faire Produkte seit 1990","potentialAction":[{"@type":"SearchAction","target":{"@type":"EntryPoint","urlTemplate":"https:\/\/weltlaeden.de\/westerstede\/?s={search_term_string}"},"query-input":{"@type":"PropertyValueSpecification","valueRequired":true,"valueName":"search_term_string"}}],"inLanguage":"de"}]}},"_links":{"self":[{"href":"https:\/\/weltlaeden.de\/westerstede\/wp-json\/wp\/v2\/pages\/219","targetHints":{"allow":["GET"]}}],"collection":[{"href":"https:\/\/weltlaeden.de\/westerstede\/wp-json\/wp\/v2\/pages"}],"about":[{"href":"https:\/\/weltlaeden.de\/westerstede\/wp-json\/wp\/v2\/types\/page"}],"author":[{"embeddable":true,"href":"https:\/\/weltlaeden.de\/westerstede\/wp-json\/wp\/v2\/users\/1"}],"replies":[{"embeddable":true,"href":"https:\/\/weltlaeden.de\/westerstede\/wp-json\/wp\/v2\/comments?post=219"}],"version-history":[{"count":16,"href":"https:\/\/weltlaeden.de\/westerstede\/wp-json\/wp\/v2\/pages\/219\/revisions"}],"predecessor-version":[{"id":585,"href":"https:\/\/weltlaeden.de\/westerstede\/wp-json\/wp\/v2\/pages\/219\/revisions\/585"}],"wp:attachment":[{"href":"https:\/\/weltlaeden.de\/westerstede\/wp-json\/wp\/v2\/media?parent=219"}],"curies":[{"name":"wp","href":"https:\/\/api.w.org\/{rel}","templated":true}]}}