{"id":217,"date":"2016-10-28T13:34:47","date_gmt":"2016-10-28T11:34:47","guid":{"rendered":"https:\/\/wl.heimpixel.de\/vorlage\/produkte\/"},"modified":"2024-03-18T15:08:08","modified_gmt":"2024-03-18T14:08:08","slug":"produkte","status":"publish","type":"page","link":"https:\/\/weltlaeden.de\/wesel\/produkte\/","title":{"rendered":"Produkte"},"content":{"rendered":"<div class=\"wpb-content-wrapper\"><p>[vc_row][vc_column]<div class=\"wl_einzelbild\"><p><\/p><\/div>[vc_empty_space][vc_column_text]<\/p>\n<h1>Unser Sortiment<\/h1>\n<p>[\/vc_column_text][vc_column_text]Wir haben ein gro\u00dfes Sortiment an Lebensmitteln, Handwerksprodukten, Schmuck und Bekleidung.<\/p>\n<p>Wir f\u00fchren Produkte von GEPA, El Puente, Contigo, WeltPartner, EZA, S\u00fcdsinn, Pakilia, Greenbomb, Madness und noch viele weitere.[\/vc_column_text][vc_empty_space][vc_row_inner][vc_column_inner width=&#8220;1\/2&#8243;][vc_column_text]<\/p>\n<h2>Lebensmittel<\/h2>\n<p>[\/vc_column_text]<div class=\"wl_einzelbild\"><p><img loading=\"lazy\" decoding=\"async\" class=\"alignnone wp-image-650 size-full\" src=\"https:\/\/weltlaeden.de\/wesel\/wp-content\/uploads\/sites\/202\/2024\/01\/Lebensmittel.jpg\" alt=\"\" width=\"453\" height=\"340\" srcset=\"https:\/\/weltlaeden.de\/wesel\/wp-content\/uploads\/sites\/202\/2024\/01\/Lebensmittel.jpg 453w, https:\/\/weltlaeden.de\/wesel\/wp-content\/uploads\/sites\/202\/2024\/01\/Lebensmittel-300x225.jpg 300w\" sizes=\"auto, (max-width: 453px) 100vw, 453px\" \/><\/p><\/div>[vc_column_text][\/vc_column_text][\/vc_column_inner][vc_column_inner width=&#8220;1\/2&#8243;][vc_column_text]<\/p>\n<h2>Kunsthandwerk<\/h2>\n<p>[\/vc_column_text]<div class=\"wl_einzelbild\"><p><img loading=\"lazy\" decoding=\"async\" class=\"alignnone wp-image-665\" src=\"https:\/\/weltlaeden.de\/wesel\/wp-content\/uploads\/sites\/202\/2024\/01\/Taschen-e1706454509404-300x225.jpg\" alt=\"\" width=\"453\" height=\"340\" srcset=\"https:\/\/weltlaeden.de\/wesel\/wp-content\/uploads\/sites\/202\/2024\/01\/Taschen-e1706454509404-300x225.jpg 300w, https:\/\/weltlaeden.de\/wesel\/wp-content\/uploads\/sites\/202\/2024\/01\/Taschen-e1706454509404.jpg 453w\" sizes=\"auto, (max-width: 453px) 100vw, 453px\" \/><\/p><\/div>[vc_column_text][\/vc_column_text][\/vc_column_inner][\/vc_row_inner][\/vc_column][\/vc_row][vc_row][vc_column][vc_column_text]<\/p>\n<h2>Textilien<\/h2>\n<p>[\/vc_column_text]<div class=\"wl_einzelbild\"><p><img loading=\"lazy\" decoding=\"async\" class=\"alignnone size-medium wp-image-694\" src=\"https:\/\/weltlaeden.de\/wesel\/wp-content\/uploads\/sites\/202\/2024\/02\/20231125_111704-169x300.jpg\" alt=\"\" width=\"169\" height=\"300\" srcset=\"https:\/\/weltlaeden.de\/wesel\/wp-content\/uploads\/sites\/202\/2024\/02\/20231125_111704-169x300.jpg 169w, https:\/\/weltlaeden.de\/wesel\/wp-content\/uploads\/sites\/202\/2024\/02\/20231125_111704-576x1024.jpg 576w, https:\/\/weltlaeden.de\/wesel\/wp-content\/uploads\/sites\/202\/2024\/02\/20231125_111704-768x1365.jpg 768w, https:\/\/weltlaeden.de\/wesel\/wp-content\/uploads\/sites\/202\/2024\/02\/20231125_111704-864x1536.jpg 864w, https:\/\/weltlaeden.de\/wesel\/wp-content\/uploads\/sites\/202\/2024\/02\/20231125_111704-1152x2048.jpg 1152w\" sizes=\"auto, (max-width: 169px) 100vw, 169px\" \/><\/p><\/div>[\/vc_column][\/vc_row]<\/p>\n<\/div>","protected":false},"excerpt":{"rendered":"<p>[vc_row][vc_column][vc_empty_space][vc_column_text] Unser Sortiment [\/vc_column_text][vc_column_text]Wir haben ein gro\u00dfes Sortiment an Lebensmitteln, Handwerksprodukten, Schmuck und Bekleidung. Wir f\u00fchren Produkte von GEPA, El Puente, Contigo, WeltPartner, EZA, S\u00fcdsinn, Pakilia, Greenbomb, Madness und noch viele weitere.[\/vc_column_text][vc_empty_space][vc_row_inner][vc_column_inner width=&#8220;1\/2&#8243;][vc_column_text] Lebensmittel [\/vc_column_text][vc_column_text][\/vc_column_text][\/vc_column_inner][vc_column_inner width=&#8220;1\/2&#8243;][vc_column_text] Kunsthandwerk [\/vc_column_text][vc_column_text][\/vc_column_text][\/vc_column_inner][\/vc_row_inner][\/vc_column][\/vc_row][vc_row][vc_column][vc_column_text] Textilien [\/vc_column_text][\/vc_column][\/vc_row]<\/p>\n","protected":false},"author":1,"featured_media":0,"parent":0,"menu_order":5,"comment_status":"closed","ping_status":"closed","template":"","meta":{"footnotes":""},"class_list":["post-217","page","type-page","status-publish","hentry","description-off"],"yoast_head":"<!-- This site is optimized with the Yoast SEO plugin v26.8 - https:\/\/yoast.com\/product\/yoast-seo-wordpress\/ -->\n<title>Produkte - Weltladen Wesel<\/title>\n<meta name=\"robots\" content=\"index, follow, max-snippet:-1, max-image-preview:large, max-video-preview:-1\" \/>\n<link rel=\"canonical\" href=\"https:\/\/weltlaeden.de\/wesel\/produkte\/\" \/>\n<meta property=\"og:locale\" content=\"de_DE\" \/>\n<meta property=\"og:type\" content=\"article\" \/>\n<meta property=\"og:title\" content=\"Produkte - Weltladen Wesel\" \/>\n<meta property=\"og:description\" content=\"[vc_row][vc_column][vc_empty_space][vc_column_text] Unser Sortiment [\/vc_column_text][vc_column_text]Wir haben ein gro\u00dfes Sortiment an Lebensmitteln, Handwerksprodukten, Schmuck und Bekleidung. Wir f\u00fchren Produkte von GEPA, El Puente, Contigo, WeltPartner, EZA, S\u00fcdsinn, Pakilia, Greenbomb, Madness und noch viele weitere.[\/vc_column_text][vc_empty_space][vc_row_inner][vc_column_inner width=&#8220;1\/2&#8243;][vc_column_text] Lebensmittel [\/vc_column_text][vc_column_text][\/vc_column_text][\/vc_column_inner][vc_column_inner width=&#8220;1\/2&#8243;][vc_column_text] Kunsthandwerk [\/vc_column_text][vc_column_text][\/vc_column_text][\/vc_column_inner][\/vc_row_inner][\/vc_column][\/vc_row][vc_row][vc_column][vc_column_text] Textilien [\/vc_column_text][\/vc_column][\/vc_row]\" \/>\n<meta property=\"og:url\" content=\"https:\/\/weltlaeden.de\/wesel\/produkte\/\" \/>\n<meta property=\"og:site_name\" content=\"Weltladen Wesel\" \/>\n<meta property=\"article:modified_time\" content=\"2024-03-18T14:08:08+00:00\" \/>\n<meta property=\"og:image\" content=\"https:\/\/weltlaeden.de\/wesel\/wp-content\/uploads\/sites\/202\/2024\/01\/Lebensmittel.jpg\" \/>\n<meta name=\"twitter:card\" content=\"summary_large_image\" \/>\n<meta name=\"twitter:label1\" content=\"Gesch\u00e4tzte Lesezeit\" \/>\n\t<meta name=\"twitter:data1\" content=\"1\u00a0Minute\" \/>\n<script type=\"application\/ld+json\" class=\"yoast-schema-graph\">{\"@context\":\"https:\/\/schema.org\",\"@graph\":[{\"@type\":\"WebPage\",\"@id\":\"https:\/\/weltlaeden.de\/wesel\/produkte\/\",\"url\":\"https:\/\/weltlaeden.de\/wesel\/produkte\/\",\"name\":\"Produkte - Weltladen Wesel\",\"isPartOf\":{\"@id\":\"https:\/\/weltlaeden.de\/wesel\/#website\"},\"primaryImageOfPage\":{\"@id\":\"https:\/\/weltlaeden.de\/wesel\/produkte\/#primaryimage\"},\"image\":{\"@id\":\"https:\/\/weltlaeden.de\/wesel\/produkte\/#primaryimage\"},\"thumbnailUrl\":\"https:\/\/weltlaeden.de\/wesel\/wp-content\/uploads\/sites\/202\/2024\/01\/Lebensmittel.jpg\",\"datePublished\":\"2016-10-28T11:34:47+00:00\",\"dateModified\":\"2024-03-18T14:08:08+00:00\",\"breadcrumb\":{\"@id\":\"https:\/\/weltlaeden.de\/wesel\/produkte\/#breadcrumb\"},\"inLanguage\":\"de\",\"potentialAction\":[{\"@type\":\"ReadAction\",\"target\":[\"https:\/\/weltlaeden.de\/wesel\/produkte\/\"]}]},{\"@type\":\"ImageObject\",\"inLanguage\":\"de\",\"@id\":\"https:\/\/weltlaeden.de\/wesel\/produkte\/#primaryimage\",\"url\":\"https:\/\/weltlaeden.de\/wesel\/wp-content\/uploads\/sites\/202\/2024\/01\/Lebensmittel.jpg\",\"contentUrl\":\"https:\/\/weltlaeden.de\/wesel\/wp-content\/uploads\/sites\/202\/2024\/01\/Lebensmittel.jpg\",\"width\":453,\"height\":340},{\"@type\":\"BreadcrumbList\",\"@id\":\"https:\/\/weltlaeden.de\/wesel\/produkte\/#breadcrumb\",\"itemListElement\":[{\"@type\":\"ListItem\",\"position\":1,\"name\":\"Startseite\",\"item\":\"https:\/\/weltlaeden.de\/wesel\/\"},{\"@type\":\"ListItem\",\"position\":2,\"name\":\"Produkte\"}]},{\"@type\":\"WebSite\",\"@id\":\"https:\/\/weltlaeden.de\/wesel\/#website\",\"url\":\"https:\/\/weltlaeden.de\/wesel\/\",\"name\":\"Weltladen Wesel\",\"description\":\"Faire Produkte und Partnerschaft mit El Salvador seit 1985\",\"potentialAction\":[{\"@type\":\"SearchAction\",\"target\":{\"@type\":\"EntryPoint\",\"urlTemplate\":\"https:\/\/weltlaeden.de\/wesel\/?s={search_term_string}\"},\"query-input\":{\"@type\":\"PropertyValueSpecification\",\"valueRequired\":true,\"valueName\":\"search_term_string\"}}],\"inLanguage\":\"de\"}]}<\/script>\n<!-- \/ Yoast SEO plugin. -->","yoast_head_json":{"title":"Produkte - Weltladen Wesel","robots":{"index":"index","follow":"follow","max-snippet":"max-snippet:-1","max-image-preview":"max-image-preview:large","max-video-preview":"max-video-preview:-1"},"canonical":"https:\/\/weltlaeden.de\/wesel\/produkte\/","og_locale":"de_DE","og_type":"article","og_title":"Produkte - Weltladen Wesel","og_description":"[vc_row][vc_column][vc_empty_space][vc_column_text] Unser Sortiment [\/vc_column_text][vc_column_text]Wir haben ein gro\u00dfes Sortiment an Lebensmitteln, Handwerksprodukten, Schmuck und Bekleidung. Wir f\u00fchren Produkte von GEPA, El Puente, Contigo, WeltPartner, EZA, S\u00fcdsinn, Pakilia, Greenbomb, Madness und noch viele weitere.[\/vc_column_text][vc_empty_space][vc_row_inner][vc_column_inner width=&#8220;1\/2&#8243;][vc_column_text] Lebensmittel [\/vc_column_text][vc_column_text][\/vc_column_text][\/vc_column_inner][vc_column_inner width=&#8220;1\/2&#8243;][vc_column_text] Kunsthandwerk [\/vc_column_text][vc_column_text][\/vc_column_text][\/vc_column_inner][\/vc_row_inner][\/vc_column][\/vc_row][vc_row][vc_column][vc_column_text] Textilien [\/vc_column_text][\/vc_column][\/vc_row]","og_url":"https:\/\/weltlaeden.de\/wesel\/produkte\/","og_site_name":"Weltladen Wesel","article_modified_time":"2024-03-18T14:08:08+00:00","og_image":[{"url":"https:\/\/weltlaeden.de\/wesel\/wp-content\/uploads\/sites\/202\/2024\/01\/Lebensmittel.jpg","type":"","width":"","height":""}],"twitter_card":"summary_large_image","twitter_misc":{"Gesch\u00e4tzte Lesezeit":"1\u00a0Minute"},"schema":{"@context":"https:\/\/schema.org","@graph":[{"@type":"WebPage","@id":"https:\/\/weltlaeden.de\/wesel\/produkte\/","url":"https:\/\/weltlaeden.de\/wesel\/produkte\/","name":"Produkte - Weltladen Wesel","isPartOf":{"@id":"https:\/\/weltlaeden.de\/wesel\/#website"},"primaryImageOfPage":{"@id":"https:\/\/weltlaeden.de\/wesel\/produkte\/#primaryimage"},"image":{"@id":"https:\/\/weltlaeden.de\/wesel\/produkte\/#primaryimage"},"thumbnailUrl":"https:\/\/weltlaeden.de\/wesel\/wp-content\/uploads\/sites\/202\/2024\/01\/Lebensmittel.jpg","datePublished":"2016-10-28T11:34:47+00:00","dateModified":"2024-03-18T14:08:08+00:00","breadcrumb":{"@id":"https:\/\/weltlaeden.de\/wesel\/produkte\/#breadcrumb"},"inLanguage":"de","potentialAction":[{"@type":"ReadAction","target":["https:\/\/weltlaeden.de\/wesel\/produkte\/"]}]},{"@type":"ImageObject","inLanguage":"de","@id":"https:\/\/weltlaeden.de\/wesel\/produkte\/#primaryimage","url":"https:\/\/weltlaeden.de\/wesel\/wp-content\/uploads\/sites\/202\/2024\/01\/Lebensmittel.jpg","contentUrl":"https:\/\/weltlaeden.de\/wesel\/wp-content\/uploads\/sites\/202\/2024\/01\/Lebensmittel.jpg","width":453,"height":340},{"@type":"BreadcrumbList","@id":"https:\/\/weltlaeden.de\/wesel\/produkte\/#breadcrumb","itemListElement":[{"@type":"ListItem","position":1,"name":"Startseite","item":"https:\/\/weltlaeden.de\/wesel\/"},{"@type":"ListItem","position":2,"name":"Produkte"}]},{"@type":"WebSite","@id":"https:\/\/weltlaeden.de\/wesel\/#website","url":"https:\/\/weltlaeden.de\/wesel\/","name":"Weltladen Wesel","description":"Faire Produkte und Partnerschaft mit El Salvador seit 1985","potentialAction":[{"@type":"SearchAction","target":{"@type":"EntryPoint","urlTemplate":"https:\/\/weltlaeden.de\/wesel\/?s={search_term_string}"},"query-input":{"@type":"PropertyValueSpecification","valueRequired":true,"valueName":"search_term_string"}}],"inLanguage":"de"}]}},"_links":{"self":[{"href":"https:\/\/weltlaeden.de\/wesel\/wp-json\/wp\/v2\/pages\/217","targetHints":{"allow":["GET"]}}],"collection":[{"href":"https:\/\/weltlaeden.de\/wesel\/wp-json\/wp\/v2\/pages"}],"about":[{"href":"https:\/\/weltlaeden.de\/wesel\/wp-json\/wp\/v2\/types\/page"}],"author":[{"embeddable":true,"href":"https:\/\/weltlaeden.de\/wesel\/wp-json\/wp\/v2\/users\/1"}],"replies":[{"embeddable":true,"href":"https:\/\/weltlaeden.de\/wesel\/wp-json\/wp\/v2\/comments?post=217"}],"version-history":[{"count":21,"href":"https:\/\/weltlaeden.de\/wesel\/wp-json\/wp\/v2\/pages\/217\/revisions"}],"predecessor-version":[{"id":729,"href":"https:\/\/weltlaeden.de\/wesel\/wp-json\/wp\/v2\/pages\/217\/revisions\/729"}],"wp:attachment":[{"href":"https:\/\/weltlaeden.de\/wesel\/wp-json\/wp\/v2\/media?parent=217"}],"curies":[{"name":"wp","href":"https:\/\/api.w.org\/{rel}","templated":true}]}}

<div class="wpb-content-wrapper"><p>[vc_row][vc_column]<div class="wl_einzelbild"><p></p></div>[vc_empty_space][vc_column_text]</p>
<h1>Unser Sortiment</h1>
<p>[/vc_column_text][vc_column_text]Wir haben ein großes Sortiment an Lebensmitteln, Handwerksprodukten, Schmuck und Bekleidung.</p>
<p>Wir führen Produkte von GEPA, El Puente, Contigo, WeltPartner, EZA, Südsinn, Pakilia, Greenbomb, Madness und noch viele weitere.[/vc_column_text][vc_empty_space][vc_row_inner][vc_column_inner width=&#8220;1/2&#8243;][vc_column_text]</p>
<h2>Lebensmittel</h2>
<p>[/vc_column_text]<div class="wl_einzelbild"><p><img loading="lazy" decoding="async" class="alignnone wp-image-650 size-full" src="https://weltlaeden.de/wesel/wp-content/uploads/sites/202/2024/01/Lebensmittel.jpg" alt="" width="453" height="340" srcset="https://weltlaeden.de/wesel/wp-content/uploads/sites/202/2024/01/Lebensmittel.jpg 453w, https://weltlaeden.de/wesel/wp-content/uploads/sites/202/2024/01/Lebensmittel-300x225.jpg 300w" sizes="auto, (max-width: 453px) 100vw, 453px" /></p></div>[vc_column_text][/vc_column_text][/vc_column_inner][vc_column_inner width=&#8220;1/2&#8243;][vc_column_text]</p>
<h2>Kunsthandwerk</h2>
<p>[/vc_column_text]<div class="wl_einzelbild"><p><img loading="lazy" decoding="async" class="alignnone wp-image-665" src="https://weltlaeden.de/wesel/wp-content/uploads/sites/202/2024/01/Taschen-e1706454509404-300x225.jpg" alt="" width="453" height="340" srcset="https://weltlaeden.de/wesel/wp-content/uploads/sites/202/2024/01/Taschen-e1706454509404-300x225.jpg 300w, https://weltlaeden.de/wesel/wp-content/uploads/sites/202/2024/01/Taschen-e1706454509404.jpg 453w" sizes="auto, (max-width: 453px) 100vw, 453px" /></p></div>[vc_column_text][/vc_column_text][/vc_column_inner][/vc_row_inner][/vc_column][/vc_row][vc_row][vc_column][vc_column_text]</p>
<h2>Textilien</h2>
<p>[/vc_column_text]<div class="wl_einzelbild"><p><img loading="lazy" decoding="async" class="alignnone size-medium wp-image-694" src="https://weltlaeden.de/wesel/wp-content/uploads/sites/202/2024/02/20231125_111704-169x300.jpg" alt="" width="169" height="300" srcset="https://weltlaeden.de/wesel/wp-content/uploads/sites/202/2024/02/20231125_111704-169x300.jpg 169w, https://weltlaeden.de/wesel/wp-content/uploads/sites/202/2024/02/20231125_111704-576x1024.jpg 576w, https://weltlaeden.de/wesel/wp-content/uploads/sites/202/2024/02/20231125_111704-768x1365.jpg 768w, https://weltlaeden.de/wesel/wp-content/uploads/sites/202/2024/02/20231125_111704-864x1536.jpg 864w, https://weltlaeden.de/wesel/wp-content/uploads/sites/202/2024/02/20231125_111704-1152x2048.jpg 1152w" sizes="auto, (max-width: 169px) 100vw, 169px" /></p></div>[/vc_column][/vc_row]</p>
</div>

<p>[vc_row][vc_column][vc_empty_space][vc_column_text] Unser Sortiment [/vc_column_text][vc_column_text]Wir haben ein großes Sortiment an Lebensmitteln, Handwerksprodukten, Schmuck und Bekleidung. Wir führen Produkte von GEPA, El Puente, Contigo, WeltPartner, EZA, Südsinn, Pakilia, Greenbomb, Madness und noch viele weitere.[/vc_column_text][vc_empty_space][vc_row_inner][vc_column_inner width=&#8220;1/2&#8243;][vc_column_text] Lebensmittel [/vc_column_text][vc_column_text][/vc_column_text][/vc_column_inner][vc_column_inner width=&#8220;1/2&#8243;][vc_column_text] Kunsthandwerk [/vc_column_text][vc_column_text][/vc_column_text][/vc_column_inner][/vc_row_inner][/vc_column][/vc_row][vc_row][vc_column][vc_column_text] Textilien [/vc_column_text][/vc_column][/vc_row]</p>

<!-- This site is optimized with the Yoast SEO plugin v26.8 - https://yoast.com/product/yoast-seo-wordpress/ -->
<title>Produkte - Weltladen Wesel</title>
<meta name="robots" content="index, follow, max-snippet:-1, max-image-preview:large, max-video-preview:-1" />
<link rel="canonical" href="https://weltlaeden.de/wesel/produkte/" />
<meta property="og:locale" content="de_DE" />
<meta property="og:type" content="article" />
<meta property="og:title" content="Produkte - Weltladen Wesel" />
<meta property="og:description" content="[vc_row][vc_column][vc_empty_space][vc_column_text] Unser Sortiment [/vc_column_text][vc_column_text]Wir haben ein großes Sortiment an Lebensmitteln, Handwerksprodukten, Schmuck und Bekleidung. Wir führen Produkte von GEPA, El Puente, Contigo, WeltPartner, EZA, Südsinn, Pakilia, Greenbomb, Madness und noch viele weitere.[/vc_column_text][vc_empty_space][vc_row_inner][vc_column_inner width=&#8220;1/2&#8243;][vc_column_text] Lebensmittel [/vc_column_text][vc_column_text][/vc_column_text][/vc_column_inner][vc_column_inner width=&#8220;1/2&#8243;][vc_column_text] Kunsthandwerk [/vc_column_text][vc_column_text][/vc_column_text][/vc_column_inner][/vc_row_inner][/vc_column][/vc_row][vc_row][vc_column][vc_column_text] Textilien [/vc_column_text][/vc_column][/vc_row]" />
<meta property="og:url" content="https://weltlaeden.de/wesel/produkte/" />
<meta property="og:site_name" content="Weltladen Wesel" />
<meta property="article:modified_time" content="2024-03-18T14:08:08+00:00" />
<meta property="og:image" content="https://weltlaeden.de/wesel/wp-content/uploads/sites/202/2024/01/Lebensmittel.jpg" />
<meta name="twitter:card" content="summary_large_image" />
<meta name="twitter:label1" content="Geschätzte Lesezeit" />
	<meta name="twitter:data1" content="1 Minute" />
<script type="application/ld+json" class="yoast-schema-graph">{"@context":"https://schema.org","@graph":[{"@type":"WebPage","@id":"https://weltlaeden.de/wesel/produkte/","url":"https://weltlaeden.de/wesel/produkte/","name":"Produkte - Weltladen Wesel","isPartOf":{"@id":"https://weltlaeden.de/wesel/#website"},"primaryImageOfPage":{"@id":"https://weltlaeden.de/wesel/produkte/#primaryimage"},"image":{"@id":"https://weltlaeden.de/wesel/produkte/#primaryimage"},"thumbnailUrl":"https://weltlaeden.de/wesel/wp-content/uploads/sites/202/2024/01/Lebensmittel.jpg","datePublished":"2016-10-28T11:34:47+00:00","dateModified":"2024-03-18T14:08:08+00:00","breadcrumb":{"@id":"https://weltlaeden.de/wesel/produkte/#breadcrumb"},"inLanguage":"de","potentialAction":[{"@type":"ReadAction","target":["https://weltlaeden.de/wesel/produkte/"]}]},{"@type":"ImageObject","inLanguage":"de","@id":"https://weltlaeden.de/wesel/produkte/#primaryimage","url":"https://weltlaeden.de/wesel/wp-content/uploads/sites/202/2024/01/Lebensmittel.jpg","contentUrl":"https://weltlaeden.de/wesel/wp-content/uploads/sites/202/2024/01/Lebensmittel.jpg","width":453,"height":340},{"@type":"BreadcrumbList","@id":"https://weltlaeden.de/wesel/produkte/#breadcrumb","itemListElement":[{"@type":"ListItem","position":1,"name":"Startseite","item":"https://weltlaeden.de/wesel/"},{"@type":"ListItem","position":2,"name":"Produkte"}]},{"@type":"WebSite","@id":"https://weltlaeden.de/wesel/#website","url":"https://weltlaeden.de/wesel/","name":"Weltladen Wesel","description":"Faire Produkte und Partnerschaft mit El Salvador seit 1985","potentialAction":[{"@type":"SearchAction","target":{"@type":"EntryPoint","urlTemplate":"https://weltlaeden.de/wesel/?s={search_term_string}"},"query-input":{"@type":"PropertyValueSpecification","valueRequired":true,"valueName":"search_term_string"}}],"inLanguage":"de"}]}</script>
<!-- / Yoast SEO plugin. -->

[vc_row][vc_column][vc_empty_space][vc_column_text] Unser Sortiment [/vc_column_text][vc_column_text]Wir haben ein großes Sortiment an Lebensmitteln, Handwerksprodukten, Schmuck und Bekleidung. Wir führen Produkte von GEPA, El Puente, Contigo, WeltPartner, EZA, Südsinn, Pakilia, Greenbomb, Madness und noch viele weitere.[/vc_column_text][vc_empty_space][vc_row_inner][vc_column_inner width=&#8220;1/2&#8243;][vc_column_text] Lebensmittel [/vc_column_text][vc_column_text][/vc_column_text][/vc_column_inner][vc_column_inner width=&#8220;1/2&#8243;][vc_column_text] Kunsthandwerk [/vc_column_text][vc_column_text][/vc_column_text][/vc_column_inner][/vc_row_inner][/vc_column][/vc_row][vc_row][vc_column][vc_column_text] Textilien [/vc_column_text][/vc_column][/vc_row]
