{"id":20,"date":"2016-10-14T09:05:21","date_gmt":"2016-10-14T07:05:21","guid":{"rendered":"https:\/\/wl.heimpixel.de\/vorlage\/weltladen-musterdorf\/"},"modified":"2026-04-15T18:09:57","modified_gmt":"2026-04-15T16:09:57","slug":"weltladen-musterdorf","status":"publish","type":"page","link":"https:\/\/weltlaeden.de\/wesel\/","title":{"rendered":"Weltladen esperanza"},"content":{"rendered":"<div class=\"wpb-content-wrapper\"><p>[vc_row][vc_column][vc_single_image image=&#8220;857&#8243; img_size=&#8220;788&#215;443&#8243; css=&#8220;&#8220;][vc_empty_space height=&#8220;20px&#8220;][\/vc_column][\/vc_row][vc_row][vc_column][vc_column_text]<\/p>\n<h1 style=\"text-align: left\">Willkommen im Weltladen esperanza !<\/h1>\n<p>[\/vc_column_text][vc_column_text]Herzlich willkommen auf der Webseite des Weltladens esperanza und der Eine-Welt-Gruppe Wesel g.e.V. Unter den Men\u00fcpunkten finden sich Informationen rund um den Fairen Handel, den Weltladen esperanza und unseren Verein mit seinen Projekten in El Salvador.[\/vc_column_text][vc_empty_space height=&#8220;15px&#8220;][vc_column_text css=&#8220;&#8220;]<\/p>\n<h3><strong>NEU: Ab sofort haben wir auch dienstags vormittags von 10 bis 13 Uhr ge\u00f6ffnet.<\/strong><\/h3>\n<p>[\/vc_column_text][vc_empty_space height=&#8220;30px&#8220;][vc_column_text]<\/p>\n<h2>Aktuelles<\/h2>\n<p>[\/vc_column_text]<section class=\"items-grid wf-container\"><div class=\"wf-cell wf-1-2\"><article class=\"post-format-standard\"><div class=\"mini-post-img\"><a class=\"alignleft post-rollover layzr-bg\" href=\"https:\/\/weltlaeden.de\/wesel\/fruehlingsfest\/\" aria-label=\"Post image\"><img decoding=\"async\" class=\"preload-me lazy-load aspect\" src=\"data:image\/svg+xml,%3Csvg%20xmlns%3D&#39;http%3A%2F%2Fwww.w3.org%2F2000%2Fsvg&#39;%20viewBox%3D&#39;0%200%2060%2060&#39;%2F%3E\" data-src=\"https:\/\/weltlaeden.de\/wesel\/wp-content\/uploads\/sites\/202\/2026\/04\/Plakat-Fruehlingsfest-60x60.jpg\" data-srcset=\"https:\/\/weltlaeden.de\/wesel\/wp-content\/uploads\/sites\/202\/2026\/04\/Plakat-Fruehlingsfest-60x60.jpg 60w, https:\/\/weltlaeden.de\/wesel\/wp-content\/uploads\/sites\/202\/2026\/04\/Plakat-Fruehlingsfest-120x120.jpg 120w\" loading=\"eager\" style=\"--ratio: 60 \/ 60\" sizes=\"(max-width: 60px) 100vw, 60px\" width=\"60\" height=\"60\"  alt=\"\" \/><\/a><\/div><div class=\"post-content\"><a href=\"https:\/\/weltlaeden.de\/wesel\/fruehlingsfest\/\">Fr\u00fchlingsfest<\/a><br \/><time class=\"text-secondary\" datetime=\"2026-04-13T18:31:04+02:00\">13. April 2026<\/time><\/div><\/article><\/div><div class=\"wf-cell wf-1-2\"><article class=\"post-format-standard\"><div class=\"mini-post-img\"><a class=\"alignleft post-rollover layzr-bg\" href=\"https:\/\/weltlaeden.de\/wesel\/erweiterung-der-oeffnungszeiten\/\" aria-label=\"Post image\"><img decoding=\"async\" class=\"preload-me lazy-load aspect\" src=\"data:image\/svg+xml,%3Csvg%20xmlns%3D&#39;http%3A%2F%2Fwww.w3.org%2F2000%2Fsvg&#39;%20viewBox%3D&#39;0%200%2060%2060&#39;%2F%3E\" data-src=\"https:\/\/weltlaeden.de\/wesel\/wp-content\/uploads\/sites\/202\/2026\/04\/Osterhase-wegen-Oeffnungszeiten-60x60.png\" data-srcset=\"https:\/\/weltlaeden.de\/wesel\/wp-content\/uploads\/sites\/202\/2026\/04\/Osterhase-wegen-Oeffnungszeiten-60x60.png 60w, https:\/\/weltlaeden.de\/wesel\/wp-content\/uploads\/sites\/202\/2026\/04\/Osterhase-wegen-Oeffnungszeiten-120x120.png 120w\" loading=\"eager\" style=\"--ratio: 60 \/ 60\" sizes=\"(max-width: 60px) 100vw, 60px\" width=\"60\" height=\"60\"  alt=\"\" \/><\/a><\/div><div class=\"post-content\"><a href=\"https:\/\/weltlaeden.de\/wesel\/erweiterung-der-oeffnungszeiten\/\">Erweiterung der \u00d6ffnungszeiten<\/a><br \/><time class=\"text-secondary\" datetime=\"2026-04-05T15:17:04+02:00\">5. April 2026<\/time><\/div><\/article><\/div><div class=\"wf-cell wf-1-2\"><article class=\"post-format-standard\"><div class=\"mini-post-img\"><a class=\"alignleft post-rollover layzr-bg\" href=\"https:\/\/weltlaeden.de\/wesel\/buergermeister-von-wesel-als-praktikant\/\" aria-label=\"Post image\"><img decoding=\"async\" class=\"preload-me lazy-load aspect\" src=\"data:image\/svg+xml,%3Csvg%20xmlns%3D&#39;http%3A%2F%2Fwww.w3.org%2F2000%2Fsvg&#39;%20viewBox%3D&#39;0%200%2060%2060&#39;%2F%3E\" data-src=\"https:\/\/weltlaeden.de\/wesel\/wp-content\/uploads\/sites\/202\/2024\/01\/PXL_20230718_111908573-e1705656472872-60x60.jpg\" data-srcset=\"https:\/\/weltlaeden.de\/wesel\/wp-content\/uploads\/sites\/202\/2024\/01\/PXL_20230718_111908573-e1705656472872-60x60.jpg 60w, https:\/\/weltlaeden.de\/wesel\/wp-content\/uploads\/sites\/202\/2024\/01\/PXL_20230718_111908573-e1705656472872-120x120.jpg 120w\" loading=\"eager\" style=\"--ratio: 60 \/ 60\" sizes=\"(max-width: 60px) 100vw, 60px\" width=\"60\" height=\"60\"  alt=\"\" \/><\/a><\/div><div class=\"post-content\"><a href=\"https:\/\/weltlaeden.de\/wesel\/buergermeister-von-wesel-als-praktikant\/\">B\u00fcrgermeister von Wesel als Praktikant<\/a><br \/><time class=\"text-secondary\" datetime=\"2026-02-22T22:29:50+01:00\">22. Februar 2026<\/time><\/div><\/article><\/div><div class=\"wf-cell wf-1-2\"><article class=\"post-format-standard\"><div class=\"mini-post-img\"><a class=\"alignleft post-rollover layzr-bg\" href=\"https:\/\/weltlaeden.de\/wesel\/letzte-orangenlieferung-in-diesem-winter\/\" aria-label=\"Post image\"><img decoding=\"async\" class=\"preload-me lazy-load aspect\" src=\"data:image\/svg+xml,%3Csvg%20xmlns%3D&#39;http%3A%2F%2Fwww.w3.org%2F2000%2Fsvg&#39;%20viewBox%3D&#39;0%200%2060%2060&#39;%2F%3E\" data-src=\"https:\/\/weltlaeden.de\/wesel\/wp-content\/uploads\/sites\/202\/2024\/12\/suess_statt_bitter-60x60.jpeg\" data-srcset=\"https:\/\/weltlaeden.de\/wesel\/wp-content\/uploads\/sites\/202\/2024\/12\/suess_statt_bitter-60x60.jpeg 60w, https:\/\/weltlaeden.de\/wesel\/wp-content\/uploads\/sites\/202\/2024\/12\/suess_statt_bitter-120x120.jpeg 120w\" loading=\"eager\" style=\"--ratio: 60 \/ 60\" sizes=\"(max-width: 60px) 100vw, 60px\" width=\"60\" height=\"60\"  alt=\"\" \/><\/a><\/div><div class=\"post-content\"><a href=\"https:\/\/weltlaeden.de\/wesel\/letzte-orangenlieferung-in-diesem-winter\/\">Letzte Orangenlieferung in diesem Winter<\/a><br \/><time class=\"text-secondary\" datetime=\"2026-02-15T21:56:47+01:00\">15. Februar 2026<\/time><\/div><\/article><\/div><div class=\"wf-cell wf-1-2\"><article class=\"post-format-standard\"><div class=\"mini-post-img\"><a class=\"alignleft post-rollover no-avatar\" href=\"https:\/\/weltlaeden.de\/wesel\/spendenaufruf-bildung-schafft-perspektive\/\"  style=\"width:60px; height: 60px;\" aria-label=\"Post image\"><\/a><\/div><div class=\"post-content\"><a href=\"https:\/\/weltlaeden.de\/wesel\/spendenaufruf-bildung-schafft-perspektive\/\">Spendenaufruf &#8211; Bildung schafft Perspektive<\/a><br \/><time class=\"text-secondary\" datetime=\"2025-12-07T22:37:16+01:00\">7. Dezember 2025<\/time><\/div><\/article><\/div><div class=\"wf-cell wf-1-2\"><article class=\"post-format-standard\"><div class=\"mini-post-img\"><a class=\"alignleft post-rollover layzr-bg\" href=\"https:\/\/weltlaeden.de\/wesel\/aktion-kroni-wette-gewonnen\/\" aria-label=\"Post image\"><img decoding=\"async\" class=\"preload-me lazy-load aspect\" src=\"data:image\/svg+xml,%3Csvg%20xmlns%3D&#39;http%3A%2F%2Fwww.w3.org%2F2000%2Fsvg&#39;%20viewBox%3D&#39;0%200%2060%2060&#39;%2F%3E\" data-src=\"https:\/\/weltlaeden.de\/wesel\/wp-content\/uploads\/sites\/202\/2025\/12\/20251128_181236-scaled-60x60.jpg\" data-srcset=\"https:\/\/weltlaeden.de\/wesel\/wp-content\/uploads\/sites\/202\/2025\/12\/20251128_181236-scaled-60x60.jpg 60w, https:\/\/weltlaeden.de\/wesel\/wp-content\/uploads\/sites\/202\/2025\/12\/20251128_181236-scaled-120x120.jpg 120w\" loading=\"eager\" style=\"--ratio: 60 \/ 60\" sizes=\"(max-width: 60px) 100vw, 60px\" width=\"60\" height=\"60\"  alt=\"\" \/><\/a><\/div><div class=\"post-content\"><a href=\"https:\/\/weltlaeden.de\/wesel\/aktion-kroni-wette-gewonnen\/\">Aktion Kroni &#8211; Wette gewonnen<\/a><br \/><time class=\"text-secondary\" datetime=\"2025-12-01T00:09:45+01:00\">1. Dezember 2025<\/time><\/div><\/article><\/div><\/section><a href=\"?pagename=neuigkeiten\" class=\"btn-shortcode dt-btn-s dt-btn default-btn-color default-btn-hover-color default-btn-bg-color default-btn-bg-hover-color\" target=\"_blank\" id=\"dt-btn-1\" rel=\"noopener\"><span>Alle Neuigkeiten<\/span><\/a>[vc_empty_space height=&#8220;20px&#8220;][\/vc_column][\/vc_row][vc_row][vc_column][vc_column_text]<\/p>\n<h2>Was Sie auf dieser Website finden:<\/h2>\n<p>[\/vc_column_text][vc_empty_space height=&#8220;20px&#8220;][vc_row_inner][vc_column_inner width=&#8220;1\/4&#8243;]<div class=\"wl_einzelbild\"><p><img loading=\"lazy\" decoding=\"async\" class=\"alignleft size-thumbnail wp-image-nsm-3-15\" src=\"https:\/\/weltlaeden.de\/vorlage\/wp-content\/uploads\/sites\/3\/2016\/11\/FairerHandel_ElPuente_Fingerpuppen_EccoExe_Peru-150x150.jpg\" alt=\"\" width=\"150\" height=\"150\" \/><\/p><\/div>[\/vc_column_inner][vc_column_inner width=&#8220;3\/4&#8243;][vc_column_text]<\/p>\n<h3>Fairer Handel<\/h3>\n<p>Was meint Fairer Handel \u00fcberhaupt? Welche Kriterien m\u00fcssen eingehalten werden und wer \u00fcberpr\u00fcft diese? <a href=\"?pagename=fairer-handel\">Erfahren Sie mehr &#8230;<\/a>[\/vc_column_text][\/vc_column_inner][\/vc_row_inner][vc_separator][vc_row_inner][vc_column_inner width=&#8220;1\/4&#8243;]<div class=\"wl_einzelbild\"><p><img loading=\"lazy\" decoding=\"async\" class=\"alignnone wp-image-606 size-thumbnail\" src=\"https:\/\/weltlaeden.de\/wesel\/wp-content\/uploads\/sites\/202\/2024\/01\/PXL_20230718_111908573-e1705656472872-150x150.jpg\" alt=\"\" width=\"150\" height=\"150\" \/><\/p><\/div>[\/vc_column_inner][vc_column_inner width=&#8220;3\/4&#8243;][vc_column_text]<\/p>\n<h3>Produkte<\/h3>\n<p>Unsere Produkte im Weltladen sind nat\u00fcrlich alle aus Fairem Handel, dennoch kommen sie von unterschiedlichen Fair-Handels-Importeuren. <a href=\"?pagename=produkte\">Hier zeigen wir Ihnen unser Sortiment &#8230;<\/a>[\/vc_column_text][\/vc_column_inner][\/vc_row_inner][vc_separator][vc_row_inner][vc_column_inner width=&#8220;1\/4&#8243;]<div class=\"wl_einzelbild\"><p><img loading=\"lazy\" decoding=\"async\" class=\"alignnone wp-image-669 size-thumbnail\" src=\"https:\/\/weltlaeden.de\/wesel\/wp-content\/uploads\/sites\/202\/2024\/01\/Amando-Lopez_6-150x150.jpg\" alt=\"\" width=\"150\" height=\"150\" \/><\/p><\/div>[\/vc_column_inner][vc_column_inner width=&#8220;3\/4&#8243;][vc_column_text]<\/p>\n<h3>Projekte<\/h3>\n<p>Wir unterst\u00fctzen seit vielen Jahren Projekte in El Salvador. <a href=\"https:\/\/weltlaeden.de\/wesel\/projekte\">Hier erfahren Sie, welche das sind.<\/a>[\/vc_column_text][\/vc_column_inner][\/vc_row_inner][vc_separator][vc_row_inner][vc_column_inner width=&#8220;1\/4&#8243;]<div class=\"wl_einzelbild\"><p><img loading=\"lazy\" decoding=\"async\" class=\"alignnone wp-image-654 size-thumbnail\" src=\"https:\/\/weltlaeden.de\/wesel\/wp-content\/uploads\/sites\/202\/2024\/01\/Eine-Welt-Baum-Logo-1-150x150.png\" alt=\"\" width=\"150\" height=\"150\" \/><\/p><\/div>[\/vc_column_inner][vc_column_inner width=&#8220;3\/4&#8243;][vc_column_text]<\/p>\n<h3>\u00dcber uns<\/h3>\n<p>Unser Verein besteht seit vielen Jahren und setzt sich f\u00fcr Gerechtigkeit in der Einen Welt ein. <a href=\"https:\/\/weltlaeden.de\/wesel\/ueber-uns\" target=\"_blank\" rel=\"noopener\">Hier erfahren Sie mehr \u00fcber uns&#8230;<\/a>[\/vc_column_text][\/vc_column_inner][\/vc_row_inner][vc_separator][vc_empty_space][\/vc_column][\/vc_row]<\/p>\n<\/div>","protected":false},"excerpt":{"rendered":"<p>[vc_row][vc_column][vc_single_image image=&#8220;857&#8243; img_size=&#8220;788&#215;443&#8243; css=&#8220;&#8220;][vc_empty_space height=&#8220;20px&#8220;][\/vc_column][\/vc_row][vc_row][vc_column][vc_column_text] Willkommen im Weltladen esperanza ! [\/vc_column_text][vc_column_text]Herzlich willkommen auf der Webseite des Weltladens esperanza und der Eine-Welt-Gruppe Wesel g.e.V. Unter den Men\u00fcpunkten finden sich Informationen rund um den Fairen Handel, den Weltladen esperanza und unseren Verein mit seinen Projekten in El Salvador.[\/vc_column_text][vc_empty_space height=&#8220;15px&#8220;][vc_column_text css=&#8220;&#8220;] NEU: Ab sofort haben wir auch dienstags&hellip;<\/p>\n","protected":false},"author":1,"featured_media":0,"parent":0,"menu_order":0,"comment_status":"closed","ping_status":"closed","template":"","meta":{"footnotes":""},"class_list":["post-20","page","type-page","status-publish","hentry","description-off"],"yoast_head":"<!-- This site is optimized with the Yoast SEO plugin v26.8 - https:\/\/yoast.com\/product\/yoast-seo-wordpress\/ -->\n<title>Weltladen esperanza - Weltladen Wesel<\/title>\n<meta name=\"description\" content=\"Der Weltladen esperanza bietet eine gro\u00dfe Produktvielfalt aus dem Fairen Handel. Lebensmittel, Handwerksprodukte, Kleidung, Schmuck und vieles mehr.\" \/>\n<meta name=\"robots\" content=\"index, follow, max-snippet:-1, max-image-preview:large, max-video-preview:-1\" \/>\n<link rel=\"canonical\" href=\"https:\/\/weltlaeden.de\/wesel\/\" \/>\n<meta property=\"og:locale\" content=\"de_DE\" \/>\n<meta property=\"og:type\" content=\"article\" \/>\n<meta property=\"og:title\" content=\"Weltladen esperanza - Weltladen Wesel\" \/>\n<meta property=\"og:description\" content=\"Der Weltladen esperanza bietet eine gro\u00dfe Produktvielfalt aus dem Fairen Handel. Lebensmittel, Handwerksprodukte, Kleidung, Schmuck und vieles mehr.\" \/>\n<meta property=\"og:url\" content=\"https:\/\/weltlaeden.de\/wesel\/\" \/>\n<meta property=\"og:site_name\" content=\"Weltladen Wesel\" \/>\n<meta property=\"article:modified_time\" content=\"2026-04-15T16:09:57+00:00\" \/>\n<meta property=\"og:image\" content=\"https:\/\/weltlaeden.de\/vorlage\/wp-content\/uploads\/sites\/3\/2016\/11\/FairerHandel_ElPuente_Fingerpuppen_EccoExe_Peru-150x150.jpg\" \/>\n<meta name=\"twitter:card\" content=\"summary_large_image\" \/>\n<meta name=\"twitter:label1\" content=\"Gesch\u00e4tzte Lesezeit\" \/>\n\t<meta name=\"twitter:data1\" content=\"2\u00a0Minuten\" \/>\n<script type=\"application\/ld+json\" class=\"yoast-schema-graph\">{\"@context\":\"https:\/\/schema.org\",\"@graph\":[{\"@type\":\"WebPage\",\"@id\":\"https:\/\/weltlaeden.de\/wesel\/\",\"url\":\"https:\/\/weltlaeden.de\/wesel\/\",\"name\":\"Weltladen esperanza - Weltladen Wesel\",\"isPartOf\":{\"@id\":\"https:\/\/weltlaeden.de\/wesel\/#website\"},\"primaryImageOfPage\":{\"@id\":\"https:\/\/weltlaeden.de\/wesel\/#primaryimage\"},\"image\":{\"@id\":\"https:\/\/weltlaeden.de\/wesel\/#primaryimage\"},\"thumbnailUrl\":\"https:\/\/weltlaeden.de\/vorlage\/wp-content\/uploads\/sites\/3\/2016\/11\/FairerHandel_ElPuente_Fingerpuppen_EccoExe_Peru-150x150.jpg\",\"datePublished\":\"2016-10-14T07:05:21+00:00\",\"dateModified\":\"2026-04-15T16:09:57+00:00\",\"description\":\"Der Weltladen esperanza bietet eine gro\u00dfe Produktvielfalt aus dem Fairen Handel. Lebensmittel, Handwerksprodukte, Kleidung, Schmuck und vieles mehr.\",\"breadcrumb\":{\"@id\":\"https:\/\/weltlaeden.de\/wesel\/#breadcrumb\"},\"inLanguage\":\"de\",\"potentialAction\":[{\"@type\":\"ReadAction\",\"target\":[\"https:\/\/weltlaeden.de\/wesel\/\"]}]},{\"@type\":\"ImageObject\",\"inLanguage\":\"de\",\"@id\":\"https:\/\/weltlaeden.de\/wesel\/#primaryimage\",\"url\":\"https:\/\/weltlaeden.de\/vorlage\/wp-content\/uploads\/sites\/3\/2016\/11\/FairerHandel_ElPuente_Fingerpuppen_EccoExe_Peru-150x150.jpg\",\"contentUrl\":\"https:\/\/weltlaeden.de\/vorlage\/wp-content\/uploads\/sites\/3\/2016\/11\/FairerHandel_ElPuente_Fingerpuppen_EccoExe_Peru-150x150.jpg\"},{\"@type\":\"BreadcrumbList\",\"@id\":\"https:\/\/weltlaeden.de\/wesel\/#breadcrumb\",\"itemListElement\":[{\"@type\":\"ListItem\",\"position\":1,\"name\":\"Startseite\",\"item\":\"https:\/\/weltlaeden.de\/wesel\/\"},{\"@type\":\"ListItem\",\"position\":2,\"name\":\"Weltladen esperanza\"}]},{\"@type\":\"WebSite\",\"@id\":\"https:\/\/weltlaeden.de\/wesel\/#website\",\"url\":\"https:\/\/weltlaeden.de\/wesel\/\",\"name\":\"Weltladen Wesel\",\"description\":\"Faire Produkte und Partnerschaft mit El Salvador seit 1985\",\"potentialAction\":[{\"@type\":\"SearchAction\",\"target\":{\"@type\":\"EntryPoint\",\"urlTemplate\":\"https:\/\/weltlaeden.de\/wesel\/?s={search_term_string}\"},\"query-input\":{\"@type\":\"PropertyValueSpecification\",\"valueRequired\":true,\"valueName\":\"search_term_string\"}}],\"inLanguage\":\"de\"}]}<\/script>\n<!-- \/ Yoast SEO plugin. -->","yoast_head_json":{"title":"Weltladen esperanza - Weltladen Wesel","description":"Der Weltladen esperanza bietet eine gro\u00dfe Produktvielfalt aus dem Fairen Handel. Lebensmittel, Handwerksprodukte, Kleidung, Schmuck und vieles mehr.","robots":{"index":"index","follow":"follow","max-snippet":"max-snippet:-1","max-image-preview":"max-image-preview:large","max-video-preview":"max-video-preview:-1"},"canonical":"https:\/\/weltlaeden.de\/wesel\/","og_locale":"de_DE","og_type":"article","og_title":"Weltladen esperanza - Weltladen Wesel","og_description":"Der Weltladen esperanza bietet eine gro\u00dfe Produktvielfalt aus dem Fairen Handel. Lebensmittel, Handwerksprodukte, Kleidung, Schmuck und vieles mehr.","og_url":"https:\/\/weltlaeden.de\/wesel\/","og_site_name":"Weltladen Wesel","article_modified_time":"2026-04-15T16:09:57+00:00","og_image":[{"url":"https:\/\/weltlaeden.de\/vorlage\/wp-content\/uploads\/sites\/3\/2016\/11\/FairerHandel_ElPuente_Fingerpuppen_EccoExe_Peru-150x150.jpg","type":"","width":"","height":""}],"twitter_card":"summary_large_image","twitter_misc":{"Gesch\u00e4tzte Lesezeit":"2\u00a0Minuten"},"schema":{"@context":"https:\/\/schema.org","@graph":[{"@type":"WebPage","@id":"https:\/\/weltlaeden.de\/wesel\/","url":"https:\/\/weltlaeden.de\/wesel\/","name":"Weltladen esperanza - Weltladen Wesel","isPartOf":{"@id":"https:\/\/weltlaeden.de\/wesel\/#website"},"primaryImageOfPage":{"@id":"https:\/\/weltlaeden.de\/wesel\/#primaryimage"},"image":{"@id":"https:\/\/weltlaeden.de\/wesel\/#primaryimage"},"thumbnailUrl":"https:\/\/weltlaeden.de\/vorlage\/wp-content\/uploads\/sites\/3\/2016\/11\/FairerHandel_ElPuente_Fingerpuppen_EccoExe_Peru-150x150.jpg","datePublished":"2016-10-14T07:05:21+00:00","dateModified":"2026-04-15T16:09:57+00:00","description":"Der Weltladen esperanza bietet eine gro\u00dfe Produktvielfalt aus dem Fairen Handel. Lebensmittel, Handwerksprodukte, Kleidung, Schmuck und vieles mehr.","breadcrumb":{"@id":"https:\/\/weltlaeden.de\/wesel\/#breadcrumb"},"inLanguage":"de","potentialAction":[{"@type":"ReadAction","target":["https:\/\/weltlaeden.de\/wesel\/"]}]},{"@type":"ImageObject","inLanguage":"de","@id":"https:\/\/weltlaeden.de\/wesel\/#primaryimage","url":"https:\/\/weltlaeden.de\/vorlage\/wp-content\/uploads\/sites\/3\/2016\/11\/FairerHandel_ElPuente_Fingerpuppen_EccoExe_Peru-150x150.jpg","contentUrl":"https:\/\/weltlaeden.de\/vorlage\/wp-content\/uploads\/sites\/3\/2016\/11\/FairerHandel_ElPuente_Fingerpuppen_EccoExe_Peru-150x150.jpg"},{"@type":"BreadcrumbList","@id":"https:\/\/weltlaeden.de\/wesel\/#breadcrumb","itemListElement":[{"@type":"ListItem","position":1,"name":"Startseite","item":"https:\/\/weltlaeden.de\/wesel\/"},{"@type":"ListItem","position":2,"name":"Weltladen esperanza"}]},{"@type":"WebSite","@id":"https:\/\/weltlaeden.de\/wesel\/#website","url":"https:\/\/weltlaeden.de\/wesel\/","name":"Weltladen Wesel","description":"Faire Produkte und Partnerschaft mit El Salvador seit 1985","potentialAction":[{"@type":"SearchAction","target":{"@type":"EntryPoint","urlTemplate":"https:\/\/weltlaeden.de\/wesel\/?s={search_term_string}"},"query-input":{"@type":"PropertyValueSpecification","valueRequired":true,"valueName":"search_term_string"}}],"inLanguage":"de"}]}},"_links":{"self":[{"href":"https:\/\/weltlaeden.de\/wesel\/wp-json\/wp\/v2\/pages\/20","targetHints":{"allow":["GET"]}}],"collection":[{"href":"https:\/\/weltlaeden.de\/wesel\/wp-json\/wp\/v2\/pages"}],"about":[{"href":"https:\/\/weltlaeden.de\/wesel\/wp-json\/wp\/v2\/types\/page"}],"author":[{"embeddable":true,"href":"https:\/\/weltlaeden.de\/wesel\/wp-json\/wp\/v2\/users\/1"}],"replies":[{"embeddable":true,"href":"https:\/\/weltlaeden.de\/wesel\/wp-json\/wp\/v2\/comments?post=20"}],"version-history":[{"count":59,"href":"https:\/\/weltlaeden.de\/wesel\/wp-json\/wp\/v2\/pages\/20\/revisions"}],"predecessor-version":[{"id":980,"href":"https:\/\/weltlaeden.de\/wesel\/wp-json\/wp\/v2\/pages\/20\/revisions\/980"}],"wp:attachment":[{"href":"https:\/\/weltlaeden.de\/wesel\/wp-json\/wp\/v2\/media?parent=20"}],"curies":[{"name":"wp","href":"https:\/\/api.w.org\/{rel}","templated":true}]}}