{"id":465,"date":"2019-06-19T22:47:20","date_gmt":"2019-06-19T20:47:20","guid":{"rendered":"https:\/\/weltlaeden.de\/waltrop\/?page_id=465"},"modified":"2019-09-04T22:12:32","modified_gmt":"2019-09-04T20:12:32","slug":"fairtrade-stadt-waltrop","status":"publish","type":"page","link":"https:\/\/weltlaeden.de\/waltrop\/fairtrade-stadt-waltrop\/","title":{"rendered":"Fairtrade Stadt Waltrop"},"content":{"rendered":"<div class=\"wpb-content-wrapper\"><p>[vc_row][vc_column]<div class=\"wl_einzelbild\"><p><img loading=\"lazy\" decoding=\"async\" class=\"size-full wp-image-nsm-3-27 aligncenter\" src=\"https:\/\/weltlaeden.de\/waltrop\/wp-content\/uploads\/sites\/86\/2019\/09\/Ortsschild.jpg\" alt=\"\" width=\"556\" height=\"401\" \/><\/p><\/div>[vc_empty_space height=&#8220;20px&#8220;][\/vc_column][\/vc_row][vc_row][vc_column][vc_column_text]<\/p>\n<table width=\"675\">\n<tbody>\n<tr>\n<td width=\"410\"><strong>Waltrop ist die 50. Fairtrade-Stadt<\/strong><\/p>\n<p>&#8222;Waltrop spielt jetzt in der Champions-League der fair handelnden St\u00e4dte.&#8220;<br \/>\nRadiolegende Manni Breuckmann brachte es mit diesem Satz beim Waltroper Parkfest auf den Punkt: Die 30 000-Einwohner-Stadt am Rande des Ruhrgebietes spielt ganz oben mit, wenn es um die F\u00f6rderung des Fairen Handels geht. Breuckmann, der vor allem durch seine Fu\u00dfballberichterstattung f\u00fcr den WDR ber\u00fchmt wurde, moderierte beim Waltroper Stadtfest bei bestem Gummistiefelwetter die \u00dcbergabe der Urkunde, nach der sich Waltrop seit 2011 ganz offiziell Fairtrade-Stadt nennen darf.<\/p>\n<p>Damit ist sie die 50. Kommune in Deutschland<\/td>\n<\/tr>\n<\/tbody>\n<\/table>\n<p><strong>Darum macht Waltrop mit:<\/strong><\/p>\n<p>Das Thema \u201eFairer Handel\u201c liegt im Trend \u2013 und es liegt uns am Herzen. Wir finden es wichtig, soziale Verantwortung zu \u00fcbernehmen und wollen das Bewusstsein f\u00fcr gerechte Produktionsbedingungen sowie soziale und umweltschonende Herstellungs- und Handelsstrukturen weiter erh\u00f6hen.<\/p>\n<p><strong>Das hei\u00dft: In Waltrop gibt es:<\/strong><\/p>\n<ul>\n<li><strong>engagierte Menschen,<\/strong> die einen Steuerungskreis gebildet haben und sich f\u00fcr das Thema einsetzen,<\/li>\n<li><strong>viele Gesch\u00e4fte und gastronomische Betriebe<\/strong>, die fair gehandelte Produkte anbieten,<\/li>\n<li><strong>zahlreiche Institutionen<\/strong> wie Schulen, Kirchen, Vereine, die Produkte aus fairem Handel verwenden, und<\/li>\n<li><strong>besondere Bildungsangebote<\/strong> zum Thema \u201eFairer Handel\u201c.<strong><br \/>\n<\/strong><\/li>\n<\/ul>\n<p>Die aktuelle Liste aller beteiligten Gesch\u00e4fte, gastronomischen Betriebe, Schulen, Vereine und Kirchengemeinden k\u00f6nnen Sie einem Flyer auf der <a href=\"http:\/\/www.fairtrade-stadt-waltrop.de\/\">Webseite der Fairtradestadt Waltrop<\/a> entnehmen. Den Flyer k\u00f6nnen Sie auch als PDF-Dokument <a href=\"http:\/\/www.fairtrade-stadt-waltrop.de\/img\/fairtradeflyerwaltrop.pdf\">herunterladen<\/a>.[\/vc_column_text][\/vc_column][\/vc_row]<\/p>\n<\/div>","protected":false},"excerpt":{"rendered":"<p>[vc_row][vc_column][vc_empty_space height=&#8220;20px&#8220;][\/vc_column][\/vc_row][vc_row][vc_column][vc_column_text] Waltrop ist die 50. Fairtrade-Stadt &#8222;Waltrop spielt jetzt in der Champions-League der fair handelnden St\u00e4dte.&#8220; Radiolegende Manni Breuckmann brachte es mit diesem Satz beim Waltroper Parkfest auf den Punkt: Die 30 000-Einwohner-Stadt am Rande des Ruhrgebietes spielt ganz oben mit, wenn es um die F\u00f6rderung des Fairen Handels geht. Breuckmann, der vor allem&hellip;<\/p>\n","protected":false},"author":129,"featured_media":495,"parent":0,"menu_order":1,"comment_status":"closed","ping_status":"closed","template":"","meta":{"footnotes":""},"class_list":["post-465","page","type-page","status-publish","has-post-thumbnail","hentry","description-off"],"yoast_head":"<!-- This site is optimized with the Yoast SEO plugin v26.8 - https:\/\/yoast.com\/product\/yoast-seo-wordpress\/ -->\n<title>Fairtrade Stadt Waltrop - Weltladen Waltrop<\/title>\n<meta name=\"robots\" content=\"index, follow, max-snippet:-1, max-image-preview:large, max-video-preview:-1\" \/>\n<link rel=\"canonical\" href=\"https:\/\/weltlaeden.de\/waltrop\/fairtrade-stadt-waltrop\/\" \/>\n<meta property=\"og:locale\" content=\"de_DE\" \/>\n<meta property=\"og:type\" content=\"article\" \/>\n<meta property=\"og:title\" content=\"Fairtrade Stadt Waltrop - Weltladen Waltrop\" \/>\n<meta property=\"og:description\" content=\"[vc_row][vc_column][vc_empty_space height=&#8220;20px&#8220;][\/vc_column][\/vc_row][vc_row][vc_column][vc_column_text] Waltrop ist die 50. Fairtrade-Stadt &#8222;Waltrop spielt jetzt in der Champions-League der fair handelnden St\u00e4dte.&#8220; Radiolegende Manni Breuckmann brachte es mit diesem Satz beim Waltroper Parkfest auf den Punkt: Die 30 000-Einwohner-Stadt am Rande des Ruhrgebietes spielt ganz oben mit, wenn es um die F\u00f6rderung des Fairen Handels geht. Breuckmann, der vor allem&hellip;\" \/>\n<meta property=\"og:url\" content=\"https:\/\/weltlaeden.de\/waltrop\/fairtrade-stadt-waltrop\/\" \/>\n<meta property=\"og:site_name\" content=\"Weltladen Waltrop\" \/>\n<meta property=\"article:modified_time\" content=\"2019-09-04T20:12:32+00:00\" \/>\n<meta property=\"og:image\" content=\"https:\/\/weltlaeden.de\/waltrop\/wp-content\/uploads\/sites\/86\/2019\/09\/Ortsschild.jpg\" \/>\n\t<meta property=\"og:image:width\" content=\"556\" \/>\n\t<meta property=\"og:image:height\" content=\"401\" \/>\n\t<meta property=\"og:image:type\" content=\"image\/jpeg\" \/>\n<meta name=\"twitter:card\" content=\"summary_large_image\" \/>\n<meta name=\"twitter:label1\" content=\"Gesch\u00e4tzte Lesezeit\" \/>\n\t<meta name=\"twitter:data1\" content=\"1\u00a0Minute\" \/>\n<script type=\"application\/ld+json\" class=\"yoast-schema-graph\">{\"@context\":\"https:\/\/schema.org\",\"@graph\":[{\"@type\":\"WebPage\",\"@id\":\"https:\/\/weltlaeden.de\/waltrop\/fairtrade-stadt-waltrop\/\",\"url\":\"https:\/\/weltlaeden.de\/waltrop\/fairtrade-stadt-waltrop\/\",\"name\":\"Fairtrade Stadt Waltrop - Weltladen Waltrop\",\"isPartOf\":{\"@id\":\"https:\/\/weltlaeden.de\/waltrop\/#website\"},\"primaryImageOfPage\":{\"@id\":\"https:\/\/weltlaeden.de\/waltrop\/fairtrade-stadt-waltrop\/#primaryimage\"},\"image\":{\"@id\":\"https:\/\/weltlaeden.de\/waltrop\/fairtrade-stadt-waltrop\/#primaryimage\"},\"thumbnailUrl\":\"https:\/\/weltlaeden.de\/waltrop\/wp-content\/uploads\/sites\/86\/2019\/09\/Ortsschild.jpg\",\"datePublished\":\"2019-06-19T20:47:20+00:00\",\"dateModified\":\"2019-09-04T20:12:32+00:00\",\"breadcrumb\":{\"@id\":\"https:\/\/weltlaeden.de\/waltrop\/fairtrade-stadt-waltrop\/#breadcrumb\"},\"inLanguage\":\"de\",\"potentialAction\":[{\"@type\":\"ReadAction\",\"target\":[\"https:\/\/weltlaeden.de\/waltrop\/fairtrade-stadt-waltrop\/\"]}]},{\"@type\":\"ImageObject\",\"inLanguage\":\"de\",\"@id\":\"https:\/\/weltlaeden.de\/waltrop\/fairtrade-stadt-waltrop\/#primaryimage\",\"url\":\"https:\/\/weltlaeden.de\/waltrop\/wp-content\/uploads\/sites\/86\/2019\/09\/Ortsschild.jpg\",\"contentUrl\":\"https:\/\/weltlaeden.de\/waltrop\/wp-content\/uploads\/sites\/86\/2019\/09\/Ortsschild.jpg\",\"width\":556,\"height\":401},{\"@type\":\"BreadcrumbList\",\"@id\":\"https:\/\/weltlaeden.de\/waltrop\/fairtrade-stadt-waltrop\/#breadcrumb\",\"itemListElement\":[{\"@type\":\"ListItem\",\"position\":1,\"name\":\"Startseite\",\"item\":\"https:\/\/weltlaeden.de\/waltrop\/\"},{\"@type\":\"ListItem\",\"position\":2,\"name\":\"Fairtrade Stadt Waltrop\"}]},{\"@type\":\"WebSite\",\"@id\":\"https:\/\/weltlaeden.de\/waltrop\/#website\",\"url\":\"https:\/\/weltlaeden.de\/waltrop\/\",\"name\":\"Weltladen Waltrop\",\"description\":\"Faire Produkte seit 1990\",\"potentialAction\":[{\"@type\":\"SearchAction\",\"target\":{\"@type\":\"EntryPoint\",\"urlTemplate\":\"https:\/\/weltlaeden.de\/waltrop\/?s={search_term_string}\"},\"query-input\":{\"@type\":\"PropertyValueSpecification\",\"valueRequired\":true,\"valueName\":\"search_term_string\"}}],\"inLanguage\":\"de\"}]}<\/script>\n<!-- \/ Yoast SEO plugin. -->","yoast_head_json":{"title":"Fairtrade Stadt Waltrop - Weltladen Waltrop","robots":{"index":"index","follow":"follow","max-snippet":"max-snippet:-1","max-image-preview":"max-image-preview:large","max-video-preview":"max-video-preview:-1"},"canonical":"https:\/\/weltlaeden.de\/waltrop\/fairtrade-stadt-waltrop\/","og_locale":"de_DE","og_type":"article","og_title":"Fairtrade Stadt Waltrop - Weltladen Waltrop","og_description":"[vc_row][vc_column][vc_empty_space height=&#8220;20px&#8220;][\/vc_column][\/vc_row][vc_row][vc_column][vc_column_text] Waltrop ist die 50. Fairtrade-Stadt &#8222;Waltrop spielt jetzt in der Champions-League der fair handelnden St\u00e4dte.&#8220; Radiolegende Manni Breuckmann brachte es mit diesem Satz beim Waltroper Parkfest auf den Punkt: Die 30 000-Einwohner-Stadt am Rande des Ruhrgebietes spielt ganz oben mit, wenn es um die F\u00f6rderung des Fairen Handels geht. Breuckmann, der vor allem&hellip;","og_url":"https:\/\/weltlaeden.de\/waltrop\/fairtrade-stadt-waltrop\/","og_site_name":"Weltladen Waltrop","article_modified_time":"2019-09-04T20:12:32+00:00","og_image":[{"width":556,"height":401,"url":"https:\/\/weltlaeden.de\/waltrop\/wp-content\/uploads\/sites\/86\/2019\/09\/Ortsschild.jpg","type":"image\/jpeg"}],"twitter_card":"summary_large_image","twitter_misc":{"Gesch\u00e4tzte Lesezeit":"1\u00a0Minute"},"schema":{"@context":"https:\/\/schema.org","@graph":[{"@type":"WebPage","@id":"https:\/\/weltlaeden.de\/waltrop\/fairtrade-stadt-waltrop\/","url":"https:\/\/weltlaeden.de\/waltrop\/fairtrade-stadt-waltrop\/","name":"Fairtrade Stadt Waltrop - Weltladen Waltrop","isPartOf":{"@id":"https:\/\/weltlaeden.de\/waltrop\/#website"},"primaryImageOfPage":{"@id":"https:\/\/weltlaeden.de\/waltrop\/fairtrade-stadt-waltrop\/#primaryimage"},"image":{"@id":"https:\/\/weltlaeden.de\/waltrop\/fairtrade-stadt-waltrop\/#primaryimage"},"thumbnailUrl":"https:\/\/weltlaeden.de\/waltrop\/wp-content\/uploads\/sites\/86\/2019\/09\/Ortsschild.jpg","datePublished":"2019-06-19T20:47:20+00:00","dateModified":"2019-09-04T20:12:32+00:00","breadcrumb":{"@id":"https:\/\/weltlaeden.de\/waltrop\/fairtrade-stadt-waltrop\/#breadcrumb"},"inLanguage":"de","potentialAction":[{"@type":"ReadAction","target":["https:\/\/weltlaeden.de\/waltrop\/fairtrade-stadt-waltrop\/"]}]},{"@type":"ImageObject","inLanguage":"de","@id":"https:\/\/weltlaeden.de\/waltrop\/fairtrade-stadt-waltrop\/#primaryimage","url":"https:\/\/weltlaeden.de\/waltrop\/wp-content\/uploads\/sites\/86\/2019\/09\/Ortsschild.jpg","contentUrl":"https:\/\/weltlaeden.de\/waltrop\/wp-content\/uploads\/sites\/86\/2019\/09\/Ortsschild.jpg","width":556,"height":401},{"@type":"BreadcrumbList","@id":"https:\/\/weltlaeden.de\/waltrop\/fairtrade-stadt-waltrop\/#breadcrumb","itemListElement":[{"@type":"ListItem","position":1,"name":"Startseite","item":"https:\/\/weltlaeden.de\/waltrop\/"},{"@type":"ListItem","position":2,"name":"Fairtrade Stadt Waltrop"}]},{"@type":"WebSite","@id":"https:\/\/weltlaeden.de\/waltrop\/#website","url":"https:\/\/weltlaeden.de\/waltrop\/","name":"Weltladen Waltrop","description":"Faire Produkte seit 1990","potentialAction":[{"@type":"SearchAction","target":{"@type":"EntryPoint","urlTemplate":"https:\/\/weltlaeden.de\/waltrop\/?s={search_term_string}"},"query-input":{"@type":"PropertyValueSpecification","valueRequired":true,"valueName":"search_term_string"}}],"inLanguage":"de"}]}},"_links":{"self":[{"href":"https:\/\/weltlaeden.de\/waltrop\/wp-json\/wp\/v2\/pages\/465","targetHints":{"allow":["GET"]}}],"collection":[{"href":"https:\/\/weltlaeden.de\/waltrop\/wp-json\/wp\/v2\/pages"}],"about":[{"href":"https:\/\/weltlaeden.de\/waltrop\/wp-json\/wp\/v2\/types\/page"}],"author":[{"embeddable":true,"href":"https:\/\/weltlaeden.de\/waltrop\/wp-json\/wp\/v2\/users\/129"}],"replies":[{"embeddable":true,"href":"https:\/\/weltlaeden.de\/waltrop\/wp-json\/wp\/v2\/comments?post=465"}],"version-history":[{"count":8,"href":"https:\/\/weltlaeden.de\/waltrop\/wp-json\/wp\/v2\/pages\/465\/revisions"}],"predecessor-version":[{"id":497,"href":"https:\/\/weltlaeden.de\/waltrop\/wp-json\/wp\/v2\/pages\/465\/revisions\/497"}],"wp:featuredmedia":[{"embeddable":true,"href":"https:\/\/weltlaeden.de\/waltrop\/wp-json\/wp\/v2\/media\/495"}],"wp:attachment":[{"href":"https:\/\/weltlaeden.de\/waltrop\/wp-json\/wp\/v2\/media?parent=465"}],"curies":[{"name":"wp","href":"https:\/\/api.w.org\/{rel}","templated":true}]}}

<div class="wpb-content-wrapper"><p>[vc_row][vc_column]<div class="wl_einzelbild"><p><img loading="lazy" decoding="async" class="size-full wp-image-nsm-3-27 aligncenter" src="https://weltlaeden.de/waltrop/wp-content/uploads/sites/86/2019/09/Ortsschild.jpg" alt="" width="556" height="401" /></p></div>[vc_empty_space height=&#8220;20px&#8220;][/vc_column][/vc_row][vc_row][vc_column][vc_column_text]</p>
<table width="675">
<tbody>
<tr>
<td width="410"><strong>Waltrop ist die 50. Fairtrade-Stadt</strong></p>
<p>&#8222;Waltrop spielt jetzt in der Champions-League der fair handelnden Städte.&#8220;<br />
Radiolegende Manni Breuckmann brachte es mit diesem Satz beim Waltroper Parkfest auf den Punkt: Die 30 000-Einwohner-Stadt am Rande des Ruhrgebietes spielt ganz oben mit, wenn es um die Förderung des Fairen Handels geht. Breuckmann, der vor allem durch seine Fußballberichterstattung für den WDR berühmt wurde, moderierte beim Waltroper Stadtfest bei bestem Gummistiefelwetter die Übergabe der Urkunde, nach der sich Waltrop seit 2011 ganz offiziell Fairtrade-Stadt nennen darf.</p>
<p>Damit ist sie die 50. Kommune in Deutschland</td>
</tr>
</tbody>
</table>
<p><strong>Darum macht Waltrop mit:</strong></p>
<p>Das Thema „Fairer Handel“ liegt im Trend – und es liegt uns am Herzen. Wir finden es wichtig, soziale Verantwortung zu übernehmen und wollen das Bewusstsein für gerechte Produktionsbedingungen sowie soziale und umweltschonende Herstellungs- und Handelsstrukturen weiter erhöhen.</p>
<p><strong>Das heißt: In Waltrop gibt es:</strong></p>
<ul>
<li><strong>engagierte Menschen,</strong> die einen Steuerungskreis gebildet haben und sich für das Thema einsetzen,</li>
<li><strong>viele Geschäfte und gastronomische Betriebe</strong>, die fair gehandelte Produkte anbieten,</li>
<li><strong>zahlreiche Institutionen</strong> wie Schulen, Kirchen, Vereine, die Produkte aus fairem Handel verwenden, und</li>
<li><strong>besondere Bildungsangebote</strong> zum Thema „Fairer Handel“.<strong><br />
</strong></li>
</ul>
<p>Die aktuelle Liste aller beteiligten Geschäfte, gastronomischen Betriebe, Schulen, Vereine und Kirchengemeinden können Sie einem Flyer auf der <a href="http://www.fairtrade-stadt-waltrop.de/">Webseite der Fairtradestadt Waltrop</a> entnehmen. Den Flyer können Sie auch als PDF-Dokument <a href="http://www.fairtrade-stadt-waltrop.de/img/fairtradeflyerwaltrop.pdf">herunterladen</a>.[/vc_column_text][/vc_column][/vc_row]</p>
</div>

<p>[vc_row][vc_column][vc_empty_space height=&#8220;20px&#8220;][/vc_column][/vc_row][vc_row][vc_column][vc_column_text] Waltrop ist die 50. Fairtrade-Stadt &#8222;Waltrop spielt jetzt in der Champions-League der fair handelnden Städte.&#8220; Radiolegende Manni Breuckmann brachte es mit diesem Satz beim Waltroper Parkfest auf den Punkt: Die 30 000-Einwohner-Stadt am Rande des Ruhrgebietes spielt ganz oben mit, wenn es um die Förderung des Fairen Handels geht. Breuckmann, der vor allem&hellip;</p>

<!-- This site is optimized with the Yoast SEO plugin v26.8 - https://yoast.com/product/yoast-seo-wordpress/ -->
<title>Fairtrade Stadt Waltrop - Weltladen Waltrop</title>
<meta name="robots" content="index, follow, max-snippet:-1, max-image-preview:large, max-video-preview:-1" />
<link rel="canonical" href="https://weltlaeden.de/waltrop/fairtrade-stadt-waltrop/" />
<meta property="og:locale" content="de_DE" />
<meta property="og:type" content="article" />
<meta property="og:title" content="Fairtrade Stadt Waltrop - Weltladen Waltrop" />
<meta property="og:description" content="[vc_row][vc_column][vc_empty_space height=&#8220;20px&#8220;][/vc_column][/vc_row][vc_row][vc_column][vc_column_text] Waltrop ist die 50. Fairtrade-Stadt &#8222;Waltrop spielt jetzt in der Champions-League der fair handelnden Städte.&#8220; Radiolegende Manni Breuckmann brachte es mit diesem Satz beim Waltroper Parkfest auf den Punkt: Die 30 000-Einwohner-Stadt am Rande des Ruhrgebietes spielt ganz oben mit, wenn es um die Förderung des Fairen Handels geht. Breuckmann, der vor allem&hellip;" />
<meta property="og:url" content="https://weltlaeden.de/waltrop/fairtrade-stadt-waltrop/" />
<meta property="og:site_name" content="Weltladen Waltrop" />
<meta property="article:modified_time" content="2019-09-04T20:12:32+00:00" />
<meta property="og:image" content="https://weltlaeden.de/waltrop/wp-content/uploads/sites/86/2019/09/Ortsschild.jpg" />
	<meta property="og:image:width" content="556" />
	<meta property="og:image:height" content="401" />
	<meta property="og:image:type" content="image/jpeg" />
<meta name="twitter:card" content="summary_large_image" />
<meta name="twitter:label1" content="Geschätzte Lesezeit" />
	<meta name="twitter:data1" content="1 Minute" />
<script type="application/ld+json" class="yoast-schema-graph">{"@context":"https://schema.org","@graph":[{"@type":"WebPage","@id":"https://weltlaeden.de/waltrop/fairtrade-stadt-waltrop/","url":"https://weltlaeden.de/waltrop/fairtrade-stadt-waltrop/","name":"Fairtrade Stadt Waltrop - Weltladen Waltrop","isPartOf":{"@id":"https://weltlaeden.de/waltrop/#website"},"primaryImageOfPage":{"@id":"https://weltlaeden.de/waltrop/fairtrade-stadt-waltrop/#primaryimage"},"image":{"@id":"https://weltlaeden.de/waltrop/fairtrade-stadt-waltrop/#primaryimage"},"thumbnailUrl":"https://weltlaeden.de/waltrop/wp-content/uploads/sites/86/2019/09/Ortsschild.jpg","datePublished":"2019-06-19T20:47:20+00:00","dateModified":"2019-09-04T20:12:32+00:00","breadcrumb":{"@id":"https://weltlaeden.de/waltrop/fairtrade-stadt-waltrop/#breadcrumb"},"inLanguage":"de","potentialAction":[{"@type":"ReadAction","target":["https://weltlaeden.de/waltrop/fairtrade-stadt-waltrop/"]}]},{"@type":"ImageObject","inLanguage":"de","@id":"https://weltlaeden.de/waltrop/fairtrade-stadt-waltrop/#primaryimage","url":"https://weltlaeden.de/waltrop/wp-content/uploads/sites/86/2019/09/Ortsschild.jpg","contentUrl":"https://weltlaeden.de/waltrop/wp-content/uploads/sites/86/2019/09/Ortsschild.jpg","width":556,"height":401},{"@type":"BreadcrumbList","@id":"https://weltlaeden.de/waltrop/fairtrade-stadt-waltrop/#breadcrumb","itemListElement":[{"@type":"ListItem","position":1,"name":"Startseite","item":"https://weltlaeden.de/waltrop/"},{"@type":"ListItem","position":2,"name":"Fairtrade Stadt Waltrop"}]},{"@type":"WebSite","@id":"https://weltlaeden.de/waltrop/#website","url":"https://weltlaeden.de/waltrop/","name":"Weltladen Waltrop","description":"Faire Produkte seit 1990","potentialAction":[{"@type":"SearchAction","target":{"@type":"EntryPoint","urlTemplate":"https://weltlaeden.de/waltrop/?s={search_term_string}"},"query-input":{"@type":"PropertyValueSpecification","valueRequired":true,"valueName":"search_term_string"}}],"inLanguage":"de"}]}</script>
<!-- / Yoast SEO plugin. -->

[vc_row][vc_column][vc_empty_space height=&#8220;20px&#8220;][/vc_column][/vc_row][vc_row][vc_column][vc_column_text] Waltrop ist die 50. Fairtrade-Stadt &#8222;Waltrop spielt jetzt in der Champions-League der fair handelnden Städte.&#8220; Radiolegende Manni Breuckmann brachte es mit diesem Satz beim Waltroper Parkfest auf den Punkt: Die 30 000-Einwohner-Stadt am Rande des Ruhrgebietes spielt ganz oben mit, wenn es um die Förderung des Fairen Handels geht. Breuckmann, der vor allem&hellip;
