{"version":"1.0","provider_name":"Weltladen Waltrop","provider_url":"https:\/\/weltlaeden.de\/waltrop","title":"Ge\u00e4nderte \u00d6ffnungszeiten zum Jahresende - Weltladen Waltrop","type":"rich","width":600,"height":338,"html":"<blockquote class=\"wp-embedded-content\" data-secret=\"sj5IiD1OLI\"><a href=\"https:\/\/weltlaeden.de\/waltrop\/geaenderte-oeffnungszeiten-zum-jahresende\/\">Ge\u00e4nderte \u00d6ffnungszeiten zum Jahresende<\/a><\/blockquote><iframe sandbox=\"allow-scripts\" security=\"restricted\" src=\"https:\/\/weltlaeden.de\/waltrop\/geaenderte-oeffnungszeiten-zum-jahresende\/embed\/#?secret=sj5IiD1OLI\" width=\"600\" height=\"338\" title=\"&#8222;Ge\u00e4nderte \u00d6ffnungszeiten zum Jahresende&#8220; &#8211; Weltladen Waltrop\" data-secret=\"sj5IiD1OLI\" frameborder=\"0\" marginwidth=\"0\" marginheight=\"0\" scrolling=\"no\" class=\"wp-embedded-content\"><\/iframe><script>\n\/*! This file is auto-generated *\/\n!function(d,l){\"use strict\";l.querySelector&&d.addEventListener&&\"undefined\"!=typeof URL&&(d.wp=d.wp||{},d.wp.receiveEmbedMessage||(d.wp.receiveEmbedMessage=function(e){var t=e.data;if((t||t.secret||t.message||t.value)&&!\/[^a-zA-Z0-9]\/.test(t.secret)){for(var s,r,n,a=l.querySelectorAll('iframe[data-secret=\"'+t.secret+'\"]'),o=l.querySelectorAll('blockquote[data-secret=\"'+t.secret+'\"]'),c=new RegExp(\"^https?:$\",\"i\"),i=0;i<o.length;i++)o[i].style.display=\"none\";for(i=0;i<a.length;i++)s=a[i],e.source===s.contentWindow&&(s.removeAttribute(\"style\"),\"height\"===t.message?(1e3<(r=parseInt(t.value,10))?r=1e3:~~r<200&&(r=200),s.height=r):\"link\"===t.message&&(r=new URL(s.getAttribute(\"src\")),n=new URL(t.value),c.test(n.protocol))&&n.host===r.host&&l.activeElement===s&&(d.top.location.href=t.value))}},d.addEventListener(\"message\",d.wp.receiveEmbedMessage,!1),l.addEventListener(\"DOMContentLoaded\",function(){for(var e,t,s=l.querySelectorAll(\"iframe.wp-embedded-content\"),r=0;r<s.length;r++)(t=(e=s[r]).getAttribute(\"data-secret\"))||(t=Math.random().toString(36).substring(2,12),e.src+=\"#?secret=\"+t,e.setAttribute(\"data-secret\",t)),e.contentWindow.postMessage({message:\"ready\",secret:t},\"*\")},!1)))}(window,document);\n<\/script>\n","description":"Liebe Kunden! Aufgrund der Ausbreitung des Corona-Virus und des erneuten Lockdowns sehen wir uns leider gezwungen, unseren Weltladen von Mittwoch, den 16. Dezember 2020 bis Ende des Lockdowns zu schlie\u00dfen. Bei speziellen Nachfragen zu Lebensmitteln k\u00f6nnen Sie uns aber unter der Handy-Nr 0176 9611 4393 erreichen. Sie haben Fragen zu unserem Kunsthandwerk, m\u00f6chten etwas bestellen,&hellip;"}

Geänderte Öffnungszeiten zum Jahresende - Weltladen Waltrop

<blockquote class="wp-embedded-content" data-secret="sj5IiD1OLI"><a href="https://weltlaeden.de/waltrop/geaenderte-oeffnungszeiten-zum-jahresende/">Geänderte Öffnungszeiten zum Jahresende</a></blockquote><iframe sandbox="allow-scripts" security="restricted" src="https://weltlaeden.de/waltrop/geaenderte-oeffnungszeiten-zum-jahresende/embed/#?secret=sj5IiD1OLI" width="600" height="338" title="&#8222;Geänderte Öffnungszeiten zum Jahresende&#8220; &#8211; Weltladen Waltrop" data-secret="sj5IiD1OLI" frameborder="0" marginwidth="0" marginheight="0" scrolling="no" class="wp-embedded-content"></iframe><script>
/*! This file is auto-generated */
!function(d,l){"use strict";l.querySelector&&d.addEventListener&&"undefined"!=typeof URL&&(d.wp=d.wp||{},d.wp.receiveEmbedMessage||(d.wp.receiveEmbedMessage=function(e){var t=e.data;if((t||t.secret||t.message||t.value)&&!/[^a-zA-Z0-9]/.test(t.secret)){for(var s,r,n,a=l.querySelectorAll('iframe[data-secret="'+t.secret+'"]'),o=l.querySelectorAll('blockquote[data-secret="'+t.secret+'"]'),c=new RegExp("^https?:$","i"),i=0;i<o.length;i++)o[i].style.display="none";for(i=0;i<a.length;i++)s=a[i],e.source===s.contentWindow&&(s.removeAttribute("style"),"height"===t.message?(1e3<(r=parseInt(t.value,10))?r=1e3:~~r<200&&(r=200),s.height=r):"link"===t.message&&(r=new URL(s.getAttribute("src")),n=new URL(t.value),c.test(n.protocol))&&n.host===r.host&&l.activeElement===s&&(d.top.location.href=t.value))}},d.addEventListener("message",d.wp.receiveEmbedMessage,!1),l.addEventListener("DOMContentLoaded",function(){for(var e,t,s=l.querySelectorAll("iframe.wp-embedded-content"),r=0;r<s.length;r++)(t=(e=s[r]).getAttribute("data-secret"))||(t=Math.random().toString(36).substring(2,12),e.src+="#?secret="+t,e.setAttribute("data-secret",t)),e.contentWindow.postMessage({message:"ready",secret:t},"*")},!1)))}(window,document);
</script>

Liebe Kunden! Aufgrund der Ausbreitung des Corona-Virus und des erneuten Lockdowns sehen wir uns leider gezwungen, unseren Weltladen von Mittwoch, den 16. Dezember 2020 bis Ende des Lockdowns zu schließen. Bei speziellen Nachfragen zu Lebensmitteln können Sie uns aber unter der Handy-Nr 0176 9611 4393 erreichen. Sie haben Fragen zu unserem Kunsthandwerk, möchten etwas bestellen,&hellip;
