{"id":23,"date":"2016-10-14T09:05:21","date_gmt":"2016-10-14T07:05:21","guid":{"rendered":"https:\/\/wl.heimpixel.de\/vorlage\/termine\/"},"modified":"2018-08-10T10:34:16","modified_gmt":"2018-08-10T08:34:16","slug":"termine","status":"publish","type":"page","link":"https:\/\/weltlaeden.de\/wallstadt\/termine\/","title":{"rendered":"Termine"},"content":{"rendered":"<div class=\"wpb-content-wrapper\"><p>[vc_row][vc_column]<div class=\"wl_einzelbild\"><p><img loading=\"lazy\" decoding=\"async\" class=\"aligncenter size-full wp-image-nsm-3-33\" src=\"https:\/\/weltlaeden.de\/wallstadt\/wp-content\/uploads\/sites\/3\/2018\/07\/pocket-watch-1637396_1920_pixabay.png\" alt=\"\" width=\"787\" height=\"340\" \/><\/p><\/div>[vc_empty_space height=&#8220;30px&#8220;][vc_column_text]<\/p>\n<h1>Termine<\/h1>\n<h4><\/h4>\n<p>[\/vc_column_text][vc_empty_space height=&#8220;30px&#8220;][\/vc_column][\/vc_row][vc_row][vc_column width=&#8220;2\/3&#8243;][vc_column_text]<\/p>\n<h2>Kommende Termine<\/h2>\n<p>[\/vc_column_text]<ul class=\"termine-page current aktuell\">[vc_empty_space height=&#8220;30px&#8220;][vc_column_text]<\/p>\n<h2>Vergangene Termine<\/h2>\n<p>[\/vc_column_text]<ul class=\"termine-page past vergangen\"><li><h5 class=\"termine-titel\"><a href=\"https:\/\/weltlaeden.de\/wallstadt\/termin\/fastenessen-im-djk-saal\/\">Fastenessen im DJK-Saal<\/a><\/h5><p class=\"termine-date\">So., 29.03.2026, 12:00<\/p><p class=\"termine-auszug\">Das Weltladenteam wird einen Stand aufgebaut haben und es wird eine Tombola f\u00fcr Kinder und Erwachsene mit Dingen aus dem Weltladen durchgef\u00fchrt werden.<p class=termine-ort\"><small>Ort: <i>DJK-Saal, Oswaldstra\u00dfe 5<\/i><\/small><\/p><\/li><li><h5 class=\"termine-titel\"><a href=\"https:\/\/weltlaeden.de\/wallstadt\/termin\/schoko-abend\/\">Schoko Abend<\/a><\/h5><p class=\"termine-date\">Do., 27.11.2025, 18:30<\/p><p class=\"termine-auszug\"><\/li><li><h5 class=\"termine-titel\"><a href=\"https:\/\/weltlaeden.de\/wallstadt\/termin\/adventsmarkt-im-stadtheim\/\">Adventsmarkt im Stadtheim<\/a><\/h5><p class=\"termine-date\">So., 23.11.2025, 11:00<\/p><p class=\"termine-auszug\">Adventsmarkt im Stadtheim Der Weltladen mit einem Stand beim Adventsmarkt der \u201eNaturfreunde Mannheim\u201c vertreten. Das Angebot an Selbstgemachtem, Nachhaltigem, Sch\u00f6nem zum Schenken wird gro\u00df sein. F\u00fcr die Kleinen sind attraktive Angebote zum Spielen, Entdecken geplant. Und dann wird es noch Warmes und S\u00fc\u00dfes geben. Kommt vorbei und genie\u00dft mit den NaturFreunden und dem Weltladen Team einen sch\u00f6nen Tag. Zum Herrenried 18, 68169 Mannheim, 11:00 bis 17:00 Uhr<p class=termine-ort\"><small>Ort: <i>Zum Herrenried 18, 68169 Mannheim<\/i><\/small><\/p><\/li><li><h5 class=\"termine-titel\"><a href=\"https:\/\/weltlaeden.de\/wallstadt\/termin\/lange-nacht-der-kunst-und-genuesse-2025\/\">Lange Nacht der Kunst und Gen\u00fcsse 2025<\/a><\/h5><p class=\"termine-date\">Sa., 08.11.2025, 17:00<\/p><p class=\"termine-auszug\">Lange Nacht der Kunst und Gen\u00fcsse Rote Teppiche, strahlende Lichter und gr\u00fcne Zierb\u00e4umchen \u2013 das sind die Erkennungszeichen der Langen Nacht der Kunst und Gen\u00fcsse. Am 08.11. \u00f6ffnen wir die T\u00fcren und bieten Nachtschw\u00e4rmern einen Ort der Begegnung mit Kunst, Kultur und Kulinarik. Die K\u00fcnstlerin Ute Nick wird vor Ort sein f\u00fcr eine Vernissage ihrer Bilder \"on the other side...\".\u00a0 Mehr Informationen zu der Ausstellung finden Sie <a href=\"https:\/\/weltlaeden.de\/wallstadt\/ausstellung-on-the-other-side\/\">hier<\/a>. <strong>Wann:<\/strong> 08.11.2025, 17:00 bis 23:00 Uhr &nbsp; <a href=\"https:\/\/stadtteil-portal.de\/images\/stadtteilzeitungen\/pdf\/LN\/Zeitung_LN_2025.pdf\">Zum Programm<\/a> &gt;&gt;<\/li><li><h5 class=\"termine-titel\"><a href=\"https:\/\/weltlaeden.de\/wallstadt\/termin\/kleidertauschmarkt\/\">Kleidertauschmarkt<\/a><\/h5><p class=\"termine-date\">Sa., 18.10.2025, 10:00<\/p><p class=\"termine-auszug\"><strong>Kleidertauschmarkt im Weltladen<\/strong> Im Sinne der Nachhaltigkeit gibt es im Weltladen Wallstadt erneut einen Kleidertauschmarkt. Bei guten Gespr\u00e4chen mit netten Leuten, fairem Kaffee und selbstgebackenen Teilchen k\u00f6nnen Sie es sich am Samstag, den 18. Oktober in der Zeit von 10:00 bis 16:00 Uhr im Weltladen gem\u00fctlich machen und gleichzeitig nach einer neuen Herbst- und Wintergarderobe Ausschau halten. Bringen Sie also drei saubere und gut erhaltene Kleidungsst\u00fccke f\u00fcr Herbst\/Winter (keine Unterw\u00e4sche oder Schuhe und Str\u00fcmpfe) mit, die Sie gegen drei andere Teile tauschen k\u00f6nnen, aber nicht m\u00fcssen. Bestimmt ist auch etwas f\u00fcr Sie dabei! Das Weltladenteam freut sich auf Ihr Kommen.<\/li><li><h5 class=\"termine-titel\"><a href=\"https:\/\/weltlaeden.de\/wallstadt\/termin\/10-jahre-weltladen-wallstadt\/\">10 Jahre Weltladen-Wallstadt!<\/a><\/h5><p class=\"termine-date\">Sa., 20.09.2025, 10:00<\/p><p class=\"termine-auszug\">Feiern Sie mit uns 10 Jahre fairen Handel in Mannheim-Wallstadt, am<strong> 20.09.25 von 10 bis 14 Uhr<\/strong>. Wir begr\u00fc\u00dfen Sie herzlich mit einem Glas Secco, Kaffee und feinen H\u00e4ppchen. &nbsp;<p class=termine-ort\"><small>Ort: <i>Weltladen Wallstadt<\/i><\/small><\/p><\/li><li><h5 class=\"termine-titel\"><a href=\"https:\/\/weltlaeden.de\/wallstadt\/termin\/vernissage-heute-sehe-ich-rot\/\">Vernissage &#8211; Heute sehe ich Rot!<\/a><\/h5><p class=\"termine-date\">Sa., 02.08.2025, 11:00 bis 29.08.2025, 18:00<\/p><p class=\"termine-auszug\"><p data-start=\"54\" data-end=\"110\"><strong data-start=\"54\" data-end=\"110\">Vernissage: \"Heute sehe ich Rot\" von Eleonore Koeble<\/strong><\/p> <p data-start=\"112\" data-end=\"551\">Am <strong>02.08.25<\/strong> wird im Weltladen die Ausstellung <em data-start=\"167\" data-end=\"189\">\u201eHeute sehe ich Rot!\u201c<\/em> der K\u00fcnstlerin Eleonore Koeble feierlich er\u00f6ffnet.<\/p> <p data-start=\"112\" data-end=\"551\">In ihren Arbeiten setzt sich Koeble intensiv mit dem Spannungsfeld zwischen Emotion, Farbe und gesellschaftlichen Themen auseinander \u2013 die Farbe Rot steht dabei symbolisch f\u00fcr Wut, Leidenschaft und Aufbruch.<\/p> <p data-start=\"553\" data-end=\"641\">Die Werke sind noch bis zum <strong data-start=\"581\" data-end=\"595\">29. August<\/strong> im Weltladen zu sehen. Wir freuen uns auf deinen Besuch!<\/p><\/li><li><h5 class=\"termine-titel\"><a href=\"https:\/\/weltlaeden.de\/wallstadt\/termin\/weltladen-wallstadt-auf-dem-ackerfest\/\">Weltladen Wallstadt auf dem Ackerfest<\/a><\/h5><p class=\"termine-date\">Sa., 12.07.2025, 14:00 bis 12.07.2025, 20:00<\/p><p class=\"termine-auszug\">Am 12. Juli 2025 ab 14 Uhr sind wir vom Weltladen Mannheim-Wallstadt mit einem Stand beim 3. Ackerfest der Ackergemeinschaft Wallstadt e.V. vertreten. Neben fair gehandelten Produkten aus unserem Sortiment erwarten euch leckere Kuchen, Fingerfood, Kaffee, Tee und Kaltgetr\u00e4nke sowie selbstgemachte K\u00f6stlichkeiten aus geerntetem Obst und Gem\u00fcse. <p data-start=\"490\" data-end=\"651\">Interessierte G\u00e4ste k\u00f6nnen an F\u00fchrungen \u00fcber den Gemeinschaftsacker teilnehmen und mehr \u00fcber \u00f6kologische Anbaumethoden, Ackerordnung und Nutzungsregeln erfahren.<\/p> <p data-start=\"653\" data-end=\"770\">Ort: Gemeinschaftsacker in der Wertheimer Stra\u00dfe, hinter dem Wallst\u00e4dter Friedhof.Wir freuen uns auf euren Besuch!<\/p> <a href=\"https:\/\/weltlaeden.de\/wallstadt\/wp-content\/uploads\/sites\/128\/2025\/06\/Einladung-Ackerfest-2025.pdf\">Mehr Info &gt;&gt;<\/a><p class=termine-ort\"><small>Ort: <i>Gemeinschaftsacker, Wertheimer Stra\u00dfe<\/i><\/small><\/p><\/li><li><h5 class=\"termine-titel\"><a href=\"https:\/\/weltlaeden.de\/wallstadt\/termin\/kleidertauschmarkt-im-weltladen\/\">Kleidertauschmarkt im Weltladen<\/a><\/h5><p class=\"termine-date\">Sa., 26.04.2025, 09:30 bis 27.04.2025, 10:12<\/p><p class=\"termine-auszug\"><strong>Treffpunkt Kleidertauschmarkt im Weltladen<\/strong> <p style=\"text-align: left\"><\/p> <p style=\"text-align: left\">Im Sinne der Nachhaltigkeit gibt es im Weltladen Wallstadt erneut einen Kleidertauschmarkt. Bei guten Gespr\u00e4chen mit netten Leuten, fairem Kaffee und selbstgebackenen Teilchen k\u00f6nnen Sie es sich am Samstag, den 26. April in der Zeit von 9:30 bis 16:00 Uhr im Weltladen gem\u00fctlich machen und gleichzeitig nach einer neuen Fr\u00fchlings- und Sommergarderobe Ausschau halten.<\/p> <p style=\"text-align: left\">Bringen Sie also drei saubere und gut erhaltene Kleidungsst\u00fccke f\u00fcr Fr\u00fchjahr\/Sommer (keine Unterw\u00e4sche oder Schuhe und Str\u00fcmpfe) mit, die Sie gegen drei andere Teile tauschen k\u00f6nnen, aber nicht m\u00fcssen. Bestimmt ist auch etwas f\u00fcr Sie dabei! Das Weltladenteam freut sich auf Ihr Kommen.<\/p><\/li><li><h5 class=\"termine-titel\"><a href=\"https:\/\/weltlaeden.de\/wallstadt\/termin\/es-macht-wumms-im-lenz-2\/\">Es macht WUMMS im Lenz<\/a><\/h5><p class=\"termine-date\">So., 30.03.2025, 12:00 bis 30.03.2025, 17:00<\/p><p class=\"termine-auszug\"><strong>Wir sind mit einem Stand verteten !<\/strong> <strong>am 30. M\u00e4rz 2025, 12:00 \u2013 17:00 Uhr \/ Eintritt frei<\/strong> Der Fr\u00fchling ist da \u2013 und wir feiern ihn mit einem kunterbunten Nachmittag im Trommelpalast! Im Basar gibt es viel zu entdecken: Handgemachter Schmuck, farbenfrohe Taschen, Kleidung und allerlei kreative Sch\u00e4tze warten auf euch. Die B\u00fchne wird zum pulsierenden Herzst\u00fcck des Festes, wo Kinder- und Sch\u00fclergruppen mit energiegeladenen Rhythmen aus Afrika, Brasilien und Kuba f\u00fcr Stimmung sorgen. Ihr wollt selbst in die Welt der Trommeln eintauchen? In kostenlosen Schnupperkursen k\u00f6nnen Jung und Alt das Trommeln ausprobieren und den Groove sp\u00fcren. Nat\u00fcrlich ist auch f\u00fcr euer leibliches Wohl gesorgt: Genie\u00dft Kaffee, selbst gebackenen Kuchen oder herzhafte K\u00f6stlichkeiten. Detailliertes Programm ab Anfang M\u00e4rz auf www.trommelpalast.de oder facebook.com\/Trommelpalast\/<\/li><li><h5 class=\"termine-titel\"><a href=\"https:\/\/weltlaeden.de\/wallstadt\/termin\/1215\/\">Wolken, Wind und Wetter &#8211; Lesung im Weltladen Wallstadt<\/a><\/h5><p class=\"termine-date\">Fr., 15.11.2024, 19:00 bis 15.11.2024, 21:00<\/p><p class=\"termine-auszug\">Der Herbst hat schon lange Einzug gehalten, und man sehnt sich nach Kuscheligem. Wie aber sah das damals auf der Hallig Hooge in den 1940er Jahren aus? Und was hat das Ewige Eis mit einem Huhn zu tun? Diese und viele andere Fragen beantwortet die ausgebildete Sprecherin und Germanistin \"DieStimme!\" Kerstin Dierschke-Jancke am 15.11.24\u00a0 um 19 Uhr im Weltladen Wallstadt in gewohnter szenischer Manier bei einer Lesung rund um Naturgewalten, Menschliches\u00a0und gro\u00dfen\u00a0Mut.<\/li><\/ul>[\/vc_column][\/vc_row]<\/p>\n<\/div>","protected":false},"excerpt":{"rendered":"<p>[vc_row][vc_column][vc_empty_space height=&#8220;30px&#8220;][vc_column_text] Termine [\/vc_column_text][vc_empty_space height=&#8220;30px&#8220;][\/vc_column][\/vc_row][vc_row][vc_column width=&#8220;2\/3&#8243;][vc_column_text] Kommende Termine [\/vc_column_text][vc_empty_space height=&#8220;30px&#8220;][vc_column_text] Vergangene Termine [\/vc_column_text][\/vc_column][\/vc_row]<\/p>\n","protected":false},"author":1,"featured_media":0,"parent":0,"menu_order":5,"comment_status":"closed","ping_status":"closed","template":"","meta":{"footnotes":""},"class_list":["post-23","page","type-page","status-publish","hentry","description-off"],"yoast_head":"<!-- This site is optimized with the Yoast SEO plugin v26.8 - https:\/\/yoast.com\/product\/yoast-seo-wordpress\/ -->\n<title>Termine - Weltladen Mannheim-Wallstadt<\/title>\n<meta name=\"robots\" content=\"index, follow, max-snippet:-1, max-image-preview:large, max-video-preview:-1\" \/>\n<link rel=\"canonical\" href=\"https:\/\/weltlaeden.de\/wallstadt\/termine\/\" \/>\n<meta property=\"og:locale\" content=\"de_DE\" \/>\n<meta property=\"og:type\" content=\"article\" \/>\n<meta property=\"og:title\" content=\"Termine - Weltladen Mannheim-Wallstadt\" \/>\n<meta property=\"og:description\" content=\"[vc_row][vc_column][vc_empty_space height=&#8220;30px&#8220;][vc_column_text] Termine [\/vc_column_text][vc_empty_space height=&#8220;30px&#8220;][\/vc_column][\/vc_row][vc_row][vc_column width=&#8220;2\/3&#8243;][vc_column_text] Kommende Termine [\/vc_column_text][vc_empty_space height=&#8220;30px&#8220;][vc_column_text] Vergangene Termine [\/vc_column_text][\/vc_column][\/vc_row]\" \/>\n<meta property=\"og:url\" content=\"https:\/\/weltlaeden.de\/wallstadt\/termine\/\" \/>\n<meta property=\"og:site_name\" content=\"Weltladen Mannheim-Wallstadt\" \/>\n<meta property=\"article:modified_time\" content=\"2018-08-10T08:34:16+00:00\" \/>\n<meta property=\"og:image\" content=\"https:\/\/weltlaeden.de\/wallstadt\/wp-content\/uploads\/sites\/3\/2018\/07\/pocket-watch-1637396_1920_pixabay.png\" \/>\n<meta name=\"twitter:card\" content=\"summary_large_image\" \/>\n<script type=\"application\/ld+json\" class=\"yoast-schema-graph\">{\"@context\":\"https:\/\/schema.org\",\"@graph\":[{\"@type\":\"WebPage\",\"@id\":\"https:\/\/weltlaeden.de\/wallstadt\/termine\/\",\"url\":\"https:\/\/weltlaeden.de\/wallstadt\/termine\/\",\"name\":\"Termine - Weltladen Mannheim-Wallstadt\",\"isPartOf\":{\"@id\":\"https:\/\/weltlaeden.de\/wallstadt\/#website\"},\"primaryImageOfPage\":{\"@id\":\"https:\/\/weltlaeden.de\/wallstadt\/termine\/#primaryimage\"},\"image\":{\"@id\":\"https:\/\/weltlaeden.de\/wallstadt\/termine\/#primaryimage\"},\"thumbnailUrl\":\"https:\/\/weltlaeden.de\/wallstadt\/wp-content\/uploads\/sites\/3\/2018\/07\/pocket-watch-1637396_1920_pixabay.png\",\"datePublished\":\"2016-10-14T07:05:21+00:00\",\"dateModified\":\"2018-08-10T08:34:16+00:00\",\"breadcrumb\":{\"@id\":\"https:\/\/weltlaeden.de\/wallstadt\/termine\/#breadcrumb\"},\"inLanguage\":\"de\",\"potentialAction\":[{\"@type\":\"ReadAction\",\"target\":[\"https:\/\/weltlaeden.de\/wallstadt\/termine\/\"]}]},{\"@type\":\"ImageObject\",\"inLanguage\":\"de\",\"@id\":\"https:\/\/weltlaeden.de\/wallstadt\/termine\/#primaryimage\",\"url\":\"https:\/\/weltlaeden.de\/wallstadt\/wp-content\/uploads\/sites\/3\/2018\/07\/pocket-watch-1637396_1920_pixabay.png\",\"contentUrl\":\"https:\/\/weltlaeden.de\/wallstadt\/wp-content\/uploads\/sites\/3\/2018\/07\/pocket-watch-1637396_1920_pixabay.png\"},{\"@type\":\"BreadcrumbList\",\"@id\":\"https:\/\/weltlaeden.de\/wallstadt\/termine\/#breadcrumb\",\"itemListElement\":[{\"@type\":\"ListItem\",\"position\":1,\"name\":\"Startseite\",\"item\":\"https:\/\/weltlaeden.de\/wallstadt\/\"},{\"@type\":\"ListItem\",\"position\":2,\"name\":\"Termine\"}]},{\"@type\":\"WebSite\",\"@id\":\"https:\/\/weltlaeden.de\/wallstadt\/#website\",\"url\":\"https:\/\/weltlaeden.de\/wallstadt\/\",\"name\":\"Weltladen Mannheim-Wallstadt\",\"description\":\"Faire Produkte in Wallstadt seit 2016\",\"potentialAction\":[{\"@type\":\"SearchAction\",\"target\":{\"@type\":\"EntryPoint\",\"urlTemplate\":\"https:\/\/weltlaeden.de\/wallstadt\/?s={search_term_string}\"},\"query-input\":{\"@type\":\"PropertyValueSpecification\",\"valueRequired\":true,\"valueName\":\"search_term_string\"}}],\"inLanguage\":\"de\"}]}<\/script>\n<!-- \/ Yoast SEO plugin. -->","yoast_head_json":{"title":"Termine - Weltladen Mannheim-Wallstadt","robots":{"index":"index","follow":"follow","max-snippet":"max-snippet:-1","max-image-preview":"max-image-preview:large","max-video-preview":"max-video-preview:-1"},"canonical":"https:\/\/weltlaeden.de\/wallstadt\/termine\/","og_locale":"de_DE","og_type":"article","og_title":"Termine - Weltladen Mannheim-Wallstadt","og_description":"[vc_row][vc_column][vc_empty_space height=&#8220;30px&#8220;][vc_column_text] Termine [\/vc_column_text][vc_empty_space height=&#8220;30px&#8220;][\/vc_column][\/vc_row][vc_row][vc_column width=&#8220;2\/3&#8243;][vc_column_text] Kommende Termine [\/vc_column_text][vc_empty_space height=&#8220;30px&#8220;][vc_column_text] Vergangene Termine [\/vc_column_text][\/vc_column][\/vc_row]","og_url":"https:\/\/weltlaeden.de\/wallstadt\/termine\/","og_site_name":"Weltladen Mannheim-Wallstadt","article_modified_time":"2018-08-10T08:34:16+00:00","og_image":[{"url":"https:\/\/weltlaeden.de\/wallstadt\/wp-content\/uploads\/sites\/3\/2018\/07\/pocket-watch-1637396_1920_pixabay.png","type":"","width":"","height":""}],"twitter_card":"summary_large_image","schema":{"@context":"https:\/\/schema.org","@graph":[{"@type":"WebPage","@id":"https:\/\/weltlaeden.de\/wallstadt\/termine\/","url":"https:\/\/weltlaeden.de\/wallstadt\/termine\/","name":"Termine - Weltladen Mannheim-Wallstadt","isPartOf":{"@id":"https:\/\/weltlaeden.de\/wallstadt\/#website"},"primaryImageOfPage":{"@id":"https:\/\/weltlaeden.de\/wallstadt\/termine\/#primaryimage"},"image":{"@id":"https:\/\/weltlaeden.de\/wallstadt\/termine\/#primaryimage"},"thumbnailUrl":"https:\/\/weltlaeden.de\/wallstadt\/wp-content\/uploads\/sites\/3\/2018\/07\/pocket-watch-1637396_1920_pixabay.png","datePublished":"2016-10-14T07:05:21+00:00","dateModified":"2018-08-10T08:34:16+00:00","breadcrumb":{"@id":"https:\/\/weltlaeden.de\/wallstadt\/termine\/#breadcrumb"},"inLanguage":"de","potentialAction":[{"@type":"ReadAction","target":["https:\/\/weltlaeden.de\/wallstadt\/termine\/"]}]},{"@type":"ImageObject","inLanguage":"de","@id":"https:\/\/weltlaeden.de\/wallstadt\/termine\/#primaryimage","url":"https:\/\/weltlaeden.de\/wallstadt\/wp-content\/uploads\/sites\/3\/2018\/07\/pocket-watch-1637396_1920_pixabay.png","contentUrl":"https:\/\/weltlaeden.de\/wallstadt\/wp-content\/uploads\/sites\/3\/2018\/07\/pocket-watch-1637396_1920_pixabay.png"},{"@type":"BreadcrumbList","@id":"https:\/\/weltlaeden.de\/wallstadt\/termine\/#breadcrumb","itemListElement":[{"@type":"ListItem","position":1,"name":"Startseite","item":"https:\/\/weltlaeden.de\/wallstadt\/"},{"@type":"ListItem","position":2,"name":"Termine"}]},{"@type":"WebSite","@id":"https:\/\/weltlaeden.de\/wallstadt\/#website","url":"https:\/\/weltlaeden.de\/wallstadt\/","name":"Weltladen Mannheim-Wallstadt","description":"Faire Produkte in Wallstadt seit 2016","potentialAction":[{"@type":"SearchAction","target":{"@type":"EntryPoint","urlTemplate":"https:\/\/weltlaeden.de\/wallstadt\/?s={search_term_string}"},"query-input":{"@type":"PropertyValueSpecification","valueRequired":true,"valueName":"search_term_string"}}],"inLanguage":"de"}]}},"_links":{"self":[{"href":"https:\/\/weltlaeden.de\/wallstadt\/wp-json\/wp\/v2\/pages\/23","targetHints":{"allow":["GET"]}}],"collection":[{"href":"https:\/\/weltlaeden.de\/wallstadt\/wp-json\/wp\/v2\/pages"}],"about":[{"href":"https:\/\/weltlaeden.de\/wallstadt\/wp-json\/wp\/v2\/types\/page"}],"author":[{"embeddable":true,"href":"https:\/\/weltlaeden.de\/wallstadt\/wp-json\/wp\/v2\/users\/1"}],"replies":[{"embeddable":true,"href":"https:\/\/weltlaeden.de\/wallstadt\/wp-json\/wp\/v2\/comments?post=23"}],"version-history":[{"count":14,"href":"https:\/\/weltlaeden.de\/wallstadt\/wp-json\/wp\/v2\/pages\/23\/revisions"}],"predecessor-version":[{"id":414,"href":"https:\/\/weltlaeden.de\/wallstadt\/wp-json\/wp\/v2\/pages\/23\/revisions\/414"}],"wp:attachment":[{"href":"https:\/\/weltlaeden.de\/wallstadt\/wp-json\/wp\/v2\/media?parent=23"}],"curies":[{"name":"wp","href":"https:\/\/api.w.org\/{rel}","templated":true}]}}