{"id":219,"date":"2016-10-28T13:34:47","date_gmt":"2016-10-28T11:34:47","guid":{"rendered":"https:\/\/wl.heimpixel.de\/vorlage\/ueber-uns\/"},"modified":"2025-07-23T09:23:13","modified_gmt":"2025-07-23T07:23:13","slug":"ueber-uns","status":"publish","type":"page","link":"https:\/\/weltlaeden.de\/wallstadt\/ueber-uns\/","title":{"rendered":"\u00dcber uns"},"content":{"rendered":"<div class=\"wpb-content-wrapper\"><p>[vc_row][vc_column]<div class=\"wl_einzelbild\"><p><img loading=\"lazy\" decoding=\"async\" class=\"alignnone wp-image-1326 size-full\" src=\"https:\/\/weltlaeden.de\/wallstadt\/wp-content\/uploads\/sites\/128\/2025\/07\/Weltladen_Team.jpg\" alt=\"\" width=\"1024\" height=\"768\" srcset=\"https:\/\/weltlaeden.de\/wallstadt\/wp-content\/uploads\/sites\/128\/2025\/07\/Weltladen_Team.jpg 1024w, https:\/\/weltlaeden.de\/wallstadt\/wp-content\/uploads\/sites\/128\/2025\/07\/Weltladen_Team-300x225.jpg 300w, https:\/\/weltlaeden.de\/wallstadt\/wp-content\/uploads\/sites\/128\/2025\/07\/Weltladen_Team-768x576.jpg 768w\" sizes=\"auto, (max-width: 1024px) 100vw, 1024px\" \/><\/p><\/div>[vc_empty_space][vc_column_text]<\/p>\n<h1>\u00dcber den Weltladen Mannheim-Wallstadt<\/h1>\n<p>[\/vc_column_text][vc_column_text css=&#8220;&#8220;]Begeistert von der Idee, durch den Fairen Handel die Welt ein klein wenig gerechter zu machen, begannen im Jahr 2004 einige Mitglieder des Bibelkreises der Gemeinde Christ-K\u00f6nig fair gehandelte Waren alle 14 Tage nach dem Gottesdienst anzubieten. Dies wurde von der Gemeinde sehr gut angenommen.<\/p>\n<p>Im Herbst 2015 nutzten wir die Chance, von der Kirche die R\u00e4umlichkeiten in der R\u00f6merstrasse f\u00fcr einen Laden zu mieten.<br \/>\nDazu wurde der Verein &#8222;Weltladen Mannheim-Wallstadt e.V&#8220; gegr\u00fcndet.<br \/>\nInzwischen ist das Team auf \u00fcber 20 Mitarbeiter angewachsen, die alle ehrenamtlich arbeiten.<\/p>\n<p>Dass unser Angebot so gut angenommen wird, motiviert uns immer wieder zu neuen Dingen wie z. B. Kleidertauschmarkt, Lesungen, Kunstausstellungen im Nebenraum, Vortr\u00e4gen, Faires Fr\u00fchst\u00fcck mit Pflanzenmarkt.<\/p>\n<p><strong>Ab sofort sind wir das Depot f\u00fcr <a href=\"https:\/\/www.solawi-ma-sued.de\/\" target=\"_blank\" rel=\"noopener\">SOLAWI MA-S\u00dcD<\/a>.<\/strong><\/p>\n<p>Schauen Sie mal bei uns rein, wir freuen uns auf Sie![\/vc_column_text][\/vc_column][\/vc_row][vc_row][vc_column][vc_empty_space][vc_column_text]<\/p>\n<h1>Mitmachen im Weltladen<\/h1>\n<p>[\/vc_column_text][vc_column_text css=&#8220;&#8220;]Wir sind kein gew\u00f6hnlicher Laden &#8211; aus verschiedenen Gr\u00fcnden<\/p>\n<p><em>&#8222;Niemand begeht einen gr\u00f6\u00dferen Fehler, als jemand, der nichts tut, weil er nur wenig tun konnte&#8220;<\/em><\/p>\n<h6><em> <span class=\"sehrklein\">(Edmund Burke, engl. Philosoph und Politiker)<\/span><br \/>\n<\/em><\/h6>\n<p>Wir wollen unseren Laden so gestalten, wie wir es sch\u00f6n und gut finden. Deshalb ist es uns wichtig, dass es nicht hektisch, unpers\u00f6nlich oder steril zugeht. Wer schon einmal hier war, konnte merken, dass es bei uns anders ist, als in den meisten anderen Gesch\u00e4ften.<\/p>\n<p><strong>Ehrenamtliches Engagement<\/strong><\/p>\n<p>Der Weltladen l\u00e4uft, weil sich ca. 20 Personen ehrenamtlich engagieren. Wir sind eine bunte Gruppe von Menschen. Was uns alle verbindet, ist\u00a0 der Glaube, dass eine gerechtere Welt m\u00f6glich ist und dass man sich daf\u00fcr einsetzen muss. Wir arbeiten alle ehrenamtlich, weil wir im Laden viel lernen k\u00f6nnen und es uns einfach Spa\u00df macht, mit vielen Menschen ins Gespr\u00e4ch zu kommen.<\/p>\n<p><strong>Unsere Ladengruppen sind:<\/strong><\/p>\n<ul>\n<li>die Einkaufsgruppe, die sich um die Bestellungen und deren Abwicklung k\u00fcmmert<\/li>\n<li>die Auszeichnungsgruppe, die daf\u00fcr sorgt, dass die richtigen Preise auf den Waren bzw. den Verpackungen stehen<\/li>\n<li>die Verkaufsgruppe, die sich den Dienst vormittags oder nachmittags im Laden aufteilt, Regale auff\u00fcllt, Kaffee\/Tee ausschenkt und die Kunden betreut<\/li>\n<li>die Finanzgruppe, die sich mit allem Finanziellen, der Buchhaltung und den Rechnungen besch\u00e4ftigt<\/li>\n<\/ul>\n<p>Es ist uns wichtig, dass alle, die sich im Weltladen engagieren, sich an m\u00f6glichst vielen Entscheidungen beteiligen k\u00f6nnen. Daher treffen wir uns alle 8 Wochen zu einem &#8222;Ladentreffen&#8220; um zu besprechen, was gut oder nicht so gut gelaufen ist und was f\u00fcr die n\u00e4chste Zeit alles ansteht.<\/p>\n<p><strong>Lust bekommen, mitzuarbeiten?<\/strong><\/p>\n<p>Dann schauen Sie doch einfach mal im Laden vorbei und sagen uns, wie Sie sich Ihre Mitarbeit bei uns vorstellen k\u00f6nnen. Oder schreiben Sie uns eine <a href=\"mailto:info@weltladen-wallstadt.de\">Email<\/a>, wir antworten ganz bestimmt. <a href=\"https:\/\/weltlaeden.de\/wallstadt\/satzung-weltladen-mannheim-wallstadt-2019\/\" target=\"_blank\" rel=\"noopener\">Hier<\/a> k\u00f6nne Sie die aktuelle Satzung des Vereins anschauen.<\/p>\n<p><strong>Wir freuen uns auf Sie!<\/strong><\/p>\n<p>[\/vc_column_text][\/vc_column][\/vc_row]<\/p>\n<\/div>","protected":false},"excerpt":{"rendered":"<p>[vc_row][vc_column][vc_empty_space][vc_column_text] \u00dcber den Weltladen Mannheim-Wallstadt [\/vc_column_text][vc_column_text css=&#8220;&#8220;]Begeistert von der Idee, durch den Fairen Handel die Welt ein klein wenig gerechter zu machen, begannen im Jahr 2004 einige Mitglieder des Bibelkreises der Gemeinde Christ-K\u00f6nig fair gehandelte Waren alle 14 Tage nach dem Gottesdienst anzubieten. Dies wurde von der Gemeinde sehr gut angenommen. Im Herbst 2015 nutzten&hellip;<\/p>\n","protected":false},"author":1,"featured_media":1326,"parent":0,"menu_order":4,"comment_status":"closed","ping_status":"closed","template":"","meta":{"footnotes":""},"class_list":["post-219","page","type-page","status-publish","has-post-thumbnail","hentry","description-off"],"yoast_head":"<!-- This site is optimized with the Yoast SEO plugin v26.8 - https:\/\/yoast.com\/product\/yoast-seo-wordpress\/ -->\n<title>\u00dcber uns - Weltladen Mannheim-Wallstadt<\/title>\n<meta name=\"robots\" content=\"index, follow, max-snippet:-1, max-image-preview:large, max-video-preview:-1\" \/>\n<link rel=\"canonical\" href=\"https:\/\/weltlaeden.de\/wallstadt\/ueber-uns\/\" \/>\n<meta property=\"og:locale\" content=\"de_DE\" \/>\n<meta property=\"og:type\" content=\"article\" \/>\n<meta property=\"og:title\" content=\"\u00dcber uns - Weltladen Mannheim-Wallstadt\" \/>\n<meta property=\"og:description\" content=\"[vc_row][vc_column][vc_empty_space][vc_column_text] \u00dcber den Weltladen Mannheim-Wallstadt [\/vc_column_text][vc_column_text css=&#8220;&#8220;]Begeistert von der Idee, durch den Fairen Handel die Welt ein klein wenig gerechter zu machen, begannen im Jahr 2004 einige Mitglieder des Bibelkreises der Gemeinde Christ-K\u00f6nig fair gehandelte Waren alle 14 Tage nach dem Gottesdienst anzubieten. Dies wurde von der Gemeinde sehr gut angenommen. Im Herbst 2015 nutzten&hellip;\" \/>\n<meta property=\"og:url\" content=\"https:\/\/weltlaeden.de\/wallstadt\/ueber-uns\/\" \/>\n<meta property=\"og:site_name\" content=\"Weltladen Mannheim-Wallstadt\" \/>\n<meta property=\"article:modified_time\" content=\"2025-07-23T07:23:13+00:00\" \/>\n<meta property=\"og:image\" content=\"https:\/\/weltlaeden.de\/wallstadt\/wp-content\/uploads\/sites\/128\/2025\/07\/Weltladen_Team.jpg\" \/>\n\t<meta property=\"og:image:width\" content=\"1024\" \/>\n\t<meta property=\"og:image:height\" content=\"768\" \/>\n\t<meta property=\"og:image:type\" content=\"image\/jpeg\" \/>\n<meta name=\"twitter:card\" content=\"summary_large_image\" \/>\n<meta name=\"twitter:label1\" content=\"Gesch\u00e4tzte Lesezeit\" \/>\n\t<meta name=\"twitter:data1\" content=\"3\u00a0Minuten\" \/>\n<script type=\"application\/ld+json\" class=\"yoast-schema-graph\">{\"@context\":\"https:\/\/schema.org\",\"@graph\":[{\"@type\":\"WebPage\",\"@id\":\"https:\/\/weltlaeden.de\/wallstadt\/ueber-uns\/\",\"url\":\"https:\/\/weltlaeden.de\/wallstadt\/ueber-uns\/\",\"name\":\"\u00dcber uns - Weltladen Mannheim-Wallstadt\",\"isPartOf\":{\"@id\":\"https:\/\/weltlaeden.de\/wallstadt\/#website\"},\"primaryImageOfPage\":{\"@id\":\"https:\/\/weltlaeden.de\/wallstadt\/ueber-uns\/#primaryimage\"},\"image\":{\"@id\":\"https:\/\/weltlaeden.de\/wallstadt\/ueber-uns\/#primaryimage\"},\"thumbnailUrl\":\"https:\/\/weltlaeden.de\/wallstadt\/wp-content\/uploads\/sites\/128\/2025\/07\/Weltladen_Team.jpg\",\"datePublished\":\"2016-10-28T11:34:47+00:00\",\"dateModified\":\"2025-07-23T07:23:13+00:00\",\"breadcrumb\":{\"@id\":\"https:\/\/weltlaeden.de\/wallstadt\/ueber-uns\/#breadcrumb\"},\"inLanguage\":\"de\",\"potentialAction\":[{\"@type\":\"ReadAction\",\"target\":[\"https:\/\/weltlaeden.de\/wallstadt\/ueber-uns\/\"]}]},{\"@type\":\"ImageObject\",\"inLanguage\":\"de\",\"@id\":\"https:\/\/weltlaeden.de\/wallstadt\/ueber-uns\/#primaryimage\",\"url\":\"https:\/\/weltlaeden.de\/wallstadt\/wp-content\/uploads\/sites\/128\/2025\/07\/Weltladen_Team.jpg\",\"contentUrl\":\"https:\/\/weltlaeden.de\/wallstadt\/wp-content\/uploads\/sites\/128\/2025\/07\/Weltladen_Team.jpg\",\"width\":1024,\"height\":768},{\"@type\":\"BreadcrumbList\",\"@id\":\"https:\/\/weltlaeden.de\/wallstadt\/ueber-uns\/#breadcrumb\",\"itemListElement\":[{\"@type\":\"ListItem\",\"position\":1,\"name\":\"Startseite\",\"item\":\"https:\/\/weltlaeden.de\/wallstadt\/\"},{\"@type\":\"ListItem\",\"position\":2,\"name\":\"\u00dcber uns\"}]},{\"@type\":\"WebSite\",\"@id\":\"https:\/\/weltlaeden.de\/wallstadt\/#website\",\"url\":\"https:\/\/weltlaeden.de\/wallstadt\/\",\"name\":\"Weltladen Mannheim-Wallstadt\",\"description\":\"Faire Produkte in Wallstadt seit 2016\",\"potentialAction\":[{\"@type\":\"SearchAction\",\"target\":{\"@type\":\"EntryPoint\",\"urlTemplate\":\"https:\/\/weltlaeden.de\/wallstadt\/?s={search_term_string}\"},\"query-input\":{\"@type\":\"PropertyValueSpecification\",\"valueRequired\":true,\"valueName\":\"search_term_string\"}}],\"inLanguage\":\"de\"}]}<\/script>\n<!-- \/ Yoast SEO plugin. -->","yoast_head_json":{"title":"\u00dcber uns - Weltladen Mannheim-Wallstadt","robots":{"index":"index","follow":"follow","max-snippet":"max-snippet:-1","max-image-preview":"max-image-preview:large","max-video-preview":"max-video-preview:-1"},"canonical":"https:\/\/weltlaeden.de\/wallstadt\/ueber-uns\/","og_locale":"de_DE","og_type":"article","og_title":"\u00dcber uns - Weltladen Mannheim-Wallstadt","og_description":"[vc_row][vc_column][vc_empty_space][vc_column_text] \u00dcber den Weltladen Mannheim-Wallstadt [\/vc_column_text][vc_column_text css=&#8220;&#8220;]Begeistert von der Idee, durch den Fairen Handel die Welt ein klein wenig gerechter zu machen, begannen im Jahr 2004 einige Mitglieder des Bibelkreises der Gemeinde Christ-K\u00f6nig fair gehandelte Waren alle 14 Tage nach dem Gottesdienst anzubieten. Dies wurde von der Gemeinde sehr gut angenommen. Im Herbst 2015 nutzten&hellip;","og_url":"https:\/\/weltlaeden.de\/wallstadt\/ueber-uns\/","og_site_name":"Weltladen Mannheim-Wallstadt","article_modified_time":"2025-07-23T07:23:13+00:00","og_image":[{"width":1024,"height":768,"url":"https:\/\/weltlaeden.de\/wallstadt\/wp-content\/uploads\/sites\/128\/2025\/07\/Weltladen_Team.jpg","type":"image\/jpeg"}],"twitter_card":"summary_large_image","twitter_misc":{"Gesch\u00e4tzte Lesezeit":"3\u00a0Minuten"},"schema":{"@context":"https:\/\/schema.org","@graph":[{"@type":"WebPage","@id":"https:\/\/weltlaeden.de\/wallstadt\/ueber-uns\/","url":"https:\/\/weltlaeden.de\/wallstadt\/ueber-uns\/","name":"\u00dcber uns - Weltladen Mannheim-Wallstadt","isPartOf":{"@id":"https:\/\/weltlaeden.de\/wallstadt\/#website"},"primaryImageOfPage":{"@id":"https:\/\/weltlaeden.de\/wallstadt\/ueber-uns\/#primaryimage"},"image":{"@id":"https:\/\/weltlaeden.de\/wallstadt\/ueber-uns\/#primaryimage"},"thumbnailUrl":"https:\/\/weltlaeden.de\/wallstadt\/wp-content\/uploads\/sites\/128\/2025\/07\/Weltladen_Team.jpg","datePublished":"2016-10-28T11:34:47+00:00","dateModified":"2025-07-23T07:23:13+00:00","breadcrumb":{"@id":"https:\/\/weltlaeden.de\/wallstadt\/ueber-uns\/#breadcrumb"},"inLanguage":"de","potentialAction":[{"@type":"ReadAction","target":["https:\/\/weltlaeden.de\/wallstadt\/ueber-uns\/"]}]},{"@type":"ImageObject","inLanguage":"de","@id":"https:\/\/weltlaeden.de\/wallstadt\/ueber-uns\/#primaryimage","url":"https:\/\/weltlaeden.de\/wallstadt\/wp-content\/uploads\/sites\/128\/2025\/07\/Weltladen_Team.jpg","contentUrl":"https:\/\/weltlaeden.de\/wallstadt\/wp-content\/uploads\/sites\/128\/2025\/07\/Weltladen_Team.jpg","width":1024,"height":768},{"@type":"BreadcrumbList","@id":"https:\/\/weltlaeden.de\/wallstadt\/ueber-uns\/#breadcrumb","itemListElement":[{"@type":"ListItem","position":1,"name":"Startseite","item":"https:\/\/weltlaeden.de\/wallstadt\/"},{"@type":"ListItem","position":2,"name":"\u00dcber uns"}]},{"@type":"WebSite","@id":"https:\/\/weltlaeden.de\/wallstadt\/#website","url":"https:\/\/weltlaeden.de\/wallstadt\/","name":"Weltladen Mannheim-Wallstadt","description":"Faire Produkte in Wallstadt seit 2016","potentialAction":[{"@type":"SearchAction","target":{"@type":"EntryPoint","urlTemplate":"https:\/\/weltlaeden.de\/wallstadt\/?s={search_term_string}"},"query-input":{"@type":"PropertyValueSpecification","valueRequired":true,"valueName":"search_term_string"}}],"inLanguage":"de"}]}},"_links":{"self":[{"href":"https:\/\/weltlaeden.de\/wallstadt\/wp-json\/wp\/v2\/pages\/219","targetHints":{"allow":["GET"]}}],"collection":[{"href":"https:\/\/weltlaeden.de\/wallstadt\/wp-json\/wp\/v2\/pages"}],"about":[{"href":"https:\/\/weltlaeden.de\/wallstadt\/wp-json\/wp\/v2\/types\/page"}],"author":[{"embeddable":true,"href":"https:\/\/weltlaeden.de\/wallstadt\/wp-json\/wp\/v2\/users\/1"}],"replies":[{"embeddable":true,"href":"https:\/\/weltlaeden.de\/wallstadt\/wp-json\/wp\/v2\/comments?post=219"}],"version-history":[{"count":24,"href":"https:\/\/weltlaeden.de\/wallstadt\/wp-json\/wp\/v2\/pages\/219\/revisions"}],"predecessor-version":[{"id":1327,"href":"https:\/\/weltlaeden.de\/wallstadt\/wp-json\/wp\/v2\/pages\/219\/revisions\/1327"}],"wp:featuredmedia":[{"embeddable":true,"href":"https:\/\/weltlaeden.de\/wallstadt\/wp-json\/wp\/v2\/media\/1326"}],"wp:attachment":[{"href":"https:\/\/weltlaeden.de\/wallstadt\/wp-json\/wp\/v2\/media?parent=219"}],"curies":[{"name":"wp","href":"https:\/\/api.w.org\/{rel}","templated":true}]}}