{"id":23,"date":"2016-10-14T09:05:21","date_gmt":"2016-10-14T07:05:21","guid":{"rendered":"https:\/\/wl.heimpixel.de\/vorlage\/termine\/"},"modified":"2018-08-10T10:34:16","modified_gmt":"2018-08-10T08:34:16","slug":"termine","status":"publish","type":"page","link":"https:\/\/weltlaeden.de\/volkach\/termine\/","title":{"rendered":"Termine"},"content":{"rendered":"<div class=\"wpb-content-wrapper\"><p>[vc_row][vc_column]<div class=\"wl_einzelbild\"><p><img loading=\"lazy\" decoding=\"async\" class=\"aligncenter size-full wp-image-nsm-3-33\" src=\"https:\/\/weltlaeden.de\/volkach\/wp-content\/uploads\/sites\/3\/2018\/07\/pocket-watch-1637396_1920_pixabay.png\" alt=\"\" width=\"787\" height=\"340\" \/><\/p><\/div>[vc_empty_space height=&#8220;30px&#8220;][vc_column_text]<\/p>\n<h1>Termine<\/h1>\n<h4><\/h4>\n<p>[\/vc_column_text][vc_empty_space height=&#8220;30px&#8220;][\/vc_column][\/vc_row][vc_row][vc_column width=&#8220;2\/3&#8243;][vc_column_text]<\/p>\n<h2>Kommende Termine<\/h2>\n<p>[\/vc_column_text]<ul class=\"termine-page current aktuell\"><li><h5 class=\"termine-titel\"><a href=\"https:\/\/weltlaeden.de\/volkach\/termin\/multivisionsshow-weltreise-zu-fair-trade-produzenten-naturwundern-heiligtuemern\/\">Multivisionsshow: WELTREISE zu Fair-Trade-Produzenten, Naturwundern &amp; Heiligt\u00fcmern<\/a><\/h5><p class=\"termine-date\">Sa., 14.11.2026, 19:30<\/p><p class=\"termine-auszug\">Wie leben die Menschen weltweit? Was essen sie? Welche Bedeutung hat f\u00fcr sie der Faire Handel? Wie feiern sie ihre Feste? Bestehen kultur\u00fcbergreifende Gemeinsamkeiten? Oder \u00fcberwiegen die Unterschiede? Diese Fragen stehen im Zentrum der Multivisionsshow! Mit wundersch\u00f6nen Fotos auf Gro\u00dfleinwand, inspirierenden Erz\u00e4hlungen und stimmungsvoller Musik nehmen Dr. Jutta Ulmer und Dr. Michael Wolfsteiner die Zuschauer mit auf eine au\u00dfergew\u00f6hnliche Reise um unseren Planeten. In Ghana, Israel|Pal\u00e4stina, Sri Lanka, Nepal und Ecuador besuchten die beiden Fotojournalisten imposante Heiligt\u00fcmer der f\u00fcnf Weltreligionen. Sie begaben sich zum tiefsten Punkt und ins h\u00f6chste Gebirge der Erde. Ob in trocken-kargen Savannen- und W\u00fcstengebieten, an palmenbestandenen Traumstr\u00e4nden, in steilen Bergd\u00f6rfern oder im wuchernd-gr\u00fcnen Regenwald, \u00fcberall erhielten die Zwei einzigartige Einblicke ins Leben von Fair-Trade-Produzenten. Sie halfen bei der Kakao- , Tee- und Bananenernte mit, lernten wie Papier aus Elefantenkot und beduinische Webwaren hergestellt werden. Die Multivisionsshow ist eine Liebeserkl\u00e4rung an unseren Planeten. Sie macht Mut, sich [...] <a href=\"https:\/\/weltlaeden.de\/volkach\/termin\/multivisionsshow-weltreise-zu-fair-trade-produzenten-naturwundern-heiligtuemern\/\"><small>[WEITERLESEN]<\/small><\/a><\/p><\/li><\/ul>[vc_empty_space height=&#8220;30px&#8220;][vc_column_text]<\/p>\n<h2>Vergangene Termine<\/h2>\n<p>[\/vc_column_text]<ul class=\"termine-page past vergangen\"><li><h5 class=\"termine-titel\"><a href=\"https:\/\/weltlaeden.de\/volkach\/termin\/jahreshauptversammlung-2\/\">Jahreshauptversammlung<\/a><\/h5><p class=\"termine-date\">So., 22.03.2026, 09:30<\/p><p class=\"termine-auszug\">Sitzung bei Fr\u00fchst\u00fcck<\/li><li><h5 class=\"termine-titel\"><a href=\"https:\/\/weltlaeden.de\/volkach\/termin\/mitgliederversammlung\/\">Mitgliederversammlung<\/a><\/h5><p class=\"termine-date\">Mi., 26.11.2025, 19:30<\/p><p class=\"termine-auszug\"><\/li><li><h5 class=\"termine-titel\"><a href=\"https:\/\/weltlaeden.de\/volkach\/termin\/spitalstrassenfest\/\">Spitalstra\u00dfenfest<\/a><\/h5><p class=\"termine-date\">So., 19.10.2025, 10:00<\/p><p class=\"termine-auszug\">Voraussichtlich findet im Zuge des Genu\u00dfmarktes in Volkach wieder ein Familienfest in der Spitalstra\u00dfe statt, an dem wir nat\u00fcrlich teilnehmen!<\/li><li><h5 class=\"termine-titel\"><a href=\"https:\/\/weltlaeden.de\/volkach\/termin\/traube-trifft-schokolade\/\">Traube trifft Schokolade<\/a><\/h5><p class=\"termine-date\">Sa., 27.09.2025, 11:00<\/p><p class=\"termine-auszug\">Am Marktplatz k\u00f6nnt ihr regionalen Bio Traubensaft sowie unsere Faire Schokolade probieren! Kooperation mit Fairtrade Stadt Volkach und Fairtrade Landkreis Kitzingen.<\/li><li><h5 class=\"termine-titel\"><a href=\"https:\/\/weltlaeden.de\/volkach\/termin\/stadtrallye-2\/\">Stadtrallye<\/a><\/h5><p class=\"termine-date\">Sa., 27.09.2025, 10:00 bis 27.09.2025, 14:00<\/p><p class=\"termine-auszug\">Im Rahmen der fairen Woche findet unsere beliebte Stadtrallye statt, 5 Stationen freuen sich auf euch!<\/li><li><h5 class=\"termine-titel\"><a href=\"https:\/\/weltlaeden.de\/volkach\/termin\/mitgliederversammlung-fruehjahr-sommer\/\">Mitgliederversammlung Fr\u00fchjahr\/Sommer<\/a><\/h5><p class=\"termine-date\">Di., 24.06.2025, 19:30<\/p><p class=\"termine-auszug\"><\/li><li><h5 class=\"termine-titel\"><a href=\"https:\/\/weltlaeden.de\/volkach\/termin\/jhv\/\">Jahreshauptversammlung<\/a><\/h5><p class=\"termine-date\">Mo., 24.03.2025, 19:30<\/p><p class=\"termine-auszug\">Sitzung mit Neuwahl Vorstand<\/li><li><h5 class=\"termine-titel\"><a href=\"https:\/\/weltlaeden.de\/volkach\/termin\/vierte-mitgliederversammlung-2024\/\">Vierte Mitgliederversammlung 2024<\/a><\/h5><p class=\"termine-date\">Do., 24.10.2024, 19:30<\/p><p class=\"termine-auszug\"><\/li><li><h5 class=\"termine-titel\"><a href=\"https:\/\/weltlaeden.de\/volkach\/termin\/stadtrallye-im-rahmen-der-fairen-woche\/\">Stadtrallye im Rahmen der Fairen Woche<\/a><\/h5><p class=\"termine-date\">Sa., 28.09.2024<\/p><p class=\"termine-auszug\"><\/li><li><h5 class=\"termine-titel\"><a href=\"https:\/\/weltlaeden.de\/volkach\/termin\/dritte-mitgliederversammlung-2024\/\">Dritte Mitgliederversammlung 2024<\/a><\/h5><p class=\"termine-date\">Mi., 26.06.2024, 19:30<\/p><p class=\"termine-auszug\"><\/li><li><h5 class=\"termine-titel\"><a href=\"https:\/\/weltlaeden.de\/volkach\/termin\/weltladentag-2\/\">Weltladentag<\/a><\/h5><p class=\"termine-date\">Sa., 11.05.2024<\/p><p class=\"termine-auszug\">Infos zum Jahrethema im Laden und im Schaufenster<\/li><li><h5 class=\"termine-titel\"><a href=\"https:\/\/weltlaeden.de\/volkach\/termin\/jahreshauptversammlung\/\">Jahreshauptversammlung<\/a><\/h5><p class=\"termine-date\">Di., 19.03.2024, 19:30<\/p><p class=\"termine-auszug\"><\/li><li><h5 class=\"termine-titel\"><a href=\"https:\/\/weltlaeden.de\/volkach\/termin\/bbb\/\">Vereins-Sitzung Eine-Welt-Laden e.V.<\/a><\/h5><p class=\"termine-date\">Mo., 29.01.2024, 19:30<\/p><p class=\"termine-auszug\">Im kath. Pfarrheim, Engertstra\u00dfe 9, 97332 Volkach<\/li><li><h5 class=\"termine-titel\"><a href=\"https:\/\/weltlaeden.de\/volkach\/termin\/mitglieder-versammlung-verein-eine-welt-laden\/\">Mitglieder Versammlung Verein Eine-Welt-Laden<\/a><\/h5><p class=\"termine-date\">Mi., 15.11.2023, 19:30<\/p><p class=\"termine-auszug\">Wir treffen uns Im kath. Pfarrheim.<\/li><li><h5 class=\"termine-titel\"><a href=\"https:\/\/weltlaeden.de\/volkach\/termin\/buergerfest-eroeffnung-spitalstrasse\/\">B\u00fcrgerfest Er\u00f6ffnung Spitalstrasse<\/a><\/h5><p class=\"termine-date\">Di., 03.10.2023, 14:00<\/p><p class=\"termine-auszug\">Am 3.10.2023 wird unsere neu renovierte Strasse feierlich offiziell er\u00f6ffnet. 14-19h.<\/li><li><h5 class=\"termine-titel\"><a href=\"https:\/\/weltlaeden.de\/volkach\/termin\/stadtrallye\/\">Stadtrallye<\/a><\/h5><p class=\"termine-date\">Sa., 30.09.2023, 10:00 bis 30.09.2023, 14:00<\/p><p class=\"termine-auszug\">Im Rahmen der Fairen Woche gibt es wieder unsere Stadtrallye!<\/li><li><h5 class=\"termine-titel\"><a href=\"https:\/\/weltlaeden.de\/volkach\/termin\/faire-woche-2023\/\">Faire Woche 2023<\/a><\/h5><p class=\"termine-date\">Fr., 15.09.2023 bis 29.09.2023<\/p><p class=\"termine-auszug\">Thema Klimagerechtigkeit: Fair. Und kein Grad mehr.<\/li><li><h5 class=\"termine-titel\"><a href=\"https:\/\/weltlaeden.de\/volkach\/termin\/malwettbewerb-banane-gewinnspiel-fuer-schueler\/\">Malwettbewerb Banane &#8211; Gewinnspiel f\u00fcr Sch\u00fcler<\/a><\/h5><p class=\"termine-date\">Fr., 30.06.2023, 23:59<\/p><p class=\"termine-auszug\">Unser Jahresthema 2023: Bananenanbau. Gemeinsam mit der Fairtrade Stadt Volkach veranstalten wir wieder ein Gewinnspiel. Die Hauptpreise sind regional gefertigte Hefteinb\u00e4nde bestickt mit Namen und Leckereien und Sch\u00f6nes aus unserem Laden.<\/li><li><h5 class=\"termine-titel\"><a href=\"https:\/\/weltlaeden.de\/volkach\/termin\/weltladentag\/\">Weltladentag<\/a><\/h5><p class=\"termine-date\">Sa., 13.05.2023<\/p><p class=\"termine-auszug\">Informationen im Laden!<\/li><li><h5 class=\"termine-titel\"><a href=\"https:\/\/weltlaeden.de\/volkach\/termin\/faire-woche-2022\/\">Faire Woche 2022<\/a><\/h5><p class=\"termine-date\">Mo., 19.09.2022 bis 24.09.2022<\/p><p class=\"termine-auszug\">Von 19.9. - 24.9.2022 k\u00f6nnt ihr nachmittags bei uns im Laden verschiedene Faire K\u00f6stlichkeiten probieren. Am 24.9. veranstalten wir dann wieder unsere Stadtrallye, gemeinsam mit den fairen Schulen und anderen Vereinen. Weitere Details in K\u00fcrze!<\/li><li><h5 class=\"termine-titel\"><a href=\"https:\/\/weltlaeden.de\/volkach\/termin\/aktion-faire-schultuete\/\">Aktion Faire Schult\u00fcte<\/a><\/h5><p class=\"termine-date\">Mi., 31.08.2022, 12:00<\/p><p class=\"termine-auszug\">Liebe Kinder, gemeinsam mit der Stadt Volkach haben wir eine Sommeraktion ins Leben gerufen: die \"Faire Schult\u00fcte\". Das ist ein Malwettbewerb f\u00fcr alle Vor- und Grundschulkinder zum Thema \"Fairtrade\". Eurer Kreativit\u00e4t sind keine Grenzen gesetzt: Malt, bastelt, klebt und gestaltet ein Bild, das sich mit dem Thema fairer Handel besch\u00e4ftigt und gebt es bis 31.\u00a0August 2022 im Weltladen Volkach ab. Die Gewinner werden bis Ende August telefonisch oder schriftlich benachrichtigt (bitte Name, Adresse oder Telefonnummer, Alter auf der R\u00fcckseite des Bildes\u00a0notieren). Um wirklich alle Kunstwerke geb\u00fchrend zu w\u00fcrdigen, werden alle\u00a0Bilder im Weltladen bzw. in der Fairen Woche im September ausgestellt.<\/li><li><h5 class=\"termine-titel\"><a href=\"https:\/\/weltlaeden.de\/volkach\/termin\/volkacher-fruehlingserwachen-2022\/\">Volkacher Fr\u00fchlingserwachen 2022<\/a><\/h5><p class=\"termine-date\">So., 27.03.2022<\/p><p class=\"termine-auszug\">Unter dem Motto VOLKACHER FR\u00dcHLINGSERWACHEN findet am 27.3. ein verkaufsoffener Sonntag statt. Besucht uns im Laden oder kommt direkt am Marktplatz an unserem Stand vorbei! 12:30 - 17:30 ist ge\u00f6ffnet.<p class=termine-ort\"><small>Ort: <i>Volkach<\/i><\/small><\/p><\/li><li><h5 class=\"termine-titel\"><a href=\"https:\/\/weltlaeden.de\/volkach\/termin\/volkach-rallye-im-rahmen-der-fairen-woche-2021\/\">Stadtrallye im Rahmen der Fairen Woche 2021<\/a><\/h5><p class=\"termine-date\">Sa., 18.09.2021<\/p><p class=\"termine-auszug\">Zusammen mit den Fairtrade Schulen in der Verwaltungsgemeinschaft (M\u00e4dchenrealschule Volkach, Grund- und Mittelschule Volkach, Franken-LSH Gaibach), den Sternsingern und Ministranten, der \u00d6VEG und der Fair-Trade Steuerungsgruppe veranstalten wir \u00a0im Rahmen der Fairen Woche 2021 eine Stadtrallye.\u00a0Von\u00a010 Uhr bis 14 Uhr\u00a0findet ihr an\u00a0sieben Stationen Rate- und Sch\u00e4tzaktionen mit Informationen zum Fairen Handel. Den Rallye Pass gibt es an jeder Station:\u00a0Pausenhof MRS Volkach,\u00a0Freibad (FLSH Gaibach), Pausenhof Grund-&amp; Mitelschule, Marktplatz (Steuerungsgruppe), Pfarrheim (Ministranten und Sternsinger), \u00d6VEG\u00a0in der Riemenschneider Strasse, Spitalstrasse 21 (Weltladen) Die Teilnahme ist kostenlos!\u00a0<\/li><li><h5 class=\"termine-titel\"><a href=\"https:\/\/weltlaeden.de\/volkach\/termin\/e-learning-konsumkrimi-was-geschah-mit-nora-gruen-in-der-fairen-woche\/\">E-Learning: Konsumkrimi in der Fairen Woche<\/a><\/h5><p class=\"termine-date\">Sa., 19.09.2020, 15:00<\/p><p class=\"termine-auszug\">Das digitale R\u00e4tsel-Event \u201eWas geschah mit Nora Gr\u00fcn\u201c funktioniert nach dem Escape-Room Prinzip. Findet im Pfarrheim statt, Dauer ca. 90 min. Ab 12 Jahren, bitte Maske mitbringen und falls vorhanden eigenes Handy\/Tablet. Maximal 6 Teilnehmer. Anmeldung per Mail an Weltladen.Volkach@gmail.com oder telefonisch unter 01702852316. Die Teilnehmer*innen suchen mit Hilfe von Handy\/Tablet nach den Ursachen f\u00fcr das Verschwinden von Nora Gr\u00fcn, einer Unternehmerin, die ein faires und nachhaltiges Smartphone auf den Markt bringen will. Beim L\u00f6sen verschiedener Aufgaben sto\u00dfen die Teilnehmer*innen auf die meist menschenunw\u00fcrdigen Abbau- und Produktionsbedingungen sowie umweltzerst\u00f6rende Praktiken in der Handy-Produktion in L\u00e4ndern wie Argentinien, DR Kongo, Indonesien, China, Peru. Aber auch auf Initiativen, Arbeiter*innen, Genossenschaften die sich f\u00fcr faire und umweltschonende Bedingungen einsetzen.<\/li><li><h5 class=\"termine-titel\"><a href=\"https:\/\/weltlaeden.de\/volkach\/termin\/faire-woche-2020\/\">Faire Woche 2020<\/a><\/h5><p class=\"termine-date\">Mo., 14.09.2020 bis 19.09.2020<\/p><p class=\"termine-auszug\">Pers\u00f6nlichkeiten verkaufen im Weltladen Volkach,\u00a0jeweils f\u00fcr mindestens eine Stunde! Barbara Becker, Rainer Dotterweich, Heiko B\u00e4uerlein, Frank Dannenberg, Katharina Schmitt und Andrea Rauch sind als Gastverk\u00e4ufer*innen bei uns im Laden! Die komplette Woche gibt es au\u00dferdem Produkte zum Probieren und Informationen zu #Fairhandeln-F\u00fcr ein gutes Leben. &nbsp; &nbsp;<\/li><li><h5 class=\"termine-titel\"><a href=\"https:\/\/weltlaeden.de\/volkach\/termin\/bilderbuchkino-in-der-fairen-woche\/\">Bilderbuchkino in der Fairen Woche<\/a><\/h5><p class=\"termine-date\">Sa., 12.09.2020, 15:00<\/p><p class=\"termine-auszug\">\u201eWenn der L\u00f6we br\u00fcllt\u201c ist ein Buch \u00fcber Stra\u00dfenkinder in Afrika. Findet im Pfarrheim statt, Dauer ca. 45 min. Ab 5 Jahren, bitte Maske mitbringen. Max. 6 Teilnehmer. Anmeldung per Mail an Weltladen.Volkach@gmail.com oder telefonisch unter 01702852316. Die Geschichte: Ein L\u00f6we, der fressen muss, wird unruhig und beginnt leise zu knurren, genau wie ein leerer Magen. Irgendwann rei\u00dft er sein Maul weit auf und br\u00fcllt entsetzlich. Dann ist es allerh\u00f6chste Zeit! Die beiden Jungen Emanuel und Bilali leben mit diesem L\u00f6wen, sie kennen ihn genau. Wenn sie morgens aufwachen, ist kein Tisch gedeckt und nachdem Spielen wartet keine Mahlzeit auf sie. Die beiden leben auf der Stra\u00dfe und wenn sie Hunger haben, m\u00fcssen sie sich etwas suchen. Sie wissen eigentlich ganz gut, wie man das macht. Wenn Markt ist, gibt ihnen Ali von seinen Tomaten. Oder sie arbeiten als Autow\u00e4scher, bis das Geld f\u00fcr s\u00fc\u00dfen Tee reicht. Manchmal betteln sie [...] <a href=\"https:\/\/weltlaeden.de\/volkach\/termin\/bilderbuchkino-in-der-fairen-woche\/\"><small>[WEITERLESEN]<\/small><\/a><\/p><\/li><li><h5 class=\"termine-titel\"><a href=\"https:\/\/weltlaeden.de\/volkach\/termin\/fruehlingsmarkt-in-volkach\/\">Achtung: ENTF\u00c4LLT &#8211; Fr\u00fchlingsmarkt in Volkach<\/a><\/h5><p class=\"termine-date\">So., 22.03.2020, 12:30 bis 22.03.2020, 17:30<\/p><p class=\"termine-auszug\">WIRD VERSCHOBEN, NEUER TERMIN noch NICHT BEKANNT!<\/li><li><h5 class=\"termine-titel\"><a href=\"https:\/\/weltlaeden.de\/volkach\/termin\/adventszeit-3\/\">Vorweihnachtszeit 4.Advent<\/a><\/h5><p class=\"termine-date\">Sa., 21.12.2019, 09:30<\/p><p class=\"termine-auszug\">an den Adventssamstagen sind unsere \u00d6ffnungszeiten verl\u00e4ngert und wir\u00a0sind durchgehend f\u00fcr sie da! 9:30\u00a0- 18h &nbsp;<\/li><li><h5 class=\"termine-titel\"><a href=\"https:\/\/weltlaeden.de\/volkach\/termin\/volkacher-lichterzauber\/\">Volkacher Lichterzauber<\/a><\/h5><p class=\"termine-date\">Fr., 20.12.2019, 16:00<\/p><p class=\"termine-auszug\">beim Volkacher Lichterzauber sind wir auch dabei! 16 - 20h &nbsp;<\/li><li><h5 class=\"termine-titel\"><a href=\"https:\/\/weltlaeden.de\/volkach\/termin\/adventszeit-2\/\">Vorweihnachtszeit 3.Advent<\/a><\/h5><p class=\"termine-date\">Sa., 14.12.2019, 09:30<\/p><p class=\"termine-auszug\">an den Adventssamstagen sind unsere \u00d6ffnungszeiten verl\u00e4ngert und wir\u00a0sind durchgehend f\u00fcr sie da! 9:30\u00a0- 18h &nbsp;<\/li><li><h5 class=\"termine-titel\"><a href=\"https:\/\/weltlaeden.de\/volkach\/termin\/adventszeit\/\">Vorweihnachtszeit 2.Advent<\/a><\/h5><p class=\"termine-date\">Sa., 07.12.2019, 09:30<\/p><p class=\"termine-auszug\">an den Adventssamstagen sind unsere \u00d6ffnungszeiten verl\u00e4ngert und wir\u00a0sind durchgehend f\u00fcr sie da! 9:30\u00a0- 18h &nbsp;<\/li><li><h5 class=\"termine-titel\"><a href=\"https:\/\/weltlaeden.de\/volkach\/termin\/volkacher-weihnachtstrasse\/\">Volkacher Weihnachtstrasse<\/a><\/h5><p class=\"termine-date\">Sa., 30.11.2019, 09:30<\/p><p class=\"termine-auszug\">wir sind bei der Volkacher Weihnachtsstrasse von 9:30 - 18h f\u00fcr sie da. Probieren sie doch mal unseren Kaffee oder Tee! Oder machen sie bei unserem Quiz rund um das Thema faire Schokolade mit.<\/li><\/ul>[\/vc_column][\/vc_row]<\/p>\n<\/div>","protected":false},"excerpt":{"rendered":"<p>[vc_row][vc_column][vc_empty_space height=&#8220;30px&#8220;][vc_column_text] Termine [\/vc_column_text][vc_empty_space height=&#8220;30px&#8220;][\/vc_column][\/vc_row][vc_row][vc_column width=&#8220;2\/3&#8243;][vc_column_text] Kommende Termine [\/vc_column_text][vc_empty_space height=&#8220;30px&#8220;][vc_column_text] Vergangene Termine [\/vc_column_text][\/vc_column][\/vc_row]<\/p>\n","protected":false},"author":1,"featured_media":0,"parent":0,"menu_order":11,"comment_status":"closed","ping_status":"closed","template":"","meta":{"footnotes":""},"class_list":["post-23","page","type-page","status-publish","hentry","description-off"],"yoast_head":"<!-- This site is optimized with the Yoast SEO plugin v26.8 - https:\/\/yoast.com\/product\/yoast-seo-wordpress\/ -->\n<title>Termine - Weltladen Volkach<\/title>\n<meta name=\"robots\" content=\"index, follow, max-snippet:-1, max-image-preview:large, max-video-preview:-1\" \/>\n<link rel=\"canonical\" href=\"https:\/\/weltlaeden.de\/volkach\/termine\/\" \/>\n<meta property=\"og:locale\" content=\"de_DE\" \/>\n<meta property=\"og:type\" content=\"article\" \/>\n<meta property=\"og:title\" content=\"Termine - Weltladen Volkach\" \/>\n<meta property=\"og:description\" content=\"[vc_row][vc_column][vc_empty_space height=&#8220;30px&#8220;][vc_column_text] Termine [\/vc_column_text][vc_empty_space height=&#8220;30px&#8220;][\/vc_column][\/vc_row][vc_row][vc_column width=&#8220;2\/3&#8243;][vc_column_text] Kommende Termine [\/vc_column_text][vc_empty_space height=&#8220;30px&#8220;][vc_column_text] Vergangene Termine [\/vc_column_text][\/vc_column][\/vc_row]\" \/>\n<meta property=\"og:url\" content=\"https:\/\/weltlaeden.de\/volkach\/termine\/\" \/>\n<meta property=\"og:site_name\" content=\"Weltladen Volkach\" \/>\n<meta property=\"article:modified_time\" content=\"2018-08-10T08:34:16+00:00\" \/>\n<meta property=\"og:image\" content=\"https:\/\/weltlaeden.de\/volkach\/wp-content\/uploads\/sites\/3\/2018\/07\/pocket-watch-1637396_1920_pixabay.png\" \/>\n<meta name=\"twitter:card\" content=\"summary_large_image\" \/>\n<script type=\"application\/ld+json\" class=\"yoast-schema-graph\">{\"@context\":\"https:\/\/schema.org\",\"@graph\":[{\"@type\":\"WebPage\",\"@id\":\"https:\/\/weltlaeden.de\/volkach\/termine\/\",\"url\":\"https:\/\/weltlaeden.de\/volkach\/termine\/\",\"name\":\"Termine - Weltladen Volkach\",\"isPartOf\":{\"@id\":\"https:\/\/weltlaeden.de\/volkach\/#website\"},\"primaryImageOfPage\":{\"@id\":\"https:\/\/weltlaeden.de\/volkach\/termine\/#primaryimage\"},\"image\":{\"@id\":\"https:\/\/weltlaeden.de\/volkach\/termine\/#primaryimage\"},\"thumbnailUrl\":\"https:\/\/weltlaeden.de\/volkach\/wp-content\/uploads\/sites\/3\/2018\/07\/pocket-watch-1637396_1920_pixabay.png\",\"datePublished\":\"2016-10-14T07:05:21+00:00\",\"dateModified\":\"2018-08-10T08:34:16+00:00\",\"breadcrumb\":{\"@id\":\"https:\/\/weltlaeden.de\/volkach\/termine\/#breadcrumb\"},\"inLanguage\":\"de\",\"potentialAction\":[{\"@type\":\"ReadAction\",\"target\":[\"https:\/\/weltlaeden.de\/volkach\/termine\/\"]}]},{\"@type\":\"ImageObject\",\"inLanguage\":\"de\",\"@id\":\"https:\/\/weltlaeden.de\/volkach\/termine\/#primaryimage\",\"url\":\"https:\/\/weltlaeden.de\/volkach\/wp-content\/uploads\/sites\/3\/2018\/07\/pocket-watch-1637396_1920_pixabay.png\",\"contentUrl\":\"https:\/\/weltlaeden.de\/volkach\/wp-content\/uploads\/sites\/3\/2018\/07\/pocket-watch-1637396_1920_pixabay.png\"},{\"@type\":\"BreadcrumbList\",\"@id\":\"https:\/\/weltlaeden.de\/volkach\/termine\/#breadcrumb\",\"itemListElement\":[{\"@type\":\"ListItem\",\"position\":1,\"name\":\"Startseite\",\"item\":\"https:\/\/weltlaeden.de\/volkach\/\"},{\"@type\":\"ListItem\",\"position\":2,\"name\":\"Termine\"}]},{\"@type\":\"WebSite\",\"@id\":\"https:\/\/weltlaeden.de\/volkach\/#website\",\"url\":\"https:\/\/weltlaeden.de\/volkach\/\",\"name\":\"Weltladen Volkach\",\"description\":\"Faire Produkte seit 1992\",\"potentialAction\":[{\"@type\":\"SearchAction\",\"target\":{\"@type\":\"EntryPoint\",\"urlTemplate\":\"https:\/\/weltlaeden.de\/volkach\/?s={search_term_string}\"},\"query-input\":{\"@type\":\"PropertyValueSpecification\",\"valueRequired\":true,\"valueName\":\"search_term_string\"}}],\"inLanguage\":\"de\"}]}<\/script>\n<!-- \/ Yoast SEO plugin. -->","yoast_head_json":{"title":"Termine - Weltladen Volkach","robots":{"index":"index","follow":"follow","max-snippet":"max-snippet:-1","max-image-preview":"max-image-preview:large","max-video-preview":"max-video-preview:-1"},"canonical":"https:\/\/weltlaeden.de\/volkach\/termine\/","og_locale":"de_DE","og_type":"article","og_title":"Termine - Weltladen Volkach","og_description":"[vc_row][vc_column][vc_empty_space height=&#8220;30px&#8220;][vc_column_text] Termine [\/vc_column_text][vc_empty_space height=&#8220;30px&#8220;][\/vc_column][\/vc_row][vc_row][vc_column width=&#8220;2\/3&#8243;][vc_column_text] Kommende Termine [\/vc_column_text][vc_empty_space height=&#8220;30px&#8220;][vc_column_text] Vergangene Termine [\/vc_column_text][\/vc_column][\/vc_row]","og_url":"https:\/\/weltlaeden.de\/volkach\/termine\/","og_site_name":"Weltladen Volkach","article_modified_time":"2018-08-10T08:34:16+00:00","og_image":[{"url":"https:\/\/weltlaeden.de\/volkach\/wp-content\/uploads\/sites\/3\/2018\/07\/pocket-watch-1637396_1920_pixabay.png","type":"","width":"","height":""}],"twitter_card":"summary_large_image","schema":{"@context":"https:\/\/schema.org","@graph":[{"@type":"WebPage","@id":"https:\/\/weltlaeden.de\/volkach\/termine\/","url":"https:\/\/weltlaeden.de\/volkach\/termine\/","name":"Termine - Weltladen Volkach","isPartOf":{"@id":"https:\/\/weltlaeden.de\/volkach\/#website"},"primaryImageOfPage":{"@id":"https:\/\/weltlaeden.de\/volkach\/termine\/#primaryimage"},"image":{"@id":"https:\/\/weltlaeden.de\/volkach\/termine\/#primaryimage"},"thumbnailUrl":"https:\/\/weltlaeden.de\/volkach\/wp-content\/uploads\/sites\/3\/2018\/07\/pocket-watch-1637396_1920_pixabay.png","datePublished":"2016-10-14T07:05:21+00:00","dateModified":"2018-08-10T08:34:16+00:00","breadcrumb":{"@id":"https:\/\/weltlaeden.de\/volkach\/termine\/#breadcrumb"},"inLanguage":"de","potentialAction":[{"@type":"ReadAction","target":["https:\/\/weltlaeden.de\/volkach\/termine\/"]}]},{"@type":"ImageObject","inLanguage":"de","@id":"https:\/\/weltlaeden.de\/volkach\/termine\/#primaryimage","url":"https:\/\/weltlaeden.de\/volkach\/wp-content\/uploads\/sites\/3\/2018\/07\/pocket-watch-1637396_1920_pixabay.png","contentUrl":"https:\/\/weltlaeden.de\/volkach\/wp-content\/uploads\/sites\/3\/2018\/07\/pocket-watch-1637396_1920_pixabay.png"},{"@type":"BreadcrumbList","@id":"https:\/\/weltlaeden.de\/volkach\/termine\/#breadcrumb","itemListElement":[{"@type":"ListItem","position":1,"name":"Startseite","item":"https:\/\/weltlaeden.de\/volkach\/"},{"@type":"ListItem","position":2,"name":"Termine"}]},{"@type":"WebSite","@id":"https:\/\/weltlaeden.de\/volkach\/#website","url":"https:\/\/weltlaeden.de\/volkach\/","name":"Weltladen Volkach","description":"Faire Produkte seit 1992","potentialAction":[{"@type":"SearchAction","target":{"@type":"EntryPoint","urlTemplate":"https:\/\/weltlaeden.de\/volkach\/?s={search_term_string}"},"query-input":{"@type":"PropertyValueSpecification","valueRequired":true,"valueName":"search_term_string"}}],"inLanguage":"de"}]}},"_links":{"self":[{"href":"https:\/\/weltlaeden.de\/volkach\/wp-json\/wp\/v2\/pages\/23","targetHints":{"allow":["GET"]}}],"collection":[{"href":"https:\/\/weltlaeden.de\/volkach\/wp-json\/wp\/v2\/pages"}],"about":[{"href":"https:\/\/weltlaeden.de\/volkach\/wp-json\/wp\/v2\/types\/page"}],"author":[{"embeddable":true,"href":"https:\/\/weltlaeden.de\/volkach\/wp-json\/wp\/v2\/users\/1"}],"replies":[{"embeddable":true,"href":"https:\/\/weltlaeden.de\/volkach\/wp-json\/wp\/v2\/comments?post=23"}],"version-history":[{"count":14,"href":"https:\/\/weltlaeden.de\/volkach\/wp-json\/wp\/v2\/pages\/23\/revisions"}],"predecessor-version":[{"id":414,"href":"https:\/\/weltlaeden.de\/volkach\/wp-json\/wp\/v2\/pages\/23\/revisions\/414"}],"wp:attachment":[{"href":"https:\/\/weltlaeden.de\/volkach\/wp-json\/wp\/v2\/media?parent=23"}],"curies":[{"name":"wp","href":"https:\/\/api.w.org\/{rel}","templated":true}]}}