{"id":219,"date":"2016-10-28T13:34:47","date_gmt":"2016-10-28T11:34:47","guid":{"rendered":"https:\/\/wl.heimpixel.de\/vorlage\/ueber-uns\/"},"modified":"2024-01-03T22:22:16","modified_gmt":"2024-01-03T21:22:16","slug":"ueber-uns","status":"publish","type":"page","link":"https:\/\/weltlaeden.de\/volkach\/ueber-uns\/","title":{"rendered":"\u00dcber uns"},"content":{"rendered":"<div class=\"wpb-content-wrapper\"><p>[vc_row][vc_column]<div class=\"wl_einzelbild\"><p><img loading=\"lazy\" decoding=\"async\" class=\"alignnone wp-image-499 size-full\" src=\"https:\/\/weltlaeden.de\/volkach\/wp-content\/uploads\/sites\/115\/2019\/12\/IMG_6469-2.jpg\" alt=\"\" width=\"1920\" height=\"1440\" srcset=\"https:\/\/weltlaeden.de\/volkach\/wp-content\/uploads\/sites\/115\/2019\/12\/IMG_6469-2.jpg 1920w, https:\/\/weltlaeden.de\/volkach\/wp-content\/uploads\/sites\/115\/2019\/12\/IMG_6469-2-300x225.jpg 300w, https:\/\/weltlaeden.de\/volkach\/wp-content\/uploads\/sites\/115\/2019\/12\/IMG_6469-2-768x576.jpg 768w, https:\/\/weltlaeden.de\/volkach\/wp-content\/uploads\/sites\/115\/2019\/12\/IMG_6469-2-1024x768.jpg 1024w\" sizes=\"auto, (max-width: 1920px) 100vw, 1920px\" \/><\/p><\/div>[vc_empty_space][vc_column_text]<\/p>\n<h1>\u00dcber den Weltladen Volkach<\/h1>\n<p>[\/vc_column_text][vc_column_text]Wie hat alles angefangen? Schon 1989 haben sich\u00a0sechs engagierte Volkacher zusammengetan und an der Kirche einmal w\u00f6chentlich fair gehandelte Waren verkauft. Daraus entstand unter der F\u00fchrung von Trudl Wirsing 1992 der Verein, dem das Kloster St. Maria einen Verkaufsraum zur Verf\u00fcgung stellte.<\/p>\n<p>1999 wurde unter Carola Peterwitz ein Verkaufsraum in der Professor-J\u00e4cklein-Strasse angemietet. Dieser wurde 2011 grundlegend renoviert und modernisiert.<\/p>\n<p>Im Herbst 2019\u00a0gab\u00a0es unter Christiane Leckel einen weiteren Umzug in die Spitalstrasse. Dort wurde ein\u00a0neues, gr\u00f6\u00dferes und zentraleres Ladengesch\u00e4ft angemietet.[\/vc_column_text][vc_empty_space][vc_column_text]<\/p>\n<h1>Die Meilensteine im R\u00fcckblick<\/h1>\n<p>[\/vc_column_text][vc_empty_space][vc_row_inner][vc_column_inner width=&#8220;1\/3&#8243;]<div class=\"wl_einzelbild\"><p><img loading=\"lazy\" decoding=\"async\" class=\"size-medium wp-image-536 aligncenter\" src=\"https:\/\/weltlaeden.de\/volkach\/wp-content\/uploads\/sites\/115\/2019\/12\/CIMG7854-300x152.jpg\" alt=\"\" width=\"300\" height=\"152\" \/><\/p><\/div>[\/vc_column_inner][vc_column_inner width=&#8220;1\/3&#8243;]<div class=\"wl_einzelbild\"><p><img loading=\"lazy\" decoding=\"async\" class=\"alignnone size-full wp-image-987\" src=\"https:\/\/weltlaeden.de\/volkach\/wp-content\/uploads\/sites\/115\/2023\/12\/Kloster-Laden-.jpg\" alt=\"\" width=\"2048\" height=\"1343\" \/><\/p><\/div>[\/vc_column_inner][\/vc_row_inner][vc_row_inner][vc_column_inner width=&#8220;1\/3&#8243;]<div class=\"wl_einzelbild\"><p><img loading=\"lazy\" decoding=\"async\" class=\"alignnone size-full wp-image-989\" src=\"https:\/\/weltlaeden.de\/volkach\/wp-content\/uploads\/sites\/115\/2023\/12\/Laden-neu-vor-renovierung.jpg\" alt=\"\" width=\"2048\" height=\"1365\" \/><\/p><\/div>[\/vc_column_inner][vc_column_inner width=&#8220;1\/3&#8243;]<div class=\"wl_einzelbild\"><p><img loading=\"lazy\" decoding=\"async\" class=\"alignnone size-full wp-image-992\" src=\"https:\/\/weltlaeden.de\/volkach\/wp-content\/uploads\/sites\/115\/2023\/12\/Eroeffnung2011_2.jpg\" alt=\"\" width=\"2048\" height=\"1362\" \/><\/p><\/div>[\/vc_column_inner][vc_column_inner width=&#8220;1\/3&#8243;]<div class=\"wl_einzelbild\"><p><img loading=\"lazy\" decoding=\"async\" class=\"alignnone size-full wp-image-991\" src=\"https:\/\/weltlaeden.de\/volkach\/wp-content\/uploads\/sites\/115\/2023\/12\/Eroeffnung2019.jpg\" alt=\"\" width=\"2048\" height=\"1365\" \/><\/p><\/div>[\/vc_column_inner][\/vc_row_inner][\/vc_column][\/vc_row][vc_row][vc_column][vc_empty_space][vc_column_text]<\/p>\n<h1>Team\u00a0Weltladen Volkach<\/h1>\n<p>[\/vc_column_text][vc_column_text]Unser Verein z\u00e4hlt mittlerweile ca. 50 aktive Mitglieder die sich alle ehrenamtlich engagieren und den Laden gemeinsam betreiben. Das hei\u00dft &#8211; im Gegensatz zum Supermarkt &#8211; flie\u00dfen all unsere Gewinne zus\u00e4tzlich in soziale Projekte![\/vc_column_text][\/vc_column][\/vc_row][vc_row][vc_column]<div class=\"wl_einzelbild\"><p><img loading=\"lazy\" decoding=\"async\" class=\"wp-image-904 size-full\" src=\"https:\/\/weltlaeden.de\/volkach\/wp-content\/uploads\/sites\/115\/2022\/12\/DSC_2187-1-e1670177884992.jpg\" alt=\"\" width=\"2048\" height=\"1024\" srcset=\"https:\/\/weltlaeden.de\/volkach\/wp-content\/uploads\/sites\/115\/2022\/12\/DSC_2187-1-e1670177884992.jpg 2048w, https:\/\/weltlaeden.de\/volkach\/wp-content\/uploads\/sites\/115\/2022\/12\/DSC_2187-1-e1670177884992-300x150.jpg 300w, https:\/\/weltlaeden.de\/volkach\/wp-content\/uploads\/sites\/115\/2022\/12\/DSC_2187-1-e1670177884992-1024x512.jpg 1024w, https:\/\/weltlaeden.de\/volkach\/wp-content\/uploads\/sites\/115\/2022\/12\/DSC_2187-1-e1670177884992-768x384.jpg 768w, https:\/\/weltlaeden.de\/volkach\/wp-content\/uploads\/sites\/115\/2022\/12\/DSC_2187-1-e1670177884992-1536x768.jpg 1536w\" sizes=\"auto, (max-width: 2048px) 100vw, 2048px\" \/><\/p><\/div>[vc_empty_space][\/vc_column][\/vc_row][vc_row][vc_column]<div class=\"wl_einzelbild\"><p><img loading=\"lazy\" decoding=\"async\" class=\"wp-image-808 size-full alignleft\" src=\"https:\/\/weltlaeden.de\/volkach\/wp-content\/uploads\/sites\/115\/2021\/10\/3CB50E98-F5F3-4278-AD5D-56517FA46A5A-e1635066178208.jpeg\" alt=\"\" width=\"1385\" height=\"650\" srcset=\"https:\/\/weltlaeden.de\/volkach\/wp-content\/uploads\/sites\/115\/2021\/10\/3CB50E98-F5F3-4278-AD5D-56517FA46A5A-e1635066178208.jpeg 1385w, https:\/\/weltlaeden.de\/volkach\/wp-content\/uploads\/sites\/115\/2021\/10\/3CB50E98-F5F3-4278-AD5D-56517FA46A5A-e1635066178208-300x141.jpeg 300w, https:\/\/weltlaeden.de\/volkach\/wp-content\/uploads\/sites\/115\/2021\/10\/3CB50E98-F5F3-4278-AD5D-56517FA46A5A-e1635066178208-768x360.jpeg 768w, https:\/\/weltlaeden.de\/volkach\/wp-content\/uploads\/sites\/115\/2021\/10\/3CB50E98-F5F3-4278-AD5D-56517FA46A5A-e1635066178208-1024x481.jpeg 1024w\" sizes=\"auto, (max-width: 1385px) 100vw, 1385px\" \/><\/p><\/div>[vc_column_text]<strong>Der Verein wird vertreten durch:<\/strong><\/p>\n<p>Christiane Leckel (3. v. links), Caroline M\u00fcller (links), Sabine Krapf (rechts)<\/p>\n<p><strong>Unterst\u00fctzt von:<\/strong> Eva-Maria Koch (Schriftf\u00fchrerin, 2. v. links) Renate Schneider (Kassiererin, 2. v. rechts)[\/vc_column_text][\/vc_column][\/vc_row]<\/p>\n<\/div>","protected":false},"excerpt":{"rendered":"<p>[vc_row][vc_column][vc_empty_space][vc_column_text] \u00dcber den Weltladen Volkach [\/vc_column_text][vc_column_text]Wie hat alles angefangen? Schon 1989 haben sich\u00a0sechs engagierte Volkacher zusammengetan und an der Kirche einmal w\u00f6chentlich fair gehandelte Waren verkauft. Daraus entstand unter der F\u00fchrung von Trudl Wirsing 1992 der Verein, dem das Kloster St. Maria einen Verkaufsraum zur Verf\u00fcgung stellte. 1999 wurde unter Carola Peterwitz ein Verkaufsraum in&hellip;<\/p>\n","protected":false},"author":1,"featured_media":0,"parent":0,"menu_order":10,"comment_status":"closed","ping_status":"closed","template":"","meta":{"footnotes":""},"class_list":["post-219","page","type-page","status-publish","hentry","description-off"],"yoast_head":"<!-- This site is optimized with the Yoast SEO plugin v26.8 - https:\/\/yoast.com\/product\/yoast-seo-wordpress\/ -->\n<title>\u00dcber uns - Weltladen Volkach<\/title>\n<meta name=\"robots\" content=\"index, follow, max-snippet:-1, max-image-preview:large, max-video-preview:-1\" \/>\n<link rel=\"canonical\" href=\"https:\/\/weltlaeden.de\/volkach\/ueber-uns\/\" \/>\n<meta property=\"og:locale\" content=\"de_DE\" \/>\n<meta property=\"og:type\" content=\"article\" \/>\n<meta property=\"og:title\" content=\"\u00dcber uns - Weltladen Volkach\" \/>\n<meta property=\"og:description\" content=\"[vc_row][vc_column][vc_empty_space][vc_column_text] \u00dcber den Weltladen Volkach [\/vc_column_text][vc_column_text]Wie hat alles angefangen? Schon 1989 haben sich\u00a0sechs engagierte Volkacher zusammengetan und an der Kirche einmal w\u00f6chentlich fair gehandelte Waren verkauft. Daraus entstand unter der F\u00fchrung von Trudl Wirsing 1992 der Verein, dem das Kloster St. Maria einen Verkaufsraum zur Verf\u00fcgung stellte. 1999 wurde unter Carola Peterwitz ein Verkaufsraum in&hellip;\" \/>\n<meta property=\"og:url\" content=\"https:\/\/weltlaeden.de\/volkach\/ueber-uns\/\" \/>\n<meta property=\"og:site_name\" content=\"Weltladen Volkach\" \/>\n<meta property=\"article:modified_time\" content=\"2024-01-03T21:22:16+00:00\" \/>\n<meta property=\"og:image\" content=\"https:\/\/weltlaeden.de\/volkach\/wp-content\/uploads\/sites\/115\/2019\/12\/IMG_6469-2.jpg\" \/>\n<meta name=\"twitter:card\" content=\"summary_large_image\" \/>\n<meta name=\"twitter:label1\" content=\"Gesch\u00e4tzte Lesezeit\" \/>\n\t<meta name=\"twitter:data1\" content=\"3\u00a0Minuten\" \/>\n<script type=\"application\/ld+json\" class=\"yoast-schema-graph\">{\"@context\":\"https:\/\/schema.org\",\"@graph\":[{\"@type\":\"WebPage\",\"@id\":\"https:\/\/weltlaeden.de\/volkach\/ueber-uns\/\",\"url\":\"https:\/\/weltlaeden.de\/volkach\/ueber-uns\/\",\"name\":\"\u00dcber uns - Weltladen Volkach\",\"isPartOf\":{\"@id\":\"https:\/\/weltlaeden.de\/volkach\/#website\"},\"primaryImageOfPage\":{\"@id\":\"https:\/\/weltlaeden.de\/volkach\/ueber-uns\/#primaryimage\"},\"image\":{\"@id\":\"https:\/\/weltlaeden.de\/volkach\/ueber-uns\/#primaryimage\"},\"thumbnailUrl\":\"https:\/\/weltlaeden.de\/volkach\/wp-content\/uploads\/sites\/115\/2019\/12\/IMG_6469-2.jpg\",\"datePublished\":\"2016-10-28T11:34:47+00:00\",\"dateModified\":\"2024-01-03T21:22:16+00:00\",\"breadcrumb\":{\"@id\":\"https:\/\/weltlaeden.de\/volkach\/ueber-uns\/#breadcrumb\"},\"inLanguage\":\"de\",\"potentialAction\":[{\"@type\":\"ReadAction\",\"target\":[\"https:\/\/weltlaeden.de\/volkach\/ueber-uns\/\"]}]},{\"@type\":\"ImageObject\",\"inLanguage\":\"de\",\"@id\":\"https:\/\/weltlaeden.de\/volkach\/ueber-uns\/#primaryimage\",\"url\":\"https:\/\/weltlaeden.de\/volkach\/wp-content\/uploads\/sites\/115\/2019\/12\/IMG_6469-2.jpg\",\"contentUrl\":\"https:\/\/weltlaeden.de\/volkach\/wp-content\/uploads\/sites\/115\/2019\/12\/IMG_6469-2.jpg\",\"width\":1920,\"height\":1440},{\"@type\":\"BreadcrumbList\",\"@id\":\"https:\/\/weltlaeden.de\/volkach\/ueber-uns\/#breadcrumb\",\"itemListElement\":[{\"@type\":\"ListItem\",\"position\":1,\"name\":\"Startseite\",\"item\":\"https:\/\/weltlaeden.de\/volkach\/\"},{\"@type\":\"ListItem\",\"position\":2,\"name\":\"\u00dcber uns\"}]},{\"@type\":\"WebSite\",\"@id\":\"https:\/\/weltlaeden.de\/volkach\/#website\",\"url\":\"https:\/\/weltlaeden.de\/volkach\/\",\"name\":\"Weltladen Volkach\",\"description\":\"Faire Produkte seit 1992\",\"potentialAction\":[{\"@type\":\"SearchAction\",\"target\":{\"@type\":\"EntryPoint\",\"urlTemplate\":\"https:\/\/weltlaeden.de\/volkach\/?s={search_term_string}\"},\"query-input\":{\"@type\":\"PropertyValueSpecification\",\"valueRequired\":true,\"valueName\":\"search_term_string\"}}],\"inLanguage\":\"de\"}]}<\/script>\n<!-- \/ Yoast SEO plugin. -->","yoast_head_json":{"title":"\u00dcber uns - Weltladen Volkach","robots":{"index":"index","follow":"follow","max-snippet":"max-snippet:-1","max-image-preview":"max-image-preview:large","max-video-preview":"max-video-preview:-1"},"canonical":"https:\/\/weltlaeden.de\/volkach\/ueber-uns\/","og_locale":"de_DE","og_type":"article","og_title":"\u00dcber uns - Weltladen Volkach","og_description":"[vc_row][vc_column][vc_empty_space][vc_column_text] \u00dcber den Weltladen Volkach [\/vc_column_text][vc_column_text]Wie hat alles angefangen? Schon 1989 haben sich\u00a0sechs engagierte Volkacher zusammengetan und an der Kirche einmal w\u00f6chentlich fair gehandelte Waren verkauft. Daraus entstand unter der F\u00fchrung von Trudl Wirsing 1992 der Verein, dem das Kloster St. Maria einen Verkaufsraum zur Verf\u00fcgung stellte. 1999 wurde unter Carola Peterwitz ein Verkaufsraum in&hellip;","og_url":"https:\/\/weltlaeden.de\/volkach\/ueber-uns\/","og_site_name":"Weltladen Volkach","article_modified_time":"2024-01-03T21:22:16+00:00","og_image":[{"url":"https:\/\/weltlaeden.de\/volkach\/wp-content\/uploads\/sites\/115\/2019\/12\/IMG_6469-2.jpg","type":"","width":"","height":""}],"twitter_card":"summary_large_image","twitter_misc":{"Gesch\u00e4tzte Lesezeit":"3\u00a0Minuten"},"schema":{"@context":"https:\/\/schema.org","@graph":[{"@type":"WebPage","@id":"https:\/\/weltlaeden.de\/volkach\/ueber-uns\/","url":"https:\/\/weltlaeden.de\/volkach\/ueber-uns\/","name":"\u00dcber uns - Weltladen Volkach","isPartOf":{"@id":"https:\/\/weltlaeden.de\/volkach\/#website"},"primaryImageOfPage":{"@id":"https:\/\/weltlaeden.de\/volkach\/ueber-uns\/#primaryimage"},"image":{"@id":"https:\/\/weltlaeden.de\/volkach\/ueber-uns\/#primaryimage"},"thumbnailUrl":"https:\/\/weltlaeden.de\/volkach\/wp-content\/uploads\/sites\/115\/2019\/12\/IMG_6469-2.jpg","datePublished":"2016-10-28T11:34:47+00:00","dateModified":"2024-01-03T21:22:16+00:00","breadcrumb":{"@id":"https:\/\/weltlaeden.de\/volkach\/ueber-uns\/#breadcrumb"},"inLanguage":"de","potentialAction":[{"@type":"ReadAction","target":["https:\/\/weltlaeden.de\/volkach\/ueber-uns\/"]}]},{"@type":"ImageObject","inLanguage":"de","@id":"https:\/\/weltlaeden.de\/volkach\/ueber-uns\/#primaryimage","url":"https:\/\/weltlaeden.de\/volkach\/wp-content\/uploads\/sites\/115\/2019\/12\/IMG_6469-2.jpg","contentUrl":"https:\/\/weltlaeden.de\/volkach\/wp-content\/uploads\/sites\/115\/2019\/12\/IMG_6469-2.jpg","width":1920,"height":1440},{"@type":"BreadcrumbList","@id":"https:\/\/weltlaeden.de\/volkach\/ueber-uns\/#breadcrumb","itemListElement":[{"@type":"ListItem","position":1,"name":"Startseite","item":"https:\/\/weltlaeden.de\/volkach\/"},{"@type":"ListItem","position":2,"name":"\u00dcber uns"}]},{"@type":"WebSite","@id":"https:\/\/weltlaeden.de\/volkach\/#website","url":"https:\/\/weltlaeden.de\/volkach\/","name":"Weltladen Volkach","description":"Faire Produkte seit 1992","potentialAction":[{"@type":"SearchAction","target":{"@type":"EntryPoint","urlTemplate":"https:\/\/weltlaeden.de\/volkach\/?s={search_term_string}"},"query-input":{"@type":"PropertyValueSpecification","valueRequired":true,"valueName":"search_term_string"}}],"inLanguage":"de"}]}},"_links":{"self":[{"href":"https:\/\/weltlaeden.de\/volkach\/wp-json\/wp\/v2\/pages\/219","targetHints":{"allow":["GET"]}}],"collection":[{"href":"https:\/\/weltlaeden.de\/volkach\/wp-json\/wp\/v2\/pages"}],"about":[{"href":"https:\/\/weltlaeden.de\/volkach\/wp-json\/wp\/v2\/types\/page"}],"author":[{"embeddable":true,"href":"https:\/\/weltlaeden.de\/volkach\/wp-json\/wp\/v2\/users\/1"}],"replies":[{"embeddable":true,"href":"https:\/\/weltlaeden.de\/volkach\/wp-json\/wp\/v2\/comments?post=219"}],"version-history":[{"count":67,"href":"https:\/\/weltlaeden.de\/volkach\/wp-json\/wp\/v2\/pages\/219\/revisions"}],"predecessor-version":[{"id":1001,"href":"https:\/\/weltlaeden.de\/volkach\/wp-json\/wp\/v2\/pages\/219\/revisions\/1001"}],"wp:attachment":[{"href":"https:\/\/weltlaeden.de\/volkach\/wp-json\/wp\/v2\/media?parent=219"}],"curies":[{"name":"wp","href":"https:\/\/api.w.org\/{rel}","templated":true}]}}