{"version":"1.0","provider_name":"Weltladen Volkach","provider_url":"https:\/\/weltlaeden.de\/volkach","title":"\u00dcber uns - Weltladen Volkach","type":"rich","width":600,"height":338,"html":"<blockquote class=\"wp-embedded-content\" data-secret=\"c7GBSK8rpB\"><a href=\"https:\/\/weltlaeden.de\/volkach\/ueber-uns\/\">\u00dcber uns<\/a><\/blockquote><iframe sandbox=\"allow-scripts\" security=\"restricted\" src=\"https:\/\/weltlaeden.de\/volkach\/ueber-uns\/embed\/#?secret=c7GBSK8rpB\" width=\"600\" height=\"338\" title=\"&#8222;\u00dcber uns&#8220; &#8211; Weltladen Volkach\" data-secret=\"c7GBSK8rpB\" frameborder=\"0\" marginwidth=\"0\" marginheight=\"0\" scrolling=\"no\" class=\"wp-embedded-content\"><\/iframe><script>\n\/*! This file is auto-generated *\/\n!function(d,l){\"use strict\";l.querySelector&&d.addEventListener&&\"undefined\"!=typeof URL&&(d.wp=d.wp||{},d.wp.receiveEmbedMessage||(d.wp.receiveEmbedMessage=function(e){var t=e.data;if((t||t.secret||t.message||t.value)&&!\/[^a-zA-Z0-9]\/.test(t.secret)){for(var s,r,n,a=l.querySelectorAll('iframe[data-secret=\"'+t.secret+'\"]'),o=l.querySelectorAll('blockquote[data-secret=\"'+t.secret+'\"]'),c=new RegExp(\"^https?:$\",\"i\"),i=0;i<o.length;i++)o[i].style.display=\"none\";for(i=0;i<a.length;i++)s=a[i],e.source===s.contentWindow&&(s.removeAttribute(\"style\"),\"height\"===t.message?(1e3<(r=parseInt(t.value,10))?r=1e3:~~r<200&&(r=200),s.height=r):\"link\"===t.message&&(r=new URL(s.getAttribute(\"src\")),n=new URL(t.value),c.test(n.protocol))&&n.host===r.host&&l.activeElement===s&&(d.top.location.href=t.value))}},d.addEventListener(\"message\",d.wp.receiveEmbedMessage,!1),l.addEventListener(\"DOMContentLoaded\",function(){for(var e,t,s=l.querySelectorAll(\"iframe.wp-embedded-content\"),r=0;r<s.length;r++)(t=(e=s[r]).getAttribute(\"data-secret\"))||(t=Math.random().toString(36).substring(2,12),e.src+=\"#?secret=\"+t,e.setAttribute(\"data-secret\",t)),e.contentWindow.postMessage({message:\"ready\",secret:t},\"*\")},!1)))}(window,document);\n<\/script>\n","description":"[vc_row][vc_column][vc_empty_space][vc_column_text] \u00dcber den Weltladen Volkach [\/vc_column_text][vc_column_text]Wie hat alles angefangen? Schon 1989 haben sich\u00a0sechs engagierte Volkacher zusammengetan und an der Kirche einmal w\u00f6chentlich fair gehandelte Waren verkauft. Daraus entstand unter der F\u00fchrung von Trudl Wirsing 1992 der Verein, dem das Kloster St. Maria einen Verkaufsraum zur Verf\u00fcgung stellte. 1999 wurde unter Carola Peterwitz ein Verkaufsraum in&hellip;","thumbnail_url":"https:\/\/weltlaeden.de\/volkach\/wp-content\/uploads\/sites\/115\/2019\/12\/IMG_6469-2.jpg"}

Über uns - Weltladen Volkach

<blockquote class="wp-embedded-content" data-secret="c7GBSK8rpB"><a href="https://weltlaeden.de/volkach/ueber-uns/">Über uns</a></blockquote><iframe sandbox="allow-scripts" security="restricted" src="https://weltlaeden.de/volkach/ueber-uns/embed/#?secret=c7GBSK8rpB" width="600" height="338" title="&#8222;Über uns&#8220; &#8211; Weltladen Volkach" data-secret="c7GBSK8rpB" frameborder="0" marginwidth="0" marginheight="0" scrolling="no" class="wp-embedded-content"></iframe><script>
/*! This file is auto-generated */
!function(d,l){"use strict";l.querySelector&&d.addEventListener&&"undefined"!=typeof URL&&(d.wp=d.wp||{},d.wp.receiveEmbedMessage||(d.wp.receiveEmbedMessage=function(e){var t=e.data;if((t||t.secret||t.message||t.value)&&!/[^a-zA-Z0-9]/.test(t.secret)){for(var s,r,n,a=l.querySelectorAll('iframe[data-secret="'+t.secret+'"]'),o=l.querySelectorAll('blockquote[data-secret="'+t.secret+'"]'),c=new RegExp("^https?:$","i"),i=0;i<o.length;i++)o[i].style.display="none";for(i=0;i<a.length;i++)s=a[i],e.source===s.contentWindow&&(s.removeAttribute("style"),"height"===t.message?(1e3<(r=parseInt(t.value,10))?r=1e3:~~r<200&&(r=200),s.height=r):"link"===t.message&&(r=new URL(s.getAttribute("src")),n=new URL(t.value),c.test(n.protocol))&&n.host===r.host&&l.activeElement===s&&(d.top.location.href=t.value))}},d.addEventListener("message",d.wp.receiveEmbedMessage,!1),l.addEventListener("DOMContentLoaded",function(){for(var e,t,s=l.querySelectorAll("iframe.wp-embedded-content"),r=0;r<s.length;r++)(t=(e=s[r]).getAttribute("data-secret"))||(t=Math.random().toString(36).substring(2,12),e.src+="#?secret="+t,e.setAttribute("data-secret",t)),e.contentWindow.postMessage({message:"ready",secret:t},"*")},!1)))}(window,document);
</script>

[vc_row][vc_column][vc_empty_space][vc_column_text] Über den Weltladen Volkach [/vc_column_text][vc_column_text]Wie hat alles angefangen? Schon 1989 haben sich sechs engagierte Volkacher zusammengetan und an der Kirche einmal wöchentlich fair gehandelte Waren verkauft. Daraus entstand unter der Führung von Trudl Wirsing 1992 der Verein, dem das Kloster St. Maria einen Verkaufsraum zur Verfügung stellte. 1999 wurde unter Carola Peterwitz ein Verkaufsraum in&hellip;
