{"id":217,"date":"2016-10-28T13:34:47","date_gmt":"2016-10-28T11:34:47","guid":{"rendered":"https:\/\/wl.heimpixel.de\/vorlage\/produkte\/"},"modified":"2026-03-24T20:43:11","modified_gmt":"2026-03-24T19:43:11","slug":"produkte","status":"publish","type":"page","link":"https:\/\/weltlaeden.de\/viernheim\/produkte\/","title":{"rendered":"Produkte"},"content":{"rendered":"<div class=\"wpb-content-wrapper\"><p>[vc_row][vc_column]<div class=\"wl_einzelbild\"><p><\/p><\/div>[vc_empty_space][vc_column_text]<\/p>\n<h1>Unser Sortiment<\/h1>\n<p>[\/vc_column_text][vc_column_text]<\/p>\n<h2><strong><span class=\"theme_sehrgross\">Was Sie bei uns finden:<\/span><\/strong><\/h2>\n<p><span class=\"theme_sehrgross\">Fairgehandelte Produkte aus Afrika, Asien und Lateinamerika<\/span>[\/vc_column_text][vc_empty_space][vc_row_inner][vc_column_inner width=&#8220;1\/2&#8243;][vc_column_text]<\/p>\n<h2>Lebensmittel<\/h2>\n<p>[\/vc_column_text]<div class=\"wl_einzelbild\"><p><img loading=\"lazy\" decoding=\"async\" class=\"size-medium wp-image-428 aligncenter\" src=\"https:\/\/weltlaeden.de\/viernheim\/wp-content\/uploads\/sites\/74\/2016\/10\/36728464_1757316527727105_7918963741478092800_n-300x225.jpg\" alt=\"\" width=\"300\" height=\"225\" srcset=\"https:\/\/weltlaeden.de\/viernheim\/wp-content\/uploads\/sites\/74\/2016\/10\/36728464_1757316527727105_7918963741478092800_n-300x225.jpg 300w, https:\/\/weltlaeden.de\/viernheim\/wp-content\/uploads\/sites\/74\/2016\/10\/36728464_1757316527727105_7918963741478092800_n-768x576.jpg 768w, https:\/\/weltlaeden.de\/viernheim\/wp-content\/uploads\/sites\/74\/2016\/10\/36728464_1757316527727105_7918963741478092800_n.jpg 960w\" sizes=\"auto, (max-width: 300px) 100vw, 300px\" \/><\/p><\/div>[vc_column_text]<span class=\"theme_sehrgross\"><strong>Gro\u00dfe Auswahl&#8230;<br \/>\n<\/strong><\/span><span class=\"theme_sehrgross\">&#8230; an Kaffee, Tee, Honig, Marmelade, Schokolade, Kakao, Rohrzucker, Gew\u00fcrze, Reis, Quinua, Nudeln, Trockenfr\u00fcchte und N\u00fcsse<br \/>\n-vieles aus kontrolliert-biologischem Anbau.<\/span><\/p>\n<p><strong>Viernheimer Honig&#8230;<br \/>\n<\/strong>&#8230;aus regionaler Herstellung<\/p>\n<p><img loading=\"lazy\" decoding=\"async\" class=\"alignnone wp-image-477\" src=\"https:\/\/weltlaeden.de\/viernheim\/wp-content\/uploads\/sites\/74\/2016\/10\/IMG_9799-300x200.jpg\" alt=\"\" width=\"147\" height=\"98\" srcset=\"https:\/\/weltlaeden.de\/viernheim\/wp-content\/uploads\/sites\/74\/2016\/10\/IMG_9799-300x200.jpg 300w, https:\/\/weltlaeden.de\/viernheim\/wp-content\/uploads\/sites\/74\/2016\/10\/IMG_9799-768x512.jpg 768w, https:\/\/weltlaeden.de\/viernheim\/wp-content\/uploads\/sites\/74\/2016\/10\/IMG_9799-1024x683.jpg 1024w\" sizes=\"auto, (max-width: 147px) 100vw, 147px\" \/>[\/vc_column_text][\/vc_column_inner][vc_column_inner width=&#8220;1\/2&#8243;][vc_column_text]<\/p>\n<h2>Kunsthandwerk &amp; Textilien<\/h2>\n<p>[\/vc_column_text]<div class=\"wl_einzelbild\"><p><img loading=\"lazy\" decoding=\"async\" class=\"size-medium wp-image-429 aligncenter\" src=\"https:\/\/weltlaeden.de\/viernheim\/wp-content\/uploads\/sites\/74\/2016\/10\/41264459_1848369915288432_3017627198782701568_n-300x225.jpg\" alt=\"\" width=\"300\" height=\"225\" srcset=\"https:\/\/weltlaeden.de\/viernheim\/wp-content\/uploads\/sites\/74\/2016\/10\/41264459_1848369915288432_3017627198782701568_n-300x225.jpg 300w, https:\/\/weltlaeden.de\/viernheim\/wp-content\/uploads\/sites\/74\/2016\/10\/41264459_1848369915288432_3017627198782701568_n-768x576.jpg 768w, https:\/\/weltlaeden.de\/viernheim\/wp-content\/uploads\/sites\/74\/2016\/10\/41264459_1848369915288432_3017627198782701568_n.jpg 960w\" sizes=\"auto, (max-width: 300px) 100vw, 300px\" \/><\/p><\/div>[vc_column_text]<span class=\"theme_sehrgross\"><strong>Kunsthandwerk, Geschenk- und Gebrauchsartikel&#8230;<\/strong><br \/>\n&#8230;wie Schmuck, K\u00f6rbe, Taschen, Rucks\u00e4cke, Spiele, Gl\u00e4ser uvm.<br \/>\n<strong>Attraktive Papeterie&#8230;<\/strong>,<\/span><\/p>\n<p><span class=\"theme_sehrgross\"><img loading=\"lazy\" decoding=\"async\" class=\"size-medium wp-image-431 alignleft\" src=\"https:\/\/weltlaeden.de\/viernheim\/wp-content\/uploads\/sites\/74\/2016\/10\/34669130_1718145034977588_2019787226543554560_n-225x300.jpg\" alt=\"\" width=\"225\" height=\"300\" srcset=\"https:\/\/weltlaeden.de\/viernheim\/wp-content\/uploads\/sites\/74\/2016\/10\/34669130_1718145034977588_2019787226543554560_n-225x300.jpg 225w, https:\/\/weltlaeden.de\/viernheim\/wp-content\/uploads\/sites\/74\/2016\/10\/34669130_1718145034977588_2019787226543554560_n.jpg 720w\" sizes=\"auto, (max-width: 225px) 100vw, 225px\" \/><br \/>\n&#8230;Schulhefte, Karten, Fotoalben, alles aus Umwelt-schutzpapier.<\/span><\/p>\n<p>&nbsp;<\/p>\n<p>&nbsp;<\/p>\n<p>&nbsp;<\/p>\n<p>&nbsp;<\/p>\n<p>&nbsp;<\/p>\n<p>Sowie <strong>Artikel des F\u00f6rdervereins St.Aposteln&#8230;<br \/>\n&#8230; <\/strong>Sekt, Wein, usw. deren Verkaufserl\u00f6s f\u00fcr die Innenrenovierung der Apostelkirche bestimmt ist.<\/p>\n<p><img loading=\"lazy\" decoding=\"async\" class=\"alignnone wp-image-478\" src=\"https:\/\/weltlaeden.de\/viernheim\/wp-content\/uploads\/sites\/74\/2016\/10\/IMG_9800-300x200.jpg\" alt=\"\" width=\"246\" height=\"164\" srcset=\"https:\/\/weltlaeden.de\/viernheim\/wp-content\/uploads\/sites\/74\/2016\/10\/IMG_9800-300x200.jpg 300w, https:\/\/weltlaeden.de\/viernheim\/wp-content\/uploads\/sites\/74\/2016\/10\/IMG_9800-768x512.jpg 768w, https:\/\/weltlaeden.de\/viernheim\/wp-content\/uploads\/sites\/74\/2016\/10\/IMG_9800-1024x683.jpg 1024w\" sizes=\"auto, (max-width: 246px) 100vw, 246px\" \/>[\/vc_column_text][\/vc_column_inner][\/vc_row_inner][\/vc_column][\/vc_row]<\/p>\n<\/div>","protected":false},"excerpt":{"rendered":"<p>[vc_row][vc_column][vc_empty_space][vc_column_text] Unser Sortiment [\/vc_column_text][vc_column_text] Was Sie bei uns finden: Fairgehandelte Produkte aus Afrika, Asien und Lateinamerika[\/vc_column_text][vc_empty_space][vc_row_inner][vc_column_inner width=&#8220;1\/2&#8243;][vc_column_text] Lebensmittel [\/vc_column_text][vc_column_text]Gro\u00dfe Auswahl&#8230; &#8230; an Kaffee, Tee, Honig, Marmelade, Schokolade, Kakao, Rohrzucker, Gew\u00fcrze, Reis, Quinua, Nudeln, Trockenfr\u00fcchte und N\u00fcsse -vieles aus kontrolliert-biologischem Anbau. Viernheimer Honig&#8230; &#8230;aus regionaler Herstellung [\/vc_column_text][\/vc_column_inner][vc_column_inner width=&#8220;1\/2&#8243;][vc_column_text] Kunsthandwerk &amp; Textilien [\/vc_column_text][vc_column_text]Kunsthandwerk, Geschenk- und Gebrauchsartikel&#8230; &#8230;wie&hellip;<\/p>\n","protected":false},"author":1,"featured_media":0,"parent":0,"menu_order":4,"comment_status":"closed","ping_status":"closed","template":"","meta":{"footnotes":""},"class_list":["post-217","page","type-page","status-publish","hentry","description-off"],"yoast_head":"<!-- This site is optimized with the Yoast SEO plugin v26.8 - https:\/\/yoast.com\/product\/yoast-seo-wordpress\/ -->\n<title>Produkte - Weltladen Viernheim<\/title>\n<meta name=\"robots\" content=\"index, follow, max-snippet:-1, max-image-preview:large, max-video-preview:-1\" \/>\n<link rel=\"canonical\" href=\"https:\/\/weltlaeden.de\/viernheim\/produkte\/\" \/>\n<meta property=\"og:locale\" content=\"de_DE\" \/>\n<meta property=\"og:type\" content=\"article\" \/>\n<meta property=\"og:title\" content=\"Produkte - Weltladen Viernheim\" \/>\n<meta property=\"og:description\" content=\"[vc_row][vc_column][vc_empty_space][vc_column_text] Unser Sortiment [\/vc_column_text][vc_column_text] Was Sie bei uns finden: Fairgehandelte Produkte aus Afrika, Asien und Lateinamerika[\/vc_column_text][vc_empty_space][vc_row_inner][vc_column_inner width=&#8220;1\/2&#8243;][vc_column_text] Lebensmittel [\/vc_column_text][vc_column_text]Gro\u00dfe Auswahl&#8230; &#8230; an Kaffee, Tee, Honig, Marmelade, Schokolade, Kakao, Rohrzucker, Gew\u00fcrze, Reis, Quinua, Nudeln, Trockenfr\u00fcchte und N\u00fcsse -vieles aus kontrolliert-biologischem Anbau. Viernheimer Honig&#8230; &#8230;aus regionaler Herstellung [\/vc_column_text][\/vc_column_inner][vc_column_inner width=&#8220;1\/2&#8243;][vc_column_text] Kunsthandwerk &amp; Textilien [\/vc_column_text][vc_column_text]Kunsthandwerk, Geschenk- und Gebrauchsartikel&#8230; &#8230;wie&hellip;\" \/>\n<meta property=\"og:url\" content=\"https:\/\/weltlaeden.de\/viernheim\/produkte\/\" \/>\n<meta property=\"og:site_name\" content=\"Weltladen Viernheim\" \/>\n<meta property=\"article:modified_time\" content=\"2026-03-24T19:43:11+00:00\" \/>\n<meta property=\"og:image\" content=\"https:\/\/weltlaeden.de\/viernheim\/wp-content\/uploads\/sites\/74\/2016\/10\/36728464_1757316527727105_7918963741478092800_n.jpg\" \/>\n\t<meta property=\"og:image:width\" content=\"960\" \/>\n\t<meta property=\"og:image:height\" content=\"720\" \/>\n\t<meta property=\"og:image:type\" content=\"image\/jpeg\" \/>\n<meta name=\"twitter:card\" content=\"summary_large_image\" \/>\n<meta name=\"twitter:label1\" content=\"Gesch\u00e4tzte Lesezeit\" \/>\n\t<meta name=\"twitter:data1\" content=\"1\u00a0Minute\" \/>\n<script type=\"application\/ld+json\" class=\"yoast-schema-graph\">{\"@context\":\"https:\/\/schema.org\",\"@graph\":[{\"@type\":\"WebPage\",\"@id\":\"https:\/\/weltlaeden.de\/viernheim\/produkte\/\",\"url\":\"https:\/\/weltlaeden.de\/viernheim\/produkte\/\",\"name\":\"Produkte - Weltladen Viernheim\",\"isPartOf\":{\"@id\":\"https:\/\/weltlaeden.de\/viernheim\/#website\"},\"primaryImageOfPage\":{\"@id\":\"https:\/\/weltlaeden.de\/viernheim\/produkte\/#primaryimage\"},\"image\":{\"@id\":\"https:\/\/weltlaeden.de\/viernheim\/produkte\/#primaryimage\"},\"thumbnailUrl\":\"https:\/\/weltlaeden.de\/viernheim\/wp-content\/uploads\/sites\/74\/2016\/10\/36728464_1757316527727105_7918963741478092800_n-300x225.jpg\",\"datePublished\":\"2016-10-28T11:34:47+00:00\",\"dateModified\":\"2026-03-24T19:43:11+00:00\",\"breadcrumb\":{\"@id\":\"https:\/\/weltlaeden.de\/viernheim\/produkte\/#breadcrumb\"},\"inLanguage\":\"de\",\"potentialAction\":[{\"@type\":\"ReadAction\",\"target\":[\"https:\/\/weltlaeden.de\/viernheim\/produkte\/\"]}]},{\"@type\":\"ImageObject\",\"inLanguage\":\"de\",\"@id\":\"https:\/\/weltlaeden.de\/viernheim\/produkte\/#primaryimage\",\"url\":\"https:\/\/weltlaeden.de\/viernheim\/wp-content\/uploads\/sites\/74\/2016\/10\/36728464_1757316527727105_7918963741478092800_n.jpg\",\"contentUrl\":\"https:\/\/weltlaeden.de\/viernheim\/wp-content\/uploads\/sites\/74\/2016\/10\/36728464_1757316527727105_7918963741478092800_n.jpg\",\"width\":960,\"height\":720},{\"@type\":\"BreadcrumbList\",\"@id\":\"https:\/\/weltlaeden.de\/viernheim\/produkte\/#breadcrumb\",\"itemListElement\":[{\"@type\":\"ListItem\",\"position\":1,\"name\":\"Startseite\",\"item\":\"https:\/\/weltlaeden.de\/viernheim\/\"},{\"@type\":\"ListItem\",\"position\":2,\"name\":\"Produkte\"}]},{\"@type\":\"WebSite\",\"@id\":\"https:\/\/weltlaeden.de\/viernheim\/#website\",\"url\":\"https:\/\/weltlaeden.de\/viernheim\/\",\"name\":\"Weltladen Viernheim\",\"description\":\"Faire Produkte seit 1990\",\"potentialAction\":[{\"@type\":\"SearchAction\",\"target\":{\"@type\":\"EntryPoint\",\"urlTemplate\":\"https:\/\/weltlaeden.de\/viernheim\/?s={search_term_string}\"},\"query-input\":{\"@type\":\"PropertyValueSpecification\",\"valueRequired\":true,\"valueName\":\"search_term_string\"}}],\"inLanguage\":\"de\"}]}<\/script>\n<!-- \/ Yoast SEO plugin. -->","yoast_head_json":{"title":"Produkte - Weltladen Viernheim","robots":{"index":"index","follow":"follow","max-snippet":"max-snippet:-1","max-image-preview":"max-image-preview:large","max-video-preview":"max-video-preview:-1"},"canonical":"https:\/\/weltlaeden.de\/viernheim\/produkte\/","og_locale":"de_DE","og_type":"article","og_title":"Produkte - Weltladen Viernheim","og_description":"[vc_row][vc_column][vc_empty_space][vc_column_text] Unser Sortiment [\/vc_column_text][vc_column_text] Was Sie bei uns finden: Fairgehandelte Produkte aus Afrika, Asien und Lateinamerika[\/vc_column_text][vc_empty_space][vc_row_inner][vc_column_inner width=&#8220;1\/2&#8243;][vc_column_text] Lebensmittel [\/vc_column_text][vc_column_text]Gro\u00dfe Auswahl&#8230; &#8230; an Kaffee, Tee, Honig, Marmelade, Schokolade, Kakao, Rohrzucker, Gew\u00fcrze, Reis, Quinua, Nudeln, Trockenfr\u00fcchte und N\u00fcsse -vieles aus kontrolliert-biologischem Anbau. Viernheimer Honig&#8230; &#8230;aus regionaler Herstellung [\/vc_column_text][\/vc_column_inner][vc_column_inner width=&#8220;1\/2&#8243;][vc_column_text] Kunsthandwerk &amp; Textilien [\/vc_column_text][vc_column_text]Kunsthandwerk, Geschenk- und Gebrauchsartikel&#8230; &#8230;wie&hellip;","og_url":"https:\/\/weltlaeden.de\/viernheim\/produkte\/","og_site_name":"Weltladen Viernheim","article_modified_time":"2026-03-24T19:43:11+00:00","og_image":[{"width":960,"height":720,"url":"https:\/\/weltlaeden.de\/viernheim\/wp-content\/uploads\/sites\/74\/2016\/10\/36728464_1757316527727105_7918963741478092800_n.jpg","type":"image\/jpeg"}],"twitter_card":"summary_large_image","twitter_misc":{"Gesch\u00e4tzte Lesezeit":"1\u00a0Minute"},"schema":{"@context":"https:\/\/schema.org","@graph":[{"@type":"WebPage","@id":"https:\/\/weltlaeden.de\/viernheim\/produkte\/","url":"https:\/\/weltlaeden.de\/viernheim\/produkte\/","name":"Produkte - Weltladen Viernheim","isPartOf":{"@id":"https:\/\/weltlaeden.de\/viernheim\/#website"},"primaryImageOfPage":{"@id":"https:\/\/weltlaeden.de\/viernheim\/produkte\/#primaryimage"},"image":{"@id":"https:\/\/weltlaeden.de\/viernheim\/produkte\/#primaryimage"},"thumbnailUrl":"https:\/\/weltlaeden.de\/viernheim\/wp-content\/uploads\/sites\/74\/2016\/10\/36728464_1757316527727105_7918963741478092800_n-300x225.jpg","datePublished":"2016-10-28T11:34:47+00:00","dateModified":"2026-03-24T19:43:11+00:00","breadcrumb":{"@id":"https:\/\/weltlaeden.de\/viernheim\/produkte\/#breadcrumb"},"inLanguage":"de","potentialAction":[{"@type":"ReadAction","target":["https:\/\/weltlaeden.de\/viernheim\/produkte\/"]}]},{"@type":"ImageObject","inLanguage":"de","@id":"https:\/\/weltlaeden.de\/viernheim\/produkte\/#primaryimage","url":"https:\/\/weltlaeden.de\/viernheim\/wp-content\/uploads\/sites\/74\/2016\/10\/36728464_1757316527727105_7918963741478092800_n.jpg","contentUrl":"https:\/\/weltlaeden.de\/viernheim\/wp-content\/uploads\/sites\/74\/2016\/10\/36728464_1757316527727105_7918963741478092800_n.jpg","width":960,"height":720},{"@type":"BreadcrumbList","@id":"https:\/\/weltlaeden.de\/viernheim\/produkte\/#breadcrumb","itemListElement":[{"@type":"ListItem","position":1,"name":"Startseite","item":"https:\/\/weltlaeden.de\/viernheim\/"},{"@type":"ListItem","position":2,"name":"Produkte"}]},{"@type":"WebSite","@id":"https:\/\/weltlaeden.de\/viernheim\/#website","url":"https:\/\/weltlaeden.de\/viernheim\/","name":"Weltladen Viernheim","description":"Faire Produkte seit 1990","potentialAction":[{"@type":"SearchAction","target":{"@type":"EntryPoint","urlTemplate":"https:\/\/weltlaeden.de\/viernheim\/?s={search_term_string}"},"query-input":{"@type":"PropertyValueSpecification","valueRequired":true,"valueName":"search_term_string"}}],"inLanguage":"de"}]}},"_links":{"self":[{"href":"https:\/\/weltlaeden.de\/viernheim\/wp-json\/wp\/v2\/pages\/217","targetHints":{"allow":["GET"]}}],"collection":[{"href":"https:\/\/weltlaeden.de\/viernheim\/wp-json\/wp\/v2\/pages"}],"about":[{"href":"https:\/\/weltlaeden.de\/viernheim\/wp-json\/wp\/v2\/types\/page"}],"author":[{"embeddable":true,"href":"https:\/\/weltlaeden.de\/viernheim\/wp-json\/wp\/v2\/users\/1"}],"replies":[{"embeddable":true,"href":"https:\/\/weltlaeden.de\/viernheim\/wp-json\/wp\/v2\/comments?post=217"}],"version-history":[{"count":12,"href":"https:\/\/weltlaeden.de\/viernheim\/wp-json\/wp\/v2\/pages\/217\/revisions"}],"predecessor-version":[{"id":479,"href":"https:\/\/weltlaeden.de\/viernheim\/wp-json\/wp\/v2\/pages\/217\/revisions\/479"}],"wp:attachment":[{"href":"https:\/\/weltlaeden.de\/viernheim\/wp-json\/wp\/v2\/media?parent=217"}],"curies":[{"name":"wp","href":"https:\/\/api.w.org\/{rel}","templated":true}]}}