{"id":1168,"date":"2023-05-26T10:53:52","date_gmt":"2023-05-26T08:53:52","guid":{"rendered":"https:\/\/weltlaeden.de\/stuttgart-fairost\/fairost\/slider\/kaffeeregal\/"},"modified":"2023-05-26T11:12:42","modified_gmt":"2023-05-26T09:12:42","slug":"kaffeeregal","status":"publish","type":"page","link":"https:\/\/weltlaeden.de\/stuttgart-fairost\/fairost\/slider\/kaffeeregal\/","title":{"rendered":"Kaffee aus aller Welt &#8211; lecker und fair!"},"content":{"rendered":"<p><img loading=\"lazy\" decoding=\"async\" class=\" wp-image-1172 alignleft\" src=\"https:\/\/weltlaeden.de\/stuttgart-fairost\/wp-content\/uploads\/sites\/133\/2023\/05\/Kaffee-mit-Regal-300x233.png\" alt=\"Kaffeetassen vor Kaffeeregal\" width=\"447\" height=\"347\" srcset=\"https:\/\/weltlaeden.de\/stuttgart-fairost\/wp-content\/uploads\/sites\/133\/2023\/05\/Kaffee-mit-Regal-300x233.png 300w, https:\/\/weltlaeden.de\/stuttgart-fairost\/wp-content\/uploads\/sites\/133\/2023\/05\/Kaffee-mit-Regal-768x597.png 768w, https:\/\/weltlaeden.de\/stuttgart-fairost\/wp-content\/uploads\/sites\/133\/2023\/05\/Kaffee-mit-Regal.png 800w\" sizes=\"auto, (max-width: 447px) 100vw, 447px\" \/><\/p>\n<p>Im Weltladen gibt es viele verschiedene fair hergestellte Produkte. Eines von ihnen ist zum Beispiel fair hergestellter Kaffee. Aber was ist fairer Kaffee eigentlich? Wenn Kaffee fair hergestellt ist, werden die Menschen, die den Kaffee anbauen und verarbeiten, nicht ausgebeutet und sie arbeiten unter menschenw\u00fcrdigen Verh\u00e4ltnissen. Au\u00dferdem ist fairer Kaffee \u00f6kologischer hergestellt und besser f\u00fcr die Umwelt. Der Gro\u00dfteil des fairen Kaffees kommt aus Peru, Honduras, Kolumbien und Brasilien. Kaffee war eines der ersten landwirtschaftlichen Produkte, die im Fairen Handel angeboten wurden. Im Jahre 2022 wurden in Deutschland rund 24.000 Tonnen fair gehandelter Kaffee verkauft.<\/p>\n<p>Hier im Weltladen gibt es viele Kaffeesorten aus der ganzen Welt und von vielen verschiedenen Herstellern. Unser Kaffee kommt aus vielen unterschiedlichen L\u00e4ndern wie Mexiko, Peru oder Nicaragua. Gro\u00dfe internationale H\u00e4ndler sind zum Beispiel GEPA und Welt Partner. Man kann aber auch lokale H\u00e4ndler unterst\u00fctzen, wie die R\u00f6sterei Laufenm\u00fchle, die ihren fairen Kaffee aus Santos und Neuguinea erh\u00e4lt. Hier bei uns im Laden k\u00f6nnt ihr sogar unseren eigenen Fair-Ost-Kaffee kaufen.<\/p>\n<p>Der Fair-Ost-Kaffee mit dem Logo des Gaskessels auf der Verpackung stammt aus Burundi. Drei Kooperativen bauen dort hochwertigen Arabica-Bio-Kaffee an. Der Kaffee aus schonender Langzeitr\u00f6stung ist f\u00fcr alle g\u00e4ngigen Zubereitungsarten geeignet. Mit dem Kauf werden Kleinbauernfamilien und demokratische Strukturen der Kaffee-Genossenschaften unterst\u00fctzt.<\/p>\n<p>(Text von Vera Zedler, Sch\u00fclerpraktikantin)<\/p>\n","protected":false},"excerpt":{"rendered":"<p>Im Weltladen gibt es viele verschiedene fair hergestellte Produkte. Eines von ihnen ist zum Beispiel fair hergestellter Kaffee. Aber was ist fairer Kaffee eigentlich? Wenn Kaffee fair hergestellt ist, werden die Menschen, die den Kaffee anbauen und verarbeiten, nicht ausgebeutet und sie arbeiten unter menschenw\u00fcrdigen Verh\u00e4ltnissen. Au\u00dferdem ist fairer Kaffee \u00f6kologischer hergestellt und besser f\u00fcr&hellip;<\/p>\n","protected":false},"author":195,"featured_media":1172,"parent":493,"menu_order":16,"comment_status":"closed","ping_status":"closed","template":"","meta":{"footnotes":""},"class_list":["post-1168","page","type-page","status-publish","has-post-thumbnail","hentry","description-off"],"yoast_head":"<!-- This site is optimized with the Yoast SEO plugin v26.8 - https:\/\/yoast.com\/product\/yoast-seo-wordpress\/ -->\n<title>Kaffee aus aller Welt - lecker und fair! - Fairost Stuttgart<\/title>\n<meta name=\"robots\" content=\"index, follow, max-snippet:-1, max-image-preview:large, max-video-preview:-1\" \/>\n<link rel=\"canonical\" href=\"https:\/\/weltlaeden.de\/stuttgart-fairost\/fairost\/slider\/kaffeeregal\/\" \/>\n<meta property=\"og:locale\" content=\"de_DE\" \/>\n<meta property=\"og:type\" content=\"article\" \/>\n<meta property=\"og:title\" content=\"Kaffee aus aller Welt - lecker und fair! - Fairost Stuttgart\" \/>\n<meta property=\"og:description\" content=\"Im Weltladen gibt es viele verschiedene fair hergestellte Produkte. Eines von ihnen ist zum Beispiel fair hergestellter Kaffee. Aber was ist fairer Kaffee eigentlich? Wenn Kaffee fair hergestellt ist, werden die Menschen, die den Kaffee anbauen und verarbeiten, nicht ausgebeutet und sie arbeiten unter menschenw\u00fcrdigen Verh\u00e4ltnissen. Au\u00dferdem ist fairer Kaffee \u00f6kologischer hergestellt und besser f\u00fcr&hellip;\" \/>\n<meta property=\"og:url\" content=\"https:\/\/weltlaeden.de\/stuttgart-fairost\/fairost\/slider\/kaffeeregal\/\" \/>\n<meta property=\"og:site_name\" content=\"Fairost Stuttgart\" \/>\n<meta property=\"article:modified_time\" content=\"2023-05-26T09:12:42+00:00\" \/>\n<meta property=\"og:image\" content=\"https:\/\/weltlaeden.de\/stuttgart-fairost\/wp-content\/uploads\/sites\/133\/2023\/05\/Kaffee-mit-Regal.png\" \/>\n\t<meta property=\"og:image:width\" content=\"800\" \/>\n\t<meta property=\"og:image:height\" content=\"622\" \/>\n\t<meta property=\"og:image:type\" content=\"image\/png\" \/>\n<meta name=\"twitter:card\" content=\"summary_large_image\" \/>\n<meta name=\"twitter:label1\" content=\"Gesch\u00e4tzte Lesezeit\" \/>\n\t<meta name=\"twitter:data1\" content=\"2\u00a0Minuten\" \/>\n<script type=\"application\/ld+json\" class=\"yoast-schema-graph\">{\"@context\":\"https:\/\/schema.org\",\"@graph\":[{\"@type\":\"WebPage\",\"@id\":\"https:\/\/weltlaeden.de\/stuttgart-fairost\/fairost\/slider\/kaffeeregal\/\",\"url\":\"https:\/\/weltlaeden.de\/stuttgart-fairost\/fairost\/slider\/kaffeeregal\/\",\"name\":\"Kaffee aus aller Welt - lecker und fair! - Fairost Stuttgart\",\"isPartOf\":{\"@id\":\"https:\/\/weltlaeden.de\/stuttgart-fairost\/#website\"},\"primaryImageOfPage\":{\"@id\":\"https:\/\/weltlaeden.de\/stuttgart-fairost\/fairost\/slider\/kaffeeregal\/#primaryimage\"},\"image\":{\"@id\":\"https:\/\/weltlaeden.de\/stuttgart-fairost\/fairost\/slider\/kaffeeregal\/#primaryimage\"},\"thumbnailUrl\":\"https:\/\/weltlaeden.de\/stuttgart-fairost\/wp-content\/uploads\/sites\/133\/2023\/05\/Kaffee-mit-Regal.png\",\"datePublished\":\"2023-05-26T08:53:52+00:00\",\"dateModified\":\"2023-05-26T09:12:42+00:00\",\"breadcrumb\":{\"@id\":\"https:\/\/weltlaeden.de\/stuttgart-fairost\/fairost\/slider\/kaffeeregal\/#breadcrumb\"},\"inLanguage\":\"de\",\"potentialAction\":[{\"@type\":\"ReadAction\",\"target\":[\"https:\/\/weltlaeden.de\/stuttgart-fairost\/fairost\/slider\/kaffeeregal\/\"]}]},{\"@type\":\"ImageObject\",\"inLanguage\":\"de\",\"@id\":\"https:\/\/weltlaeden.de\/stuttgart-fairost\/fairost\/slider\/kaffeeregal\/#primaryimage\",\"url\":\"https:\/\/weltlaeden.de\/stuttgart-fairost\/wp-content\/uploads\/sites\/133\/2023\/05\/Kaffee-mit-Regal.png\",\"contentUrl\":\"https:\/\/weltlaeden.de\/stuttgart-fairost\/wp-content\/uploads\/sites\/133\/2023\/05\/Kaffee-mit-Regal.png\",\"width\":800,\"height\":622,\"caption\":\"Kaffeetassen vor Kaffeeregal\"},{\"@type\":\"BreadcrumbList\",\"@id\":\"https:\/\/weltlaeden.de\/stuttgart-fairost\/fairost\/slider\/kaffeeregal\/#breadcrumb\",\"itemListElement\":[{\"@type\":\"ListItem\",\"position\":1,\"name\":\"Startseite\",\"item\":\"https:\/\/weltlaeden.de\/stuttgart-fairost\/\"},{\"@type\":\"ListItem\",\"position\":2,\"name\":\"Startseite\",\"item\":\"https:\/\/weltlaeden.de\/stuttgart-fairost\/\"},{\"@type\":\"ListItem\",\"position\":3,\"name\":\"slider\",\"item\":\"https:\/\/weltlaeden.de\/stuttgart-fairost\/fairost\/slider\/\"},{\"@type\":\"ListItem\",\"position\":4,\"name\":\"Kaffee aus aller Welt &#8211; lecker und fair!\"}]},{\"@type\":\"WebSite\",\"@id\":\"https:\/\/weltlaeden.de\/stuttgart-fairost\/#website\",\"url\":\"https:\/\/weltlaeden.de\/stuttgart-fairost\/\",\"name\":\"Vorlage\",\"description\":\"\",\"potentialAction\":[{\"@type\":\"SearchAction\",\"target\":{\"@type\":\"EntryPoint\",\"urlTemplate\":\"https:\/\/weltlaeden.de\/stuttgart-fairost\/?s={search_term_string}\"},\"query-input\":{\"@type\":\"PropertyValueSpecification\",\"valueRequired\":true,\"valueName\":\"search_term_string\"}}],\"inLanguage\":\"de\"}]}<\/script>\n<!-- \/ Yoast SEO plugin. -->","yoast_head_json":{"title":"Kaffee aus aller Welt - lecker und fair! - Fairost Stuttgart","robots":{"index":"index","follow":"follow","max-snippet":"max-snippet:-1","max-image-preview":"max-image-preview:large","max-video-preview":"max-video-preview:-1"},"canonical":"https:\/\/weltlaeden.de\/stuttgart-fairost\/fairost\/slider\/kaffeeregal\/","og_locale":"de_DE","og_type":"article","og_title":"Kaffee aus aller Welt - lecker und fair! - Fairost Stuttgart","og_description":"Im Weltladen gibt es viele verschiedene fair hergestellte Produkte. Eines von ihnen ist zum Beispiel fair hergestellter Kaffee. Aber was ist fairer Kaffee eigentlich? Wenn Kaffee fair hergestellt ist, werden die Menschen, die den Kaffee anbauen und verarbeiten, nicht ausgebeutet und sie arbeiten unter menschenw\u00fcrdigen Verh\u00e4ltnissen. Au\u00dferdem ist fairer Kaffee \u00f6kologischer hergestellt und besser f\u00fcr&hellip;","og_url":"https:\/\/weltlaeden.de\/stuttgart-fairost\/fairost\/slider\/kaffeeregal\/","og_site_name":"Fairost Stuttgart","article_modified_time":"2023-05-26T09:12:42+00:00","og_image":[{"width":800,"height":622,"url":"https:\/\/weltlaeden.de\/stuttgart-fairost\/wp-content\/uploads\/sites\/133\/2023\/05\/Kaffee-mit-Regal.png","type":"image\/png"}],"twitter_card":"summary_large_image","twitter_misc":{"Gesch\u00e4tzte Lesezeit":"2\u00a0Minuten"},"schema":{"@context":"https:\/\/schema.org","@graph":[{"@type":"WebPage","@id":"https:\/\/weltlaeden.de\/stuttgart-fairost\/fairost\/slider\/kaffeeregal\/","url":"https:\/\/weltlaeden.de\/stuttgart-fairost\/fairost\/slider\/kaffeeregal\/","name":"Kaffee aus aller Welt - lecker und fair! - Fairost Stuttgart","isPartOf":{"@id":"https:\/\/weltlaeden.de\/stuttgart-fairost\/#website"},"primaryImageOfPage":{"@id":"https:\/\/weltlaeden.de\/stuttgart-fairost\/fairost\/slider\/kaffeeregal\/#primaryimage"},"image":{"@id":"https:\/\/weltlaeden.de\/stuttgart-fairost\/fairost\/slider\/kaffeeregal\/#primaryimage"},"thumbnailUrl":"https:\/\/weltlaeden.de\/stuttgart-fairost\/wp-content\/uploads\/sites\/133\/2023\/05\/Kaffee-mit-Regal.png","datePublished":"2023-05-26T08:53:52+00:00","dateModified":"2023-05-26T09:12:42+00:00","breadcrumb":{"@id":"https:\/\/weltlaeden.de\/stuttgart-fairost\/fairost\/slider\/kaffeeregal\/#breadcrumb"},"inLanguage":"de","potentialAction":[{"@type":"ReadAction","target":["https:\/\/weltlaeden.de\/stuttgart-fairost\/fairost\/slider\/kaffeeregal\/"]}]},{"@type":"ImageObject","inLanguage":"de","@id":"https:\/\/weltlaeden.de\/stuttgart-fairost\/fairost\/slider\/kaffeeregal\/#primaryimage","url":"https:\/\/weltlaeden.de\/stuttgart-fairost\/wp-content\/uploads\/sites\/133\/2023\/05\/Kaffee-mit-Regal.png","contentUrl":"https:\/\/weltlaeden.de\/stuttgart-fairost\/wp-content\/uploads\/sites\/133\/2023\/05\/Kaffee-mit-Regal.png","width":800,"height":622,"caption":"Kaffeetassen vor Kaffeeregal"},{"@type":"BreadcrumbList","@id":"https:\/\/weltlaeden.de\/stuttgart-fairost\/fairost\/slider\/kaffeeregal\/#breadcrumb","itemListElement":[{"@type":"ListItem","position":1,"name":"Startseite","item":"https:\/\/weltlaeden.de\/stuttgart-fairost\/"},{"@type":"ListItem","position":2,"name":"Startseite","item":"https:\/\/weltlaeden.de\/stuttgart-fairost\/"},{"@type":"ListItem","position":3,"name":"slider","item":"https:\/\/weltlaeden.de\/stuttgart-fairost\/fairost\/slider\/"},{"@type":"ListItem","position":4,"name":"Kaffee aus aller Welt &#8211; lecker und fair!"}]},{"@type":"WebSite","@id":"https:\/\/weltlaeden.de\/stuttgart-fairost\/#website","url":"https:\/\/weltlaeden.de\/stuttgart-fairost\/","name":"Vorlage","description":"","potentialAction":[{"@type":"SearchAction","target":{"@type":"EntryPoint","urlTemplate":"https:\/\/weltlaeden.de\/stuttgart-fairost\/?s={search_term_string}"},"query-input":{"@type":"PropertyValueSpecification","valueRequired":true,"valueName":"search_term_string"}}],"inLanguage":"de"}]}},"_links":{"self":[{"href":"https:\/\/weltlaeden.de\/stuttgart-fairost\/wp-json\/wp\/v2\/pages\/1168","targetHints":{"allow":["GET"]}}],"collection":[{"href":"https:\/\/weltlaeden.de\/stuttgart-fairost\/wp-json\/wp\/v2\/pages"}],"about":[{"href":"https:\/\/weltlaeden.de\/stuttgart-fairost\/wp-json\/wp\/v2\/types\/page"}],"author":[{"embeddable":true,"href":"https:\/\/weltlaeden.de\/stuttgart-fairost\/wp-json\/wp\/v2\/users\/195"}],"replies":[{"embeddable":true,"href":"https:\/\/weltlaeden.de\/stuttgart-fairost\/wp-json\/wp\/v2\/comments?post=1168"}],"version-history":[{"count":6,"href":"https:\/\/weltlaeden.de\/stuttgart-fairost\/wp-json\/wp\/v2\/pages\/1168\/revisions"}],"predecessor-version":[{"id":1175,"href":"https:\/\/weltlaeden.de\/stuttgart-fairost\/wp-json\/wp\/v2\/pages\/1168\/revisions\/1175"}],"up":[{"embeddable":true,"href":"https:\/\/weltlaeden.de\/stuttgart-fairost\/wp-json\/wp\/v2\/pages\/493"}],"wp:featuredmedia":[{"embeddable":true,"href":"https:\/\/weltlaeden.de\/stuttgart-fairost\/wp-json\/wp\/v2\/media\/1172"}],"wp:attachment":[{"href":"https:\/\/weltlaeden.de\/stuttgart-fairost\/wp-json\/wp\/v2\/media?parent=1168"}],"curies":[{"name":"wp","href":"https:\/\/api.w.org\/{rel}","templated":true}]}}