{"id":515,"date":"2019-02-27T18:54:57","date_gmt":"2019-02-27T17:54:57","guid":{"rendered":"https:\/\/weltlaeden.de\/stadthagen\/?page_id=515"},"modified":"2021-01-12T15:44:18","modified_gmt":"2021-01-12T14:44:18","slug":"arbeitskreis","status":"publish","type":"page","link":"https:\/\/weltlaeden.de\/stadthagen\/arbeitskreis\/","title":{"rendered":"Arbeitskreis"},"content":{"rendered":"<div class=\"wpb-content-wrapper\"><p>[vc_row][vc_column]<div class=\"wl_einzelbild\"><p><\/p><\/div>[vc_column_text]<\/p>\n<h2>Arbeitskreis f\u00fcr faires Miteinander, Kooperation &amp; Gerechtigkeit in der Welt e.V.<\/h2>\n<p>[\/vc_column_text][\/vc_column][\/vc_row][vc_row][vc_column][vc_column_text]Noch nie geh\u00f6rt von diesem Arbeitskreis?<\/p>\n<p>Dabei gibt es ihn schon so lange wie den Weltladen. Denn, wie funktioniert eigentlich so ein Weltladen ohne Eigent\u00fcmer? Das geht &#8211; aber nur, weil es den Arbeitskreis gibt.<\/p>\n<p>Ziel des Arbeitskreises ist es, auf Schwierigkeiten der sogenannten Entwicklungsl\u00e4nder aufmerksam zu machen und mitzuhelfen, diese abzubauen. Einen Umgang mit anderen L\u00e4ndern, der auf gegenseitigem Verst\u00e4ndnis basiert, f\u00f6rdert der Arbeitskreis durch Informationsarbeit und nat\u00fcrlich den Weltladen, der die Grunds\u00e4tze eines Fairen Handels in die Praxis umsetzt.<\/p>\n<p>Wenn Sie Freude am Organisieren haben, dann k\u00f6nnen Sie im Arbeitskreis aktiv werden! Die Aktiven, die sich um den Vorstand konzentrieren, sorgen daf\u00fcr, dass der Faire Handel in Stadthagen und Umgebung immer mehr Gewicht bekommt und die Grundlagen f\u00fcr den Weltladen erhalten bleiben.<\/p>\n<p>Mitglied werden kann jede\/r, der diese Ziele unterst\u00fctzt. Der Beitrag betr\u00e4gt mindestens 15 Euro im Jahr. Informationen nat\u00fcrlich im Weltladen. Bei Interesse wenden Sie sich an unseren Vorstandsvorsitzenden Johannes Well \u2013 Kunze unter der E-Mail:<br \/>\n<em>ak-weltladen@gmx.de<\/em><\/p>\n<p>Wir sprechen gerne mit Ihnen \u00fcber die verschiedenen, auch zeitlich variablen, M\u00f6glichkeiten, mitzuarbeiten und so den Fairen Handel zu unterst\u00fctzen.<\/p>\n<p style=\"text-align: center\"><strong>Wir freuen uns auf Sie!<\/strong><\/p>\n<p style=\"text-align: center\"><strong>Ihr Vorstandsteam<\/strong><\/p>\n<p>[\/vc_column_text][\/vc_column][\/vc_row]<\/p>\n<\/div>","protected":false},"excerpt":{"rendered":"<p>[vc_row][vc_column][vc_column_text] Arbeitskreis f\u00fcr faires Miteinander, Kooperation &amp; Gerechtigkeit in der Welt e.V. [\/vc_column_text][\/vc_column][\/vc_row][vc_row][vc_column][vc_column_text]Noch nie geh\u00f6rt von diesem Arbeitskreis? Dabei gibt es ihn schon so lange wie den Weltladen. Denn, wie funktioniert eigentlich so ein Weltladen ohne Eigent\u00fcmer? Das geht &#8211; aber nur, weil es den Arbeitskreis gibt. Ziel des Arbeitskreises ist es, auf Schwierigkeiten der&hellip;<\/p>\n","protected":false},"author":123,"featured_media":0,"parent":0,"menu_order":5,"comment_status":"closed","ping_status":"closed","template":"","meta":{"footnotes":""},"class_list":["post-515","page","type-page","status-publish","hentry","description-off"],"yoast_head":"<!-- This site is optimized with the Yoast SEO plugin v26.8 - https:\/\/yoast.com\/product\/yoast-seo-wordpress\/ -->\n<title>Arbeitskreis - Weltladen Stadthagen<\/title>\n<meta name=\"robots\" content=\"index, follow, max-snippet:-1, max-image-preview:large, max-video-preview:-1\" \/>\n<link rel=\"canonical\" href=\"https:\/\/weltlaeden.de\/stadthagen\/arbeitskreis\/\" \/>\n<meta property=\"og:locale\" content=\"de_DE\" \/>\n<meta property=\"og:type\" content=\"article\" \/>\n<meta property=\"og:title\" content=\"Arbeitskreis - Weltladen Stadthagen\" \/>\n<meta property=\"og:description\" content=\"[vc_row][vc_column][vc_column_text] Arbeitskreis f\u00fcr faires Miteinander, Kooperation &amp; Gerechtigkeit in der Welt e.V. [\/vc_column_text][\/vc_column][\/vc_row][vc_row][vc_column][vc_column_text]Noch nie geh\u00f6rt von diesem Arbeitskreis? Dabei gibt es ihn schon so lange wie den Weltladen. Denn, wie funktioniert eigentlich so ein Weltladen ohne Eigent\u00fcmer? Das geht &#8211; aber nur, weil es den Arbeitskreis gibt. Ziel des Arbeitskreises ist es, auf Schwierigkeiten der&hellip;\" \/>\n<meta property=\"og:url\" content=\"https:\/\/weltlaeden.de\/stadthagen\/arbeitskreis\/\" \/>\n<meta property=\"og:site_name\" content=\"Weltladen Stadthagen\" \/>\n<meta property=\"article:modified_time\" content=\"2021-01-12T14:44:18+00:00\" \/>\n<meta name=\"twitter:card\" content=\"summary_large_image\" \/>\n<meta name=\"twitter:label1\" content=\"Gesch\u00e4tzte Lesezeit\" \/>\n\t<meta name=\"twitter:data1\" content=\"1\u00a0Minute\" \/>\n<script type=\"application\/ld+json\" class=\"yoast-schema-graph\">{\"@context\":\"https:\/\/schema.org\",\"@graph\":[{\"@type\":\"WebPage\",\"@id\":\"https:\/\/weltlaeden.de\/stadthagen\/arbeitskreis\/\",\"url\":\"https:\/\/weltlaeden.de\/stadthagen\/arbeitskreis\/\",\"name\":\"Arbeitskreis - Weltladen Stadthagen\",\"isPartOf\":{\"@id\":\"https:\/\/weltlaeden.de\/stadthagen\/#website\"},\"datePublished\":\"2019-02-27T17:54:57+00:00\",\"dateModified\":\"2021-01-12T14:44:18+00:00\",\"breadcrumb\":{\"@id\":\"https:\/\/weltlaeden.de\/stadthagen\/arbeitskreis\/#breadcrumb\"},\"inLanguage\":\"de\",\"potentialAction\":[{\"@type\":\"ReadAction\",\"target\":[\"https:\/\/weltlaeden.de\/stadthagen\/arbeitskreis\/\"]}]},{\"@type\":\"BreadcrumbList\",\"@id\":\"https:\/\/weltlaeden.de\/stadthagen\/arbeitskreis\/#breadcrumb\",\"itemListElement\":[{\"@type\":\"ListItem\",\"position\":1,\"name\":\"Startseite\",\"item\":\"https:\/\/weltlaeden.de\/stadthagen\/\"},{\"@type\":\"ListItem\",\"position\":2,\"name\":\"Arbeitskreis\"}]},{\"@type\":\"WebSite\",\"@id\":\"https:\/\/weltlaeden.de\/stadthagen\/#website\",\"url\":\"https:\/\/weltlaeden.de\/stadthagen\/\",\"name\":\"Weltladen Stadthagen\",\"description\":\"Fairer Handel in Stadthagen seit 1987\",\"potentialAction\":[{\"@type\":\"SearchAction\",\"target\":{\"@type\":\"EntryPoint\",\"urlTemplate\":\"https:\/\/weltlaeden.de\/stadthagen\/?s={search_term_string}\"},\"query-input\":{\"@type\":\"PropertyValueSpecification\",\"valueRequired\":true,\"valueName\":\"search_term_string\"}}],\"inLanguage\":\"de\"}]}<\/script>\n<!-- \/ Yoast SEO plugin. -->","yoast_head_json":{"title":"Arbeitskreis - Weltladen Stadthagen","robots":{"index":"index","follow":"follow","max-snippet":"max-snippet:-1","max-image-preview":"max-image-preview:large","max-video-preview":"max-video-preview:-1"},"canonical":"https:\/\/weltlaeden.de\/stadthagen\/arbeitskreis\/","og_locale":"de_DE","og_type":"article","og_title":"Arbeitskreis - Weltladen Stadthagen","og_description":"[vc_row][vc_column][vc_column_text] Arbeitskreis f\u00fcr faires Miteinander, Kooperation &amp; Gerechtigkeit in der Welt e.V. [\/vc_column_text][\/vc_column][\/vc_row][vc_row][vc_column][vc_column_text]Noch nie geh\u00f6rt von diesem Arbeitskreis? Dabei gibt es ihn schon so lange wie den Weltladen. Denn, wie funktioniert eigentlich so ein Weltladen ohne Eigent\u00fcmer? Das geht &#8211; aber nur, weil es den Arbeitskreis gibt. Ziel des Arbeitskreises ist es, auf Schwierigkeiten der&hellip;","og_url":"https:\/\/weltlaeden.de\/stadthagen\/arbeitskreis\/","og_site_name":"Weltladen Stadthagen","article_modified_time":"2021-01-12T14:44:18+00:00","twitter_card":"summary_large_image","twitter_misc":{"Gesch\u00e4tzte Lesezeit":"1\u00a0Minute"},"schema":{"@context":"https:\/\/schema.org","@graph":[{"@type":"WebPage","@id":"https:\/\/weltlaeden.de\/stadthagen\/arbeitskreis\/","url":"https:\/\/weltlaeden.de\/stadthagen\/arbeitskreis\/","name":"Arbeitskreis - Weltladen Stadthagen","isPartOf":{"@id":"https:\/\/weltlaeden.de\/stadthagen\/#website"},"datePublished":"2019-02-27T17:54:57+00:00","dateModified":"2021-01-12T14:44:18+00:00","breadcrumb":{"@id":"https:\/\/weltlaeden.de\/stadthagen\/arbeitskreis\/#breadcrumb"},"inLanguage":"de","potentialAction":[{"@type":"ReadAction","target":["https:\/\/weltlaeden.de\/stadthagen\/arbeitskreis\/"]}]},{"@type":"BreadcrumbList","@id":"https:\/\/weltlaeden.de\/stadthagen\/arbeitskreis\/#breadcrumb","itemListElement":[{"@type":"ListItem","position":1,"name":"Startseite","item":"https:\/\/weltlaeden.de\/stadthagen\/"},{"@type":"ListItem","position":2,"name":"Arbeitskreis"}]},{"@type":"WebSite","@id":"https:\/\/weltlaeden.de\/stadthagen\/#website","url":"https:\/\/weltlaeden.de\/stadthagen\/","name":"Weltladen Stadthagen","description":"Fairer Handel in Stadthagen seit 1987","potentialAction":[{"@type":"SearchAction","target":{"@type":"EntryPoint","urlTemplate":"https:\/\/weltlaeden.de\/stadthagen\/?s={search_term_string}"},"query-input":{"@type":"PropertyValueSpecification","valueRequired":true,"valueName":"search_term_string"}}],"inLanguage":"de"}]}},"_links":{"self":[{"href":"https:\/\/weltlaeden.de\/stadthagen\/wp-json\/wp\/v2\/pages\/515","targetHints":{"allow":["GET"]}}],"collection":[{"href":"https:\/\/weltlaeden.de\/stadthagen\/wp-json\/wp\/v2\/pages"}],"about":[{"href":"https:\/\/weltlaeden.de\/stadthagen\/wp-json\/wp\/v2\/types\/page"}],"author":[{"embeddable":true,"href":"https:\/\/weltlaeden.de\/stadthagen\/wp-json\/wp\/v2\/users\/123"}],"replies":[{"embeddable":true,"href":"https:\/\/weltlaeden.de\/stadthagen\/wp-json\/wp\/v2\/comments?post=515"}],"version-history":[{"count":10,"href":"https:\/\/weltlaeden.de\/stadthagen\/wp-json\/wp\/v2\/pages\/515\/revisions"}],"predecessor-version":[{"id":732,"href":"https:\/\/weltlaeden.de\/stadthagen\/wp-json\/wp\/v2\/pages\/515\/revisions\/732"}],"wp:attachment":[{"href":"https:\/\/weltlaeden.de\/stadthagen\/wp-json\/wp\/v2\/media?parent=515"}],"curies":[{"name":"wp","href":"https:\/\/api.w.org\/{rel}","templated":true}]}}

<div class="wpb-content-wrapper"><p>[vc_row][vc_column]<div class="wl_einzelbild"><p></p></div>[vc_column_text]</p>
<h2>Arbeitskreis für faires Miteinander, Kooperation &amp; Gerechtigkeit in der Welt e.V.</h2>
<p>[/vc_column_text][/vc_column][/vc_row][vc_row][vc_column][vc_column_text]Noch nie gehört von diesem Arbeitskreis?</p>
<p>Dabei gibt es ihn schon so lange wie den Weltladen. Denn, wie funktioniert eigentlich so ein Weltladen ohne Eigentümer? Das geht &#8211; aber nur, weil es den Arbeitskreis gibt.</p>
<p>Ziel des Arbeitskreises ist es, auf Schwierigkeiten der sogenannten Entwicklungsländer aufmerksam zu machen und mitzuhelfen, diese abzubauen. Einen Umgang mit anderen Ländern, der auf gegenseitigem Verständnis basiert, fördert der Arbeitskreis durch Informationsarbeit und natürlich den Weltladen, der die Grundsätze eines Fairen Handels in die Praxis umsetzt.</p>
<p>Wenn Sie Freude am Organisieren haben, dann können Sie im Arbeitskreis aktiv werden! Die Aktiven, die sich um den Vorstand konzentrieren, sorgen dafür, dass der Faire Handel in Stadthagen und Umgebung immer mehr Gewicht bekommt und die Grundlagen für den Weltladen erhalten bleiben.</p>
<p>Mitglied werden kann jede/r, der diese Ziele unterstützt. Der Beitrag beträgt mindestens 15 Euro im Jahr. Informationen natürlich im Weltladen. Bei Interesse wenden Sie sich an unseren Vorstandsvorsitzenden Johannes Well – Kunze unter der E-Mail:<br />
<em>ak-weltladen@gmx.de</em></p>
<p>Wir sprechen gerne mit Ihnen über die verschiedenen, auch zeitlich variablen, Möglichkeiten, mitzuarbeiten und so den Fairen Handel zu unterstützen.</p>
<p style="text-align: center"><strong>Wir freuen uns auf Sie!</strong></p>
<p style="text-align: center"><strong>Ihr Vorstandsteam</strong></p>
<p>[/vc_column_text][/vc_column][/vc_row]</p>
</div>

<p>[vc_row][vc_column][vc_column_text] Arbeitskreis für faires Miteinander, Kooperation &amp; Gerechtigkeit in der Welt e.V. [/vc_column_text][/vc_column][/vc_row][vc_row][vc_column][vc_column_text]Noch nie gehört von diesem Arbeitskreis? Dabei gibt es ihn schon so lange wie den Weltladen. Denn, wie funktioniert eigentlich so ein Weltladen ohne Eigentümer? Das geht &#8211; aber nur, weil es den Arbeitskreis gibt. Ziel des Arbeitskreises ist es, auf Schwierigkeiten der&hellip;</p>

<!-- This site is optimized with the Yoast SEO plugin v26.8 - https://yoast.com/product/yoast-seo-wordpress/ -->
<title>Arbeitskreis - Weltladen Stadthagen</title>
<meta name="robots" content="index, follow, max-snippet:-1, max-image-preview:large, max-video-preview:-1" />
<link rel="canonical" href="https://weltlaeden.de/stadthagen/arbeitskreis/" />
<meta property="og:locale" content="de_DE" />
<meta property="og:type" content="article" />
<meta property="og:title" content="Arbeitskreis - Weltladen Stadthagen" />
<meta property="og:description" content="[vc_row][vc_column][vc_column_text] Arbeitskreis für faires Miteinander, Kooperation &amp; Gerechtigkeit in der Welt e.V. [/vc_column_text][/vc_column][/vc_row][vc_row][vc_column][vc_column_text]Noch nie gehört von diesem Arbeitskreis? Dabei gibt es ihn schon so lange wie den Weltladen. Denn, wie funktioniert eigentlich so ein Weltladen ohne Eigentümer? Das geht &#8211; aber nur, weil es den Arbeitskreis gibt. Ziel des Arbeitskreises ist es, auf Schwierigkeiten der&hellip;" />
<meta property="og:url" content="https://weltlaeden.de/stadthagen/arbeitskreis/" />
<meta property="og:site_name" content="Weltladen Stadthagen" />
<meta property="article:modified_time" content="2021-01-12T14:44:18+00:00" />
<meta name="twitter:card" content="summary_large_image" />
<meta name="twitter:label1" content="Geschätzte Lesezeit" />
	<meta name="twitter:data1" content="1 Minute" />
<script type="application/ld+json" class="yoast-schema-graph">{"@context":"https://schema.org","@graph":[{"@type":"WebPage","@id":"https://weltlaeden.de/stadthagen/arbeitskreis/","url":"https://weltlaeden.de/stadthagen/arbeitskreis/","name":"Arbeitskreis - Weltladen Stadthagen","isPartOf":{"@id":"https://weltlaeden.de/stadthagen/#website"},"datePublished":"2019-02-27T17:54:57+00:00","dateModified":"2021-01-12T14:44:18+00:00","breadcrumb":{"@id":"https://weltlaeden.de/stadthagen/arbeitskreis/#breadcrumb"},"inLanguage":"de","potentialAction":[{"@type":"ReadAction","target":["https://weltlaeden.de/stadthagen/arbeitskreis/"]}]},{"@type":"BreadcrumbList","@id":"https://weltlaeden.de/stadthagen/arbeitskreis/#breadcrumb","itemListElement":[{"@type":"ListItem","position":1,"name":"Startseite","item":"https://weltlaeden.de/stadthagen/"},{"@type":"ListItem","position":2,"name":"Arbeitskreis"}]},{"@type":"WebSite","@id":"https://weltlaeden.de/stadthagen/#website","url":"https://weltlaeden.de/stadthagen/","name":"Weltladen Stadthagen","description":"Fairer Handel in Stadthagen seit 1987","potentialAction":[{"@type":"SearchAction","target":{"@type":"EntryPoint","urlTemplate":"https://weltlaeden.de/stadthagen/?s={search_term_string}"},"query-input":{"@type":"PropertyValueSpecification","valueRequired":true,"valueName":"search_term_string"}}],"inLanguage":"de"}]}</script>
<!-- / Yoast SEO plugin. -->

[vc_row][vc_column][vc_column_text] Arbeitskreis für faires Miteinander, Kooperation &amp; Gerechtigkeit in der Welt e.V. [/vc_column_text][/vc_column][/vc_row][vc_row][vc_column][vc_column_text]Noch nie gehört von diesem Arbeitskreis? Dabei gibt es ihn schon so lange wie den Weltladen. Denn, wie funktioniert eigentlich so ein Weltladen ohne Eigentümer? Das geht &#8211; aber nur, weil es den Arbeitskreis gibt. Ziel des Arbeitskreises ist es, auf Schwierigkeiten der&hellip;
