{"id":1120,"date":"2022-10-15T13:58:49","date_gmt":"2022-10-15T11:58:49","guid":{"rendered":"https:\/\/weltlaeden.de\/stade\/?page_id=1120"},"modified":"2023-04-12T12:14:14","modified_gmt":"2023-04-12T10:14:14","slug":"orangen-suess-statt-bitter","status":"publish","type":"page","link":"https:\/\/weltlaeden.de\/stade\/orangen-suess-statt-bitter\/","title":{"rendered":"Orangen &#8222;s\u00fc\u00df statt bitter&#8220; 2022"},"content":{"rendered":"<p><strong><img loading=\"lazy\" decoding=\"async\" class=\" wp-image-1118 alignleft\" src=\"https:\/\/weltlaeden.de\/stade\/wp-content\/uploads\/sites\/104\/2022\/10\/Orange_rund-schwarz-300x300.jpg\" alt=\"\" width=\"175\" height=\"175\" srcset=\"https:\/\/weltlaeden.de\/stade\/wp-content\/uploads\/sites\/104\/2022\/10\/Orange_rund-schwarz-300x300.jpg 300w, https:\/\/weltlaeden.de\/stade\/wp-content\/uploads\/sites\/104\/2022\/10\/Orange_rund-schwarz-1024x1024.jpg 1024w, https:\/\/weltlaeden.de\/stade\/wp-content\/uploads\/sites\/104\/2022\/10\/Orange_rund-schwarz-150x150.jpg 150w, https:\/\/weltlaeden.de\/stade\/wp-content\/uploads\/sites\/104\/2022\/10\/Orange_rund-schwarz-768x768.jpg 768w, https:\/\/weltlaeden.de\/stade\/wp-content\/uploads\/sites\/104\/2022\/10\/Orange_rund-schwarz.jpg 1166w\" sizes=\"auto, (max-width: 175px) 100vw, 175px\" \/><\/strong><\/p>\n<h1><strong>Orangen ohne Gift und Sklaverei<\/strong><\/h1>\n<h1><strong>\u00a0<\/strong><\/h1>\n<p><strong>F\u00fcr 2022 ist die Aktion beendet &#8211; alle Orangen sind verkauft &#8211; das ist super &#8211; <\/strong><strong>2023 werden wir wieder eine Orangen-Aktion starten<\/strong><strong><br \/>\n<\/strong><\/p>\n<p>&nbsp;<\/p>\n<p>In Italien werden afrikanische Migranten ausgebeutet \u2013 meist von Kleinbauern, die selbst unter dem Preisdruck von Supermarktketten stehen. Sie m\u00fcssen ihre Orangen f\u00fcr einen Preis verkaufen, der kaum die Kosten f\u00fcr das Pfl\u00fccken abdeckt.<\/p>\n<p>Solche Orangen schmecken bitter.<\/p>\n<p>In Kalabrien entstand eine Keimzelle des Widerstands: Eine Gruppe von Aktivisten, Landwirten und Tagel\u00f6hnern gr\u00fcndete den Verein <strong>\u201eSOS Rosarno\u201c<\/strong>. Der Verein stellt den direkten Kontakt zwischen Bauern, Arbeitern und Einkaufsgemeinschaften her, ohne Zwischenhandel. So erhalten Arbeiter und Bauern einen fairen Preis und k\u00f6nnen in W\u00fcrde leben. Au\u00dferdem unterst\u00fctzen SOS Rosarno und wir durch den Verkauf das Projekt <strong>\u201eMediterranean Hope\u201c<\/strong> \u2013 ein Migranten- und Fl\u00fcchtlingsprogramm der F\u00f6deration ev. Kirchen in Italien. SOS Rosarno in Kalabrien zeigt, dass es anders geht.<\/p>\n<p>Weitere Infos erhaltet Ihr hier: <a href=\"https:\/\/eine-welt-gruppen.de\/orangen-aktion\/\"><strong>https:\/\/eine-welt-gruppen.de\/orangen-aktion\/<\/strong><\/a><\/p>\n<p>Der Weltladen Stade m\u00f6chte Orangen in Rosarno bestellen. <img loading=\"lazy\" decoding=\"async\" class=\"wp-image-1125 alignright\" src=\"https:\/\/weltlaeden.de\/stade\/wp-content\/uploads\/sites\/104\/2022\/10\/Logo_Rosarno.png\" alt=\"\" width=\"164\" height=\"164\" srcset=\"https:\/\/weltlaeden.de\/stade\/wp-content\/uploads\/sites\/104\/2022\/10\/Logo_Rosarno.png 288w, https:\/\/weltlaeden.de\/stade\/wp-content\/uploads\/sites\/104\/2022\/10\/Logo_Rosarno-150x150.png 150w\" sizes=\"auto, (max-width: 164px) 100vw, 164px\" \/><\/p>\n<ul>\n<li>10-kg-Kisten faire Orangen (ca. 50 St\u00fcck) Haltbarkeit ca. 14 Tage<\/li>\n<li>30 \u20ac\/Kiste gegen Vorkasse<\/li>\n<li>Abholung der Orangen durch Sie am vorgegebenen Ort<\/li>\n<li>Die <strong>Lieferung<\/strong> der Orangen ist f\u00fcr den <strong> November 2022 <\/strong>nach Mulsum geplant<\/li>\n<\/ul>\n<p>F\u00fcr die Vorweihnachtszeit, zum Verschenken, zum Verkaufen, f\u00fcr eure eigenen Aktions-Ideen \u2013 habt Ihr Lust, unsere Aktion zu unterst\u00fctzen?<\/p>\n<p>Susanne Decker-Michalek:\u00a0\u00a0\u00a0\u00a0\u00a0\u00a0\u00a0\u00a0 susanne.decker-michalek@evlka.de<\/p>\n<p>Marina Vollmann: \u00a0\u00a0\u00a0\u00a0\u00a0\u00a0\u00a0\u00a0\u00a0\u00a0\u00a0\u00a0\u00a0\u00a0\u00a0\u00a0\u00a0\u00a0\u00a0\u00a0 \u00a0 marivo.stade@hotmail.de, Tel. 04762-534<\/p>\n<p><img loading=\"lazy\" decoding=\"async\" class=\" wp-image-1124 aligncenter\" src=\"https:\/\/weltlaeden.de\/stade\/wp-content\/uploads\/sites\/104\/2022\/10\/Gruppenbild_Rosarno-300x108.jpg\" alt=\"\" width=\"470\" height=\"169\" srcset=\"https:\/\/weltlaeden.de\/stade\/wp-content\/uploads\/sites\/104\/2022\/10\/Gruppenbild_Rosarno-300x108.jpg 300w, https:\/\/weltlaeden.de\/stade\/wp-content\/uploads\/sites\/104\/2022\/10\/Gruppenbild_Rosarno-768x277.jpg 768w, https:\/\/weltlaeden.de\/stade\/wp-content\/uploads\/sites\/104\/2022\/10\/Gruppenbild_Rosarno.jpg 1018w\" sizes=\"auto, (max-width: 470px) 100vw, 470px\" \/><\/p>\n<p>&nbsp;<\/p>\n","protected":false},"excerpt":{"rendered":"<p>Orangen ohne Gift und Sklaverei \u00a0 F\u00fcr 2022 ist die Aktion beendet &#8211; alle Orangen sind verkauft &#8211; das ist super &#8211; 2023 werden wir wieder eine Orangen-Aktion starten &nbsp; In Italien werden afrikanische Migranten ausgebeutet \u2013 meist von Kleinbauern, die selbst unter dem Preisdruck von Supermarktketten stehen. Sie m\u00fcssen ihre Orangen f\u00fcr einen Preis&hellip;<\/p>\n","protected":false},"author":159,"featured_media":0,"parent":0,"menu_order":23,"comment_status":"closed","ping_status":"closed","template":"","meta":{"footnotes":""},"class_list":["post-1120","page","type-page","status-publish","hentry","description-off"],"yoast_head":"<!-- This site is optimized with the Yoast SEO plugin v26.8 - https:\/\/yoast.com\/product\/yoast-seo-wordpress\/ -->\n<title>Orangen &quot;s\u00fc\u00df statt bitter&quot; 2022 - Weltgruppe Stade<\/title>\n<meta name=\"robots\" content=\"index, follow, max-snippet:-1, max-image-preview:large, max-video-preview:-1\" \/>\n<link rel=\"canonical\" href=\"https:\/\/weltlaeden.de\/stade\/orangen-suess-statt-bitter\/\" \/>\n<meta property=\"og:locale\" content=\"de_DE\" \/>\n<meta property=\"og:type\" content=\"article\" \/>\n<meta property=\"og:title\" content=\"Orangen &quot;s\u00fc\u00df statt bitter&quot; 2022 - Weltgruppe Stade\" \/>\n<meta property=\"og:description\" content=\"Orangen ohne Gift und Sklaverei \u00a0 F\u00fcr 2022 ist die Aktion beendet &#8211; alle Orangen sind verkauft &#8211; das ist super &#8211; 2023 werden wir wieder eine Orangen-Aktion starten &nbsp; In Italien werden afrikanische Migranten ausgebeutet \u2013 meist von Kleinbauern, die selbst unter dem Preisdruck von Supermarktketten stehen. Sie m\u00fcssen ihre Orangen f\u00fcr einen Preis&hellip;\" \/>\n<meta property=\"og:url\" content=\"https:\/\/weltlaeden.de\/stade\/orangen-suess-statt-bitter\/\" \/>\n<meta property=\"og:site_name\" content=\"Weltgruppe Stade\" \/>\n<meta property=\"article:modified_time\" content=\"2023-04-12T10:14:14+00:00\" \/>\n<meta property=\"og:image\" content=\"https:\/\/weltlaeden.de\/stade\/wp-content\/uploads\/sites\/104\/2022\/10\/Orange_rund-schwarz-300x300.jpg\" \/>\n<meta name=\"twitter:card\" content=\"summary_large_image\" \/>\n<meta name=\"twitter:label1\" content=\"Gesch\u00e4tzte Lesezeit\" \/>\n\t<meta name=\"twitter:data1\" content=\"2\u00a0Minuten\" \/>\n<script type=\"application\/ld+json\" class=\"yoast-schema-graph\">{\"@context\":\"https:\/\/schema.org\",\"@graph\":[{\"@type\":\"WebPage\",\"@id\":\"https:\/\/weltlaeden.de\/stade\/orangen-suess-statt-bitter\/\",\"url\":\"https:\/\/weltlaeden.de\/stade\/orangen-suess-statt-bitter\/\",\"name\":\"Orangen \\\"s\u00fc\u00df statt bitter\\\" 2022 - Weltgruppe Stade\",\"isPartOf\":{\"@id\":\"https:\/\/weltlaeden.de\/stade\/#website\"},\"primaryImageOfPage\":{\"@id\":\"https:\/\/weltlaeden.de\/stade\/orangen-suess-statt-bitter\/#primaryimage\"},\"image\":{\"@id\":\"https:\/\/weltlaeden.de\/stade\/orangen-suess-statt-bitter\/#primaryimage\"},\"thumbnailUrl\":\"https:\/\/weltlaeden.de\/stade\/wp-content\/uploads\/sites\/104\/2022\/10\/Orange_rund-schwarz-300x300.jpg\",\"datePublished\":\"2022-10-15T11:58:49+00:00\",\"dateModified\":\"2023-04-12T10:14:14+00:00\",\"breadcrumb\":{\"@id\":\"https:\/\/weltlaeden.de\/stade\/orangen-suess-statt-bitter\/#breadcrumb\"},\"inLanguage\":\"de\",\"potentialAction\":[{\"@type\":\"ReadAction\",\"target\":[\"https:\/\/weltlaeden.de\/stade\/orangen-suess-statt-bitter\/\"]}]},{\"@type\":\"ImageObject\",\"inLanguage\":\"de\",\"@id\":\"https:\/\/weltlaeden.de\/stade\/orangen-suess-statt-bitter\/#primaryimage\",\"url\":\"https:\/\/weltlaeden.de\/stade\/wp-content\/uploads\/sites\/104\/2022\/10\/Orange_rund-schwarz.jpg\",\"contentUrl\":\"https:\/\/weltlaeden.de\/stade\/wp-content\/uploads\/sites\/104\/2022\/10\/Orange_rund-schwarz.jpg\",\"width\":1166,\"height\":1166},{\"@type\":\"BreadcrumbList\",\"@id\":\"https:\/\/weltlaeden.de\/stade\/orangen-suess-statt-bitter\/#breadcrumb\",\"itemListElement\":[{\"@type\":\"ListItem\",\"position\":1,\"name\":\"Startseite\",\"item\":\"https:\/\/weltlaeden.de\/stade\/\"},{\"@type\":\"ListItem\",\"position\":2,\"name\":\"Orangen &#8222;s\u00fc\u00df statt bitter&#8220; 2022\"}]},{\"@type\":\"WebSite\",\"@id\":\"https:\/\/weltlaeden.de\/stade\/#website\",\"url\":\"https:\/\/weltlaeden.de\/stade\/\",\"name\":\"Weltgruppe Stade\",\"description\":\"Ihr Weltladen-Angebot in Stade\",\"potentialAction\":[{\"@type\":\"SearchAction\",\"target\":{\"@type\":\"EntryPoint\",\"urlTemplate\":\"https:\/\/weltlaeden.de\/stade\/?s={search_term_string}\"},\"query-input\":{\"@type\":\"PropertyValueSpecification\",\"valueRequired\":true,\"valueName\":\"search_term_string\"}}],\"inLanguage\":\"de\"}]}<\/script>\n<!-- \/ Yoast SEO plugin. -->","yoast_head_json":{"title":"Orangen \"s\u00fc\u00df statt bitter\" 2022 - Weltgruppe Stade","robots":{"index":"index","follow":"follow","max-snippet":"max-snippet:-1","max-image-preview":"max-image-preview:large","max-video-preview":"max-video-preview:-1"},"canonical":"https:\/\/weltlaeden.de\/stade\/orangen-suess-statt-bitter\/","og_locale":"de_DE","og_type":"article","og_title":"Orangen \"s\u00fc\u00df statt bitter\" 2022 - Weltgruppe Stade","og_description":"Orangen ohne Gift und Sklaverei \u00a0 F\u00fcr 2022 ist die Aktion beendet &#8211; alle Orangen sind verkauft &#8211; das ist super &#8211; 2023 werden wir wieder eine Orangen-Aktion starten &nbsp; In Italien werden afrikanische Migranten ausgebeutet \u2013 meist von Kleinbauern, die selbst unter dem Preisdruck von Supermarktketten stehen. Sie m\u00fcssen ihre Orangen f\u00fcr einen Preis&hellip;","og_url":"https:\/\/weltlaeden.de\/stade\/orangen-suess-statt-bitter\/","og_site_name":"Weltgruppe Stade","article_modified_time":"2023-04-12T10:14:14+00:00","og_image":[{"url":"https:\/\/weltlaeden.de\/stade\/wp-content\/uploads\/sites\/104\/2022\/10\/Orange_rund-schwarz-300x300.jpg","type":"","width":"","height":""}],"twitter_card":"summary_large_image","twitter_misc":{"Gesch\u00e4tzte Lesezeit":"2\u00a0Minuten"},"schema":{"@context":"https:\/\/schema.org","@graph":[{"@type":"WebPage","@id":"https:\/\/weltlaeden.de\/stade\/orangen-suess-statt-bitter\/","url":"https:\/\/weltlaeden.de\/stade\/orangen-suess-statt-bitter\/","name":"Orangen \"s\u00fc\u00df statt bitter\" 2022 - Weltgruppe Stade","isPartOf":{"@id":"https:\/\/weltlaeden.de\/stade\/#website"},"primaryImageOfPage":{"@id":"https:\/\/weltlaeden.de\/stade\/orangen-suess-statt-bitter\/#primaryimage"},"image":{"@id":"https:\/\/weltlaeden.de\/stade\/orangen-suess-statt-bitter\/#primaryimage"},"thumbnailUrl":"https:\/\/weltlaeden.de\/stade\/wp-content\/uploads\/sites\/104\/2022\/10\/Orange_rund-schwarz-300x300.jpg","datePublished":"2022-10-15T11:58:49+00:00","dateModified":"2023-04-12T10:14:14+00:00","breadcrumb":{"@id":"https:\/\/weltlaeden.de\/stade\/orangen-suess-statt-bitter\/#breadcrumb"},"inLanguage":"de","potentialAction":[{"@type":"ReadAction","target":["https:\/\/weltlaeden.de\/stade\/orangen-suess-statt-bitter\/"]}]},{"@type":"ImageObject","inLanguage":"de","@id":"https:\/\/weltlaeden.de\/stade\/orangen-suess-statt-bitter\/#primaryimage","url":"https:\/\/weltlaeden.de\/stade\/wp-content\/uploads\/sites\/104\/2022\/10\/Orange_rund-schwarz.jpg","contentUrl":"https:\/\/weltlaeden.de\/stade\/wp-content\/uploads\/sites\/104\/2022\/10\/Orange_rund-schwarz.jpg","width":1166,"height":1166},{"@type":"BreadcrumbList","@id":"https:\/\/weltlaeden.de\/stade\/orangen-suess-statt-bitter\/#breadcrumb","itemListElement":[{"@type":"ListItem","position":1,"name":"Startseite","item":"https:\/\/weltlaeden.de\/stade\/"},{"@type":"ListItem","position":2,"name":"Orangen &#8222;s\u00fc\u00df statt bitter&#8220; 2022"}]},{"@type":"WebSite","@id":"https:\/\/weltlaeden.de\/stade\/#website","url":"https:\/\/weltlaeden.de\/stade\/","name":"Weltgruppe Stade","description":"Ihr Weltladen-Angebot in Stade","potentialAction":[{"@type":"SearchAction","target":{"@type":"EntryPoint","urlTemplate":"https:\/\/weltlaeden.de\/stade\/?s={search_term_string}"},"query-input":{"@type":"PropertyValueSpecification","valueRequired":true,"valueName":"search_term_string"}}],"inLanguage":"de"}]}},"_links":{"self":[{"href":"https:\/\/weltlaeden.de\/stade\/wp-json\/wp\/v2\/pages\/1120","targetHints":{"allow":["GET"]}}],"collection":[{"href":"https:\/\/weltlaeden.de\/stade\/wp-json\/wp\/v2\/pages"}],"about":[{"href":"https:\/\/weltlaeden.de\/stade\/wp-json\/wp\/v2\/types\/page"}],"author":[{"embeddable":true,"href":"https:\/\/weltlaeden.de\/stade\/wp-json\/wp\/v2\/users\/159"}],"replies":[{"embeddable":true,"href":"https:\/\/weltlaeden.de\/stade\/wp-json\/wp\/v2\/comments?post=1120"}],"version-history":[{"count":9,"href":"https:\/\/weltlaeden.de\/stade\/wp-json\/wp\/v2\/pages\/1120\/revisions"}],"predecessor-version":[{"id":1271,"href":"https:\/\/weltlaeden.de\/stade\/wp-json\/wp\/v2\/pages\/1120\/revisions\/1271"}],"wp:attachment":[{"href":"https:\/\/weltlaeden.de\/stade\/wp-json\/wp\/v2\/media?parent=1120"}],"curies":[{"name":"wp","href":"https:\/\/api.w.org\/{rel}","templated":true}]}}