{"id":779,"date":"2025-01-20T11:28:06","date_gmt":"2025-01-20T10:28:02","guid":{"rendered":"https:\/\/weltlaeden.de\/sophiefair\/?page_id=779"},"modified":"2025-01-24T10:29:30","modified_gmt":"2025-01-24T09:29:30","slug":"praktikum","status":"publish","type":"page","link":"https:\/\/weltlaeden.de\/sophiefair\/mitmachen\/praktikum\/","title":{"rendered":"Praktikum"},"content":{"rendered":"<h2><strong>Praktikum im Weltladen Sophiefair<\/strong><\/h2>\n<p>Im Rahmen des Praktikums im Weltladen Sophiefair bietet sich die einzigartige Gelegenheit, in die Welt des fairen Handels einzutauchen und praxisnah zu erleben, wie nachhaltige &amp; gerechte Wirtschaftsmodelle umgesetzt werden.<\/p>\n<p>W\u00e4hrend des Praktikums erh\u00e4lt der Praktikant\/ die Praktikantin nicht nur einen Einblick in den Verkauf und die Vermarktung von Fair-Trade-Produkten, sondern auch in die sozialen und \u00f6kologischen Hintergr\u00fcnde, die den fairen Handel pr\u00e4gen. Projekte wie einen Thementisch im Laden zu gestalten sind beispielsweise eine der Aufgaben, um den Praktikanten in den Fairen Handel einzuarbeiten.<\/p>\n<p>Projekt Thementisch von Praktikantin 2025: Faire Produkte aus S\u00fcdafrika im Weltladen<\/p>\n<p><img loading=\"lazy\" decoding=\"async\" class=\"alignnone size-medium wp-image-766\" src=\"https:\/\/weltlaeden.de\/sophiefair\/wp-content\/uploads\/sites\/172\/2025\/01\/IMG_8985-300x225.jpg\" alt=\"\" width=\"300\" height=\"225\" srcset=\"https:\/\/weltlaeden.de\/sophiefair\/wp-content\/uploads\/sites\/172\/2025\/01\/IMG_8985-300x225.jpg 300w, https:\/\/weltlaeden.de\/sophiefair\/wp-content\/uploads\/sites\/172\/2025\/01\/IMG_8985-1024x768.jpg 1024w, https:\/\/weltlaeden.de\/sophiefair\/wp-content\/uploads\/sites\/172\/2025\/01\/IMG_8985-768x576.jpg 768w, https:\/\/weltlaeden.de\/sophiefair\/wp-content\/uploads\/sites\/172\/2025\/01\/IMG_8985-1536x1152.jpg 1536w, https:\/\/weltlaeden.de\/sophiefair\/wp-content\/uploads\/sites\/172\/2025\/01\/IMG_8985-2048x1537.jpg 2048w\" sizes=\"auto, (max-width: 300px) 100vw, 300px\" \/><\/p>\n<p>Ziel des Praktikums ist es, den Praktikanten zu bef\u00e4higen, selbstst\u00e4ndig im Weltladen zu arbeiten und das Bewusstsein f\u00fcr globale Zusammenh\u00e4nge und nachhaltigen Konsum zu st\u00e4rken.<\/p>\n<p>&nbsp;<\/p>\n","protected":false},"excerpt":{"rendered":"<p>Praktikum im Weltladen Sophiefair Im Rahmen des Praktikums im Weltladen Sophiefair bietet sich die einzigartige Gelegenheit, in die Welt des fairen Handels einzutauchen und praxisnah zu erleben, wie nachhaltige &amp; gerechte Wirtschaftsmodelle umgesetzt werden. W\u00e4hrend des Praktikums erh\u00e4lt der Praktikant\/ die Praktikantin nicht nur einen Einblick in den Verkauf und die Vermarktung von Fair-Trade-Produkten, sondern&hellip;<\/p>\n","protected":false},"author":251,"featured_media":0,"parent":745,"menu_order":3,"comment_status":"closed","ping_status":"closed","template":"","meta":{"footnotes":""},"class_list":["post-779","page","type-page","status-publish","hentry","description-off"],"yoast_head":"<!-- This site is optimized with the Yoast SEO plugin v26.8 - https:\/\/yoast.com\/product\/yoast-seo-wordpress\/ -->\n<title>Praktikum - Sophiefair Weltladen Mitte<\/title>\n<meta name=\"robots\" content=\"index, follow, max-snippet:-1, max-image-preview:large, max-video-preview:-1\" \/>\n<link rel=\"canonical\" href=\"https:\/\/weltlaeden.de\/sophiefair\/mitmachen\/praktikum\/\" \/>\n<meta property=\"og:locale\" content=\"de_DE\" \/>\n<meta property=\"og:type\" content=\"article\" \/>\n<meta property=\"og:title\" content=\"Praktikum - Sophiefair Weltladen Mitte\" \/>\n<meta property=\"og:description\" content=\"Praktikum im Weltladen Sophiefair Im Rahmen des Praktikums im Weltladen Sophiefair bietet sich die einzigartige Gelegenheit, in die Welt des fairen Handels einzutauchen und praxisnah zu erleben, wie nachhaltige &amp; gerechte Wirtschaftsmodelle umgesetzt werden. W\u00e4hrend des Praktikums erh\u00e4lt der Praktikant\/ die Praktikantin nicht nur einen Einblick in den Verkauf und die Vermarktung von Fair-Trade-Produkten, sondern&hellip;\" \/>\n<meta property=\"og:url\" content=\"https:\/\/weltlaeden.de\/sophiefair\/mitmachen\/praktikum\/\" \/>\n<meta property=\"og:site_name\" content=\"Sophiefair Weltladen Mitte\" \/>\n<meta property=\"article:modified_time\" content=\"2025-01-24T09:29:30+00:00\" \/>\n<meta property=\"og:image\" content=\"https:\/\/weltlaeden.de\/sophiefair\/wp-content\/uploads\/sites\/172\/2025\/01\/IMG_8985-scaled.jpg\" \/>\n\t<meta property=\"og:image:width\" content=\"2560\" \/>\n\t<meta property=\"og:image:height\" content=\"1921\" \/>\n\t<meta property=\"og:image:type\" content=\"image\/jpeg\" \/>\n<meta name=\"twitter:card\" content=\"summary_large_image\" \/>\n<meta name=\"twitter:label1\" content=\"Gesch\u00e4tzte Lesezeit\" \/>\n\t<meta name=\"twitter:data1\" content=\"1\u00a0Minute\" \/>\n<script type=\"application\/ld+json\" class=\"yoast-schema-graph\">{\"@context\":\"https:\/\/schema.org\",\"@graph\":[{\"@type\":\"WebPage\",\"@id\":\"https:\/\/weltlaeden.de\/sophiefair\/mitmachen\/praktikum\/\",\"url\":\"https:\/\/weltlaeden.de\/sophiefair\/mitmachen\/praktikum\/\",\"name\":\"Praktikum - Sophiefair Weltladen Mitte\",\"isPartOf\":{\"@id\":\"https:\/\/weltlaeden.de\/sophiefair\/#website\"},\"primaryImageOfPage\":{\"@id\":\"https:\/\/weltlaeden.de\/sophiefair\/mitmachen\/praktikum\/#primaryimage\"},\"image\":{\"@id\":\"https:\/\/weltlaeden.de\/sophiefair\/mitmachen\/praktikum\/#primaryimage\"},\"thumbnailUrl\":\"https:\/\/weltlaeden.de\/sophiefair\/wp-content\/uploads\/sites\/172\/2025\/01\/IMG_8985-300x225.jpg\",\"datePublished\":\"2025-01-20T10:28:02+00:00\",\"dateModified\":\"2025-01-24T09:29:30+00:00\",\"breadcrumb\":{\"@id\":\"https:\/\/weltlaeden.de\/sophiefair\/mitmachen\/praktikum\/#breadcrumb\"},\"inLanguage\":\"de\",\"potentialAction\":[{\"@type\":\"ReadAction\",\"target\":[\"https:\/\/weltlaeden.de\/sophiefair\/mitmachen\/praktikum\/\"]}]},{\"@type\":\"ImageObject\",\"inLanguage\":\"de\",\"@id\":\"https:\/\/weltlaeden.de\/sophiefair\/mitmachen\/praktikum\/#primaryimage\",\"url\":\"https:\/\/weltlaeden.de\/sophiefair\/wp-content\/uploads\/sites\/172\/2025\/01\/IMG_8985-scaled.jpg\",\"contentUrl\":\"https:\/\/weltlaeden.de\/sophiefair\/wp-content\/uploads\/sites\/172\/2025\/01\/IMG_8985-scaled.jpg\",\"width\":2560,\"height\":1921},{\"@type\":\"BreadcrumbList\",\"@id\":\"https:\/\/weltlaeden.de\/sophiefair\/mitmachen\/praktikum\/#breadcrumb\",\"itemListElement\":[{\"@type\":\"ListItem\",\"position\":1,\"name\":\"Startseite\",\"item\":\"https:\/\/weltlaeden.de\/sophiefair\/\"},{\"@type\":\"ListItem\",\"position\":2,\"name\":\"Mitmachen\",\"item\":\"https:\/\/weltlaeden.de\/sophiefair\/mitmachen\/\"},{\"@type\":\"ListItem\",\"position\":3,\"name\":\"Praktikum\"}]},{\"@type\":\"WebSite\",\"@id\":\"https:\/\/weltlaeden.de\/sophiefair\/#website\",\"url\":\"https:\/\/weltlaeden.de\/sophiefair\/\",\"name\":\"Sophiefair Weltladen Mitte\",\"description\":\"Der Weltladen im Herzen Berlins!\",\"potentialAction\":[{\"@type\":\"SearchAction\",\"target\":{\"@type\":\"EntryPoint\",\"urlTemplate\":\"https:\/\/weltlaeden.de\/sophiefair\/?s={search_term_string}\"},\"query-input\":{\"@type\":\"PropertyValueSpecification\",\"valueRequired\":true,\"valueName\":\"search_term_string\"}}],\"inLanguage\":\"de\"}]}<\/script>\n<!-- \/ Yoast SEO plugin. -->","yoast_head_json":{"title":"Praktikum - Sophiefair Weltladen Mitte","robots":{"index":"index","follow":"follow","max-snippet":"max-snippet:-1","max-image-preview":"max-image-preview:large","max-video-preview":"max-video-preview:-1"},"canonical":"https:\/\/weltlaeden.de\/sophiefair\/mitmachen\/praktikum\/","og_locale":"de_DE","og_type":"article","og_title":"Praktikum - Sophiefair Weltladen Mitte","og_description":"Praktikum im Weltladen Sophiefair Im Rahmen des Praktikums im Weltladen Sophiefair bietet sich die einzigartige Gelegenheit, in die Welt des fairen Handels einzutauchen und praxisnah zu erleben, wie nachhaltige &amp; gerechte Wirtschaftsmodelle umgesetzt werden. W\u00e4hrend des Praktikums erh\u00e4lt der Praktikant\/ die Praktikantin nicht nur einen Einblick in den Verkauf und die Vermarktung von Fair-Trade-Produkten, sondern&hellip;","og_url":"https:\/\/weltlaeden.de\/sophiefair\/mitmachen\/praktikum\/","og_site_name":"Sophiefair Weltladen Mitte","article_modified_time":"2025-01-24T09:29:30+00:00","og_image":[{"width":2560,"height":1921,"url":"https:\/\/weltlaeden.de\/sophiefair\/wp-content\/uploads\/sites\/172\/2025\/01\/IMG_8985-scaled.jpg","type":"image\/jpeg"}],"twitter_card":"summary_large_image","twitter_misc":{"Gesch\u00e4tzte Lesezeit":"1\u00a0Minute"},"schema":{"@context":"https:\/\/schema.org","@graph":[{"@type":"WebPage","@id":"https:\/\/weltlaeden.de\/sophiefair\/mitmachen\/praktikum\/","url":"https:\/\/weltlaeden.de\/sophiefair\/mitmachen\/praktikum\/","name":"Praktikum - Sophiefair Weltladen Mitte","isPartOf":{"@id":"https:\/\/weltlaeden.de\/sophiefair\/#website"},"primaryImageOfPage":{"@id":"https:\/\/weltlaeden.de\/sophiefair\/mitmachen\/praktikum\/#primaryimage"},"image":{"@id":"https:\/\/weltlaeden.de\/sophiefair\/mitmachen\/praktikum\/#primaryimage"},"thumbnailUrl":"https:\/\/weltlaeden.de\/sophiefair\/wp-content\/uploads\/sites\/172\/2025\/01\/IMG_8985-300x225.jpg","datePublished":"2025-01-20T10:28:02+00:00","dateModified":"2025-01-24T09:29:30+00:00","breadcrumb":{"@id":"https:\/\/weltlaeden.de\/sophiefair\/mitmachen\/praktikum\/#breadcrumb"},"inLanguage":"de","potentialAction":[{"@type":"ReadAction","target":["https:\/\/weltlaeden.de\/sophiefair\/mitmachen\/praktikum\/"]}]},{"@type":"ImageObject","inLanguage":"de","@id":"https:\/\/weltlaeden.de\/sophiefair\/mitmachen\/praktikum\/#primaryimage","url":"https:\/\/weltlaeden.de\/sophiefair\/wp-content\/uploads\/sites\/172\/2025\/01\/IMG_8985-scaled.jpg","contentUrl":"https:\/\/weltlaeden.de\/sophiefair\/wp-content\/uploads\/sites\/172\/2025\/01\/IMG_8985-scaled.jpg","width":2560,"height":1921},{"@type":"BreadcrumbList","@id":"https:\/\/weltlaeden.de\/sophiefair\/mitmachen\/praktikum\/#breadcrumb","itemListElement":[{"@type":"ListItem","position":1,"name":"Startseite","item":"https:\/\/weltlaeden.de\/sophiefair\/"},{"@type":"ListItem","position":2,"name":"Mitmachen","item":"https:\/\/weltlaeden.de\/sophiefair\/mitmachen\/"},{"@type":"ListItem","position":3,"name":"Praktikum"}]},{"@type":"WebSite","@id":"https:\/\/weltlaeden.de\/sophiefair\/#website","url":"https:\/\/weltlaeden.de\/sophiefair\/","name":"Sophiefair Weltladen Mitte","description":"Der Weltladen im Herzen Berlins!","potentialAction":[{"@type":"SearchAction","target":{"@type":"EntryPoint","urlTemplate":"https:\/\/weltlaeden.de\/sophiefair\/?s={search_term_string}"},"query-input":{"@type":"PropertyValueSpecification","valueRequired":true,"valueName":"search_term_string"}}],"inLanguage":"de"}]}},"_links":{"self":[{"href":"https:\/\/weltlaeden.de\/sophiefair\/wp-json\/wp\/v2\/pages\/779","targetHints":{"allow":["GET"]}}],"collection":[{"href":"https:\/\/weltlaeden.de\/sophiefair\/wp-json\/wp\/v2\/pages"}],"about":[{"href":"https:\/\/weltlaeden.de\/sophiefair\/wp-json\/wp\/v2\/types\/page"}],"author":[{"embeddable":true,"href":"https:\/\/weltlaeden.de\/sophiefair\/wp-json\/wp\/v2\/users\/251"}],"replies":[{"embeddable":true,"href":"https:\/\/weltlaeden.de\/sophiefair\/wp-json\/wp\/v2\/comments?post=779"}],"version-history":[{"count":3,"href":"https:\/\/weltlaeden.de\/sophiefair\/wp-json\/wp\/v2\/pages\/779\/revisions"}],"predecessor-version":[{"id":782,"href":"https:\/\/weltlaeden.de\/sophiefair\/wp-json\/wp\/v2\/pages\/779\/revisions\/782"}],"up":[{"embeddable":true,"href":"https:\/\/weltlaeden.de\/sophiefair\/wp-json\/wp\/v2\/pages\/745"}],"wp:attachment":[{"href":"https:\/\/weltlaeden.de\/sophiefair\/wp-json\/wp\/v2\/media?parent=779"}],"curies":[{"name":"wp","href":"https:\/\/api.w.org\/{rel}","templated":true}]}}