{"id":20,"date":"2016-10-14T09:05:06","date_gmt":"2016-10-14T07:05:21","guid":{"rendered":"https:\/\/wl.heimpixel.de\/solidario\/weltladen-musterdorf\/"},"modified":"2025-12-18T22:14:28","modified_gmt":"2025-12-18T21:14:28","slug":"weltladen-solidario","status":"publish","type":"page","link":"https:\/\/weltlaeden.de\/solidario\/","title":{"rendered":"Weltladen SOLIDARIO"},"content":{"rendered":"<div class=\"wpb-content-wrapper\"><p>[vc_row][vc_column][vc_column_text css=&#8220;&#8220;]Liebe Kunden,<\/p>\n<p>willkommen im neuen Jahr 2026!!<\/p>\n<p>Wir haben wieder Montag bis Donnerstag am Nachmittag<br \/>\nvon 14.30 bis 17.30 Uhr ge\u00f6ffnet.<\/p>\n<p>Wir freuen uns auf Ihren Besuch!<\/p>\n<p>Ihr Team vom Caf\u00e9 Marie und Weltladen Solidario.[\/vc_column_text][vc_column_text][\/vc_column_text]<div class=\"wl_einzelbild\"><p><img loading=\"lazy\" decoding=\"async\" class=\"aligncenter wp-image-454\" src=\"https:\/\/weltlaeden.de\/solidario\/wp-content\/uploads\/sites\/25\/2019\/10\/Eingang_2565-268x300.jpg\" alt=\"Eingang zum Weltladen und zum Cafe Mari\u00e9\" width=\"446\" height=\"500\" srcset=\"https:\/\/weltlaeden.de\/solidario\/wp-content\/uploads\/sites\/25\/2019\/10\/Eingang_2565-268x300.jpg 268w, https:\/\/weltlaeden.de\/solidario\/wp-content\/uploads\/sites\/25\/2019\/10\/Eingang_2565-768x861.jpg 768w, https:\/\/weltlaeden.de\/solidario\/wp-content\/uploads\/sites\/25\/2019\/10\/Eingang_2565-913x1024.jpg 913w\" sizes=\"auto, (max-width: 446px) 100vw, 446px\" \/><\/p><\/div>[vc_empty_space height=&#8220;15px&#8220;][\/vc_column][\/vc_row][vc_row][\/vc_row][vc_column][\/vc_column][vc_column_text]<\/p>\n<h1 style=\"text-align: left\">Willkommen im Weltladen Solidario !<\/h1>\n<p>[\/vc_column_text][vc_column_text]<strong>Willkommen im Weltladen Solidario und Caf\u00e9 Marie<br \/>\n<\/strong><br \/>\nWir, das Team vom Weltladen Solidario und dem Caf\u00e9 Marie, sind eine Arbeitsgruppe der Kirchengemeinde St. Clemens Hiltrup Amelsb\u00fcren in M\u00fcnster. Sie finden uns im Herzen von Hiltrup auf der Marktallee 42 im Erdgeschoss des Meyer-Suhrheinrich-Hauses.<\/p>\n<p>Wir sehen uns als einen Ort des Fairen Handels, der Begegnung und der Information.<\/p>\n<p>Gehen Sie in unserem Weltladen auf eine ganz besondere Entdeckungsreise und geben Sie dem fairen Handel die Chance, damit die Produzenten, Genossenschaften und Kooperativen einen gerechteren Lohn bekommen.<\/p>\n<p>Neben einer gro\u00dfen Auswahl an Lebensmitteln gibt es viele besondere Kunsthandwerk- und Geschenkartikel.<\/p>\n<p>Besuchen Sie uns, kommen Sie in unseren Weltladen und in das Caf\u00e9 Marie und \u00fcberzeugen Sie sich selbst.<\/p>\n<p>Wir freuen uns auf Sie!<\/p>\n<p>Wer wir sind, warum wir uns f\u00fcr Fairen Handel engagieren und wie man bei uns mitmachen kann \u2013 <a href=\"https:\/\/weltlaeden.de\/solidario\/ueber-uns\/\">hier stellen wir uns vor \u2026<\/a>[\/vc_column_text][vc_empty_space height=&#8220;30px&#8220;][vc_column_text]<\/p>\n<h2>Was Sie auf dieser Website finden:<\/h2>\n<p>[\/vc_column_text][vc_empty_space height=&#8220;20px&#8220;][vc_row_inner][vc_column_inner width=&#8220;1\/4&#8243;]<div class=\"wl_einzelbild\"><p><img loading=\"lazy\" decoding=\"async\" class=\"alignnone size-thumbnail wp-image-523\" src=\"https:\/\/weltlaeden.de\/solidario\/wp-content\/uploads\/sites\/25\/2019\/10\/iconFairHandeln-150x150.jpg\" alt=\"\" width=\"150\" height=\"150\" srcset=\"https:\/\/weltlaeden.de\/solidario\/wp-content\/uploads\/sites\/25\/2019\/10\/iconFairHandeln-150x150.jpg 150w, https:\/\/weltlaeden.de\/solidario\/wp-content\/uploads\/sites\/25\/2019\/10\/iconFairHandeln-300x300.jpg 300w, https:\/\/weltlaeden.de\/solidario\/wp-content\/uploads\/sites\/25\/2019\/10\/iconFairHandeln.jpg 612w\" sizes=\"auto, (max-width: 150px) 100vw, 150px\" \/><\/p><\/div>[\/vc_column_inner][vc_column_inner width=&#8220;3\/4&#8243;][vc_column_text]<\/p>\n<h3>Fairer Handel<\/h3>\n<p>Was meint Fairer Handel \u00fcberhaupt? Welche Kriterien m\u00fcssen eingehalten werden und wer \u00fcberpr\u00fcft diese? <a href=\"https:\/\/weltlaeden.de\/solidario\/fairer-handel\/\">Erfahren Sie mehr &#8230;<\/a>[\/vc_column_text][\/vc_column_inner][\/vc_row_inner][vc_separator][vc_row_inner][vc_column_inner width=&#8220;1\/4&#8243;]<div class=\"wl_einzelbild\"><p><img loading=\"lazy\" decoding=\"async\" class=\"alignnone size-thumbnail wp-image-525\" src=\"https:\/\/weltlaeden.de\/solidario\/wp-content\/uploads\/sites\/25\/2019\/10\/iconProdukte-150x150.jpg\" alt=\"\" width=\"150\" height=\"150\" srcset=\"https:\/\/weltlaeden.de\/solidario\/wp-content\/uploads\/sites\/25\/2019\/10\/iconProdukte-150x150.jpg 150w, https:\/\/weltlaeden.de\/solidario\/wp-content\/uploads\/sites\/25\/2019\/10\/iconProdukte-300x300.jpg 300w, https:\/\/weltlaeden.de\/solidario\/wp-content\/uploads\/sites\/25\/2019\/10\/iconProdukte.jpg 612w\" sizes=\"auto, (max-width: 150px) 100vw, 150px\" \/><\/p><\/div>[\/vc_column_inner][vc_column_inner width=&#8220;3\/4&#8243;][vc_column_text]<\/p>\n<h3>Produkte<\/h3>\n<p>Unsere Produkte im Weltladen sind nat\u00fcrlich alle aus Fairem Handel, dennoch kommen sie von unterschiedlichen Fair-Handels-Importeuren. <a href=\"https:\/\/weltlaeden.de\/solidario\/produkte\/\">Hier zeigen wir Ihnen unser Sortiment &#8230;<\/a>[\/vc_column_text][\/vc_column_inner][\/vc_row_inner][vc_separator][vc_row_inner][vc_column_inner width=&#8220;1\/4&#8243;]<div class=\"wl_einzelbild\"><p><img loading=\"lazy\" decoding=\"async\" class=\"alignnone size-thumbnail wp-image-524\" src=\"https:\/\/weltlaeden.de\/solidario\/wp-content\/uploads\/sites\/25\/2019\/10\/iconCafeMarie-150x150.jpg\" alt=\"\" width=\"150\" height=\"150\" \/><\/p><\/div>[\/vc_column_inner][vc_column_inner width=&#8220;3\/4&#8243;][vc_column_text]<\/p>\n<h3>Herzlich willkommen im Caf\u00e9 Marie<\/h3>\n<p>Unser Caf\u00e9 Marie ist ein gem\u00fctlicher Treffpunkt f\u00fcr Alt und Jung, f\u00fcr Familien und Freunde.- <a href=\"https:\/\/weltlaeden.de\/solidario\/cafe-marie\/\">hier stellen wir das Caf\u00e9 vor &#8230;<\/a>[\/vc_column_text][\/vc_column_inner][\/vc_row_inner][vc_separator][vc_row_inner][vc_column_inner width=&#8220;1\/4&#8243;]<div class=\"wl_einzelbild\"><p><img loading=\"lazy\" decoding=\"async\" class=\"alignnone size-thumbnail wp-image-522\" src=\"https:\/\/weltlaeden.de\/solidario\/wp-content\/uploads\/sites\/25\/2019\/10\/iconTeam-150x150.jpg\" alt=\"\" width=\"150\" height=\"150\" srcset=\"https:\/\/weltlaeden.de\/solidario\/wp-content\/uploads\/sites\/25\/2019\/10\/iconTeam-150x150.jpg 150w, https:\/\/weltlaeden.de\/solidario\/wp-content\/uploads\/sites\/25\/2019\/10\/iconTeam-300x300.jpg 300w, https:\/\/weltlaeden.de\/solidario\/wp-content\/uploads\/sites\/25\/2019\/10\/iconTeam-768x769.jpg 768w, https:\/\/weltlaeden.de\/solidario\/wp-content\/uploads\/sites\/25\/2019\/10\/iconTeam-1024x1024.jpg 1024w, https:\/\/weltlaeden.de\/solidario\/wp-content\/uploads\/sites\/25\/2019\/10\/iconTeam.jpg 1703w\" sizes=\"auto, (max-width: 150px) 100vw, 150px\" \/><\/p><\/div>[\/vc_column_inner][vc_column_inner width=&#8220;3\/4&#8243;][vc_column_text]<\/p>\n<h3>\u00dcber uns<\/h3>\n<p>Wer wir sind, warum wir uns f\u00fcr Fairen Handel engagieren und wie man bei uns mitmachen kann &#8211; <a href=\"https:\/\/weltlaeden.de\/solidario\/ueber-uns\/\">hier stellen wir uns vor &#8230;<\/a>[\/vc_column_text][\/vc_column_inner][\/vc_row_inner][vc_separator]<\/p>\n<\/div>","protected":false},"excerpt":{"rendered":"<p>[vc_row][vc_column][vc_column_text css=&#8220;&#8220;]Liebe Kunden, willkommen im neuen Jahr 2026!! Wir haben wieder Montag bis Donnerstag am Nachmittag von 14.30 bis 17.30 Uhr ge\u00f6ffnet. Wir freuen uns auf Ihren Besuch! Ihr Team vom Caf\u00e9 Marie und Weltladen Solidario.[\/vc_column_text][vc_column_text][\/vc_column_text][vc_empty_space height=&#8220;15px&#8220;][\/vc_column][\/vc_row][vc_row][\/vc_row][vc_column][\/vc_column][vc_column_text] Willkommen im Weltladen Solidario ! [\/vc_column_text][vc_column_text]Willkommen im Weltladen Solidario und Caf\u00e9 Marie Wir, das Team vom Weltladen Solidario&hellip;<\/p>\n","protected":false},"author":1,"featured_media":0,"parent":0,"menu_order":0,"comment_status":"closed","ping_status":"closed","template":"","meta":{"footnotes":""},"class_list":["post-20","page","type-page","status-publish","hentry","description-off"],"_links":{"self":[{"href":"https:\/\/weltlaeden.de\/solidario\/wp-json\/wp\/v2\/pages\/20","targetHints":{"allow":["GET"]}}],"collection":[{"href":"https:\/\/weltlaeden.de\/solidario\/wp-json\/wp\/v2\/pages"}],"about":[{"href":"https:\/\/weltlaeden.de\/solidario\/wp-json\/wp\/v2\/types\/page"}],"author":[{"embeddable":true,"href":"https:\/\/weltlaeden.de\/solidario\/wp-json\/wp\/v2\/users\/1"}],"replies":[{"embeddable":true,"href":"https:\/\/weltlaeden.de\/solidario\/wp-json\/wp\/v2\/comments?post=20"}],"version-history":[{"count":61,"href":"https:\/\/weltlaeden.de\/solidario\/wp-json\/wp\/v2\/pages\/20\/revisions"}],"predecessor-version":[{"id":558,"href":"https:\/\/weltlaeden.de\/solidario\/wp-json\/wp\/v2\/pages\/20\/revisions\/558"}],"wp:attachment":[{"href":"https:\/\/weltlaeden.de\/solidario\/wp-json\/wp\/v2\/media?parent=20"}],"curies":[{"name":"wp","href":"https:\/\/api.w.org\/{rel}","templated":true}]}}