{"id":919,"date":"2020-09-02T11:24:36","date_gmt":"2020-09-02T09:24:36","guid":{"rendered":"https:\/\/weltlaeden.de\/sigmaringen\/?page_id=919"},"modified":"2023-12-21T20:51:14","modified_gmt":"2023-12-21T19:51:14","slug":"fairer-handel-im-weltladen-sigmaringen","status":"publish","type":"page","link":"https:\/\/weltlaeden.de\/sigmaringen\/fairer-handel-im-weltladen-sigmaringen\/","title":{"rendered":"Handel in Sigmaringen"},"content":{"rendered":"<div class=\"wpb-content-wrapper\"><p>[vc_row][vc_column]<section class=\"shortcode-teaser img-full\"><div class=\"layzr-bg shortcode-teaser-img\"><img loading=\"lazy\" decoding=\"async\" class=\"lazy-load\" src=\"data:image\/svg+xml;charset=utf-8,%3Csvg xmlns%3D&#039;http%3A%2F%2Fwww.w3.org%2F2000%2Fsvg&#039; viewBox%3D&#039;0 0 1124 424&#039;%2F%3E\" width=\"1124\" height=\"424\" data-srcset=\"https:\/\/weltlaeden.de\/sigmaringen\/wp-content\/uploads\/sites\/134\/2020\/09\/fair-Sigmaringen.jpg 1124w\" data-src=\"https:\/\/weltlaeden.de\/sigmaringen\/wp-content\/uploads\/sites\/134\/2020\/09\/fair-Sigmaringen.jpg\" \/><\/div><div class=\"shortcode-teaser-content text-big\"><\/div><\/section>[vc_empty_space height=&#8220;20px&#8220;][vc_custom_heading text=&#8220;Fairer Handel im Weltladen Sigmaringen&#8220; font_container=&#8220;tag:h2|font_size:40|text_align:center|color:%23000000&#8243; google_fonts=&#8220;font_family:PT%20Serif%3Aregular%2Citalic%2C700%2C700italic|font_style:700%20bold%20italic%3A700%3Aitalic&#8220;][vc_empty_space height=&#8220;20px&#8220;][vc_column_text]<\/p>\n<div class=\"wpb_text_column wpb_content_element \">\n<div class=\"wpb_wrapper\">\n<p style=\"text-align: justify\">Mit einem Jahresumsatz von ca. 50.000 \u2013 60.000 EUR pro Jahr k\u00f6nnen wir nicht mit den gro\u00dfen Supermarktketten mithalten. Diese Summen setzen sie an einem Wochenende locker um.<\/p>\n<p style=\"text-align: justify\">Trotzdem: Auch Kleinvieh macht Mist \u2013 wie es im Schw\u00e4bischen so sch\u00f6n hei\u00dft.<\/p>\n<p style=\"text-align: justify\">Nimmt man alle Weltl\u00e4den in Deutschland zusammen, es sind ca. 800 \u2013 900 L\u00e4den, dann kommt doch eine beachtliche Summe zusammen, auch wenn wir in Sigmaringen nur einen kleinen Beitrag leisten.<br \/>\nDurch den Kauf von fair gehandelten Produkten unterst\u00fctzen wir Kleinbauern, die Kaffee oder Tee anbauen, und einerseits im Anbau von biologischen Lebensmitteln aktiven Umweltschutz betreiben und andererseits unabh\u00e4ngiger von den Gro\u00dfh\u00e4ndlern und Konzernen werden, indem ihnen z.B. die GEPA oder dwp \u00a0faire Preise garantiert.<br \/>\nDamit k\u00f6nnen sie sich einen bescheidenen Wohlstand erarbeiten und gleichzeitig die Schulbildung ihrer Kinder bezahlen. Sie m\u00fcssen also nicht mehr in die Stadt ziehen und in elenden Slums wohnen, sondern k\u00f6nnen in ihren D\u00f6rfern bleiben. Damit k\u00f6nnen wir durch den Einkauf von fair gehandelten Produkten auch ein st\u00fcckweit den Fl\u00fcchtlingsstr\u00f6men entgegenwirken . Viele Menschen, engagieren sich in unserem Weltladen ehrenamtlich, als Verk\u00e4uferInnen, SchaufensterdekorateurInnen, Eink\u00e4uferInnen, uvm.<\/p>\n<p style=\"text-align: justify\">Wir haben haben ein breites Sortiment:\u00a0 Lebensmittel (Reis; Kaffee, Gew\u00fcrze, Schokolade, etc.) und Geschenkartikel (Taschen, Schmuck, Karten, etc.) Unsere Lieferanten sind zertifiziert \u2013 wir k\u00f6nnen uns darauf verlassen, dass wir fair gehandelte Produkte von ihnen beziehen. gepa, El Puente, dwp.<br \/>\nBesonders zu <a href=\"https:\/\/weltlaeden.de\/sigmaringen\/wp-content\/uploads\/sites\/134\/2020\/09\/Fairer-Handel.pdf\"><em><span style=\"color: #ff6600\">dwp\u00a0 \u2013 der WeltPartner \u2013 aus Ravensburg<\/span><\/em><\/a> haben wir eine enge Beziehung und sind Genossenschaftsmitglied. Die Ravensburger sind immer wieder vor Ort \u2013 sei es auf den Philippinen, in \u2026und berichten regelm\u00e4\u00dfig \u00fcber ihre Projekte.<br \/>\nEin Beispiel noch f\u00fcr das Wirken von dwp:\u00a0 Vor wenigen Jahren zerst\u00f6rte ein Wirbelsturm auf den Philippinen die M\u00fchle in einem Dorf, das f\u00fcr dwp Rohzucker produziert. Die Menschen standen vor dem Aus. dwp organisierte in kurzer Zeit mit Hilfe der Weltl\u00e4den ein Hilfsprogramm und lie\u00df die M\u00fchle wieder aufbauen. Die Ernte war damit gerettet \u2013 die Menschen konnten weiter Rohzucker herstellen.<\/p>\n<\/div>\n<\/div>\n<p>[\/vc_column_text][\/vc_column][\/vc_row][vc_row][vc_column width=&#8220;1\/3&#8243;][\/vc_column][vc_column width=&#8220;1\/3&#8243;][\/vc_column][vc_column width=&#8220;1\/3&#8243;][\/vc_column][\/vc_row]<\/p>\n<\/div>","protected":false},"excerpt":{"rendered":"<p>[vc_row][vc_column][vc_empty_space height=&#8220;20px&#8220;][vc_custom_heading text=&#8220;Fairer Handel im Weltladen Sigmaringen&#8220; font_container=&#8220;tag:h2|font_size:40|text_align:center|color:%23000000&#8243; google_fonts=&#8220;font_family:PT%20Serif%3Aregular%2Citalic%2C700%2C700italic|font_style:700%20bold%20italic%3A700%3Aitalic&#8220;][vc_empty_space height=&#8220;20px&#8220;][vc_column_text] Mit einem Jahresumsatz von ca. 50.000 \u2013 60.000 EUR pro Jahr k\u00f6nnen wir nicht mit den gro\u00dfen Supermarktketten mithalten. Diese Summen setzen sie an einem Wochenende locker um. Trotzdem: Auch Kleinvieh macht Mist \u2013 wie es im Schw\u00e4bischen so sch\u00f6n hei\u00dft. Nimmt man alle Weltl\u00e4den&hellip;<\/p>\n","protected":false},"author":196,"featured_media":0,"parent":0,"menu_order":0,"comment_status":"closed","ping_status":"closed","template":"","meta":{"footnotes":""},"class_list":["post-919","page","type-page","status-publish","hentry","description-off"],"yoast_head":"<!-- This site is optimized with the Yoast SEO plugin v26.8 - https:\/\/yoast.com\/product\/yoast-seo-wordpress\/ -->\n<title>Handel in Sigmaringen - Weltladen Sigmaringen<\/title>\n<meta name=\"robots\" content=\"index, follow, max-snippet:-1, max-image-preview:large, max-video-preview:-1\" \/>\n<link rel=\"canonical\" href=\"https:\/\/weltlaeden.de\/sigmaringen\/fairer-handel-im-weltladen-sigmaringen\/\" \/>\n<meta property=\"og:locale\" content=\"de_DE\" \/>\n<meta property=\"og:type\" content=\"article\" \/>\n<meta property=\"og:title\" content=\"Handel in Sigmaringen - Weltladen Sigmaringen\" \/>\n<meta property=\"og:description\" content=\"[vc_row][vc_column][vc_empty_space height=&#8220;20px&#8220;][vc_custom_heading text=&#8220;Fairer Handel im Weltladen Sigmaringen&#8220; font_container=&#8220;tag:h2|font_size:40|text_align:center|color:%23000000&#8243; google_fonts=&#8220;font_family:PT%20Serif%3Aregular%2Citalic%2C700%2C700italic|font_style:700%20bold%20italic%3A700%3Aitalic&#8220;][vc_empty_space height=&#8220;20px&#8220;][vc_column_text] Mit einem Jahresumsatz von ca. 50.000 \u2013 60.000 EUR pro Jahr k\u00f6nnen wir nicht mit den gro\u00dfen Supermarktketten mithalten. Diese Summen setzen sie an einem Wochenende locker um. Trotzdem: Auch Kleinvieh macht Mist \u2013 wie es im Schw\u00e4bischen so sch\u00f6n hei\u00dft. Nimmt man alle Weltl\u00e4den&hellip;\" \/>\n<meta property=\"og:url\" content=\"https:\/\/weltlaeden.de\/sigmaringen\/fairer-handel-im-weltladen-sigmaringen\/\" \/>\n<meta property=\"og:site_name\" content=\"Weltladen Sigmaringen\" \/>\n<meta property=\"article:modified_time\" content=\"2023-12-21T19:51:14+00:00\" \/>\n<meta name=\"twitter:card\" content=\"summary_large_image\" \/>\n<meta name=\"twitter:label1\" content=\"Gesch\u00e4tzte Lesezeit\" \/>\n\t<meta name=\"twitter:data1\" content=\"2\u00a0Minuten\" \/>\n<script type=\"application\/ld+json\" class=\"yoast-schema-graph\">{\"@context\":\"https:\/\/schema.org\",\"@graph\":[{\"@type\":\"WebPage\",\"@id\":\"https:\/\/weltlaeden.de\/sigmaringen\/fairer-handel-im-weltladen-sigmaringen\/\",\"url\":\"https:\/\/weltlaeden.de\/sigmaringen\/fairer-handel-im-weltladen-sigmaringen\/\",\"name\":\"Handel in Sigmaringen - Weltladen Sigmaringen\",\"isPartOf\":{\"@id\":\"https:\/\/weltlaeden.de\/sigmaringen\/#website\"},\"datePublished\":\"2020-09-02T09:24:36+00:00\",\"dateModified\":\"2023-12-21T19:51:14+00:00\",\"breadcrumb\":{\"@id\":\"https:\/\/weltlaeden.de\/sigmaringen\/fairer-handel-im-weltladen-sigmaringen\/#breadcrumb\"},\"inLanguage\":\"de\",\"potentialAction\":[{\"@type\":\"ReadAction\",\"target\":[\"https:\/\/weltlaeden.de\/sigmaringen\/fairer-handel-im-weltladen-sigmaringen\/\"]}]},{\"@type\":\"BreadcrumbList\",\"@id\":\"https:\/\/weltlaeden.de\/sigmaringen\/fairer-handel-im-weltladen-sigmaringen\/#breadcrumb\",\"itemListElement\":[{\"@type\":\"ListItem\",\"position\":1,\"name\":\"Startseite\",\"item\":\"https:\/\/weltlaeden.de\/sigmaringen\/\"},{\"@type\":\"ListItem\",\"position\":2,\"name\":\"Handel in Sigmaringen\"}]},{\"@type\":\"WebSite\",\"@id\":\"https:\/\/weltlaeden.de\/sigmaringen\/#website\",\"url\":\"https:\/\/weltlaeden.de\/sigmaringen\/\",\"name\":\"Weltladen Sigmaringen\",\"description\":\"Faire Produkte seit 1990\",\"potentialAction\":[{\"@type\":\"SearchAction\",\"target\":{\"@type\":\"EntryPoint\",\"urlTemplate\":\"https:\/\/weltlaeden.de\/sigmaringen\/?s={search_term_string}\"},\"query-input\":{\"@type\":\"PropertyValueSpecification\",\"valueRequired\":true,\"valueName\":\"search_term_string\"}}],\"inLanguage\":\"de\"}]}<\/script>\n<!-- \/ Yoast SEO plugin. -->","yoast_head_json":{"title":"Handel in Sigmaringen - Weltladen Sigmaringen","robots":{"index":"index","follow":"follow","max-snippet":"max-snippet:-1","max-image-preview":"max-image-preview:large","max-video-preview":"max-video-preview:-1"},"canonical":"https:\/\/weltlaeden.de\/sigmaringen\/fairer-handel-im-weltladen-sigmaringen\/","og_locale":"de_DE","og_type":"article","og_title":"Handel in Sigmaringen - Weltladen Sigmaringen","og_description":"[vc_row][vc_column][vc_empty_space height=&#8220;20px&#8220;][vc_custom_heading text=&#8220;Fairer Handel im Weltladen Sigmaringen&#8220; font_container=&#8220;tag:h2|font_size:40|text_align:center|color:%23000000&#8243; google_fonts=&#8220;font_family:PT%20Serif%3Aregular%2Citalic%2C700%2C700italic|font_style:700%20bold%20italic%3A700%3Aitalic&#8220;][vc_empty_space height=&#8220;20px&#8220;][vc_column_text] Mit einem Jahresumsatz von ca. 50.000 \u2013 60.000 EUR pro Jahr k\u00f6nnen wir nicht mit den gro\u00dfen Supermarktketten mithalten. Diese Summen setzen sie an einem Wochenende locker um. Trotzdem: Auch Kleinvieh macht Mist \u2013 wie es im Schw\u00e4bischen so sch\u00f6n hei\u00dft. Nimmt man alle Weltl\u00e4den&hellip;","og_url":"https:\/\/weltlaeden.de\/sigmaringen\/fairer-handel-im-weltladen-sigmaringen\/","og_site_name":"Weltladen Sigmaringen","article_modified_time":"2023-12-21T19:51:14+00:00","twitter_card":"summary_large_image","twitter_misc":{"Gesch\u00e4tzte Lesezeit":"2\u00a0Minuten"},"schema":{"@context":"https:\/\/schema.org","@graph":[{"@type":"WebPage","@id":"https:\/\/weltlaeden.de\/sigmaringen\/fairer-handel-im-weltladen-sigmaringen\/","url":"https:\/\/weltlaeden.de\/sigmaringen\/fairer-handel-im-weltladen-sigmaringen\/","name":"Handel in Sigmaringen - Weltladen Sigmaringen","isPartOf":{"@id":"https:\/\/weltlaeden.de\/sigmaringen\/#website"},"datePublished":"2020-09-02T09:24:36+00:00","dateModified":"2023-12-21T19:51:14+00:00","breadcrumb":{"@id":"https:\/\/weltlaeden.de\/sigmaringen\/fairer-handel-im-weltladen-sigmaringen\/#breadcrumb"},"inLanguage":"de","potentialAction":[{"@type":"ReadAction","target":["https:\/\/weltlaeden.de\/sigmaringen\/fairer-handel-im-weltladen-sigmaringen\/"]}]},{"@type":"BreadcrumbList","@id":"https:\/\/weltlaeden.de\/sigmaringen\/fairer-handel-im-weltladen-sigmaringen\/#breadcrumb","itemListElement":[{"@type":"ListItem","position":1,"name":"Startseite","item":"https:\/\/weltlaeden.de\/sigmaringen\/"},{"@type":"ListItem","position":2,"name":"Handel in Sigmaringen"}]},{"@type":"WebSite","@id":"https:\/\/weltlaeden.de\/sigmaringen\/#website","url":"https:\/\/weltlaeden.de\/sigmaringen\/","name":"Weltladen Sigmaringen","description":"Faire Produkte seit 1990","potentialAction":[{"@type":"SearchAction","target":{"@type":"EntryPoint","urlTemplate":"https:\/\/weltlaeden.de\/sigmaringen\/?s={search_term_string}"},"query-input":{"@type":"PropertyValueSpecification","valueRequired":true,"valueName":"search_term_string"}}],"inLanguage":"de"}]}},"_links":{"self":[{"href":"https:\/\/weltlaeden.de\/sigmaringen\/wp-json\/wp\/v2\/pages\/919","targetHints":{"allow":["GET"]}}],"collection":[{"href":"https:\/\/weltlaeden.de\/sigmaringen\/wp-json\/wp\/v2\/pages"}],"about":[{"href":"https:\/\/weltlaeden.de\/sigmaringen\/wp-json\/wp\/v2\/types\/page"}],"author":[{"embeddable":true,"href":"https:\/\/weltlaeden.de\/sigmaringen\/wp-json\/wp\/v2\/users\/196"}],"replies":[{"embeddable":true,"href":"https:\/\/weltlaeden.de\/sigmaringen\/wp-json\/wp\/v2\/comments?post=919"}],"version-history":[{"count":14,"href":"https:\/\/weltlaeden.de\/sigmaringen\/wp-json\/wp\/v2\/pages\/919\/revisions"}],"predecessor-version":[{"id":1339,"href":"https:\/\/weltlaeden.de\/sigmaringen\/wp-json\/wp\/v2\/pages\/919\/revisions\/1339"}],"wp:attachment":[{"href":"https:\/\/weltlaeden.de\/sigmaringen\/wp-json\/wp\/v2\/media?parent=919"}],"curies":[{"name":"wp","href":"https:\/\/api.w.org\/{rel}","templated":true}]}}

<div class="wpb-content-wrapper"><p>[vc_row][vc_column]<section class="shortcode-teaser img-full"><div class="layzr-bg shortcode-teaser-img"><img loading="lazy" decoding="async" class="lazy-load" src="data:image/svg+xml;charset=utf-8,%3Csvg xmlns%3D&#039;http%3A%2F%2Fwww.w3.org%2F2000%2Fsvg&#039; viewBox%3D&#039;0 0 1124 424&#039;%2F%3E" width="1124" height="424" data-srcset="https://weltlaeden.de/sigmaringen/wp-content/uploads/sites/134/2020/09/fair-Sigmaringen.jpg 1124w" data-src="https://weltlaeden.de/sigmaringen/wp-content/uploads/sites/134/2020/09/fair-Sigmaringen.jpg" /></div><div class="shortcode-teaser-content text-big"></div></section>[vc_empty_space height=&#8220;20px&#8220;][vc_custom_heading text=&#8220;Fairer Handel im Weltladen Sigmaringen&#8220; font_container=&#8220;tag:h2|font_size:40|text_align:center|color:%23000000&#8243; google_fonts=&#8220;font_family:PT%20Serif%3Aregular%2Citalic%2C700%2C700italic|font_style:700%20bold%20italic%3A700%3Aitalic&#8220;][vc_empty_space height=&#8220;20px&#8220;][vc_column_text]</p>
<div class="wpb_text_column wpb_content_element ">
<div class="wpb_wrapper">
<p style="text-align: justify">Mit einem Jahresumsatz von ca. 50.000 – 60.000 EUR pro Jahr können wir nicht mit den großen Supermarktketten mithalten. Diese Summen setzen sie an einem Wochenende locker um.</p>
<p style="text-align: justify">Trotzdem: Auch Kleinvieh macht Mist – wie es im Schwäbischen so schön heißt.</p>
<p style="text-align: justify">Nimmt man alle Weltläden in Deutschland zusammen, es sind ca. 800 – 900 Läden, dann kommt doch eine beachtliche Summe zusammen, auch wenn wir in Sigmaringen nur einen kleinen Beitrag leisten.<br />
Durch den Kauf von fair gehandelten Produkten unterstützen wir Kleinbauern, die Kaffee oder Tee anbauen, und einerseits im Anbau von biologischen Lebensmitteln aktiven Umweltschutz betreiben und andererseits unabhängiger von den Großhändlern und Konzernen werden, indem ihnen z.B. die GEPA oder dwp  faire Preise garantiert.<br />
Damit können sie sich einen bescheidenen Wohlstand erarbeiten und gleichzeitig die Schulbildung ihrer Kinder bezahlen. Sie müssen also nicht mehr in die Stadt ziehen und in elenden Slums wohnen, sondern können in ihren Dörfern bleiben. Damit können wir durch den Einkauf von fair gehandelten Produkten auch ein stückweit den Flüchtlingsströmen entgegenwirken . Viele Menschen, engagieren sich in unserem Weltladen ehrenamtlich, als VerkäuferInnen, SchaufensterdekorateurInnen, EinkäuferInnen, uvm.</p>
<p style="text-align: justify">Wir haben haben ein breites Sortiment:  Lebensmittel (Reis; Kaffee, Gewürze, Schokolade, etc.) und Geschenkartikel (Taschen, Schmuck, Karten, etc.) Unsere Lieferanten sind zertifiziert – wir können uns darauf verlassen, dass wir fair gehandelte Produkte von ihnen beziehen. gepa, El Puente, dwp.<br />
Besonders zu <a href="https://weltlaeden.de/sigmaringen/wp-content/uploads/sites/134/2020/09/Fairer-Handel.pdf"><em><span style="color: #ff6600">dwp  – der WeltPartner – aus Ravensburg</span></em></a> haben wir eine enge Beziehung und sind Genossenschaftsmitglied. Die Ravensburger sind immer wieder vor Ort – sei es auf den Philippinen, in …und berichten regelmäßig über ihre Projekte.<br />
Ein Beispiel noch für das Wirken von dwp:  Vor wenigen Jahren zerstörte ein Wirbelsturm auf den Philippinen die Mühle in einem Dorf, das für dwp Rohzucker produziert. Die Menschen standen vor dem Aus. dwp organisierte in kurzer Zeit mit Hilfe der Weltläden ein Hilfsprogramm und ließ die Mühle wieder aufbauen. Die Ernte war damit gerettet – die Menschen konnten weiter Rohzucker herstellen.</p>
</div>
</div>
<p>[/vc_column_text][/vc_column][/vc_row][vc_row][vc_column width=&#8220;1/3&#8243;][/vc_column][vc_column width=&#8220;1/3&#8243;][/vc_column][vc_column width=&#8220;1/3&#8243;][/vc_column][/vc_row]</p>
</div>

<p>[vc_row][vc_column][vc_empty_space height=&#8220;20px&#8220;][vc_custom_heading text=&#8220;Fairer Handel im Weltladen Sigmaringen&#8220; font_container=&#8220;tag:h2|font_size:40|text_align:center|color:%23000000&#8243; google_fonts=&#8220;font_family:PT%20Serif%3Aregular%2Citalic%2C700%2C700italic|font_style:700%20bold%20italic%3A700%3Aitalic&#8220;][vc_empty_space height=&#8220;20px&#8220;][vc_column_text] Mit einem Jahresumsatz von ca. 50.000 – 60.000 EUR pro Jahr können wir nicht mit den großen Supermarktketten mithalten. Diese Summen setzen sie an einem Wochenende locker um. Trotzdem: Auch Kleinvieh macht Mist – wie es im Schwäbischen so schön heißt. Nimmt man alle Weltläden&hellip;</p>

<!-- This site is optimized with the Yoast SEO plugin v26.8 - https://yoast.com/product/yoast-seo-wordpress/ -->
<title>Handel in Sigmaringen - Weltladen Sigmaringen</title>
<meta name="robots" content="index, follow, max-snippet:-1, max-image-preview:large, max-video-preview:-1" />
<link rel="canonical" href="https://weltlaeden.de/sigmaringen/fairer-handel-im-weltladen-sigmaringen/" />
<meta property="og:locale" content="de_DE" />
<meta property="og:type" content="article" />
<meta property="og:title" content="Handel in Sigmaringen - Weltladen Sigmaringen" />
<meta property="og:description" content="[vc_row][vc_column][vc_empty_space height=&#8220;20px&#8220;][vc_custom_heading text=&#8220;Fairer Handel im Weltladen Sigmaringen&#8220; font_container=&#8220;tag:h2|font_size:40|text_align:center|color:%23000000&#8243; google_fonts=&#8220;font_family:PT%20Serif%3Aregular%2Citalic%2C700%2C700italic|font_style:700%20bold%20italic%3A700%3Aitalic&#8220;][vc_empty_space height=&#8220;20px&#8220;][vc_column_text] Mit einem Jahresumsatz von ca. 50.000 – 60.000 EUR pro Jahr können wir nicht mit den großen Supermarktketten mithalten. Diese Summen setzen sie an einem Wochenende locker um. Trotzdem: Auch Kleinvieh macht Mist – wie es im Schwäbischen so schön heißt. Nimmt man alle Weltläden&hellip;" />
<meta property="og:url" content="https://weltlaeden.de/sigmaringen/fairer-handel-im-weltladen-sigmaringen/" />
<meta property="og:site_name" content="Weltladen Sigmaringen" />
<meta property="article:modified_time" content="2023-12-21T19:51:14+00:00" />
<meta name="twitter:card" content="summary_large_image" />
<meta name="twitter:label1" content="Geschätzte Lesezeit" />
	<meta name="twitter:data1" content="2 Minuten" />
<script type="application/ld+json" class="yoast-schema-graph">{"@context":"https://schema.org","@graph":[{"@type":"WebPage","@id":"https://weltlaeden.de/sigmaringen/fairer-handel-im-weltladen-sigmaringen/","url":"https://weltlaeden.de/sigmaringen/fairer-handel-im-weltladen-sigmaringen/","name":"Handel in Sigmaringen - Weltladen Sigmaringen","isPartOf":{"@id":"https://weltlaeden.de/sigmaringen/#website"},"datePublished":"2020-09-02T09:24:36+00:00","dateModified":"2023-12-21T19:51:14+00:00","breadcrumb":{"@id":"https://weltlaeden.de/sigmaringen/fairer-handel-im-weltladen-sigmaringen/#breadcrumb"},"inLanguage":"de","potentialAction":[{"@type":"ReadAction","target":["https://weltlaeden.de/sigmaringen/fairer-handel-im-weltladen-sigmaringen/"]}]},{"@type":"BreadcrumbList","@id":"https://weltlaeden.de/sigmaringen/fairer-handel-im-weltladen-sigmaringen/#breadcrumb","itemListElement":[{"@type":"ListItem","position":1,"name":"Startseite","item":"https://weltlaeden.de/sigmaringen/"},{"@type":"ListItem","position":2,"name":"Handel in Sigmaringen"}]},{"@type":"WebSite","@id":"https://weltlaeden.de/sigmaringen/#website","url":"https://weltlaeden.de/sigmaringen/","name":"Weltladen Sigmaringen","description":"Faire Produkte seit 1990","potentialAction":[{"@type":"SearchAction","target":{"@type":"EntryPoint","urlTemplate":"https://weltlaeden.de/sigmaringen/?s={search_term_string}"},"query-input":{"@type":"PropertyValueSpecification","valueRequired":true,"valueName":"search_term_string"}}],"inLanguage":"de"}]}</script>
<!-- / Yoast SEO plugin. -->

[vc_row][vc_column][vc_empty_space height=&#8220;20px&#8220;][vc_custom_heading text=&#8220;Fairer Handel im Weltladen Sigmaringen&#8220; font_container=&#8220;tag:h2|font_size:40|text_align:center|color:%23000000&#8243; google_fonts=&#8220;font_family:PT%20Serif%3Aregular%2Citalic%2C700%2C700italic|font_style:700%20bold%20italic%3A700%3Aitalic&#8220;][vc_empty_space height=&#8220;20px&#8220;][vc_column_text] Mit einem Jahresumsatz von ca. 50.000 – 60.000 EUR pro Jahr können wir nicht mit den großen Supermarktketten mithalten. Diese Summen setzen sie an einem Wochenende locker um. Trotzdem: Auch Kleinvieh macht Mist – wie es im Schwäbischen so schön heißt. Nimmt man alle Weltläden&hellip;
