{"id":219,"date":"2016-10-28T13:34:47","date_gmt":"2016-10-28T11:34:47","guid":{"rendered":"https:\/\/wl.heimpixel.de\/vorlage\/ueber-uns\/"},"modified":"2023-02-19T14:48:43","modified_gmt":"2023-02-19T13:48:43","slug":"ueber-uns","status":"publish","type":"page","link":"https:\/\/weltlaeden.de\/senden\/ueber-uns\/","title":{"rendered":"\u00dcber uns"},"content":{"rendered":"<div class=\"wpb-content-wrapper\"><p>[vc_row][vc_column]<div class=\"wl_einzelbild\"><p><\/p><\/div>[vc_empty_space][vc_column_text]<\/p>\n<h1>\u00dcber den Weltladen Senden<\/h1>\n<p>Ab Oktober 2022 gibt es in Senden einen Weltladen. Tr\u00e4ger ist der Verein \u201eWeltladen Senden \u2013 fair handeln, besser leben e.V\u201c.<\/p>\n<p>Gemeinsam mit unseren Kundinnen und Kunden unterst\u00fctzen wir eine nachhaltige Produktion und den fairen Handeln mit den L\u00e4ndern des S\u00fcdens.<\/p>\n<p>Mit dem Kauf von fair gehandelten Waren und nachhaltig produzierten Lebensmitteln in hochwertiger (Bio-)Qualit\u00e4t unterst\u00fctzen Sie direkt die kleinb\u00e4uerlichen Produzenten, Handwerker*innen und Arbeitnehmer*innen. Diese erhalten einen fairen Preis f\u00fcr ihre Produkte und erfahren Unterst\u00fctzung f\u00fcr eine \u00f6kologische Produktion, f\u00fcr soziale Projekte und ein besseres Leben.<\/p>\n<p>Wir arbeiten ehrenamtlich. Jeder im Weltladen erwirtschafte Euro flie\u00dft direkt in unsere gemeinn\u00fctzige Arbeit und in die Unterst\u00fctzung von Fair-Handels-Projekten in Afrika, Asien und Lateinamerika.<\/p>\n<p>Der Weltladen Senden ist Mitglied im Weltladen-Dachverband, zu dem sich mehr als 900 Weltl\u00e4den in Deutschland zusammengeschlossen haben.<\/p>\n<p>Wir sind Teil der fair trade Stadt Senden und unterst\u00fctzen die Initiative in der Stadt und in der Umgebung f\u00fcr mehr fairen Handel.<\/p>\n<p><strong>Wir freuen uns \u00fcber Ihren Besuch!<\/strong><\/p>\n<p>[\/vc_column_text][\/vc_column][\/vc_row][vc_row][vc_column][vc_empty_space][vc_column_text]<\/p>\n<h1>Lust zum Mitmachen?<\/h1>\n<p>Wir suchen engagierte Mitmacher*innen, die unsere Vereinsarbeit bei Info-Veranstaltungen, Kampagnen und unser Verkaufsteam im Weltladen unterst\u00fctzen. Auch f\u00f6rdernde Mitglieder sind sehr herzlich willkommen, die unser Anliegen f\u00fcr mehr Gerechtigkeit durch fairen Handel mit einem Jahresbeitrag von 25 Euro unterst\u00fctzen.<\/p>\n<p>Wenn Sie Interesse an einer Mitarbeit in unserem Team in den Bereichen Bildungsarbeit, Kampagnen und Weltladen haben, dann setzen Sie sich mit uns in Verbindung:<\/p>\n<p><strong>Wir freuen uns auf Sie!<\/strong>[\/vc_column_text][\/vc_column][\/vc_row]<\/p>\n<\/div>","protected":false},"excerpt":{"rendered":"<p>[vc_row][vc_column][vc_empty_space][vc_column_text] \u00dcber den Weltladen Senden Ab Oktober 2022 gibt es in Senden einen Weltladen. Tr\u00e4ger ist der Verein \u201eWeltladen Senden \u2013 fair handeln, besser leben e.V\u201c. Gemeinsam mit unseren Kundinnen und Kunden unterst\u00fctzen wir eine nachhaltige Produktion und den fairen Handeln mit den L\u00e4ndern des S\u00fcdens. Mit dem Kauf von fair gehandelten Waren und nachhaltig&hellip;<\/p>\n","protected":false},"author":1,"featured_media":0,"parent":0,"menu_order":4,"comment_status":"closed","ping_status":"closed","template":"","meta":{"footnotes":""},"class_list":["post-219","page","type-page","status-publish","hentry","description-off"],"yoast_head":"<!-- This site is optimized with the Yoast SEO plugin v26.8 - https:\/\/yoast.com\/product\/yoast-seo-wordpress\/ -->\n<title>\u00dcber uns - Weltladen Senden<\/title>\n<meta name=\"robots\" content=\"index, follow, max-snippet:-1, max-image-preview:large, max-video-preview:-1\" \/>\n<link rel=\"canonical\" href=\"https:\/\/weltlaeden.de\/senden\/ueber-uns\/\" \/>\n<meta property=\"og:locale\" content=\"de_DE\" \/>\n<meta property=\"og:type\" content=\"article\" \/>\n<meta property=\"og:title\" content=\"\u00dcber uns - Weltladen Senden\" \/>\n<meta property=\"og:description\" content=\"[vc_row][vc_column][vc_empty_space][vc_column_text] \u00dcber den Weltladen Senden Ab Oktober 2022 gibt es in Senden einen Weltladen. Tr\u00e4ger ist der Verein \u201eWeltladen Senden \u2013 fair handeln, besser leben e.V\u201c. Gemeinsam mit unseren Kundinnen und Kunden unterst\u00fctzen wir eine nachhaltige Produktion und den fairen Handeln mit den L\u00e4ndern des S\u00fcdens. Mit dem Kauf von fair gehandelten Waren und nachhaltig&hellip;\" \/>\n<meta property=\"og:url\" content=\"https:\/\/weltlaeden.de\/senden\/ueber-uns\/\" \/>\n<meta property=\"og:site_name\" content=\"Weltladen Senden\" \/>\n<meta property=\"article:modified_time\" content=\"2023-02-19T13:48:43+00:00\" \/>\n<meta name=\"twitter:card\" content=\"summary_large_image\" \/>\n<meta name=\"twitter:label1\" content=\"Gesch\u00e4tzte Lesezeit\" \/>\n\t<meta name=\"twitter:data1\" content=\"2\u00a0Minuten\" \/>\n<script type=\"application\/ld+json\" class=\"yoast-schema-graph\">{\"@context\":\"https:\/\/schema.org\",\"@graph\":[{\"@type\":\"WebPage\",\"@id\":\"https:\/\/weltlaeden.de\/senden\/ueber-uns\/\",\"url\":\"https:\/\/weltlaeden.de\/senden\/ueber-uns\/\",\"name\":\"\u00dcber uns - Weltladen Senden\",\"isPartOf\":{\"@id\":\"https:\/\/weltlaeden.de\/senden\/#website\"},\"datePublished\":\"2016-10-28T11:34:47+00:00\",\"dateModified\":\"2023-02-19T13:48:43+00:00\",\"breadcrumb\":{\"@id\":\"https:\/\/weltlaeden.de\/senden\/ueber-uns\/#breadcrumb\"},\"inLanguage\":\"de\",\"potentialAction\":[{\"@type\":\"ReadAction\",\"target\":[\"https:\/\/weltlaeden.de\/senden\/ueber-uns\/\"]}]},{\"@type\":\"BreadcrumbList\",\"@id\":\"https:\/\/weltlaeden.de\/senden\/ueber-uns\/#breadcrumb\",\"itemListElement\":[{\"@type\":\"ListItem\",\"position\":1,\"name\":\"Startseite\",\"item\":\"https:\/\/weltlaeden.de\/senden\/\"},{\"@type\":\"ListItem\",\"position\":2,\"name\":\"\u00dcber uns\"}]},{\"@type\":\"WebSite\",\"@id\":\"https:\/\/weltlaeden.de\/senden\/#website\",\"url\":\"https:\/\/weltlaeden.de\/senden\/\",\"name\":\"Weltladen Senden\",\"description\":\"Faire Produkte seit 1990\",\"potentialAction\":[{\"@type\":\"SearchAction\",\"target\":{\"@type\":\"EntryPoint\",\"urlTemplate\":\"https:\/\/weltlaeden.de\/senden\/?s={search_term_string}\"},\"query-input\":{\"@type\":\"PropertyValueSpecification\",\"valueRequired\":true,\"valueName\":\"search_term_string\"}}],\"inLanguage\":\"de\"}]}<\/script>\n<!-- \/ Yoast SEO plugin. -->","yoast_head_json":{"title":"\u00dcber uns - Weltladen Senden","robots":{"index":"index","follow":"follow","max-snippet":"max-snippet:-1","max-image-preview":"max-image-preview:large","max-video-preview":"max-video-preview:-1"},"canonical":"https:\/\/weltlaeden.de\/senden\/ueber-uns\/","og_locale":"de_DE","og_type":"article","og_title":"\u00dcber uns - Weltladen Senden","og_description":"[vc_row][vc_column][vc_empty_space][vc_column_text] \u00dcber den Weltladen Senden Ab Oktober 2022 gibt es in Senden einen Weltladen. Tr\u00e4ger ist der Verein \u201eWeltladen Senden \u2013 fair handeln, besser leben e.V\u201c. Gemeinsam mit unseren Kundinnen und Kunden unterst\u00fctzen wir eine nachhaltige Produktion und den fairen Handeln mit den L\u00e4ndern des S\u00fcdens. Mit dem Kauf von fair gehandelten Waren und nachhaltig&hellip;","og_url":"https:\/\/weltlaeden.de\/senden\/ueber-uns\/","og_site_name":"Weltladen Senden","article_modified_time":"2023-02-19T13:48:43+00:00","twitter_card":"summary_large_image","twitter_misc":{"Gesch\u00e4tzte Lesezeit":"2\u00a0Minuten"},"schema":{"@context":"https:\/\/schema.org","@graph":[{"@type":"WebPage","@id":"https:\/\/weltlaeden.de\/senden\/ueber-uns\/","url":"https:\/\/weltlaeden.de\/senden\/ueber-uns\/","name":"\u00dcber uns - Weltladen Senden","isPartOf":{"@id":"https:\/\/weltlaeden.de\/senden\/#website"},"datePublished":"2016-10-28T11:34:47+00:00","dateModified":"2023-02-19T13:48:43+00:00","breadcrumb":{"@id":"https:\/\/weltlaeden.de\/senden\/ueber-uns\/#breadcrumb"},"inLanguage":"de","potentialAction":[{"@type":"ReadAction","target":["https:\/\/weltlaeden.de\/senden\/ueber-uns\/"]}]},{"@type":"BreadcrumbList","@id":"https:\/\/weltlaeden.de\/senden\/ueber-uns\/#breadcrumb","itemListElement":[{"@type":"ListItem","position":1,"name":"Startseite","item":"https:\/\/weltlaeden.de\/senden\/"},{"@type":"ListItem","position":2,"name":"\u00dcber uns"}]},{"@type":"WebSite","@id":"https:\/\/weltlaeden.de\/senden\/#website","url":"https:\/\/weltlaeden.de\/senden\/","name":"Weltladen Senden","description":"Faire Produkte seit 1990","potentialAction":[{"@type":"SearchAction","target":{"@type":"EntryPoint","urlTemplate":"https:\/\/weltlaeden.de\/senden\/?s={search_term_string}"},"query-input":{"@type":"PropertyValueSpecification","valueRequired":true,"valueName":"search_term_string"}}],"inLanguage":"de"}]}},"_links":{"self":[{"href":"https:\/\/weltlaeden.de\/senden\/wp-json\/wp\/v2\/pages\/219","targetHints":{"allow":["GET"]}}],"collection":[{"href":"https:\/\/weltlaeden.de\/senden\/wp-json\/wp\/v2\/pages"}],"about":[{"href":"https:\/\/weltlaeden.de\/senden\/wp-json\/wp\/v2\/types\/page"}],"author":[{"embeddable":true,"href":"https:\/\/weltlaeden.de\/senden\/wp-json\/wp\/v2\/users\/1"}],"replies":[{"embeddable":true,"href":"https:\/\/weltlaeden.de\/senden\/wp-json\/wp\/v2\/comments?post=219"}],"version-history":[{"count":19,"href":"https:\/\/weltlaeden.de\/senden\/wp-json\/wp\/v2\/pages\/219\/revisions"}],"predecessor-version":[{"id":964,"href":"https:\/\/weltlaeden.de\/senden\/wp-json\/wp\/v2\/pages\/219\/revisions\/964"}],"wp:attachment":[{"href":"https:\/\/weltlaeden.de\/senden\/wp-json\/wp\/v2\/media?parent=219"}],"curies":[{"name":"wp","href":"https:\/\/api.w.org\/{rel}","templated":true}]}}