{"id":23,"date":"2016-10-14T09:05:21","date_gmt":"2016-10-14T07:05:21","guid":{"rendered":"https:\/\/wl.heimpixel.de\/vorlage\/termine\/"},"modified":"2023-10-19T14:52:32","modified_gmt":"2023-10-19T12:52:32","slug":"termine","status":"publish","type":"page","link":"https:\/\/weltlaeden.de\/schwelm\/termine\/","title":{"rendered":"Termine"},"content":{"rendered":"<div class=\"wpb-content-wrapper\"><p>[vc_row][vc_column]<div class=\"wl_einzelbild\"><p><img loading=\"lazy\" decoding=\"async\" class=\"alignleft wp-image-705 size-medium\" src=\"https:\/\/weltlaeden.de\/schwelm\/wp-content\/uploads\/sites\/191\/2023\/10\/IMG-20230510-WA0023-e1697719904488-300x239.jpg\" alt=\"Weltladen Schwelm - Termine\" width=\"300\" height=\"239\" srcset=\"https:\/\/weltlaeden.de\/schwelm\/wp-content\/uploads\/sites\/191\/2023\/10\/IMG-20230510-WA0023-e1697719904488-300x239.jpg 300w, https:\/\/weltlaeden.de\/schwelm\/wp-content\/uploads\/sites\/191\/2023\/10\/IMG-20230510-WA0023-e1697719904488.jpg 768w\" sizes=\"auto, (max-width: 300px) 100vw, 300px\" \/><\/p><\/div>[vc_empty_space height=&#8220;30px&#8220;][vc_column_text]<\/p>\n<h1>Termine<\/h1>\n<h4><\/h4>\n<p>[\/vc_column_text][vc_empty_space height=&#8220;30px&#8220;][\/vc_column][\/vc_row][vc_row][vc_column width=&#8220;2\/3&#8243;][vc_column_text]<\/p>\n<h2>Kommende Termine<\/h2>\n<p>[\/vc_column_text]<ul class=\"termine-page current aktuell\">[vc_empty_space height=&#8220;30px&#8220;][vc_column_text]<\/p>\n<h2>Vergangene Termine<\/h2>\n<p>[\/vc_column_text]<ul class=\"termine-page past vergangen\"><li><h5 class=\"termine-titel\"><a href=\"https:\/\/weltlaeden.de\/schwelm\/termin\/jetzt-faire-orangen-bestellen\/\">Jetzt faire Orangen bestellen!<\/a><\/h5><p class=\"termine-date\">Sa., 18.02.2023 bis 28.02.2023<\/p><p class=\"termine-auszug\">Es ist wieder Orangenzeit in Schwelm! Der Weltladen Schwelm beteiligt sich auch dieses Jahr wieder an der gro\u00dfen Orangen-Aktion gegen moderne Sklaverei und unmenschliche Zust\u00e4nde bei Erntearbeiter:innen. M\u00f6chtest du auch etwas f\u00fcr faire L\u00f6hne und w\u00fcrdige Behandlung der Erntehelfer:innen tun? Dann bestelle dir <strong>bis sp\u00e4testens 26. Februar 2024<\/strong>\u00a0eine oder mehrere unserer 10-kg-Kisten Orangen aus \u00f6ko-solidarischem Anbau in Italien. <a href=\"https:\/\/weltlaeden.de\/schwelm\/angebot-koestliche-orangen-aus-fairem-anbau\/\">Hier findest du alle Infos, die du brauchst..<\/a>.<p class=termine-ort\"><small>Ort: <i>Weltladen Schwelm, Altmarkt 2, 58332 Schwelm<\/i><\/small><\/p><\/li><li><h5 class=\"termine-titel\"><a href=\"https:\/\/weltlaeden.de\/schwelm\/termin\/workshop-was-soll-ich-essen-barbara-muth-29-01-2023\/\">Workshop: &#8222;Was soll ich essen?&#8220;, Barbara Muth<\/a><\/h5><p class=\"termine-date\">So., 29.01.2023, 16:00<\/p><p class=\"termine-auszug\">Was soll ich essen? \ud835\uddda\ud835\uddf2\ud835\uddf5\u00f6\ud835\uddff\ud835\ude01 \"\ud835\uddd5\ud835\uddf2\ud835\ude00\ud835\ude00\ud835\uddf2\ud835\uddff\ud835\uddf2 \ud835\uddd8\ud835\uddff\ud835\uddfb\u00e4\ud835\uddf5\ud835\uddff\ud835\ude02\ud835\uddfb\ud835\uddf4\" \ud835\uddfc\ud835\uddf1\ud835\uddf2\ud835\uddff \"\ud835\uddd4\ud835\uddef\ud835\uddfb\ud835\uddf2\ud835\uddf5\ud835\uddfa\ud835\uddf2\ud835\uddfb\" \ud835\ude07\ud835\ude02 \ud835\uddf1\ud835\uddf2\ud835\uddf6\ud835\uddfb\ud835\uddf2\ud835\uddfb \ud835\udde1\ud835\uddf2\ud835\ude02\ud835\uddf7\ud835\uddee\ud835\uddf5\ud835\uddff\ud835\ude00\ud835\ude03\ud835\uddfc\ud835\uddff\ud835\ude00\u00e4\ud835\ude01\ud835\ude07\ud835\uddf2\ud835\uddfb? Dann haben wir etwas f\u00fcr dich! Wie du dich lecker und gesund ern\u00e4hrst und dabei abnimmst, zeigt dir Barbara Muth,\u00a0 Ergotherapeutin und Gesundheitsberaterin. Lass dich nicht l\u00e4nger von den vielen Ern\u00e4hrungstipps auf dem Markt in die Irre f\u00fchren. Die meisten davon sind nicht auf deine individuellen Bed\u00fcrfnisse zugeschnitten, Scheitern ist vorprogrammiert. Jeder Mensch ist jedoch anders, jede:r braucht eine eigene Ern\u00e4hrungsweise! In \ud835\uddd5\ud835\uddee\ud835\uddff\ud835\uddef\ud835\uddee\ud835\uddff\ud835\uddee \ud835\udde0\ud835\ude02\ud835\ude01\ud835\uddf5\ud835\ude00 \ud835\udff0-\ud835\ude01\ud835\uddf2\ud835\uddf6\ud835\uddf9\ud835\uddf6\ud835\uddf4\ud835\uddf2\ud835\uddff \ud835\uddea\ud835\uddfc\ud835\uddff\ud835\uddf8\ud835\ude00\ud835\uddf5\ud835\uddfc\ud835\uddfd-\ud835\udde5\ud835\uddf2\ud835\uddf6\ud835\uddf5\ud835\uddf2 \"\ud835\uddea\ud835\uddee\ud835\ude00 \ud835\ude00\ud835\uddfc\ud835\uddf9\ud835\uddf9 \ud835\uddf6\ud835\uddf0\ud835\uddf5 \ud835\uddf2\ud835\ude00\ud835\ude00\ud835\uddf2\ud835\uddfb?\" gehen die Teilnehmer:innen den Vor- und Nachteilen der bekanntesten Ern\u00e4hrungsweisen und Di\u00e4ten auf den Grund und lernen endlich mehr \u00fcber eine gute Verdauung. Damit hast du ein gutes Startpaket f\u00fcr die Umsetzung deiner Neujahrsvors\u00e4tze! Der Workshop \"Was soll ich essen?\" findet bei AtelierSieben e.V., Altmarkt 2, im 1.OG statt. <strong>Workshop-\ud835\udde7\ud835\uddf2\ud835\uddff\ud835\uddfa\ud835\uddf6\ud835\uddfb:<\/strong> 4x Sonntag ab 29.01.2023, 16-18 Uhr. Energieausgleich f\u00fcr je 4 Termine: 50,- EUR. &nbsp; \ud835\uddd4\ud835\uddfb\ud835\uddfa\ud835\uddf2\ud835\uddf9\ud835\uddf1\ud835\ude02\ud835\uddfb\ud835\uddf4 im Weltladen bzw. [...] <a href=\"https:\/\/weltlaeden.de\/schwelm\/termin\/workshop-was-soll-ich-essen-barbara-muth-29-01-2023\/\"><small>[WEITERLESEN]<\/small><\/a><\/p><\/li><li><h5 class=\"termine-titel\"><a href=\"https:\/\/weltlaeden.de\/schwelm\/termin\/workshop-was-soll-ich-essen-barbara-muth-25-01-2023\/\">Workshop: &#8222;Was soll ich essen?&#8220;, Barbara Muth<\/a><\/h5><p class=\"termine-date\">Mi., 25.01.2023, 10:00<\/p><p class=\"termine-auszug\">Was soll ich essen? \ud835\uddda\ud835\uddf2\ud835\uddf5\u00f6\ud835\uddff\ud835\ude01 \"\ud835\uddd5\ud835\uddf2\ud835\ude00\ud835\ude00\ud835\uddf2\ud835\uddff\ud835\uddf2 \ud835\uddd8\ud835\uddff\ud835\uddfb\u00e4\ud835\uddf5\ud835\uddff\ud835\ude02\ud835\uddfb\ud835\uddf4\" \ud835\uddfc\ud835\uddf1\ud835\uddf2\ud835\uddff \"\ud835\uddd4\ud835\uddef\ud835\uddfb\ud835\uddf2\ud835\uddf5\ud835\uddfa\ud835\uddf2\ud835\uddfb\" \ud835\ude07\ud835\ude02 \ud835\uddf1\ud835\uddf2\ud835\uddf6\ud835\uddfb\ud835\uddf2\ud835\uddfb \ud835\udde1\ud835\uddf2\ud835\ude02\ud835\uddf7\ud835\uddee\ud835\uddf5\ud835\uddff\ud835\ude00\ud835\ude03\ud835\uddfc\ud835\uddff\ud835\ude00\u00e4\ud835\ude01\ud835\ude07\ud835\uddf2\ud835\uddfb? Dann haben wir etwas f\u00fcr dich! Wie du dich lecker und gesund ern\u00e4hrst und dabei abnimmst, zeigt dir Barbara Muth,\u00a0 Ergotherapeutin und Gesundheitsberaterin. Lass dich nicht l\u00e4nger von den vielen Ern\u00e4hrungstipps auf dem Markt in die Irre f\u00fchren. Die meisten davon sind nicht auf deine individuellen Bed\u00fcrfnisse zugeschnitten, Scheitern ist vorprogrammiert. Jeder Mensch ist jedoch anders, jede:r braucht eine eigene Ern\u00e4hrungsweise! In \ud835\uddd5\ud835\uddee\ud835\uddff\ud835\uddef\ud835\uddee\ud835\uddff\ud835\uddee \ud835\udde0\ud835\ude02\ud835\ude01\ud835\uddf5\ud835\ude00 \ud835\udff0-\ud835\ude01\ud835\uddf2\ud835\uddf6\ud835\uddf9\ud835\uddf6\ud835\uddf4\ud835\uddf2\ud835\uddff \ud835\uddea\ud835\uddfc\ud835\uddff\ud835\uddf8\ud835\ude00\ud835\uddf5\ud835\uddfc\ud835\uddfd-\ud835\udde5\ud835\uddf2\ud835\uddf6\ud835\uddf5\ud835\uddf2 \"\ud835\uddea\ud835\uddee\ud835\ude00 \ud835\ude00\ud835\uddfc\ud835\uddf9\ud835\uddf9 \ud835\uddf6\ud835\uddf0\ud835\uddf5 \ud835\uddf2\ud835\ude00\ud835\ude00\ud835\uddf2\ud835\uddfb?\" gehen die Teilnehmer:innen den Vor- und Nachteilen der bekanntesten Ern\u00e4hrungsweisen und Di\u00e4ten auf den Grund und lernen endlich mehr \u00fcber eine gute Verdauung. Damit hast du ein gutes Startpaket f\u00fcr die Umsetzung deiner Neujahrsvors\u00e4tze! Der Workshop \"Was soll ich essen?\" findet bei AtelierSieben e.V., Altmarkt 2, im 1.OG statt. <strong>Workshop-\ud835\udde7\ud835\uddf2\ud835\uddff\ud835\uddfa\ud835\uddf6\ud835\uddfb:<\/strong> 4x Mittwoch ab 25.01.2023, 10-12 Uhr. Start: 25.01.2023 Energieausgleich f\u00fcr je 4 Termine: 50,- EUR. &nbsp; \ud835\uddd4\ud835\uddfb\ud835\uddfa\ud835\uddf2\ud835\uddf9\ud835\uddf1\ud835\ude02\ud835\uddfb\ud835\uddf4 im [...] <a href=\"https:\/\/weltlaeden.de\/schwelm\/termin\/workshop-was-soll-ich-essen-barbara-muth-25-01-2023\/\"><small>[WEITERLESEN]<\/small><\/a><\/p><p class=termine-ort\"><small>Ort: <i>AtelierSieben e.V., Altmarkt 2\/1. OG, 58332 Schwelm<\/i><\/small><\/p><\/li><li><h5 class=\"termine-titel\"><a href=\"https:\/\/weltlaeden.de\/schwelm\/termin\/workshop-was-soll-ich-essen-barbara-muth\/\">Workshop: &#8222;Was soll ich essen?&#8220;, Barbara Muth<\/a><\/h5><p class=\"termine-date\">Di., 24.01.2023, 18:00<\/p><p class=\"termine-auszug\">Was soll ich essen? \ud835\uddda\ud835\uddf2\ud835\uddf5\u00f6\ud835\uddff\ud835\ude01 \"\ud835\uddd5\ud835\uddf2\ud835\ude00\ud835\ude00\ud835\uddf2\ud835\uddff\ud835\uddf2 \ud835\uddd8\ud835\uddff\ud835\uddfb\u00e4\ud835\uddf5\ud835\uddff\ud835\ude02\ud835\uddfb\ud835\uddf4\" \ud835\uddfc\ud835\uddf1\ud835\uddf2\ud835\uddff \"\ud835\uddd4\ud835\uddef\ud835\uddfb\ud835\uddf2\ud835\uddf5\ud835\uddfa\ud835\uddf2\ud835\uddfb\" \ud835\ude07\ud835\ude02 \ud835\uddf1\ud835\uddf2\ud835\uddf6\ud835\uddfb\ud835\uddf2\ud835\uddfb \ud835\udde1\ud835\uddf2\ud835\ude02\ud835\uddf7\ud835\uddee\ud835\uddf5\ud835\uddff\ud835\ude00\ud835\ude03\ud835\uddfc\ud835\uddff\ud835\ude00\u00e4\ud835\ude01\ud835\ude07\ud835\uddf2\ud835\uddfb? Dann haben wir etwas f\u00fcr dich! Wie du dich lecker und gesund ern\u00e4hrst und dabei abnimmst, zeigt dir Barbara Muth,\u00a0 Ergotherapeutin und Gesundheitsberaterin. Lass dich nicht l\u00e4nger von den vielen Ern\u00e4hrungstipps auf dem Markt in die Irre f\u00fchren. Die meisten davon sind nicht auf deine individuellen Bed\u00fcrfnisse zugeschnitten, Scheitern ist vorprogrammiert. Jeder Mensch ist jedoch anders, jede:r braucht eine eigene Ern\u00e4hrungsweise! In \ud835\uddd5\ud835\uddee\ud835\uddff\ud835\uddef\ud835\uddee\ud835\uddff\ud835\uddee \ud835\udde0\ud835\ude02\ud835\ude01\ud835\uddf5\ud835\ude00 \ud835\udff0-\ud835\ude01\ud835\uddf2\ud835\uddf6\ud835\uddf9\ud835\uddf6\ud835\uddf4\ud835\uddf2\ud835\uddff \ud835\uddea\ud835\uddfc\ud835\uddff\ud835\uddf8\ud835\ude00\ud835\uddf5\ud835\uddfc\ud835\uddfd-\ud835\udde5\ud835\uddf2\ud835\uddf6\ud835\uddf5\ud835\uddf2 \"\ud835\uddea\ud835\uddee\ud835\ude00 \ud835\ude00\ud835\uddfc\ud835\uddf9\ud835\uddf9 \ud835\uddf6\ud835\uddf0\ud835\uddf5 \ud835\uddf2\ud835\ude00\ud835\ude00\ud835\uddf2\ud835\uddfb?\" gehen die Teilnehmer:innen den Vor- und Nachteilen der bekanntesten Ern\u00e4hrungsweisen und Di\u00e4ten auf den Grund und lernen endlich mehr \u00fcber eine gute Verdauung. Damit hast du ein gutes Startpaket f\u00fcr die Umsetzung deiner Neujahrsvors\u00e4tze! Der Workshop \"Was soll ich essen?\" findet bei AtelierSieben e.V., Altmarkt 2, im 1.OG statt. <strong>Workshop-\ud835\udde7\ud835\uddf2\ud835\uddff\ud835\uddfa\ud835\uddf6\ud835\uddfb:<\/strong> 4x Dienstag ab 24.01.2023, 18-20 Uhr. Energieausgleich f\u00fcr 4 Termine: 50,- EUR. \ud835\uddd4\ud835\uddfb\ud835\uddfa\ud835\uddf2\ud835\uddf9\ud835\uddf1\ud835\ude02\ud835\uddfb\ud835\uddf4 im Weltladen bzw. per Mail [...] <a href=\"https:\/\/weltlaeden.de\/schwelm\/termin\/workshop-was-soll-ich-essen-barbara-muth\/\"><small>[WEITERLESEN]<\/small><\/a><\/p><p class=termine-ort\"><small>Ort: <i>AtelierSieben e.V. , Altmarkt 2 \/ 1. OG, 58332 Schwelm<\/i><\/small><\/p><\/li><li><h5 class=\"termine-titel\"><a href=\"https:\/\/weltlaeden.de\/schwelm\/termin\/buchvorstellung-ernaehrung-ist-mehr-als-essen-barbara-muth-2\/\">Buchvorstellung: &#8222;Ern\u00e4hrung&#8230; ist mehr als Essen!&#8220;, Barbara Muth<\/a><\/h5><p class=\"termine-date\">Mi., 18.01.2023, 10:00<\/p><p class=\"termine-auszug\">Barbara Muth:\u00a0\"Ern\u00e4hrung... ist mehr als Essen!\" Wir laden zur \ud835\uddd5\ud835\ude02\ud835\uddf0\ud835\uddf5\ud835\ude03\ud835\uddfc\ud835\uddff\ud835\ude00\ud835\ude01\ud835\uddf2\ud835\uddf9\ud835\uddf9\ud835\ude02\ud835\uddfb\ud835\uddf4 im Weltladen ein! In ihrem neu erschienenen Buch \"\ud835\uddd8\ud835\uddff\ud835\uddfb\u00e4\ud835\uddf5\ud835\uddff\ud835\ude02\ud835\uddfb\ud835\uddf4... \ud835\uddf6\ud835\ude00\ud835\ude01 \ud835\uddfa\ud835\uddf2\ud835\uddf5\ud835\uddff \ud835\uddee\ud835\uddf9\ud835\ude00 \ud835\uddd8\ud835\ude00\ud835\ude00\ud835\uddf2\ud835\uddfb!\" geht die Schwelmer Ergotherapeutin und Gesundheitsberaterin \ud835\uddd5\ud835\uddee\ud835\uddff\ud835\uddef\ud835\uddee\ud835\uddff\ud835\uddee \ud835\udde0\ud835\ude02\ud835\ude01\ud835\uddf5 einstiegsfreundlich darauf ein, was wir brauchen, um dauerhaft gesund und gl\u00fccklich zu sein. Wer w\u00fcrde sich das nicht w\u00fcnschen?!? <strong>Mehr als 25 Jahre recherchierte Muth<\/strong> dazu, wie moderne Wissenschaft und alte Heilmethoden, Darmgesundheit und neue Psychologie-Erkenntnisse sich zu einem einheitlichen Gesundheitsmodell verbinden lassen. <strong>Muths Erstlingswerk<\/strong> er\u00f6ffnet nun den Leser:innen Wege, die eigenen St\u00e4rken und Schw\u00e4chen zu finden, zu beeinflussen und die individuelle Gesundheit zu verbessern. <strong>Lasst euch \"Ern\u00e4hrung... ist mehr als Essen!\" von Barbara Muth pers\u00f6nlich vorstellen!<\/strong> <strong>Buchvorstellungs-Termine:<\/strong> Dienstag, 17.01.22, 18:00 Uhr Mittwoch, 18.01.22, 10:00 Uhr \ud835\udde2\ud835\uddff\ud835\ude01: Weltladen Schwelm, Altmarkt 2, 58332 Schwelm<p class=termine-ort\"><small>Ort: <i>Weltladen Schwelm, Altmarkt 2, 58332 Schwelm<\/i><\/small><\/p><\/li><li><h5 class=\"termine-titel\"><a href=\"https:\/\/weltlaeden.de\/schwelm\/termin\/buchvorstellung-ernaehrung-ist-mehr-als-essen-barbara-muth\/\">Buchvorstellung &#8222;Ern\u00e4hrung&#8230; ist mehr als Essen!&#8220;, Barbara Muth<\/a><\/h5><p class=\"termine-date\">Di., 17.01.2023, 18:00<\/p><p class=\"termine-auszug\">Barbara Muth:\u00a0\"Ern\u00e4hrung... ist mehr als Essen!\" Wir laden zur \ud835\uddd5\ud835\ude02\ud835\uddf0\ud835\uddf5\ud835\ude03\ud835\uddfc\ud835\uddff\ud835\ude00\ud835\ude01\ud835\uddf2\ud835\uddf9\ud835\uddf9\ud835\ude02\ud835\uddfb\ud835\uddf4 im Weltladen ein! In ihrem neu erschienenen Buch \"\ud835\uddd8\ud835\uddff\ud835\uddfb\u00e4\ud835\uddf5\ud835\uddff\ud835\ude02\ud835\uddfb\ud835\uddf4... \ud835\uddf6\ud835\ude00\ud835\ude01 \ud835\uddfa\ud835\uddf2\ud835\uddf5\ud835\uddff \ud835\uddee\ud835\uddf9\ud835\ude00 \ud835\uddd8\ud835\ude00\ud835\ude00\ud835\uddf2\ud835\uddfb!\" geht die Schwelmer Ergotherapeutin und Gesundheitsberaterin \ud835\uddd5\ud835\uddee\ud835\uddff\ud835\uddef\ud835\uddee\ud835\uddff\ud835\uddee \ud835\udde0\ud835\ude02\ud835\ude01\ud835\uddf5 einstiegsfreundlich darauf ein, was wir brauchen, um dauerhaft gesund und gl\u00fccklich zu sein. Wer w\u00fcrde sich das nicht w\u00fcnschen?!? <strong>Mehr als 25 Jahre recherchierte Muth<\/strong> dazu, wie moderne Wissenschaft und alte Heilmethoden, Darmgesundheit und neue Psychologie-Erkenntnisse sich zu einem einheitlichen Gesundheitsmodell verbinden lassen. <strong>Muths Erstlingswerk<\/strong> er\u00f6ffnet nun den Leser:innen Wege, die eigenen St\u00e4rken und Schw\u00e4chen zu finden, zu beeinflussen und die individuelle Gesundheit zu verbessern. <strong>Lasst euch \"Ern\u00e4hrung... ist mehr als Essen!\" von Barbara Muth pers\u00f6nlich vorstellen!<\/strong> &nbsp; <strong>Buchvorstellungs-Termine:<\/strong> Dienstag, 17.01.22, 18:00 Uhr Mittwoch, 18.01.22, 10:00 Uhr \ud835\udde2\ud835\uddff\ud835\ude01: Weltladen Schwelm, Altmarkt 2, 58332 Schwelm<p class=termine-ort\"><small>Ort: <i>Weltladen Schwelm, Altmarkt 2, 58332 Schwelm<\/i><\/small><\/p><\/li><li><h5 class=\"termine-titel\"><a href=\"https:\/\/weltlaeden.de\/schwelm\/termin\/sweet-revolution\/\">Sweet Revolution<\/a><\/h5><p class=\"termine-date\">Di., 15.11.2022 bis 09.12.2022<\/p><p class=\"termine-auszug\"><strong>Wir alle lieben Schokolade!<\/strong> Doch extreme Armut, Ausbeutung und Kinderarbeit hinterlassen immer noch viel zu oft einen bitteren Beigeschmack. Das muss sich \u00e4ndern! <strong>Mit der Kampagne \u201eSweet Revolution\u201c fordern wir vom 15.11. bis 9.12.2022:<\/strong> Faire Einkommen, gerechte Arbeits- und Produktionsbedingungen und Schluss mit Kinderarbeit. Denn nur gemeinsam sind wir stark f\u00fcr faire Schokolade!<p class=termine-ort\"><small>Ort: <i>Altmarkt 2, 58332 Schwelm<\/i><\/small><\/p><\/li><li><h5 class=\"termine-titel\"><a href=\"https:\/\/weltlaeden.de\/schwelm\/termin\/eroeffnung-weltladen-schwelm\/\">Er\u00f6ffnung Weltladen Schwelm<\/a><\/h5><p class=\"termine-date\">Fr., 16.09.2022 bis 16.09.2022<\/p><p class=\"termine-auszug\">Am 16.09.2022 er\u00f6ffneten wir unseren Weltladen Schwelm im denkmalgesch\u00fctzten Geb\u00e4ude der ehemaligen Adler-Apotheke. Der Zustrom war sehr positiv und unsere Besucher\/innen freuten sich alle sehr \u00fcber die Wiederbelebung des alten Ladenlokals in neuer Form!<p class=termine-ort\"><small>Ort: <i>Altmarkt 2, 58332 Schwelm<\/i><\/small><\/p><\/li><\/ul>[\/vc_column][\/vc_row]<\/p>\n<\/div>","protected":false},"excerpt":{"rendered":"<p>[vc_row][vc_column][vc_empty_space height=&#8220;30px&#8220;][vc_column_text] Termine [\/vc_column_text][vc_empty_space height=&#8220;30px&#8220;][\/vc_column][\/vc_row][vc_row][vc_column width=&#8220;2\/3&#8243;][vc_column_text] Kommende Termine [\/vc_column_text][vc_empty_space height=&#8220;30px&#8220;][vc_column_text] Vergangene Termine [\/vc_column_text][\/vc_column][\/vc_row]<\/p>\n","protected":false},"author":1,"featured_media":0,"parent":0,"menu_order":8,"comment_status":"closed","ping_status":"closed","template":"","meta":{"footnotes":""},"class_list":["post-23","page","type-page","status-publish","hentry","description-off"],"yoast_head":"<!-- This site is optimized with the Yoast SEO plugin v26.8 - https:\/\/yoast.com\/product\/yoast-seo-wordpress\/ -->\n<title>Termine - Weltladen Schwelm<\/title>\n<meta name=\"robots\" content=\"index, follow, max-snippet:-1, max-image-preview:large, max-video-preview:-1\" \/>\n<link rel=\"canonical\" href=\"https:\/\/weltlaeden.de\/schwelm\/termine\/\" \/>\n<meta property=\"og:locale\" content=\"de_DE\" \/>\n<meta property=\"og:type\" content=\"article\" \/>\n<meta property=\"og:title\" content=\"Termine - Weltladen Schwelm\" \/>\n<meta property=\"og:description\" content=\"[vc_row][vc_column][vc_empty_space height=&#8220;30px&#8220;][vc_column_text] Termine [\/vc_column_text][vc_empty_space height=&#8220;30px&#8220;][\/vc_column][\/vc_row][vc_row][vc_column width=&#8220;2\/3&#8243;][vc_column_text] Kommende Termine [\/vc_column_text][vc_empty_space height=&#8220;30px&#8220;][vc_column_text] Vergangene Termine [\/vc_column_text][\/vc_column][\/vc_row]\" \/>\n<meta property=\"og:url\" content=\"https:\/\/weltlaeden.de\/schwelm\/termine\/\" \/>\n<meta property=\"og:site_name\" content=\"Weltladen Schwelm\" \/>\n<meta property=\"article:modified_time\" content=\"2023-10-19T12:52:32+00:00\" \/>\n<meta property=\"og:image\" content=\"https:\/\/weltlaeden.de\/schwelm\/wp-content\/uploads\/sites\/191\/2023\/10\/IMG-20230510-WA0023-e1697719904488-300x239.jpg\" \/>\n<meta name=\"twitter:card\" content=\"summary_large_image\" \/>\n<meta name=\"twitter:label1\" content=\"Gesch\u00e4tzte Lesezeit\" \/>\n\t<meta name=\"twitter:data1\" content=\"1\u00a0Minute\" \/>\n<script type=\"application\/ld+json\" class=\"yoast-schema-graph\">{\"@context\":\"https:\/\/schema.org\",\"@graph\":[{\"@type\":\"WebPage\",\"@id\":\"https:\/\/weltlaeden.de\/schwelm\/termine\/\",\"url\":\"https:\/\/weltlaeden.de\/schwelm\/termine\/\",\"name\":\"Termine - Weltladen Schwelm\",\"isPartOf\":{\"@id\":\"https:\/\/weltlaeden.de\/schwelm\/#website\"},\"primaryImageOfPage\":{\"@id\":\"https:\/\/weltlaeden.de\/schwelm\/termine\/#primaryimage\"},\"image\":{\"@id\":\"https:\/\/weltlaeden.de\/schwelm\/termine\/#primaryimage\"},\"thumbnailUrl\":\"https:\/\/weltlaeden.de\/schwelm\/wp-content\/uploads\/sites\/191\/2023\/10\/IMG-20230510-WA0023-e1697719904488-300x239.jpg\",\"datePublished\":\"2016-10-14T07:05:21+00:00\",\"dateModified\":\"2023-10-19T12:52:32+00:00\",\"breadcrumb\":{\"@id\":\"https:\/\/weltlaeden.de\/schwelm\/termine\/#breadcrumb\"},\"inLanguage\":\"de\",\"potentialAction\":[{\"@type\":\"ReadAction\",\"target\":[\"https:\/\/weltlaeden.de\/schwelm\/termine\/\"]}]},{\"@type\":\"ImageObject\",\"inLanguage\":\"de\",\"@id\":\"https:\/\/weltlaeden.de\/schwelm\/termine\/#primaryimage\",\"url\":\"https:\/\/weltlaeden.de\/schwelm\/wp-content\/uploads\/sites\/191\/2023\/10\/IMG-20230510-WA0023-e1697719904488.jpg\",\"contentUrl\":\"https:\/\/weltlaeden.de\/schwelm\/wp-content\/uploads\/sites\/191\/2023\/10\/IMG-20230510-WA0023-e1697719904488.jpg\",\"width\":768,\"height\":611,\"caption\":\"Weltladen Schwelm - Termine\"},{\"@type\":\"BreadcrumbList\",\"@id\":\"https:\/\/weltlaeden.de\/schwelm\/termine\/#breadcrumb\",\"itemListElement\":[{\"@type\":\"ListItem\",\"position\":1,\"name\":\"Startseite\",\"item\":\"https:\/\/weltlaeden.de\/schwelm\/\"},{\"@type\":\"ListItem\",\"position\":2,\"name\":\"Termine\"}]},{\"@type\":\"WebSite\",\"@id\":\"https:\/\/weltlaeden.de\/schwelm\/#website\",\"url\":\"https:\/\/weltlaeden.de\/schwelm\/\",\"name\":\"Weltladen Schwelm\",\"description\":\"Faire Produkte seit 2022\",\"potentialAction\":[{\"@type\":\"SearchAction\",\"target\":{\"@type\":\"EntryPoint\",\"urlTemplate\":\"https:\/\/weltlaeden.de\/schwelm\/?s={search_term_string}\"},\"query-input\":{\"@type\":\"PropertyValueSpecification\",\"valueRequired\":true,\"valueName\":\"search_term_string\"}}],\"inLanguage\":\"de\"}]}<\/script>\n<!-- \/ Yoast SEO plugin. -->","yoast_head_json":{"title":"Termine - Weltladen Schwelm","robots":{"index":"index","follow":"follow","max-snippet":"max-snippet:-1","max-image-preview":"max-image-preview:large","max-video-preview":"max-video-preview:-1"},"canonical":"https:\/\/weltlaeden.de\/schwelm\/termine\/","og_locale":"de_DE","og_type":"article","og_title":"Termine - Weltladen Schwelm","og_description":"[vc_row][vc_column][vc_empty_space height=&#8220;30px&#8220;][vc_column_text] Termine [\/vc_column_text][vc_empty_space height=&#8220;30px&#8220;][\/vc_column][\/vc_row][vc_row][vc_column width=&#8220;2\/3&#8243;][vc_column_text] Kommende Termine [\/vc_column_text][vc_empty_space height=&#8220;30px&#8220;][vc_column_text] Vergangene Termine [\/vc_column_text][\/vc_column][\/vc_row]","og_url":"https:\/\/weltlaeden.de\/schwelm\/termine\/","og_site_name":"Weltladen Schwelm","article_modified_time":"2023-10-19T12:52:32+00:00","og_image":[{"url":"https:\/\/weltlaeden.de\/schwelm\/wp-content\/uploads\/sites\/191\/2023\/10\/IMG-20230510-WA0023-e1697719904488-300x239.jpg","type":"","width":"","height":""}],"twitter_card":"summary_large_image","twitter_misc":{"Gesch\u00e4tzte Lesezeit":"1\u00a0Minute"},"schema":{"@context":"https:\/\/schema.org","@graph":[{"@type":"WebPage","@id":"https:\/\/weltlaeden.de\/schwelm\/termine\/","url":"https:\/\/weltlaeden.de\/schwelm\/termine\/","name":"Termine - Weltladen Schwelm","isPartOf":{"@id":"https:\/\/weltlaeden.de\/schwelm\/#website"},"primaryImageOfPage":{"@id":"https:\/\/weltlaeden.de\/schwelm\/termine\/#primaryimage"},"image":{"@id":"https:\/\/weltlaeden.de\/schwelm\/termine\/#primaryimage"},"thumbnailUrl":"https:\/\/weltlaeden.de\/schwelm\/wp-content\/uploads\/sites\/191\/2023\/10\/IMG-20230510-WA0023-e1697719904488-300x239.jpg","datePublished":"2016-10-14T07:05:21+00:00","dateModified":"2023-10-19T12:52:32+00:00","breadcrumb":{"@id":"https:\/\/weltlaeden.de\/schwelm\/termine\/#breadcrumb"},"inLanguage":"de","potentialAction":[{"@type":"ReadAction","target":["https:\/\/weltlaeden.de\/schwelm\/termine\/"]}]},{"@type":"ImageObject","inLanguage":"de","@id":"https:\/\/weltlaeden.de\/schwelm\/termine\/#primaryimage","url":"https:\/\/weltlaeden.de\/schwelm\/wp-content\/uploads\/sites\/191\/2023\/10\/IMG-20230510-WA0023-e1697719904488.jpg","contentUrl":"https:\/\/weltlaeden.de\/schwelm\/wp-content\/uploads\/sites\/191\/2023\/10\/IMG-20230510-WA0023-e1697719904488.jpg","width":768,"height":611,"caption":"Weltladen Schwelm - Termine"},{"@type":"BreadcrumbList","@id":"https:\/\/weltlaeden.de\/schwelm\/termine\/#breadcrumb","itemListElement":[{"@type":"ListItem","position":1,"name":"Startseite","item":"https:\/\/weltlaeden.de\/schwelm\/"},{"@type":"ListItem","position":2,"name":"Termine"}]},{"@type":"WebSite","@id":"https:\/\/weltlaeden.de\/schwelm\/#website","url":"https:\/\/weltlaeden.de\/schwelm\/","name":"Weltladen Schwelm","description":"Faire Produkte seit 2022","potentialAction":[{"@type":"SearchAction","target":{"@type":"EntryPoint","urlTemplate":"https:\/\/weltlaeden.de\/schwelm\/?s={search_term_string}"},"query-input":{"@type":"PropertyValueSpecification","valueRequired":true,"valueName":"search_term_string"}}],"inLanguage":"de"}]}},"_links":{"self":[{"href":"https:\/\/weltlaeden.de\/schwelm\/wp-json\/wp\/v2\/pages\/23","targetHints":{"allow":["GET"]}}],"collection":[{"href":"https:\/\/weltlaeden.de\/schwelm\/wp-json\/wp\/v2\/pages"}],"about":[{"href":"https:\/\/weltlaeden.de\/schwelm\/wp-json\/wp\/v2\/types\/page"}],"author":[{"embeddable":true,"href":"https:\/\/weltlaeden.de\/schwelm\/wp-json\/wp\/v2\/users\/1"}],"replies":[{"embeddable":true,"href":"https:\/\/weltlaeden.de\/schwelm\/wp-json\/wp\/v2\/comments?post=23"}],"version-history":[{"count":17,"href":"https:\/\/weltlaeden.de\/schwelm\/wp-json\/wp\/v2\/pages\/23\/revisions"}],"predecessor-version":[{"id":706,"href":"https:\/\/weltlaeden.de\/schwelm\/wp-json\/wp\/v2\/pages\/23\/revisions\/706"}],"wp:attachment":[{"href":"https:\/\/weltlaeden.de\/schwelm\/wp-json\/wp\/v2\/media?parent=23"}],"curies":[{"name":"wp","href":"https:\/\/api.w.org\/{rel}","templated":true}]}}