{"id":219,"date":"2016-10-28T13:34:47","date_gmt":"2016-10-28T11:34:47","guid":{"rendered":"https:\/\/wl.heimpixel.de\/vorlage\/ueber-uns\/"},"modified":"2022-10-19T14:10:15","modified_gmt":"2022-10-19T12:10:15","slug":"ueber-uns","status":"publish","type":"page","link":"https:\/\/weltlaeden.de\/schwelm\/ueber-uns\/","title":{"rendered":"\u00dcber uns"},"content":{"rendered":"<h1>Der Weltladen Schwelm&#8230;<\/h1>\n<p>&#8230;befindet sich seit dem 16.09.2022 in den der wundersch\u00f6nen, ehemaligen Adler-Apotheke am Altmarkt. Der Start unseres Weltladens ist ein weiterer, wichtiger Stein im Fundament Schwelms als &#8222;<strong>Fairtrade Town<\/strong>&#8222;.<\/p>\n<p>Immer wieder freuen wir uns mit unseren Besucher\/innen \u00fcber die perfekt mit unserem fairen Sortiment harmonierende, <strong>denkmalgesch\u00fctzte Einrichtung<\/strong>. Diese stammt aus dem 19. Jahrhundert und vermittelt beim Betreten des Weltladens auf Anhieb eine gem\u00fctliche Atmosph\u00e4re. Wir legen gro\u00dfen Wert darauf, dass sich alle, die den Weg zu uns finden, vom ersten Moment an wohl f\u00fchlen!<\/p>\n<p>\u00dcber wissbegierige Fragen freuen wir uns und lernen auch selber jeden Tag dazu!<\/p>\n<h1>Gemeinsam f\u00fcr eine faire Welt<\/h1>\n<p>Wir engagieren uns ehrenamtlich f\u00fcr eine offene, transparente, \u00f6kologische und nachhaltige Form des Wirtschaftens. Unser Sortiment stammt zu 100% aus fairer Herstellung. Dadurch unterst\u00fctzen wir aktiv die <strong>gerechte Behandlung und Bezahlung der Menschen am Anfang der Lieferkette<\/strong> und deren Weg in die finanzielle Unabh\u00e4ngigkeit.<\/p>\n<p>Unsere Teammitglieder sind \u00fcberwiegend Quereinsteiger\/innen. Als <strong><a href=\"https:\/\/ateliersieben.ruhr\" target=\"_blank\" rel=\"noopener\">eingetragener Verein AtelierSieben e.V.<\/a><\/strong>, betreiben wir den Weltladen <strong>ehrenamtlich<\/strong> und mit vollem Einsatz. Wir freuen uns auf jede neue Herausforderung. Das Fairtrade-Prinzip unterst\u00fctzen wir mit all seinen Facetten.<\/p>\n<p>Wir verkaufen aber nicht nur &#8211; wir leisten auch <strong>Informations- und Bildungsarbeit<\/strong>. So k\u00f6nnen wir zum Beispiel die pers\u00f6nlichen Geschichten hinter unseren Produkten in den Vordergrund r\u00fccken und aufzeigen, wie wir alle mit dem simplen Kauf von fairen Produkten diese Geschichten positiv beeinflussen k\u00f6nnen.<\/p>\n","protected":false},"excerpt":{"rendered":"<p>Der Weltladen Schwelm&#8230; &#8230;befindet sich seit dem 16.09.2022 in den der wundersch\u00f6nen, ehemaligen Adler-Apotheke am Altmarkt. Der Start unseres Weltladens ist ein weiterer, wichtiger Stein im Fundament Schwelms als &#8222;Fairtrade Town&#8222;. Immer wieder freuen wir uns mit unseren Besucher\/innen \u00fcber die perfekt mit unserem fairen Sortiment harmonierende, denkmalgesch\u00fctzte Einrichtung. Diese stammt aus dem 19. Jahrhundert&hellip;<\/p>\n","protected":false},"author":1,"featured_media":582,"parent":0,"menu_order":7,"comment_status":"closed","ping_status":"closed","template":"","meta":{"footnotes":""},"class_list":["post-219","page","type-page","status-publish","has-post-thumbnail","hentry","description-off"],"yoast_head":"<!-- This site is optimized with the Yoast SEO plugin v26.8 - https:\/\/yoast.com\/product\/yoast-seo-wordpress\/ -->\n<title>\u00dcber uns - Weltladen Schwelm<\/title>\n<meta name=\"description\" content=\"Mit dem fair hergestellten Sortiment im Weltladen Schwelm unterst\u00fctzen wir die gerechte Behandlung\/Bezahlung und die finanzielle Unabh\u00e4ngigkeit der Menschen am Anfang der Lieferkette.\" \/>\n<meta name=\"robots\" content=\"index, follow, max-snippet:-1, max-image-preview:large, max-video-preview:-1\" \/>\n<link rel=\"canonical\" href=\"https:\/\/weltlaeden.de\/schwelm\/ueber-uns\/\" \/>\n<meta property=\"og:locale\" content=\"de_DE\" \/>\n<meta property=\"og:type\" content=\"article\" \/>\n<meta property=\"og:title\" content=\"Weltladen Schwelm - \u00dcber uns\" \/>\n<meta property=\"og:description\" content=\"Mit dem fair hergestellten Sortiment im Weltladen Schwelm unterst\u00fctzen wir die gerechte Behandlung\/Bezahlung und die finanzielle Unabh\u00e4ngigkeit der Menschen am Anfang der Lieferkette.\" \/>\n<meta property=\"og:url\" content=\"https:\/\/weltlaeden.de\/schwelm\/ueber-uns\/\" \/>\n<meta property=\"og:site_name\" content=\"Weltladen Schwelm\" \/>\n<meta property=\"article:modified_time\" content=\"2022-10-19T12:10:15+00:00\" \/>\n<meta property=\"og:image\" content=\"https:\/\/weltlaeden.de\/schwelm\/wp-content\/uploads\/sites\/191\/2022\/10\/sonnenblumen-e1665859752450.jpg\" \/>\n\t<meta property=\"og:image:width\" content=\"725\" \/>\n\t<meta property=\"og:image:height\" content=\"313\" \/>\n\t<meta property=\"og:image:type\" content=\"image\/jpeg\" \/>\n<meta name=\"twitter:card\" content=\"summary_large_image\" \/>\n<meta name=\"twitter:title\" content=\"Weltladen Schwelm - \u00dcber uns\" \/>\n<meta name=\"twitter:description\" content=\"Mit dem fair hergestellten Sortiment im Weltladen Schwelm unterst\u00fctzen wir die gerechte Behandlung\/Bezahlung und die finanzielle Unabh\u00e4ngigkeit der Menschen am Anfang der Lieferkette.\" \/>\n<meta name=\"twitter:image\" content=\"https:\/\/weltlaeden.de\/schwelm\/wp-content\/uploads\/sites\/191\/2022\/10\/sonnenblumen-e1665859752450.jpg\" \/>\n<meta name=\"twitter:label1\" content=\"Gesch\u00e4tzte Lesezeit\" \/>\n\t<meta name=\"twitter:data1\" content=\"2\u00a0Minuten\" \/>\n<script type=\"application\/ld+json\" class=\"yoast-schema-graph\">{\"@context\":\"https:\/\/schema.org\",\"@graph\":[{\"@type\":\"Article\",\"@id\":\"https:\/\/weltlaeden.de\/schwelm\/ueber-uns\/#article\",\"isPartOf\":{\"@id\":\"https:\/\/weltlaeden.de\/schwelm\/ueber-uns\/\"},\"author\":{\"name\":\"heimpixel\",\"@id\":\"https:\/\/weltlaeden.de\/schwelm\/#\/schema\/person\/885ade70b0406d2068c0dcefba6b10d7\"},\"headline\":\"\u00dcber uns\",\"datePublished\":\"2016-10-28T11:34:47+00:00\",\"dateModified\":\"2022-10-19T12:10:15+00:00\",\"mainEntityOfPage\":{\"@id\":\"https:\/\/weltlaeden.de\/schwelm\/ueber-uns\/\"},\"wordCount\":243,\"image\":{\"@id\":\"https:\/\/weltlaeden.de\/schwelm\/ueber-uns\/#primaryimage\"},\"thumbnailUrl\":\"https:\/\/weltlaeden.de\/schwelm\/wp-content\/uploads\/sites\/191\/2022\/10\/sonnenblumen-e1665859752450.jpg\",\"inLanguage\":\"de\"},{\"@type\":[\"WebPage\",\"AboutPage\"],\"@id\":\"https:\/\/weltlaeden.de\/schwelm\/ueber-uns\/\",\"url\":\"https:\/\/weltlaeden.de\/schwelm\/ueber-uns\/\",\"name\":\"\u00dcber uns - Weltladen Schwelm\",\"isPartOf\":{\"@id\":\"https:\/\/weltlaeden.de\/schwelm\/#website\"},\"primaryImageOfPage\":{\"@id\":\"https:\/\/weltlaeden.de\/schwelm\/ueber-uns\/#primaryimage\"},\"image\":{\"@id\":\"https:\/\/weltlaeden.de\/schwelm\/ueber-uns\/#primaryimage\"},\"thumbnailUrl\":\"https:\/\/weltlaeden.de\/schwelm\/wp-content\/uploads\/sites\/191\/2022\/10\/sonnenblumen-e1665859752450.jpg\",\"datePublished\":\"2016-10-28T11:34:47+00:00\",\"dateModified\":\"2022-10-19T12:10:15+00:00\",\"description\":\"Mit dem fair hergestellten Sortiment im Weltladen Schwelm unterst\u00fctzen wir die gerechte Behandlung\/Bezahlung und die finanzielle Unabh\u00e4ngigkeit der Menschen am Anfang der Lieferkette.\",\"breadcrumb\":{\"@id\":\"https:\/\/weltlaeden.de\/schwelm\/ueber-uns\/#breadcrumb\"},\"inLanguage\":\"de\",\"potentialAction\":[{\"@type\":\"ReadAction\",\"target\":[\"https:\/\/weltlaeden.de\/schwelm\/ueber-uns\/\"]}]},{\"@type\":\"ImageObject\",\"inLanguage\":\"de\",\"@id\":\"https:\/\/weltlaeden.de\/schwelm\/ueber-uns\/#primaryimage\",\"url\":\"https:\/\/weltlaeden.de\/schwelm\/wp-content\/uploads\/sites\/191\/2022\/10\/sonnenblumen-e1665859752450.jpg\",\"contentUrl\":\"https:\/\/weltlaeden.de\/schwelm\/wp-content\/uploads\/sites\/191\/2022\/10\/sonnenblumen-e1665859752450.jpg\",\"width\":725,\"height\":313,\"caption\":\"Weltladen Schwelm - \u00dcber uns\"},{\"@type\":\"BreadcrumbList\",\"@id\":\"https:\/\/weltlaeden.de\/schwelm\/ueber-uns\/#breadcrumb\",\"itemListElement\":[{\"@type\":\"ListItem\",\"position\":1,\"name\":\"Startseite\",\"item\":\"https:\/\/weltlaeden.de\/schwelm\/\"},{\"@type\":\"ListItem\",\"position\":2,\"name\":\"\u00dcber uns\"}]},{\"@type\":\"WebSite\",\"@id\":\"https:\/\/weltlaeden.de\/schwelm\/#website\",\"url\":\"https:\/\/weltlaeden.de\/schwelm\/\",\"name\":\"Weltladen Schwelm\",\"description\":\"Faire Produkte seit 2022\",\"potentialAction\":[{\"@type\":\"SearchAction\",\"target\":{\"@type\":\"EntryPoint\",\"urlTemplate\":\"https:\/\/weltlaeden.de\/schwelm\/?s={search_term_string}\"},\"query-input\":{\"@type\":\"PropertyValueSpecification\",\"valueRequired\":true,\"valueName\":\"search_term_string\"}}],\"inLanguage\":\"de\"},{\"@type\":\"Person\",\"@id\":\"https:\/\/weltlaeden.de\/schwelm\/#\/schema\/person\/885ade70b0406d2068c0dcefba6b10d7\",\"name\":\"heimpixel\",\"image\":{\"@type\":\"ImageObject\",\"inLanguage\":\"de\",\"@id\":\"https:\/\/weltlaeden.de\/schwelm\/#\/schema\/person\/image\/\",\"url\":\"https:\/\/secure.gravatar.com\/avatar\/c6da39f5c54435e084055757681faa22?s=96&d=mm&r=g\",\"contentUrl\":\"https:\/\/secure.gravatar.com\/avatar\/c6da39f5c54435e084055757681faa22?s=96&d=mm&r=g\",\"caption\":\"heimpixel\"}}]}<\/script>\n<!-- \/ Yoast SEO plugin. -->","yoast_head_json":{"title":"\u00dcber uns - Weltladen Schwelm","description":"Mit dem fair hergestellten Sortiment im Weltladen Schwelm unterst\u00fctzen wir die gerechte Behandlung\/Bezahlung und die finanzielle Unabh\u00e4ngigkeit der Menschen am Anfang der Lieferkette.","robots":{"index":"index","follow":"follow","max-snippet":"max-snippet:-1","max-image-preview":"max-image-preview:large","max-video-preview":"max-video-preview:-1"},"canonical":"https:\/\/weltlaeden.de\/schwelm\/ueber-uns\/","og_locale":"de_DE","og_type":"article","og_title":"Weltladen Schwelm - \u00dcber uns","og_description":"Mit dem fair hergestellten Sortiment im Weltladen Schwelm unterst\u00fctzen wir die gerechte Behandlung\/Bezahlung und die finanzielle Unabh\u00e4ngigkeit der Menschen am Anfang der Lieferkette.","og_url":"https:\/\/weltlaeden.de\/schwelm\/ueber-uns\/","og_site_name":"Weltladen Schwelm","article_modified_time":"2022-10-19T12:10:15+00:00","og_image":[{"width":725,"height":313,"url":"https:\/\/weltlaeden.de\/schwelm\/wp-content\/uploads\/sites\/191\/2022\/10\/sonnenblumen-e1665859752450.jpg","type":"image\/jpeg"}],"twitter_card":"summary_large_image","twitter_title":"Weltladen Schwelm - \u00dcber uns","twitter_description":"Mit dem fair hergestellten Sortiment im Weltladen Schwelm unterst\u00fctzen wir die gerechte Behandlung\/Bezahlung und die finanzielle Unabh\u00e4ngigkeit der Menschen am Anfang der Lieferkette.","twitter_image":"https:\/\/weltlaeden.de\/schwelm\/wp-content\/uploads\/sites\/191\/2022\/10\/sonnenblumen-e1665859752450.jpg","twitter_misc":{"Gesch\u00e4tzte Lesezeit":"2\u00a0Minuten"},"schema":{"@context":"https:\/\/schema.org","@graph":[{"@type":"Article","@id":"https:\/\/weltlaeden.de\/schwelm\/ueber-uns\/#article","isPartOf":{"@id":"https:\/\/weltlaeden.de\/schwelm\/ueber-uns\/"},"author":{"name":"heimpixel","@id":"https:\/\/weltlaeden.de\/schwelm\/#\/schema\/person\/885ade70b0406d2068c0dcefba6b10d7"},"headline":"\u00dcber uns","datePublished":"2016-10-28T11:34:47+00:00","dateModified":"2022-10-19T12:10:15+00:00","mainEntityOfPage":{"@id":"https:\/\/weltlaeden.de\/schwelm\/ueber-uns\/"},"wordCount":243,"image":{"@id":"https:\/\/weltlaeden.de\/schwelm\/ueber-uns\/#primaryimage"},"thumbnailUrl":"https:\/\/weltlaeden.de\/schwelm\/wp-content\/uploads\/sites\/191\/2022\/10\/sonnenblumen-e1665859752450.jpg","inLanguage":"de"},{"@type":["WebPage","AboutPage"],"@id":"https:\/\/weltlaeden.de\/schwelm\/ueber-uns\/","url":"https:\/\/weltlaeden.de\/schwelm\/ueber-uns\/","name":"\u00dcber uns - Weltladen Schwelm","isPartOf":{"@id":"https:\/\/weltlaeden.de\/schwelm\/#website"},"primaryImageOfPage":{"@id":"https:\/\/weltlaeden.de\/schwelm\/ueber-uns\/#primaryimage"},"image":{"@id":"https:\/\/weltlaeden.de\/schwelm\/ueber-uns\/#primaryimage"},"thumbnailUrl":"https:\/\/weltlaeden.de\/schwelm\/wp-content\/uploads\/sites\/191\/2022\/10\/sonnenblumen-e1665859752450.jpg","datePublished":"2016-10-28T11:34:47+00:00","dateModified":"2022-10-19T12:10:15+00:00","description":"Mit dem fair hergestellten Sortiment im Weltladen Schwelm unterst\u00fctzen wir die gerechte Behandlung\/Bezahlung und die finanzielle Unabh\u00e4ngigkeit der Menschen am Anfang der Lieferkette.","breadcrumb":{"@id":"https:\/\/weltlaeden.de\/schwelm\/ueber-uns\/#breadcrumb"},"inLanguage":"de","potentialAction":[{"@type":"ReadAction","target":["https:\/\/weltlaeden.de\/schwelm\/ueber-uns\/"]}]},{"@type":"ImageObject","inLanguage":"de","@id":"https:\/\/weltlaeden.de\/schwelm\/ueber-uns\/#primaryimage","url":"https:\/\/weltlaeden.de\/schwelm\/wp-content\/uploads\/sites\/191\/2022\/10\/sonnenblumen-e1665859752450.jpg","contentUrl":"https:\/\/weltlaeden.de\/schwelm\/wp-content\/uploads\/sites\/191\/2022\/10\/sonnenblumen-e1665859752450.jpg","width":725,"height":313,"caption":"Weltladen Schwelm - \u00dcber uns"},{"@type":"BreadcrumbList","@id":"https:\/\/weltlaeden.de\/schwelm\/ueber-uns\/#breadcrumb","itemListElement":[{"@type":"ListItem","position":1,"name":"Startseite","item":"https:\/\/weltlaeden.de\/schwelm\/"},{"@type":"ListItem","position":2,"name":"\u00dcber uns"}]},{"@type":"WebSite","@id":"https:\/\/weltlaeden.de\/schwelm\/#website","url":"https:\/\/weltlaeden.de\/schwelm\/","name":"Weltladen Schwelm","description":"Faire Produkte seit 2022","potentialAction":[{"@type":"SearchAction","target":{"@type":"EntryPoint","urlTemplate":"https:\/\/weltlaeden.de\/schwelm\/?s={search_term_string}"},"query-input":{"@type":"PropertyValueSpecification","valueRequired":true,"valueName":"search_term_string"}}],"inLanguage":"de"},{"@type":"Person","@id":"https:\/\/weltlaeden.de\/schwelm\/#\/schema\/person\/885ade70b0406d2068c0dcefba6b10d7","name":"heimpixel","image":{"@type":"ImageObject","inLanguage":"de","@id":"https:\/\/weltlaeden.de\/schwelm\/#\/schema\/person\/image\/","url":"https:\/\/secure.gravatar.com\/avatar\/c6da39f5c54435e084055757681faa22?s=96&d=mm&r=g","contentUrl":"https:\/\/secure.gravatar.com\/avatar\/c6da39f5c54435e084055757681faa22?s=96&d=mm&r=g","caption":"heimpixel"}}]}},"_links":{"self":[{"href":"https:\/\/weltlaeden.de\/schwelm\/wp-json\/wp\/v2\/pages\/219","targetHints":{"allow":["GET"]}}],"collection":[{"href":"https:\/\/weltlaeden.de\/schwelm\/wp-json\/wp\/v2\/pages"}],"about":[{"href":"https:\/\/weltlaeden.de\/schwelm\/wp-json\/wp\/v2\/types\/page"}],"author":[{"embeddable":true,"href":"https:\/\/weltlaeden.de\/schwelm\/wp-json\/wp\/v2\/users\/1"}],"replies":[{"embeddable":true,"href":"https:\/\/weltlaeden.de\/schwelm\/wp-json\/wp\/v2\/comments?post=219"}],"version-history":[{"count":22,"href":"https:\/\/weltlaeden.de\/schwelm\/wp-json\/wp\/v2\/pages\/219\/revisions"}],"predecessor-version":[{"id":595,"href":"https:\/\/weltlaeden.de\/schwelm\/wp-json\/wp\/v2\/pages\/219\/revisions\/595"}],"wp:featuredmedia":[{"embeddable":true,"href":"https:\/\/weltlaeden.de\/schwelm\/wp-json\/wp\/v2\/media\/582"}],"wp:attachment":[{"href":"https:\/\/weltlaeden.de\/schwelm\/wp-json\/wp\/v2\/media?parent=219"}],"curies":[{"name":"wp","href":"https:\/\/api.w.org\/{rel}","templated":true}]}}