{"id":602,"date":"2019-11-09T18:32:08","date_gmt":"2019-11-09T17:32:08","guid":{"rendered":"https:\/\/weltlaeden.de\/schweinfurt\/?page_id=602"},"modified":"2022-10-17T22:21:44","modified_gmt":"2022-10-17T20:21:44","slug":"stadtfuehrungen","status":"publish","type":"page","link":"https:\/\/weltlaeden.de\/schweinfurt\/stadtfuehrungen\/","title":{"rendered":"Stadtrundg\u00e4nge"},"content":{"rendered":"<div class=\"wpb-content-wrapper\"><p>[vc_row][vc_column][vc_column_text]<\/p>\n<h1><strong>Stadtrundg\u00e4nge<\/strong><\/h1>\n<p>Bei den konsumkritischen Stadtrundg\u00e4ngen durch Schweinfurt werden Stationen in der Innenstadt besucht. Dabei werden die TeilnehmerInnen \u00fcber den Zusammenhang zwischen Produktionsbedingungen und eigenem Konsum informiert, Handlungsalternativen werden aufgezeigt. Die Teilnahme ist kostenlos. Wenn Sie Interesse an einem Stadtrundgang haben, kontaktieren Sie uns.[\/vc_column_text][vc_empty_space height=&#8220;20px&#8220;][\/vc_column][\/vc_row][vc_row][vc_column width=&#8220;2\/3&#8243;][vc_column_text]<\/p>\n<h2><strong>Fairraten und Fairsteckt &#8211;<br \/>\n<\/strong><strong>eine interaktive Schnitzeljagd<\/strong><\/h2>\n<p>[\/vc_column_text][vc_column_text]Am Anfang steht eine Einf\u00fchrung durch eine Weltladenmitarbeiterin. Die TeilnehmerInnen laufen selbst\u00e4ndig in Kleingruppen die Stationen ab. Dabei m\u00fcssen R\u00e4tsel gel\u00f6st, Verschl\u00fcsselungen geknackt, Informationen gesucht werden, um am Ende gemeinsam einen Schatz zu heben. Selbstverst\u00e4ndlich kann die Tour auch als Einzelperson gegangen werden.<\/p>\n<p>Die Tour ist geeignet f\u00fcr Erwachsene, Jugendliche ab ca. 12 Jahren und dauert ungef\u00e4hr 45 bis 90 Minuten.<\/p>\n<p><strong><br \/>\nThemen<\/strong>:<\/p>\n<ul>\n<li>Ern\u00e4hrung &#8211; die vielen Seiten eines Burgers<\/li>\n<li>Kleidung &#8211; made in hell<\/li>\n<li>Orangensaft &#8211; ausgepresst<\/li>\n<li>Papier &#8211; wof\u00fcr ist der Wald da?<\/li>\n<li>Mobiltelefon &#8211; was macht dein Handy im Kongo?<\/li>\n<li>Schokolade &#8211; Schokolade f\u00fcr alle?<\/li>\n<li>Fu\u00dfball &#8211; Fairplay auch f\u00fcr die Arbeiterinnen?<\/li>\n<li>Banken &#8211; Spekulation mit Nahrungsmitteln. Gesch\u00e4ft mit dem Hunger?<\/li>\n<\/ul>\n<p>[\/vc_column_text][\/vc_column][vc_column width=&#8220;1\/3&#8243;][vc_empty_space height=&#8220;75px&#8220;]<div class=\"wl_einzelbild\"><p><img loading=\"lazy\" decoding=\"async\" class=\"alignleft size-full wp-image-804\" src=\"https:\/\/weltlaeden.de\/schweinfurt\/wp-content\/uploads\/sites\/103\/2020\/01\/Stadtf\u00fchrung-Klemmbrett-klein.jpg\" alt=\"\" width=\"386\" height=\"432\" srcset=\"https:\/\/weltlaeden.de\/schweinfurt\/wp-content\/uploads\/sites\/103\/2020\/01\/Stadtf\u00fchrung-Klemmbrett-klein.jpg 386w, https:\/\/weltlaeden.de\/schweinfurt\/wp-content\/uploads\/sites\/103\/2020\/01\/Stadtf\u00fchrung-Klemmbrett-klein-268x300.jpg 268w\" sizes=\"auto, (max-width: 386px) 100vw, 386px\" \/><\/p><\/div><div class=\"wl_einzelbild\"><p><img loading=\"lazy\" decoding=\"async\" class=\"alignleft wp-image-805 size-full\" src=\"https:\/\/weltlaeden.de\/schweinfurt\/wp-content\/uploads\/sites\/103\/2020\/01\/Stadtf\u00fchrung-Touren-klein-e1578764817465.jpg\" alt=\"\" width=\"386\" height=\"256\" srcset=\"https:\/\/weltlaeden.de\/schweinfurt\/wp-content\/uploads\/sites\/103\/2020\/01\/Stadtf\u00fchrung-Touren-klein-e1578764817465.jpg 386w, https:\/\/weltlaeden.de\/schweinfurt\/wp-content\/uploads\/sites\/103\/2020\/01\/Stadtf\u00fchrung-Touren-klein-e1578764817465-300x199.jpg 300w\" sizes=\"auto, (max-width: 386px) 100vw, 386px\" \/><\/p><\/div>[\/vc_column][\/vc_row][vc_row][vc_column][\/vc_column][\/vc_row]<\/p>\n<\/div>","protected":false},"excerpt":{"rendered":"<p>[vc_row][vc_column][vc_column_text] Stadtrundg\u00e4nge Bei den konsumkritischen Stadtrundg\u00e4ngen durch Schweinfurt werden Stationen in der Innenstadt besucht. Dabei werden die TeilnehmerInnen \u00fcber den Zusammenhang zwischen Produktionsbedingungen und eigenem Konsum informiert, Handlungsalternativen werden aufgezeigt. Die Teilnahme ist kostenlos. Wenn Sie Interesse an einem Stadtrundgang haben, kontaktieren Sie uns.[\/vc_column_text][vc_empty_space height=&#8220;20px&#8220;][\/vc_column][\/vc_row][vc_row][vc_column width=&#8220;2\/3&#8243;][vc_column_text] Fairraten und Fairsteckt &#8211; eine interaktive Schnitzeljagd [\/vc_column_text][vc_column_text]Am Anfang&hellip;<\/p>\n","protected":false},"author":158,"featured_media":0,"parent":0,"menu_order":0,"comment_status":"closed","ping_status":"closed","template":"","meta":{"footnotes":""},"class_list":["post-602","page","type-page","status-publish","hentry","description-off"],"yoast_head":"<!-- This site is optimized with the Yoast SEO plugin v26.8 - https:\/\/yoast.com\/product\/yoast-seo-wordpress\/ -->\n<title>Stadtrundg\u00e4nge - Weltladen Schweinfurt<\/title>\n<meta name=\"robots\" content=\"index, follow, max-snippet:-1, max-image-preview:large, max-video-preview:-1\" \/>\n<link rel=\"canonical\" href=\"https:\/\/weltlaeden.de\/schweinfurt\/stadtfuehrungen\/\" \/>\n<meta property=\"og:locale\" content=\"de_DE\" \/>\n<meta property=\"og:type\" content=\"article\" \/>\n<meta property=\"og:title\" content=\"Stadtrundg\u00e4nge - Weltladen Schweinfurt\" \/>\n<meta property=\"og:description\" content=\"[vc_row][vc_column][vc_column_text] Stadtrundg\u00e4nge Bei den konsumkritischen Stadtrundg\u00e4ngen durch Schweinfurt werden Stationen in der Innenstadt besucht. Dabei werden die TeilnehmerInnen \u00fcber den Zusammenhang zwischen Produktionsbedingungen und eigenem Konsum informiert, Handlungsalternativen werden aufgezeigt. Die Teilnahme ist kostenlos. Wenn Sie Interesse an einem Stadtrundgang haben, kontaktieren Sie uns.[\/vc_column_text][vc_empty_space height=&#8220;20px&#8220;][\/vc_column][\/vc_row][vc_row][vc_column width=&#8220;2\/3&#8243;][vc_column_text] Fairraten und Fairsteckt &#8211; eine interaktive Schnitzeljagd [\/vc_column_text][vc_column_text]Am Anfang&hellip;\" \/>\n<meta property=\"og:url\" content=\"https:\/\/weltlaeden.de\/schweinfurt\/stadtfuehrungen\/\" \/>\n<meta property=\"og:site_name\" content=\"Weltladen Schweinfurt\" \/>\n<meta property=\"article:modified_time\" content=\"2022-10-17T20:21:44+00:00\" \/>\n<meta name=\"twitter:card\" content=\"summary_large_image\" \/>\n<meta name=\"twitter:label1\" content=\"Gesch\u00e4tzte Lesezeit\" \/>\n\t<meta name=\"twitter:data1\" content=\"2\u00a0Minuten\" \/>\n<script type=\"application\/ld+json\" class=\"yoast-schema-graph\">{\"@context\":\"https:\/\/schema.org\",\"@graph\":[{\"@type\":\"WebPage\",\"@id\":\"https:\/\/weltlaeden.de\/schweinfurt\/stadtfuehrungen\/\",\"url\":\"https:\/\/weltlaeden.de\/schweinfurt\/stadtfuehrungen\/\",\"name\":\"Stadtrundg\u00e4nge - Weltladen Schweinfurt\",\"isPartOf\":{\"@id\":\"https:\/\/weltlaeden.de\/schweinfurt\/#website\"},\"datePublished\":\"2019-11-09T17:32:08+00:00\",\"dateModified\":\"2022-10-17T20:21:44+00:00\",\"breadcrumb\":{\"@id\":\"https:\/\/weltlaeden.de\/schweinfurt\/stadtfuehrungen\/#breadcrumb\"},\"inLanguage\":\"de\",\"potentialAction\":[{\"@type\":\"ReadAction\",\"target\":[\"https:\/\/weltlaeden.de\/schweinfurt\/stadtfuehrungen\/\"]}]},{\"@type\":\"BreadcrumbList\",\"@id\":\"https:\/\/weltlaeden.de\/schweinfurt\/stadtfuehrungen\/#breadcrumb\",\"itemListElement\":[{\"@type\":\"ListItem\",\"position\":1,\"name\":\"Startseite\",\"item\":\"https:\/\/weltlaeden.de\/schweinfurt\/\"},{\"@type\":\"ListItem\",\"position\":2,\"name\":\"Stadtrundg\u00e4nge\"}]},{\"@type\":\"WebSite\",\"@id\":\"https:\/\/weltlaeden.de\/schweinfurt\/#website\",\"url\":\"https:\/\/weltlaeden.de\/schweinfurt\/\",\"name\":\"Weltladen Schweinfurt\",\"description\":\"Faire Produkte seit 1989\",\"potentialAction\":[{\"@type\":\"SearchAction\",\"target\":{\"@type\":\"EntryPoint\",\"urlTemplate\":\"https:\/\/weltlaeden.de\/schweinfurt\/?s={search_term_string}\"},\"query-input\":{\"@type\":\"PropertyValueSpecification\",\"valueRequired\":true,\"valueName\":\"search_term_string\"}}],\"inLanguage\":\"de\"}]}<\/script>\n<!-- \/ Yoast SEO plugin. -->","yoast_head_json":{"title":"Stadtrundg\u00e4nge - Weltladen Schweinfurt","robots":{"index":"index","follow":"follow","max-snippet":"max-snippet:-1","max-image-preview":"max-image-preview:large","max-video-preview":"max-video-preview:-1"},"canonical":"https:\/\/weltlaeden.de\/schweinfurt\/stadtfuehrungen\/","og_locale":"de_DE","og_type":"article","og_title":"Stadtrundg\u00e4nge - Weltladen Schweinfurt","og_description":"[vc_row][vc_column][vc_column_text] Stadtrundg\u00e4nge Bei den konsumkritischen Stadtrundg\u00e4ngen durch Schweinfurt werden Stationen in der Innenstadt besucht. Dabei werden die TeilnehmerInnen \u00fcber den Zusammenhang zwischen Produktionsbedingungen und eigenem Konsum informiert, Handlungsalternativen werden aufgezeigt. Die Teilnahme ist kostenlos. Wenn Sie Interesse an einem Stadtrundgang haben, kontaktieren Sie uns.[\/vc_column_text][vc_empty_space height=&#8220;20px&#8220;][\/vc_column][\/vc_row][vc_row][vc_column width=&#8220;2\/3&#8243;][vc_column_text] Fairraten und Fairsteckt &#8211; eine interaktive Schnitzeljagd [\/vc_column_text][vc_column_text]Am Anfang&hellip;","og_url":"https:\/\/weltlaeden.de\/schweinfurt\/stadtfuehrungen\/","og_site_name":"Weltladen Schweinfurt","article_modified_time":"2022-10-17T20:21:44+00:00","twitter_card":"summary_large_image","twitter_misc":{"Gesch\u00e4tzte Lesezeit":"2\u00a0Minuten"},"schema":{"@context":"https:\/\/schema.org","@graph":[{"@type":"WebPage","@id":"https:\/\/weltlaeden.de\/schweinfurt\/stadtfuehrungen\/","url":"https:\/\/weltlaeden.de\/schweinfurt\/stadtfuehrungen\/","name":"Stadtrundg\u00e4nge - Weltladen Schweinfurt","isPartOf":{"@id":"https:\/\/weltlaeden.de\/schweinfurt\/#website"},"datePublished":"2019-11-09T17:32:08+00:00","dateModified":"2022-10-17T20:21:44+00:00","breadcrumb":{"@id":"https:\/\/weltlaeden.de\/schweinfurt\/stadtfuehrungen\/#breadcrumb"},"inLanguage":"de","potentialAction":[{"@type":"ReadAction","target":["https:\/\/weltlaeden.de\/schweinfurt\/stadtfuehrungen\/"]}]},{"@type":"BreadcrumbList","@id":"https:\/\/weltlaeden.de\/schweinfurt\/stadtfuehrungen\/#breadcrumb","itemListElement":[{"@type":"ListItem","position":1,"name":"Startseite","item":"https:\/\/weltlaeden.de\/schweinfurt\/"},{"@type":"ListItem","position":2,"name":"Stadtrundg\u00e4nge"}]},{"@type":"WebSite","@id":"https:\/\/weltlaeden.de\/schweinfurt\/#website","url":"https:\/\/weltlaeden.de\/schweinfurt\/","name":"Weltladen Schweinfurt","description":"Faire Produkte seit 1989","potentialAction":[{"@type":"SearchAction","target":{"@type":"EntryPoint","urlTemplate":"https:\/\/weltlaeden.de\/schweinfurt\/?s={search_term_string}"},"query-input":{"@type":"PropertyValueSpecification","valueRequired":true,"valueName":"search_term_string"}}],"inLanguage":"de"}]}},"_links":{"self":[{"href":"https:\/\/weltlaeden.de\/schweinfurt\/wp-json\/wp\/v2\/pages\/602","targetHints":{"allow":["GET"]}}],"collection":[{"href":"https:\/\/weltlaeden.de\/schweinfurt\/wp-json\/wp\/v2\/pages"}],"about":[{"href":"https:\/\/weltlaeden.de\/schweinfurt\/wp-json\/wp\/v2\/types\/page"}],"author":[{"embeddable":true,"href":"https:\/\/weltlaeden.de\/schweinfurt\/wp-json\/wp\/v2\/users\/158"}],"replies":[{"embeddable":true,"href":"https:\/\/weltlaeden.de\/schweinfurt\/wp-json\/wp\/v2\/comments?post=602"}],"version-history":[{"count":60,"href":"https:\/\/weltlaeden.de\/schweinfurt\/wp-json\/wp\/v2\/pages\/602\/revisions"}],"predecessor-version":[{"id":1922,"href":"https:\/\/weltlaeden.de\/schweinfurt\/wp-json\/wp\/v2\/pages\/602\/revisions\/1922"}],"wp:attachment":[{"href":"https:\/\/weltlaeden.de\/schweinfurt\/wp-json\/wp\/v2\/media?parent=602"}],"curies":[{"name":"wp","href":"https:\/\/api.w.org\/{rel}","templated":true}]}}