{"id":850,"date":"2023-02-17T17:40:50","date_gmt":"2023-02-17T16:40:50","guid":{"rendered":"https:\/\/weltlaeden.de\/schwaebisch-hall\/?page_id=850"},"modified":"2024-11-03T15:49:03","modified_gmt":"2024-11-03T14:49:03","slug":"schokolade","status":"publish","type":"page","link":"https:\/\/weltlaeden.de\/schwaebisch-hall\/kaffee\/schokolade\/","title":{"rendered":"Schokolade"},"content":{"rendered":"<div class=\"wpb-content-wrapper\"><p>[vc_row][vc_column][vc_column_text]<\/p>\n<h1>Faire K\u00f6stlichkeiten<\/h1>\n<p>[\/vc_column_text]<div class=\"wl_einzelbild\"><p><img loading=\"lazy\" decoding=\"async\" class=\"wp-image-2196 alignleft\" src=\"https:\/\/weltlaeden.de\/schwaebisch-hall\/wp-content\/uploads\/sites\/187\/2024\/11\/csm_KONAFCOOP-Mitglied-mit-kakaoschoten-aw_big_e833c06ff3-300x169.jpg\" alt=\"\" width=\"574\" height=\"323\" srcset=\"https:\/\/weltlaeden.de\/schwaebisch-hall\/wp-content\/uploads\/sites\/187\/2024\/11\/csm_KONAFCOOP-Mitglied-mit-kakaoschoten-aw_big_e833c06ff3-300x169.jpg 300w, https:\/\/weltlaeden.de\/schwaebisch-hall\/wp-content\/uploads\/sites\/187\/2024\/11\/csm_KONAFCOOP-Mitglied-mit-kakaoschoten-aw_big_e833c06ff3-1024x576.jpg 1024w, https:\/\/weltlaeden.de\/schwaebisch-hall\/wp-content\/uploads\/sites\/187\/2024\/11\/csm_KONAFCOOP-Mitglied-mit-kakaoschoten-aw_big_e833c06ff3-768x432.jpg 768w, https:\/\/weltlaeden.de\/schwaebisch-hall\/wp-content\/uploads\/sites\/187\/2024\/11\/csm_KONAFCOOP-Mitglied-mit-kakaoschoten-aw_big_e833c06ff3.jpg 1200w\" sizes=\"auto, (max-width: 574px) 100vw, 574px\" \/><\/p><\/div><div class=\"wl_einzelbild\"><p><img loading=\"lazy\" decoding=\"async\" class=\"alignnone wp-image-610\" src=\"https:\/\/weltlaeden.de\/schwaebisch-hall\/wp-content\/uploads\/sites\/187\/2022\/09\/weltladen-produktregal-300x200.jpg\" alt=\"\" width=\"577\" height=\"384\" srcset=\"https:\/\/weltlaeden.de\/schwaebisch-hall\/wp-content\/uploads\/sites\/187\/2022\/09\/weltladen-produktregal-300x200.jpg 300w, https:\/\/weltlaeden.de\/schwaebisch-hall\/wp-content\/uploads\/sites\/187\/2022\/09\/weltladen-produktregal-1024x683.jpg 1024w, https:\/\/weltlaeden.de\/schwaebisch-hall\/wp-content\/uploads\/sites\/187\/2022\/09\/weltladen-produktregal-768x512.jpg 768w, https:\/\/weltlaeden.de\/schwaebisch-hall\/wp-content\/uploads\/sites\/187\/2022\/09\/weltladen-produktregal-1536x1024.jpg 1536w, https:\/\/weltlaeden.de\/schwaebisch-hall\/wp-content\/uploads\/sites\/187\/2022\/09\/weltladen-produktregal-2048x1365.jpg 2048w, https:\/\/weltlaeden.de\/schwaebisch-hall\/wp-content\/uploads\/sites\/187\/2022\/09\/weltladen-produktregal-scaled.jpg 1920w\" sizes=\"auto, (max-width: 577px) 100vw, 577px\" \/><\/p><\/div>[\/vc_column][\/vc_row][vc_row][vc_column][vc_empty_space][\/vc_column][\/vc_row][vc_row][vc_column][vc_column_text]<strong>Gro\u00dfe Auswahl und fair gehandelt<\/strong><\/p>\n<ul>\n<li>Kakao und Trinkschokolade<\/li>\n<li>Schokolade in vielen Geschmacksrichtungen<\/li>\n<li>Zotter Schokolade<\/li>\n<li>Schw\u00e4bisch Haller Stadtschokolade<\/li>\n<li>Schokoriegel<\/li>\n<li>Kekse und Geb\u00e4ck<\/li>\n<li>Confiserie und Tartuffi<\/li>\n<\/ul>\n<p>Die meisten Rohstoffe f\u00fcr die so beliebten S\u00fc\u00dfwaren wachsen nicht bei uns,<br \/>\nsondern werden importiert. Hier ist der Faire Handel ein Segen.[\/vc_column_text][\/vc_column][\/vc_row][vc_row][vc_column][vc_empty_space][vc_separator][\/vc_column][\/vc_row][vc_row][vc_column]<div class=\"wl_einzelbild\"><p><img loading=\"lazy\" decoding=\"async\" class=\"alignnone wp-image-1960\" src=\"https:\/\/weltlaeden.de\/schwaebisch-hall\/wp-content\/uploads\/sites\/187\/2024\/09\/IMG_20240717_115924-300x225.jpg\" alt=\"\" width=\"556\" height=\"417\" srcset=\"https:\/\/weltlaeden.de\/schwaebisch-hall\/wp-content\/uploads\/sites\/187\/2024\/09\/IMG_20240717_115924-300x225.jpg 300w, https:\/\/weltlaeden.de\/schwaebisch-hall\/wp-content\/uploads\/sites\/187\/2024\/09\/IMG_20240717_115924.jpg 640w\" sizes=\"auto, (max-width: 556px) 100vw, 556px\" \/><\/p><\/div>[vc_column_text][\/vc_column_text][\/vc_column][\/vc_row][vc_row][vc_column]<div class=\"wl_einzelbild\"><p><img loading=\"lazy\" decoding=\"async\" class=\"wp-image-2198 alignleft\" src=\"https:\/\/weltlaeden.de\/schwaebisch-hall\/wp-content\/uploads\/sites\/187\/2024\/11\/GEPA_LP_Header_Desktop_941x529-300x169.jpg\" alt=\"\" width=\"529\" height=\"298\" srcset=\"https:\/\/weltlaeden.de\/schwaebisch-hall\/wp-content\/uploads\/sites\/187\/2024\/11\/GEPA_LP_Header_Desktop_941x529-300x169.jpg 300w, https:\/\/weltlaeden.de\/schwaebisch-hall\/wp-content\/uploads\/sites\/187\/2024\/11\/GEPA_LP_Header_Desktop_941x529-768x432.jpg 768w, https:\/\/weltlaeden.de\/schwaebisch-hall\/wp-content\/uploads\/sites\/187\/2024\/11\/GEPA_LP_Header_Desktop_941x529.jpg 941w\" sizes=\"auto, (max-width: 529px) 100vw, 529px\" \/><img loading=\"lazy\" decoding=\"async\" class=\"alignnone wp-image-2199\" src=\"https:\/\/weltlaeden.de\/schwaebisch-hall\/wp-content\/uploads\/sites\/187\/2024\/11\/GEPA_LP_Modul1_900x900-300x300.jpg\" alt=\"\" width=\"529\" height=\"529\" srcset=\"https:\/\/weltlaeden.de\/schwaebisch-hall\/wp-content\/uploads\/sites\/187\/2024\/11\/GEPA_LP_Modul1_900x900-300x300.jpg 300w, https:\/\/weltlaeden.de\/schwaebisch-hall\/wp-content\/uploads\/sites\/187\/2024\/11\/GEPA_LP_Modul1_900x900-150x150.jpg 150w, https:\/\/weltlaeden.de\/schwaebisch-hall\/wp-content\/uploads\/sites\/187\/2024\/11\/GEPA_LP_Modul1_900x900-768x768.jpg 768w, https:\/\/weltlaeden.de\/schwaebisch-hall\/wp-content\/uploads\/sites\/187\/2024\/11\/GEPA_LP_Modul1_900x900.jpg 900w\" sizes=\"auto, (max-width: 529px) 100vw, 529px\" \/><\/p><\/div>[\/vc_column][\/vc_row][vc_row][vc_column][\/vc_column][\/vc_row]<\/p>\n<\/div>","protected":false},"excerpt":{"rendered":"<p>[vc_row][vc_column][vc_column_text] Faire K\u00f6stlichkeiten [\/vc_column_text][\/vc_column][\/vc_row][vc_row][vc_column][vc_empty_space][\/vc_column][\/vc_row][vc_row][vc_column][vc_column_text]Gro\u00dfe Auswahl und fair gehandelt Kakao und Trinkschokolade Schokolade in vielen Geschmacksrichtungen Zotter Schokolade Schw\u00e4bisch Haller Stadtschokolade Schokoriegel Kekse und Geb\u00e4ck Confiserie und Tartuffi Die meisten Rohstoffe f\u00fcr die so beliebten S\u00fc\u00dfwaren wachsen nicht bei uns, sondern werden importiert. Hier ist der Faire Handel ein Segen.[\/vc_column_text][\/vc_column][\/vc_row][vc_row][vc_column][vc_empty_space][vc_separator][\/vc_column][\/vc_row][vc_row][vc_column][vc_column_text][\/vc_column_text][\/vc_column][\/vc_row][vc_row][vc_column][\/vc_column][\/vc_row][vc_row][vc_column][\/vc_column][\/vc_row]<\/p>\n","protected":false},"author":279,"featured_media":0,"parent":217,"menu_order":8,"comment_status":"closed","ping_status":"closed","template":"","meta":{"footnotes":""},"class_list":["post-850","page","type-page","status-publish","hentry","description-off"],"yoast_head":"<!-- This site is optimized with the Yoast SEO plugin v26.8 - https:\/\/yoast.com\/product\/yoast-seo-wordpress\/ -->\n<title>Schokolade - Weltladen Schw\u00e4bisch Hall<\/title>\n<meta name=\"robots\" content=\"index, follow, max-snippet:-1, max-image-preview:large, max-video-preview:-1\" \/>\n<link rel=\"canonical\" href=\"https:\/\/weltlaeden.de\/schwaebisch-hall\/kaffee\/schokolade\/\" \/>\n<meta property=\"og:locale\" content=\"de_DE\" \/>\n<meta property=\"og:type\" content=\"article\" \/>\n<meta property=\"og:title\" content=\"Schokolade - Weltladen Schw\u00e4bisch Hall\" \/>\n<meta property=\"og:description\" content=\"[vc_row][vc_column][vc_column_text] Faire K\u00f6stlichkeiten [\/vc_column_text][\/vc_column][\/vc_row][vc_row][vc_column][vc_empty_space][\/vc_column][\/vc_row][vc_row][vc_column][vc_column_text]Gro\u00dfe Auswahl und fair gehandelt Kakao und Trinkschokolade Schokolade in vielen Geschmacksrichtungen Zotter Schokolade Schw\u00e4bisch Haller Stadtschokolade Schokoriegel Kekse und Geb\u00e4ck Confiserie und Tartuffi Die meisten Rohstoffe f\u00fcr die so beliebten S\u00fc\u00dfwaren wachsen nicht bei uns, sondern werden importiert. Hier ist der Faire Handel ein Segen.[\/vc_column_text][\/vc_column][\/vc_row][vc_row][vc_column][vc_empty_space][vc_separator][\/vc_column][\/vc_row][vc_row][vc_column][vc_column_text][\/vc_column_text][\/vc_column][\/vc_row][vc_row][vc_column][\/vc_column][\/vc_row][vc_row][vc_column][\/vc_column][\/vc_row]\" \/>\n<meta property=\"og:url\" content=\"https:\/\/weltlaeden.de\/schwaebisch-hall\/kaffee\/schokolade\/\" \/>\n<meta property=\"og:site_name\" content=\"Weltladen Schw\u00e4bisch Hall\" \/>\n<meta property=\"article:modified_time\" content=\"2024-11-03T14:49:03+00:00\" \/>\n<meta property=\"og:image\" content=\"https:\/\/weltlaeden.de\/schwaebisch-hall\/wp-content\/uploads\/sites\/187\/2024\/11\/csm_KONAFCOOP-Mitglied-mit-kakaoschoten-aw_big_e833c06ff3-300x169.jpg\" \/>\n<meta name=\"twitter:card\" content=\"summary_large_image\" \/>\n<meta name=\"twitter:label1\" content=\"Gesch\u00e4tzte Lesezeit\" \/>\n\t<meta name=\"twitter:data1\" content=\"2\u00a0Minuten\" \/>\n<script type=\"application\/ld+json\" class=\"yoast-schema-graph\">{\"@context\":\"https:\/\/schema.org\",\"@graph\":[{\"@type\":\"WebPage\",\"@id\":\"https:\/\/weltlaeden.de\/schwaebisch-hall\/kaffee\/schokolade\/\",\"url\":\"https:\/\/weltlaeden.de\/schwaebisch-hall\/kaffee\/schokolade\/\",\"name\":\"Schokolade - Weltladen Schw\u00e4bisch Hall\",\"isPartOf\":{\"@id\":\"https:\/\/weltlaeden.de\/schwaebisch-hall\/#website\"},\"primaryImageOfPage\":{\"@id\":\"https:\/\/weltlaeden.de\/schwaebisch-hall\/kaffee\/schokolade\/#primaryimage\"},\"image\":{\"@id\":\"https:\/\/weltlaeden.de\/schwaebisch-hall\/kaffee\/schokolade\/#primaryimage\"},\"thumbnailUrl\":\"https:\/\/weltlaeden.de\/schwaebisch-hall\/wp-content\/uploads\/sites\/187\/2024\/11\/csm_KONAFCOOP-Mitglied-mit-kakaoschoten-aw_big_e833c06ff3-300x169.jpg\",\"datePublished\":\"2023-02-17T16:40:50+00:00\",\"dateModified\":\"2024-11-03T14:49:03+00:00\",\"breadcrumb\":{\"@id\":\"https:\/\/weltlaeden.de\/schwaebisch-hall\/kaffee\/schokolade\/#breadcrumb\"},\"inLanguage\":\"de\",\"potentialAction\":[{\"@type\":\"ReadAction\",\"target\":[\"https:\/\/weltlaeden.de\/schwaebisch-hall\/kaffee\/schokolade\/\"]}]},{\"@type\":\"ImageObject\",\"inLanguage\":\"de\",\"@id\":\"https:\/\/weltlaeden.de\/schwaebisch-hall\/kaffee\/schokolade\/#primaryimage\",\"url\":\"https:\/\/weltlaeden.de\/schwaebisch-hall\/wp-content\/uploads\/sites\/187\/2024\/11\/csm_KONAFCOOP-Mitglied-mit-kakaoschoten-aw_big_e833c06ff3.jpg\",\"contentUrl\":\"https:\/\/weltlaeden.de\/schwaebisch-hall\/wp-content\/uploads\/sites\/187\/2024\/11\/csm_KONAFCOOP-Mitglied-mit-kakaoschoten-aw_big_e833c06ff3.jpg\",\"width\":1200,\"height\":675},{\"@type\":\"BreadcrumbList\",\"@id\":\"https:\/\/weltlaeden.de\/schwaebisch-hall\/kaffee\/schokolade\/#breadcrumb\",\"itemListElement\":[{\"@type\":\"ListItem\",\"position\":1,\"name\":\"Startseite\",\"item\":\"https:\/\/weltlaeden.de\/schwaebisch-hall\/\"},{\"@type\":\"ListItem\",\"position\":2,\"name\":\"Produkte\",\"item\":\"https:\/\/weltlaeden.de\/schwaebisch-hall\/kaffee\/\"},{\"@type\":\"ListItem\",\"position\":3,\"name\":\"Schokolade\"}]},{\"@type\":\"WebSite\",\"@id\":\"https:\/\/weltlaeden.de\/schwaebisch-hall\/#website\",\"url\":\"https:\/\/weltlaeden.de\/schwaebisch-hall\/\",\"name\":\"Weltladen Schw\u00e4bisch Hall\",\"description\":\"Fachhandel f\u00fcr Faire Produkte\",\"potentialAction\":[{\"@type\":\"SearchAction\",\"target\":{\"@type\":\"EntryPoint\",\"urlTemplate\":\"https:\/\/weltlaeden.de\/schwaebisch-hall\/?s={search_term_string}\"},\"query-input\":{\"@type\":\"PropertyValueSpecification\",\"valueRequired\":true,\"valueName\":\"search_term_string\"}}],\"inLanguage\":\"de\"}]}<\/script>\n<!-- \/ Yoast SEO plugin. -->","yoast_head_json":{"title":"Schokolade - Weltladen Schw\u00e4bisch Hall","robots":{"index":"index","follow":"follow","max-snippet":"max-snippet:-1","max-image-preview":"max-image-preview:large","max-video-preview":"max-video-preview:-1"},"canonical":"https:\/\/weltlaeden.de\/schwaebisch-hall\/kaffee\/schokolade\/","og_locale":"de_DE","og_type":"article","og_title":"Schokolade - Weltladen Schw\u00e4bisch Hall","og_description":"[vc_row][vc_column][vc_column_text] Faire K\u00f6stlichkeiten [\/vc_column_text][\/vc_column][\/vc_row][vc_row][vc_column][vc_empty_space][\/vc_column][\/vc_row][vc_row][vc_column][vc_column_text]Gro\u00dfe Auswahl und fair gehandelt Kakao und Trinkschokolade Schokolade in vielen Geschmacksrichtungen Zotter Schokolade Schw\u00e4bisch Haller Stadtschokolade Schokoriegel Kekse und Geb\u00e4ck Confiserie und Tartuffi Die meisten Rohstoffe f\u00fcr die so beliebten S\u00fc\u00dfwaren wachsen nicht bei uns, sondern werden importiert. Hier ist der Faire Handel ein Segen.[\/vc_column_text][\/vc_column][\/vc_row][vc_row][vc_column][vc_empty_space][vc_separator][\/vc_column][\/vc_row][vc_row][vc_column][vc_column_text][\/vc_column_text][\/vc_column][\/vc_row][vc_row][vc_column][\/vc_column][\/vc_row][vc_row][vc_column][\/vc_column][\/vc_row]","og_url":"https:\/\/weltlaeden.de\/schwaebisch-hall\/kaffee\/schokolade\/","og_site_name":"Weltladen Schw\u00e4bisch Hall","article_modified_time":"2024-11-03T14:49:03+00:00","og_image":[{"url":"https:\/\/weltlaeden.de\/schwaebisch-hall\/wp-content\/uploads\/sites\/187\/2024\/11\/csm_KONAFCOOP-Mitglied-mit-kakaoschoten-aw_big_e833c06ff3-300x169.jpg","type":"","width":"","height":""}],"twitter_card":"summary_large_image","twitter_misc":{"Gesch\u00e4tzte Lesezeit":"2\u00a0Minuten"},"schema":{"@context":"https:\/\/schema.org","@graph":[{"@type":"WebPage","@id":"https:\/\/weltlaeden.de\/schwaebisch-hall\/kaffee\/schokolade\/","url":"https:\/\/weltlaeden.de\/schwaebisch-hall\/kaffee\/schokolade\/","name":"Schokolade - Weltladen Schw\u00e4bisch Hall","isPartOf":{"@id":"https:\/\/weltlaeden.de\/schwaebisch-hall\/#website"},"primaryImageOfPage":{"@id":"https:\/\/weltlaeden.de\/schwaebisch-hall\/kaffee\/schokolade\/#primaryimage"},"image":{"@id":"https:\/\/weltlaeden.de\/schwaebisch-hall\/kaffee\/schokolade\/#primaryimage"},"thumbnailUrl":"https:\/\/weltlaeden.de\/schwaebisch-hall\/wp-content\/uploads\/sites\/187\/2024\/11\/csm_KONAFCOOP-Mitglied-mit-kakaoschoten-aw_big_e833c06ff3-300x169.jpg","datePublished":"2023-02-17T16:40:50+00:00","dateModified":"2024-11-03T14:49:03+00:00","breadcrumb":{"@id":"https:\/\/weltlaeden.de\/schwaebisch-hall\/kaffee\/schokolade\/#breadcrumb"},"inLanguage":"de","potentialAction":[{"@type":"ReadAction","target":["https:\/\/weltlaeden.de\/schwaebisch-hall\/kaffee\/schokolade\/"]}]},{"@type":"ImageObject","inLanguage":"de","@id":"https:\/\/weltlaeden.de\/schwaebisch-hall\/kaffee\/schokolade\/#primaryimage","url":"https:\/\/weltlaeden.de\/schwaebisch-hall\/wp-content\/uploads\/sites\/187\/2024\/11\/csm_KONAFCOOP-Mitglied-mit-kakaoschoten-aw_big_e833c06ff3.jpg","contentUrl":"https:\/\/weltlaeden.de\/schwaebisch-hall\/wp-content\/uploads\/sites\/187\/2024\/11\/csm_KONAFCOOP-Mitglied-mit-kakaoschoten-aw_big_e833c06ff3.jpg","width":1200,"height":675},{"@type":"BreadcrumbList","@id":"https:\/\/weltlaeden.de\/schwaebisch-hall\/kaffee\/schokolade\/#breadcrumb","itemListElement":[{"@type":"ListItem","position":1,"name":"Startseite","item":"https:\/\/weltlaeden.de\/schwaebisch-hall\/"},{"@type":"ListItem","position":2,"name":"Produkte","item":"https:\/\/weltlaeden.de\/schwaebisch-hall\/kaffee\/"},{"@type":"ListItem","position":3,"name":"Schokolade"}]},{"@type":"WebSite","@id":"https:\/\/weltlaeden.de\/schwaebisch-hall\/#website","url":"https:\/\/weltlaeden.de\/schwaebisch-hall\/","name":"Weltladen Schw\u00e4bisch Hall","description":"Fachhandel f\u00fcr Faire Produkte","potentialAction":[{"@type":"SearchAction","target":{"@type":"EntryPoint","urlTemplate":"https:\/\/weltlaeden.de\/schwaebisch-hall\/?s={search_term_string}"},"query-input":{"@type":"PropertyValueSpecification","valueRequired":true,"valueName":"search_term_string"}}],"inLanguage":"de"}]}},"_links":{"self":[{"href":"https:\/\/weltlaeden.de\/schwaebisch-hall\/wp-json\/wp\/v2\/pages\/850","targetHints":{"allow":["GET"]}}],"collection":[{"href":"https:\/\/weltlaeden.de\/schwaebisch-hall\/wp-json\/wp\/v2\/pages"}],"about":[{"href":"https:\/\/weltlaeden.de\/schwaebisch-hall\/wp-json\/wp\/v2\/types\/page"}],"author":[{"embeddable":true,"href":"https:\/\/weltlaeden.de\/schwaebisch-hall\/wp-json\/wp\/v2\/users\/279"}],"replies":[{"embeddable":true,"href":"https:\/\/weltlaeden.de\/schwaebisch-hall\/wp-json\/wp\/v2\/comments?post=850"}],"version-history":[{"count":37,"href":"https:\/\/weltlaeden.de\/schwaebisch-hall\/wp-json\/wp\/v2\/pages\/850\/revisions"}],"predecessor-version":[{"id":2219,"href":"https:\/\/weltlaeden.de\/schwaebisch-hall\/wp-json\/wp\/v2\/pages\/850\/revisions\/2219"}],"up":[{"embeddable":true,"href":"https:\/\/weltlaeden.de\/schwaebisch-hall\/wp-json\/wp\/v2\/pages\/217"}],"wp:attachment":[{"href":"https:\/\/weltlaeden.de\/schwaebisch-hall\/wp-json\/wp\/v2\/media?parent=850"}],"curies":[{"name":"wp","href":"https:\/\/api.w.org\/{rel}","templated":true}]}}