{"id":628,"date":"2022-02-25T21:15:09","date_gmt":"2022-02-25T20:15:09","guid":{"rendered":"https:\/\/weltlaeden.de\/schwaebisch-gmuend\/?page_id=628"},"modified":"2022-03-31T12:13:40","modified_gmt":"2022-03-31T10:13:40","slug":"projektunterstuetzung","status":"publish","type":"page","link":"https:\/\/weltlaeden.de\/schwaebisch-gmuend\/projektunterstuetzung\/","title":{"rendered":"Projektunterst\u00fctzung"},"content":{"rendered":"<div class=\"wpb-content-wrapper\"><p>[vc_row][vc_column][vc_column_text]<\/p>\n<h1>Projektunterst\u00fctzung<\/h1>\n<p><span style=\"color: #ff6600\"><strong>Importorganisation dwp<\/strong><\/span><br \/>\nDen fairen Handel nachhaltig sichern war das Ziel der Beteiligung an unserem Lieferanten dwp (Weltpartner). Wir zeichneten Genossenschaftsanteile um Fortbestand und Wirtschaftlichkeit des Handelhauses zu sichern.<br \/>\nProjektunterst\u00fctzung: Aufbau einer Zuckerrohrm\u00fchle auf den Philippinen<\/p>\n<p>&nbsp;<\/p>\n<p><span style=\"color: #ff6600\"><strong>Oikocredit<\/strong><\/span><br \/>\nOikocredit ist ein gemeinn\u00fctziger Verein und arbeitet in der Mikrofinanzierung durch Kreditvergabe. Kleine und mittlere Unternehmen in den armen L\u00e4ndern werden mit Beratung, Finanzierung und Begleitung bis zur vollst\u00e4ndigen Tilgung eines Kredites gef\u00f6rdert. Kredite werden nur dann vergeben, wenn entsprechende soziale Rahmenbedingungen eingehalten werden, M\u00e4nner und Frauen an den Projekten m\u00f6glichst gleicherma\u00dfen beteiligt sind, Bildung und Gemeinschaftseinrichtungen gef\u00f6rdert werden usw. Mitarbeiter von Oicokredit vor Ort stellen die Einhaltung der gemeinsam erarbeiteten Pl\u00e4ne sicher. Zum anderen vergibt die Organisation Gruppenkredite, bei denen die Kreditnehmer sich in Nachbarschaftsgruppen regelm\u00e4\u00dfig treffen, Sparpl\u00e4ne aufstellen und nach der erfolgreichen Tilgung eines Kleinkredites einen n\u00e4chsten erhalten k\u00f6nnen usw. In jedem Fall erhalten so die Menschen eine finanzielle Grundbildung und entwickeln Selbstbewusstsein und Pers\u00f6nlichkeit. Diese Aufgaben unterst\u00fctzen wir durch Spareinlagen unsererseits.<\/p>\n<p>&nbsp;<\/p>\n<p><span style=\"color: #ff6600\"><strong>El Puente<\/strong><\/span><\/p>\n<p>Mit Spenden unterst\u00fctzen wir einen Entwicklungsfonds unseres Lieferanten EL PUENTE. Gef\u00f6rdert werden aus diesem Fonds ausschlie\u00dflich Projekte, die EL PUENTE begleitet und bei denen EL PUENTE f\u00fcr faire Produktionsbedingungen einsteht.<\/p>\n<p>&nbsp;<\/p>\n<p><span style=\"color: #ff6600\"><strong>BanaFair<\/strong><\/span><br \/>\nWir unterst\u00fctzen mit einer Spende und einem Darlehen den gemeinn\u00fctzigen Verein BanaFair e.V., von dem wir unsere Bananen beziehen und der Bananenbauern unter anderem dabei unterst\u00fctzt, dass sie neue EU-Normen erf\u00fcllen k\u00f6nnen.<\/p>\n<p>&nbsp;<\/p>\n<p><span style=\"color: #ff6600\"><strong>Lieferanten aus Nepal<\/strong><\/span><\/p>\n<p><span style=\"color: #000000\"><span style=\"font-family: Times New Roman, serif\"><span style=\"font-size: medium\">F\u00fcr den Wiederaufbau nach Erdbebenkatastrophen unterst\u00fctzen wir die Produzenten Globo und Akar. Au\u00dferdem arbeiten wir mit dem Gm\u00fcnder Verein Hilfe f\u00fcr Nepal \u2013 Haus der Hoffnung e.V. zusammen.<br \/>\nGendergerechtigkeit, Zugang zu sauberem Trinkwasser oder Gesundheitsf\u00f6rderung sind Ausz\u00fcge aus den Nachhaltigkeitszielen der Vereinten Nationen. Durch Schulung der Bauern und insbesondere der Frauen verfolgt der Verein NETZ e.V. diese Ziele in hervorragender Weise.<\/span><\/span><\/span><\/p>\n<p><span style=\"font-family: Times New Roman, serif\"><span style=\"color: #45484c\"><span style=\"font-size: medium\">\u00a0<\/span><\/span><\/span><\/p>\n<p>[\/vc_column_text][\/vc_column][\/vc_row]<\/p>\n<\/div>","protected":false},"excerpt":{"rendered":"<p>[vc_row][vc_column][vc_column_text] Projektunterst\u00fctzung Importorganisation dwp Den fairen Handel nachhaltig sichern war das Ziel der Beteiligung an unserem Lieferanten dwp (Weltpartner). Wir zeichneten Genossenschaftsanteile um Fortbestand und Wirtschaftlichkeit des Handelhauses zu sichern. Projektunterst\u00fctzung: Aufbau einer Zuckerrohrm\u00fchle auf den Philippinen &nbsp; Oikocredit Oikocredit ist ein gemeinn\u00fctziger Verein und arbeitet in der Mikrofinanzierung durch Kreditvergabe. Kleine und mittlere Unternehmen&hellip;<\/p>\n","protected":false},"author":265,"featured_media":0,"parent":0,"menu_order":0,"comment_status":"closed","ping_status":"closed","template":"","meta":{"footnotes":""},"class_list":["post-628","page","type-page","status-publish","hentry","description-off"],"yoast_head":"<!-- This site is optimized with the Yoast SEO plugin v26.8 - https:\/\/yoast.com\/product\/yoast-seo-wordpress\/ -->\n<title>Projektunterst\u00fctzung - Weltladen Schw\u00e4bisch Gm\u00fcnd<\/title>\n<meta name=\"robots\" content=\"index, follow, max-snippet:-1, max-image-preview:large, max-video-preview:-1\" \/>\n<link rel=\"canonical\" href=\"https:\/\/weltlaeden.de\/schwaebisch-gmuend\/projektunterstuetzung\/\" \/>\n<meta property=\"og:locale\" content=\"de_DE\" \/>\n<meta property=\"og:type\" content=\"article\" \/>\n<meta property=\"og:title\" content=\"Projektunterst\u00fctzung - Weltladen Schw\u00e4bisch Gm\u00fcnd\" \/>\n<meta property=\"og:description\" content=\"[vc_row][vc_column][vc_column_text] Projektunterst\u00fctzung Importorganisation dwp Den fairen Handel nachhaltig sichern war das Ziel der Beteiligung an unserem Lieferanten dwp (Weltpartner). Wir zeichneten Genossenschaftsanteile um Fortbestand und Wirtschaftlichkeit des Handelhauses zu sichern. Projektunterst\u00fctzung: Aufbau einer Zuckerrohrm\u00fchle auf den Philippinen &nbsp; Oikocredit Oikocredit ist ein gemeinn\u00fctziger Verein und arbeitet in der Mikrofinanzierung durch Kreditvergabe. Kleine und mittlere Unternehmen&hellip;\" \/>\n<meta property=\"og:url\" content=\"https:\/\/weltlaeden.de\/schwaebisch-gmuend\/projektunterstuetzung\/\" \/>\n<meta property=\"og:site_name\" content=\"Weltladen Schw\u00e4bisch Gm\u00fcnd\" \/>\n<meta property=\"article:modified_time\" content=\"2022-03-31T10:13:40+00:00\" \/>\n<meta name=\"twitter:card\" content=\"summary_large_image\" \/>\n<meta name=\"twitter:label1\" content=\"Gesch\u00e4tzte Lesezeit\" \/>\n\t<meta name=\"twitter:data1\" content=\"1\u00a0Minute\" \/>\n<script type=\"application\/ld+json\" class=\"yoast-schema-graph\">{\"@context\":\"https:\/\/schema.org\",\"@graph\":[{\"@type\":\"WebPage\",\"@id\":\"https:\/\/weltlaeden.de\/schwaebisch-gmuend\/projektunterstuetzung\/\",\"url\":\"https:\/\/weltlaeden.de\/schwaebisch-gmuend\/projektunterstuetzung\/\",\"name\":\"Projektunterst\u00fctzung - Weltladen Schw\u00e4bisch Gm\u00fcnd\",\"isPartOf\":{\"@id\":\"https:\/\/weltlaeden.de\/schwaebisch-gmuend\/#website\"},\"datePublished\":\"2022-02-25T20:15:09+00:00\",\"dateModified\":\"2022-03-31T10:13:40+00:00\",\"breadcrumb\":{\"@id\":\"https:\/\/weltlaeden.de\/schwaebisch-gmuend\/projektunterstuetzung\/#breadcrumb\"},\"inLanguage\":\"de\",\"potentialAction\":[{\"@type\":\"ReadAction\",\"target\":[\"https:\/\/weltlaeden.de\/schwaebisch-gmuend\/projektunterstuetzung\/\"]}]},{\"@type\":\"BreadcrumbList\",\"@id\":\"https:\/\/weltlaeden.de\/schwaebisch-gmuend\/projektunterstuetzung\/#breadcrumb\",\"itemListElement\":[{\"@type\":\"ListItem\",\"position\":1,\"name\":\"Startseite\",\"item\":\"https:\/\/weltlaeden.de\/schwaebisch-gmuend\/\"},{\"@type\":\"ListItem\",\"position\":2,\"name\":\"Projektunterst\u00fctzung\"}]},{\"@type\":\"WebSite\",\"@id\":\"https:\/\/weltlaeden.de\/schwaebisch-gmuend\/#website\",\"url\":\"https:\/\/weltlaeden.de\/schwaebisch-gmuend\/\",\"name\":\"Weltladen Schw\u00e4bisch Gm\u00fcnd\",\"description\":\"Faire Produkte seit 1990\",\"potentialAction\":[{\"@type\":\"SearchAction\",\"target\":{\"@type\":\"EntryPoint\",\"urlTemplate\":\"https:\/\/weltlaeden.de\/schwaebisch-gmuend\/?s={search_term_string}\"},\"query-input\":{\"@type\":\"PropertyValueSpecification\",\"valueRequired\":true,\"valueName\":\"search_term_string\"}}],\"inLanguage\":\"de\"}]}<\/script>\n<!-- \/ Yoast SEO plugin. -->","yoast_head_json":{"title":"Projektunterst\u00fctzung - Weltladen Schw\u00e4bisch Gm\u00fcnd","robots":{"index":"index","follow":"follow","max-snippet":"max-snippet:-1","max-image-preview":"max-image-preview:large","max-video-preview":"max-video-preview:-1"},"canonical":"https:\/\/weltlaeden.de\/schwaebisch-gmuend\/projektunterstuetzung\/","og_locale":"de_DE","og_type":"article","og_title":"Projektunterst\u00fctzung - Weltladen Schw\u00e4bisch Gm\u00fcnd","og_description":"[vc_row][vc_column][vc_column_text] Projektunterst\u00fctzung Importorganisation dwp Den fairen Handel nachhaltig sichern war das Ziel der Beteiligung an unserem Lieferanten dwp (Weltpartner). Wir zeichneten Genossenschaftsanteile um Fortbestand und Wirtschaftlichkeit des Handelhauses zu sichern. Projektunterst\u00fctzung: Aufbau einer Zuckerrohrm\u00fchle auf den Philippinen &nbsp; Oikocredit Oikocredit ist ein gemeinn\u00fctziger Verein und arbeitet in der Mikrofinanzierung durch Kreditvergabe. Kleine und mittlere Unternehmen&hellip;","og_url":"https:\/\/weltlaeden.de\/schwaebisch-gmuend\/projektunterstuetzung\/","og_site_name":"Weltladen Schw\u00e4bisch Gm\u00fcnd","article_modified_time":"2022-03-31T10:13:40+00:00","twitter_card":"summary_large_image","twitter_misc":{"Gesch\u00e4tzte Lesezeit":"1\u00a0Minute"},"schema":{"@context":"https:\/\/schema.org","@graph":[{"@type":"WebPage","@id":"https:\/\/weltlaeden.de\/schwaebisch-gmuend\/projektunterstuetzung\/","url":"https:\/\/weltlaeden.de\/schwaebisch-gmuend\/projektunterstuetzung\/","name":"Projektunterst\u00fctzung - Weltladen Schw\u00e4bisch Gm\u00fcnd","isPartOf":{"@id":"https:\/\/weltlaeden.de\/schwaebisch-gmuend\/#website"},"datePublished":"2022-02-25T20:15:09+00:00","dateModified":"2022-03-31T10:13:40+00:00","breadcrumb":{"@id":"https:\/\/weltlaeden.de\/schwaebisch-gmuend\/projektunterstuetzung\/#breadcrumb"},"inLanguage":"de","potentialAction":[{"@type":"ReadAction","target":["https:\/\/weltlaeden.de\/schwaebisch-gmuend\/projektunterstuetzung\/"]}]},{"@type":"BreadcrumbList","@id":"https:\/\/weltlaeden.de\/schwaebisch-gmuend\/projektunterstuetzung\/#breadcrumb","itemListElement":[{"@type":"ListItem","position":1,"name":"Startseite","item":"https:\/\/weltlaeden.de\/schwaebisch-gmuend\/"},{"@type":"ListItem","position":2,"name":"Projektunterst\u00fctzung"}]},{"@type":"WebSite","@id":"https:\/\/weltlaeden.de\/schwaebisch-gmuend\/#website","url":"https:\/\/weltlaeden.de\/schwaebisch-gmuend\/","name":"Weltladen Schw\u00e4bisch Gm\u00fcnd","description":"Faire Produkte seit 1990","potentialAction":[{"@type":"SearchAction","target":{"@type":"EntryPoint","urlTemplate":"https:\/\/weltlaeden.de\/schwaebisch-gmuend\/?s={search_term_string}"},"query-input":{"@type":"PropertyValueSpecification","valueRequired":true,"valueName":"search_term_string"}}],"inLanguage":"de"}]}},"_links":{"self":[{"href":"https:\/\/weltlaeden.de\/schwaebisch-gmuend\/wp-json\/wp\/v2\/pages\/628","targetHints":{"allow":["GET"]}}],"collection":[{"href":"https:\/\/weltlaeden.de\/schwaebisch-gmuend\/wp-json\/wp\/v2\/pages"}],"about":[{"href":"https:\/\/weltlaeden.de\/schwaebisch-gmuend\/wp-json\/wp\/v2\/types\/page"}],"author":[{"embeddable":true,"href":"https:\/\/weltlaeden.de\/schwaebisch-gmuend\/wp-json\/wp\/v2\/users\/265"}],"replies":[{"embeddable":true,"href":"https:\/\/weltlaeden.de\/schwaebisch-gmuend\/wp-json\/wp\/v2\/comments?post=628"}],"version-history":[{"count":8,"href":"https:\/\/weltlaeden.de\/schwaebisch-gmuend\/wp-json\/wp\/v2\/pages\/628\/revisions"}],"predecessor-version":[{"id":728,"href":"https:\/\/weltlaeden.de\/schwaebisch-gmuend\/wp-json\/wp\/v2\/pages\/628\/revisions\/728"}],"wp:attachment":[{"href":"https:\/\/weltlaeden.de\/schwaebisch-gmuend\/wp-json\/wp\/v2\/media?parent=628"}],"curies":[{"name":"wp","href":"https:\/\/api.w.org\/{rel}","templated":true}]}}