{"id":1090,"date":"2024-08-19T15:41:49","date_gmt":"2024-08-19T13:41:49","guid":{"rendered":"https:\/\/weltlaeden.de\/schwaebisch-gmuend\/?page_id=1090"},"modified":"2024-08-19T15:46:02","modified_gmt":"2024-08-19T13:46:02","slug":"ehrenamt-im-weltladen-schwaebisch-gmuend","status":"publish","type":"page","link":"https:\/\/weltlaeden.de\/schwaebisch-gmuend\/ehrenamt-im-weltladen-schwaebisch-gmuend\/","title":{"rendered":"Ehrenamt im Weltladen Schw\u00e4bisch Gm\u00fcnd"},"content":{"rendered":"<h1>Ehrenamt im Weltladen Schw\u00e4bisch Gm\u00fcnd<\/h1>\n<p>Tr\u00e4ger des Gm\u00fcnder Weltladens ist der gemeinn\u00fctzige Verein Weltladen Schw\u00e4bisch Gm\u00fcnd e.V.<br \/>\nSie k\u00f6nnen den Gm\u00fcnder Weltladen und den fairen Handel unterst\u00fctzen, indem Sie:<br \/>\n<span style=\"color: #ff6600\">&#8212;&gt; bei uns im Laden einkaufen<\/span><br \/>\n<span style=\"color: #ff6600\">&#8212;&gt; die Idee des fairen Handels weitertragen<\/span><br \/>\n<span style=\"color: #ff6600\">&#8212;&gt; in einem der Weltladen-Teams aktiv mitarbeiten<\/span><br \/>\n<span style=\"color: #ff6600\">&#8212;&gt; Mitglied im Verein werden<\/span><br \/>\noder die Projektarbeit mit einer Spende unterst\u00fctzen.<\/p>\n<p><span style=\"color: #ff6600\"><strong>Wir suchen<\/strong> <span style=\"color: #000000\">Menschen<\/span>,<\/span> die Lust haben, sich <span style=\"color: #ff6600\">ehrenamtlich<\/span> f\u00fcr eine offene, transparente, \u00f6kologische und nachhaltige Form des Wirtschaftens zu engagieren. Ob im Verkauf, der \u00d6ffentlichkeits- oder Bildungsarbeit &#8211; die M\u00f6glichkeiten, in unserem Team mitzumachen sind vielf\u00e4ltig und lassen sich bestimmt auch in Deinen Alltag integrieren!<br \/>\nViele Aufgaben erfordern keine speziellen Vorkenntnisse, sondern nur Deine Bereitschaft, Deine F\u00e4higkeiten einzubringen und eventuell in neuen Bereichen dazuzulernen.<\/p>\n<p><span style=\"color: #ff6600\"><strong>Wir bieten<\/strong> <\/span>ein nettes Team aus Engagierten mit vielf\u00e4ltigen M\u00f6glichkeiten, sich selbst einzubringen. Eine Gemeinschaft, die Dich herzlich aufnimmt, einarbeitet und bei Fragen zur Verf\u00fcgung steht. Fortbildungsm\u00f6glichkeiten nach Deinen Interessen und Aufgaben.<\/p>\n<p><strong>Nehmen Sie einfach Kontakt mit uns auf.<\/strong><\/p>\n<p><strong>Wir freuen uns!<\/strong><\/p>\n<p><img loading=\"lazy\" decoding=\"async\" class=\"alignnone wp-image-1092\" src=\"https:\/\/weltlaeden.de\/schwaebisch-gmuend\/wp-content\/uploads\/sites\/179\/2024\/08\/INT_Ehrenamt_2024-1-300x205.png\" alt=\"\" width=\"822\" height=\"562\" srcset=\"https:\/\/weltlaeden.de\/schwaebisch-gmuend\/wp-content\/uploads\/sites\/179\/2024\/08\/INT_Ehrenamt_2024-1-300x205.png 300w, https:\/\/weltlaeden.de\/schwaebisch-gmuend\/wp-content\/uploads\/sites\/179\/2024\/08\/INT_Ehrenamt_2024-1-768x525.png 768w, https:\/\/weltlaeden.de\/schwaebisch-gmuend\/wp-content\/uploads\/sites\/179\/2024\/08\/INT_Ehrenamt_2024-1.png 956w\" sizes=\"auto, (max-width: 822px) 100vw, 822px\" \/><\/p>\n<p><img loading=\"lazy\" decoding=\"async\" class=\"alignnone wp-image-1093\" src=\"https:\/\/weltlaeden.de\/schwaebisch-gmuend\/wp-content\/uploads\/sites\/179\/2024\/08\/INT_Ehrenamt_2024-2-300x203.png\" alt=\"\" width=\"815\" height=\"551\" srcset=\"https:\/\/weltlaeden.de\/schwaebisch-gmuend\/wp-content\/uploads\/sites\/179\/2024\/08\/INT_Ehrenamt_2024-2-300x203.png 300w, https:\/\/weltlaeden.de\/schwaebisch-gmuend\/wp-content\/uploads\/sites\/179\/2024\/08\/INT_Ehrenamt_2024-2-768x520.png 768w, https:\/\/weltlaeden.de\/schwaebisch-gmuend\/wp-content\/uploads\/sites\/179\/2024\/08\/INT_Ehrenamt_2024-2.png 948w\" sizes=\"auto, (max-width: 815px) 100vw, 815px\" \/><\/p>\n","protected":false},"excerpt":{"rendered":"<p>Ehrenamt im Weltladen Schw\u00e4bisch Gm\u00fcnd Tr\u00e4ger des Gm\u00fcnder Weltladens ist der gemeinn\u00fctzige Verein Weltladen Schw\u00e4bisch Gm\u00fcnd e.V. Sie k\u00f6nnen den Gm\u00fcnder Weltladen und den fairen Handel unterst\u00fctzen, indem Sie: &#8212;&gt; bei uns im Laden einkaufen &#8212;&gt; die Idee des fairen Handels weitertragen &#8212;&gt; in einem der Weltladen-Teams aktiv mitarbeiten &#8212;&gt; Mitglied im Verein werden oder&hellip;<\/p>\n","protected":false},"author":265,"featured_media":0,"parent":0,"menu_order":0,"comment_status":"closed","ping_status":"closed","template":"","meta":{"footnotes":""},"class_list":["post-1090","page","type-page","status-publish","hentry","description-off"],"yoast_head":"<!-- This site is optimized with the Yoast SEO plugin v26.8 - https:\/\/yoast.com\/product\/yoast-seo-wordpress\/ -->\n<title>Ehrenamt im Weltladen Schw\u00e4bisch Gm\u00fcnd - Weltladen Schw\u00e4bisch Gm\u00fcnd<\/title>\n<meta name=\"robots\" content=\"index, follow, max-snippet:-1, max-image-preview:large, max-video-preview:-1\" \/>\n<link rel=\"canonical\" href=\"https:\/\/weltlaeden.de\/schwaebisch-gmuend\/ehrenamt-im-weltladen-schwaebisch-gmuend\/\" \/>\n<meta property=\"og:locale\" content=\"de_DE\" \/>\n<meta property=\"og:type\" content=\"article\" \/>\n<meta property=\"og:title\" content=\"Ehrenamt im Weltladen Schw\u00e4bisch Gm\u00fcnd - Weltladen Schw\u00e4bisch Gm\u00fcnd\" \/>\n<meta property=\"og:description\" content=\"Ehrenamt im Weltladen Schw\u00e4bisch Gm\u00fcnd Tr\u00e4ger des Gm\u00fcnder Weltladens ist der gemeinn\u00fctzige Verein Weltladen Schw\u00e4bisch Gm\u00fcnd e.V. Sie k\u00f6nnen den Gm\u00fcnder Weltladen und den fairen Handel unterst\u00fctzen, indem Sie: &#8212;&gt; bei uns im Laden einkaufen &#8212;&gt; die Idee des fairen Handels weitertragen &#8212;&gt; in einem der Weltladen-Teams aktiv mitarbeiten &#8212;&gt; Mitglied im Verein werden oder&hellip;\" \/>\n<meta property=\"og:url\" content=\"https:\/\/weltlaeden.de\/schwaebisch-gmuend\/ehrenamt-im-weltladen-schwaebisch-gmuend\/\" \/>\n<meta property=\"og:site_name\" content=\"Weltladen Schw\u00e4bisch Gm\u00fcnd\" \/>\n<meta property=\"article:modified_time\" content=\"2024-08-19T13:46:02+00:00\" \/>\n<meta property=\"og:image\" content=\"https:\/\/weltlaeden.de\/schwaebisch-gmuend\/wp-content\/uploads\/sites\/179\/2024\/08\/INT_Ehrenamt_2024-1-300x205.png\" \/>\n<meta name=\"twitter:card\" content=\"summary_large_image\" \/>\n<meta name=\"twitter:label1\" content=\"Gesch\u00e4tzte Lesezeit\" \/>\n\t<meta name=\"twitter:data1\" content=\"2\u00a0Minuten\" \/>\n<script type=\"application\/ld+json\" class=\"yoast-schema-graph\">{\"@context\":\"https:\/\/schema.org\",\"@graph\":[{\"@type\":\"WebPage\",\"@id\":\"https:\/\/weltlaeden.de\/schwaebisch-gmuend\/ehrenamt-im-weltladen-schwaebisch-gmuend\/\",\"url\":\"https:\/\/weltlaeden.de\/schwaebisch-gmuend\/ehrenamt-im-weltladen-schwaebisch-gmuend\/\",\"name\":\"Ehrenamt im Weltladen Schw\u00e4bisch Gm\u00fcnd - Weltladen Schw\u00e4bisch Gm\u00fcnd\",\"isPartOf\":{\"@id\":\"https:\/\/weltlaeden.de\/schwaebisch-gmuend\/#website\"},\"primaryImageOfPage\":{\"@id\":\"https:\/\/weltlaeden.de\/schwaebisch-gmuend\/ehrenamt-im-weltladen-schwaebisch-gmuend\/#primaryimage\"},\"image\":{\"@id\":\"https:\/\/weltlaeden.de\/schwaebisch-gmuend\/ehrenamt-im-weltladen-schwaebisch-gmuend\/#primaryimage\"},\"thumbnailUrl\":\"https:\/\/weltlaeden.de\/schwaebisch-gmuend\/wp-content\/uploads\/sites\/179\/2024\/08\/INT_Ehrenamt_2024-1-300x205.png\",\"datePublished\":\"2024-08-19T13:41:49+00:00\",\"dateModified\":\"2024-08-19T13:46:02+00:00\",\"breadcrumb\":{\"@id\":\"https:\/\/weltlaeden.de\/schwaebisch-gmuend\/ehrenamt-im-weltladen-schwaebisch-gmuend\/#breadcrumb\"},\"inLanguage\":\"de\",\"potentialAction\":[{\"@type\":\"ReadAction\",\"target\":[\"https:\/\/weltlaeden.de\/schwaebisch-gmuend\/ehrenamt-im-weltladen-schwaebisch-gmuend\/\"]}]},{\"@type\":\"ImageObject\",\"inLanguage\":\"de\",\"@id\":\"https:\/\/weltlaeden.de\/schwaebisch-gmuend\/ehrenamt-im-weltladen-schwaebisch-gmuend\/#primaryimage\",\"url\":\"https:\/\/weltlaeden.de\/schwaebisch-gmuend\/wp-content\/uploads\/sites\/179\/2024\/08\/INT_Ehrenamt_2024-1.png\",\"contentUrl\":\"https:\/\/weltlaeden.de\/schwaebisch-gmuend\/wp-content\/uploads\/sites\/179\/2024\/08\/INT_Ehrenamt_2024-1.png\",\"width\":956,\"height\":654},{\"@type\":\"BreadcrumbList\",\"@id\":\"https:\/\/weltlaeden.de\/schwaebisch-gmuend\/ehrenamt-im-weltladen-schwaebisch-gmuend\/#breadcrumb\",\"itemListElement\":[{\"@type\":\"ListItem\",\"position\":1,\"name\":\"Startseite\",\"item\":\"https:\/\/weltlaeden.de\/schwaebisch-gmuend\/\"},{\"@type\":\"ListItem\",\"position\":2,\"name\":\"Ehrenamt im Weltladen Schw\u00e4bisch Gm\u00fcnd\"}]},{\"@type\":\"WebSite\",\"@id\":\"https:\/\/weltlaeden.de\/schwaebisch-gmuend\/#website\",\"url\":\"https:\/\/weltlaeden.de\/schwaebisch-gmuend\/\",\"name\":\"Weltladen Schw\u00e4bisch Gm\u00fcnd\",\"description\":\"Faire Produkte seit 1990\",\"potentialAction\":[{\"@type\":\"SearchAction\",\"target\":{\"@type\":\"EntryPoint\",\"urlTemplate\":\"https:\/\/weltlaeden.de\/schwaebisch-gmuend\/?s={search_term_string}\"},\"query-input\":{\"@type\":\"PropertyValueSpecification\",\"valueRequired\":true,\"valueName\":\"search_term_string\"}}],\"inLanguage\":\"de\"}]}<\/script>\n<!-- \/ Yoast SEO plugin. -->","yoast_head_json":{"title":"Ehrenamt im Weltladen Schw\u00e4bisch Gm\u00fcnd - Weltladen Schw\u00e4bisch Gm\u00fcnd","robots":{"index":"index","follow":"follow","max-snippet":"max-snippet:-1","max-image-preview":"max-image-preview:large","max-video-preview":"max-video-preview:-1"},"canonical":"https:\/\/weltlaeden.de\/schwaebisch-gmuend\/ehrenamt-im-weltladen-schwaebisch-gmuend\/","og_locale":"de_DE","og_type":"article","og_title":"Ehrenamt im Weltladen Schw\u00e4bisch Gm\u00fcnd - Weltladen Schw\u00e4bisch Gm\u00fcnd","og_description":"Ehrenamt im Weltladen Schw\u00e4bisch Gm\u00fcnd Tr\u00e4ger des Gm\u00fcnder Weltladens ist der gemeinn\u00fctzige Verein Weltladen Schw\u00e4bisch Gm\u00fcnd e.V. Sie k\u00f6nnen den Gm\u00fcnder Weltladen und den fairen Handel unterst\u00fctzen, indem Sie: &#8212;&gt; bei uns im Laden einkaufen &#8212;&gt; die Idee des fairen Handels weitertragen &#8212;&gt; in einem der Weltladen-Teams aktiv mitarbeiten &#8212;&gt; Mitglied im Verein werden oder&hellip;","og_url":"https:\/\/weltlaeden.de\/schwaebisch-gmuend\/ehrenamt-im-weltladen-schwaebisch-gmuend\/","og_site_name":"Weltladen Schw\u00e4bisch Gm\u00fcnd","article_modified_time":"2024-08-19T13:46:02+00:00","og_image":[{"url":"https:\/\/weltlaeden.de\/schwaebisch-gmuend\/wp-content\/uploads\/sites\/179\/2024\/08\/INT_Ehrenamt_2024-1-300x205.png","type":"","width":"","height":""}],"twitter_card":"summary_large_image","twitter_misc":{"Gesch\u00e4tzte Lesezeit":"2\u00a0Minuten"},"schema":{"@context":"https:\/\/schema.org","@graph":[{"@type":"WebPage","@id":"https:\/\/weltlaeden.de\/schwaebisch-gmuend\/ehrenamt-im-weltladen-schwaebisch-gmuend\/","url":"https:\/\/weltlaeden.de\/schwaebisch-gmuend\/ehrenamt-im-weltladen-schwaebisch-gmuend\/","name":"Ehrenamt im Weltladen Schw\u00e4bisch Gm\u00fcnd - Weltladen Schw\u00e4bisch Gm\u00fcnd","isPartOf":{"@id":"https:\/\/weltlaeden.de\/schwaebisch-gmuend\/#website"},"primaryImageOfPage":{"@id":"https:\/\/weltlaeden.de\/schwaebisch-gmuend\/ehrenamt-im-weltladen-schwaebisch-gmuend\/#primaryimage"},"image":{"@id":"https:\/\/weltlaeden.de\/schwaebisch-gmuend\/ehrenamt-im-weltladen-schwaebisch-gmuend\/#primaryimage"},"thumbnailUrl":"https:\/\/weltlaeden.de\/schwaebisch-gmuend\/wp-content\/uploads\/sites\/179\/2024\/08\/INT_Ehrenamt_2024-1-300x205.png","datePublished":"2024-08-19T13:41:49+00:00","dateModified":"2024-08-19T13:46:02+00:00","breadcrumb":{"@id":"https:\/\/weltlaeden.de\/schwaebisch-gmuend\/ehrenamt-im-weltladen-schwaebisch-gmuend\/#breadcrumb"},"inLanguage":"de","potentialAction":[{"@type":"ReadAction","target":["https:\/\/weltlaeden.de\/schwaebisch-gmuend\/ehrenamt-im-weltladen-schwaebisch-gmuend\/"]}]},{"@type":"ImageObject","inLanguage":"de","@id":"https:\/\/weltlaeden.de\/schwaebisch-gmuend\/ehrenamt-im-weltladen-schwaebisch-gmuend\/#primaryimage","url":"https:\/\/weltlaeden.de\/schwaebisch-gmuend\/wp-content\/uploads\/sites\/179\/2024\/08\/INT_Ehrenamt_2024-1.png","contentUrl":"https:\/\/weltlaeden.de\/schwaebisch-gmuend\/wp-content\/uploads\/sites\/179\/2024\/08\/INT_Ehrenamt_2024-1.png","width":956,"height":654},{"@type":"BreadcrumbList","@id":"https:\/\/weltlaeden.de\/schwaebisch-gmuend\/ehrenamt-im-weltladen-schwaebisch-gmuend\/#breadcrumb","itemListElement":[{"@type":"ListItem","position":1,"name":"Startseite","item":"https:\/\/weltlaeden.de\/schwaebisch-gmuend\/"},{"@type":"ListItem","position":2,"name":"Ehrenamt im Weltladen Schw\u00e4bisch Gm\u00fcnd"}]},{"@type":"WebSite","@id":"https:\/\/weltlaeden.de\/schwaebisch-gmuend\/#website","url":"https:\/\/weltlaeden.de\/schwaebisch-gmuend\/","name":"Weltladen Schw\u00e4bisch Gm\u00fcnd","description":"Faire Produkte seit 1990","potentialAction":[{"@type":"SearchAction","target":{"@type":"EntryPoint","urlTemplate":"https:\/\/weltlaeden.de\/schwaebisch-gmuend\/?s={search_term_string}"},"query-input":{"@type":"PropertyValueSpecification","valueRequired":true,"valueName":"search_term_string"}}],"inLanguage":"de"}]}},"_links":{"self":[{"href":"https:\/\/weltlaeden.de\/schwaebisch-gmuend\/wp-json\/wp\/v2\/pages\/1090","targetHints":{"allow":["GET"]}}],"collection":[{"href":"https:\/\/weltlaeden.de\/schwaebisch-gmuend\/wp-json\/wp\/v2\/pages"}],"about":[{"href":"https:\/\/weltlaeden.de\/schwaebisch-gmuend\/wp-json\/wp\/v2\/types\/page"}],"author":[{"embeddable":true,"href":"https:\/\/weltlaeden.de\/schwaebisch-gmuend\/wp-json\/wp\/v2\/users\/265"}],"replies":[{"embeddable":true,"href":"https:\/\/weltlaeden.de\/schwaebisch-gmuend\/wp-json\/wp\/v2\/comments?post=1090"}],"version-history":[{"count":4,"href":"https:\/\/weltlaeden.de\/schwaebisch-gmuend\/wp-json\/wp\/v2\/pages\/1090\/revisions"}],"predecessor-version":[{"id":1098,"href":"https:\/\/weltlaeden.de\/schwaebisch-gmuend\/wp-json\/wp\/v2\/pages\/1090\/revisions\/1098"}],"wp:attachment":[{"href":"https:\/\/weltlaeden.de\/schwaebisch-gmuend\/wp-json\/wp\/v2\/media?parent=1090"}],"curies":[{"name":"wp","href":"https:\/\/api.w.org\/{rel}","templated":true}]}}