{"id":668,"date":"2021-12-18T10:49:29","date_gmt":"2021-12-18T09:49:29","guid":{"rendered":"https:\/\/weltlaeden.de\/schuettorf\/?page_id=668"},"modified":"2022-02-05T19:32:51","modified_gmt":"2022-02-05T18:32:51","slug":"ueber-uns","status":"publish","type":"page","link":"https:\/\/weltlaeden.de\/schuettorf\/ueber-uns\/","title":{"rendered":"\u00dcber uns"},"content":{"rendered":"<div class=\"wpb-content-wrapper\"><p>[vc_row][vc_column][vc_column_text]<\/p>\n<h1>\u00dcber uns<\/h1>\n<p>[\/vc_column_text][\/vc_column][\/vc_row][vc_row][vc_column][vc_single_image image=&#8220;585&#8243; img_size=&#8220;medium&#8220;][vc_column_text]<\/p>\n<div class=\"\">\n<div class=\"public-DraftStyleDefault-block public-DraftStyleDefault-ltr\">Die MitarbeiterInnen des Ladens arbeiten ehrenamtlich. Sie treffen sich 14-t\u00e4gig im Ev. <span id=\"decorator-ignored-entity-id-124\">ref<\/span>. Gemeindehaus. Dort werden gesch\u00e4ftliche Dinge und aktuelle Themen besprochen. Au\u00dferdem werden \u00f6ffentliche Veranstaltungen vorbereitet. Ein wichtiges Ziel ist es, in der \u00d6ffentlichkeit das Bewusstsein f\u00fcr eine gerechte Welt zu wecken.<\/div>\n<\/div>\n<p>&nbsp;<\/p>\n<div class=\"\">\n<div class=\"public-DraftStyleDefault-block public-DraftStyleDefault-ltr\"><\/div>\n<\/div>\n<div class=\"\">\n<div class=\"public-DraftStyleDefault-block public-DraftStyleDefault-ltr\"><\/div>\n<\/div>\n<div class=\"\">\n<div class=\"public-DraftStyleDefault-block public-DraftStyleDefault-ltr\"><strong>Der Verein<\/strong><\/div>\n<\/div>\n<div class=\"\">\n<div class=\"public-DraftStyleDefault-block public-DraftStyleDefault-ltr\"><\/div>\n<\/div>\n<div class=\"\">\n<div class=\"public-DraftStyleDefault-block public-DraftStyleDefault-ltr\"><strong>1976<\/strong> bilden junge Leute einen Arbeitskreis &#8222;Dritte Welt Laden&#8220;. Bald darauf wird das Haus in der <span id=\"decorator-ignored-entity-id-122\">Milchstr<\/span>. 1 <span id=\"decorator-corrected-entity-id-119\">bezogen<\/span> und ein Ladenraum <span id=\"decorator-corrected-entity-id-115\">eingerichtet<\/span>.<\/div>\n<\/div>\n<div class=\"\">\n<div class=\"public-DraftStyleDefault-block public-DraftStyleDefault-ltr\"><\/div>\n<\/div>\n<div class=\"\">\n<div class=\"public-DraftStyleDefault-block public-DraftStyleDefault-ltr\"><strong>1987<\/strong> wird der Verein &#8222;Dritte Welt Laden <span id=\"decorator-ignored-entity-id-69\">e.V.<\/span>&#8220; gegr\u00fcndet.<\/div>\n<\/div>\n<div class=\"\">\n<div class=\"public-DraftStyleDefault-block public-DraftStyleDefault-ltr\"><\/div>\n<\/div>\n<div class=\"\">\n<div class=\"public-DraftStyleDefault-block public-DraftStyleDefault-ltr\"><strong>1989<\/strong> zieht der Laden um in die alte <span id=\"decorator-ignored-entity-id-57\">L\u00fcttersche<\/span> Schmiede, <span id=\"decorator-ignored-entity-id-80\">Vechtestr<\/span>. 3.<\/div>\n<\/div>\n<div class=\"\">\n<div class=\"public-DraftStyleDefault-block public-DraftStyleDefault-ltr\"><\/div>\n<\/div>\n<div class=\"\">\n<div class=\"public-DraftStyleDefault-block public-DraftStyleDefault-ltr\"><strong>2001<\/strong> wird der Laden <span id=\"decorator-corrected-entity-id-89\">umbenannt<\/span> in &#8222;Eine Welt Laden <span id=\"decorator-ignored-entity-id-97\">Sch\u00fcttorf<\/span> <span id=\"decorator-ignored-entity-id-70\">e.V.<\/span>&#8222;.<\/div>\n<div><\/div>\n<\/div>\n<div class=\"\">\n<div class=\"public-DraftStyleDefault-block public-DraftStyleDefault-ltr\"><strong>2015 <\/strong><span id=\"decorator-ignored-entity-id-104\">wechselt<\/span> der Laden in die <span id=\"decorator-ignored-entity-id-110\">F\u00f6hnstr<\/span>. 4.<\/div>\n<\/div>\n<div><\/div>\n<div>\n<p><strong>2022<\/strong> befindet sich der Eine Welt Laden im Ev.-Ref. Gemeindehaus am Friedrich-Middendorff-Platz \u00a01, nachdem durch einen Wasserschaden\u00a0 das Lokal an der F\u00f6hnstra\u00dfe nicht mehr genutzt werden konnte.<\/p>\n<p>&nbsp;<\/p>\n<p>Der Verein ist unabh\u00e4ngig und sucht das Gespr\u00e4ch mit allen interessierten Menschen.<br \/>\nWir danken der Ev.Ref. Gemeinde f\u00fcr die uns zur Verf\u00fcgung gestellten R\u00e4ume.<br \/>\nDer Verein dankt der Stadt <span id=\"decorator-ignored-entity-id-130\">Sch\u00fcttorf<\/span> f\u00fcr die jahrzehntelange Unterst\u00fctzung und Fiona <span id=\"decorator-ignored-entity-id-135\">Dunker<\/span> f\u00fcr die tatkr\u00e4ftige Unterst\u00fctzung bei der Homepage Erstellung.<\/p>\n<\/div>\n<p>&nbsp;<\/p>\n<div class=\"public-DraftStyleDefault-block public-DraftStyleDefault-ltr\"><\/div>\n<div class=\"public-DraftStyleDefault-block public-DraftStyleDefault-ltr\"><strong>Ansprechpartner\/in:<\/strong><\/div>\n<div class=\"\">\n<div class=\"public-DraftStyleDefault-block public-DraftStyleDefault-ltr\">Volker Dreyer <span id=\"decorator-ignored-entity-id-139\">Tel<\/span>: 05923 3551<\/div>\n<\/div>\n<div class=\"\">\n<div class=\"public-DraftStyleDefault-block public-DraftStyleDefault-ltr\">Maria <span id=\"decorator-ignored-entity-id-142\">Wortmann-Ferenczy<\/span> <span id=\"decorator-ignored-entity-id-140\">Tel<\/span>: 05923 1379<\/div>\n<\/div>\n<div class=\"\">\n<div class=\"public-DraftStyleDefault-block public-DraftStyleDefault-ltr\"><\/div>\n<\/div>\n<div class=\"\">\n<div class=\"public-DraftStyleDefault-block public-DraftStyleDefault-ltr\">Kontakt: eineweltladen-schuettorf@gmx.de<\/div>\n<\/div>\n<p>&nbsp;<\/p>\n<div class=\"\">\n<div class=\"public-DraftStyleDefault-block public-DraftStyleDefault-ltr\"><\/div>\n<\/div>\n<div class=\"\"><\/div>\n<div class=\"\">\n<div class=\"public-DraftStyleDefault-block public-DraftStyleDefault-ltr\"><\/div>\n<\/div>\n<p>[\/vc_column_text][\/vc_column][\/vc_row]<\/p>\n<\/div>","protected":false},"excerpt":{"rendered":"<p>[vc_row][vc_column][vc_column_text] \u00dcber uns [\/vc_column_text][\/vc_column][\/vc_row][vc_row][vc_column][vc_single_image image=&#8220;585&#8243; img_size=&#8220;medium&#8220;][vc_column_text] Die MitarbeiterInnen des Ladens arbeiten ehrenamtlich. Sie treffen sich 14-t\u00e4gig im Ev. ref. Gemeindehaus. Dort werden gesch\u00e4ftliche Dinge und aktuelle Themen besprochen. Au\u00dferdem werden \u00f6ffentliche Veranstaltungen vorbereitet. Ein wichtiges Ziel ist es, in der \u00d6ffentlichkeit das Bewusstsein f\u00fcr eine gerechte Welt zu wecken. &nbsp; Der Verein 1976 bilden junge&hellip;<\/p>\n","protected":false},"author":248,"featured_media":0,"parent":0,"menu_order":15,"comment_status":"closed","ping_status":"closed","template":"","meta":{"footnotes":""},"class_list":["post-668","page","type-page","status-publish","hentry","description-off"],"yoast_head":"<!-- This site is optimized with the Yoast SEO plugin v26.8 - https:\/\/yoast.com\/product\/yoast-seo-wordpress\/ -->\n<title>\u00dcber uns - Weltladen Sch\u00fcttorf<\/title>\n<meta name=\"robots\" content=\"index, follow, max-snippet:-1, max-image-preview:large, max-video-preview:-1\" \/>\n<link rel=\"canonical\" href=\"https:\/\/weltlaeden.de\/schuettorf\/ueber-uns\/\" \/>\n<meta property=\"og:locale\" content=\"de_DE\" \/>\n<meta property=\"og:type\" content=\"article\" \/>\n<meta property=\"og:title\" content=\"\u00dcber uns - Weltladen Sch\u00fcttorf\" \/>\n<meta property=\"og:description\" content=\"[vc_row][vc_column][vc_column_text] \u00dcber uns [\/vc_column_text][\/vc_column][\/vc_row][vc_row][vc_column][vc_single_image image=&#8220;585&#8243; img_size=&#8220;medium&#8220;][vc_column_text] Die MitarbeiterInnen des Ladens arbeiten ehrenamtlich. Sie treffen sich 14-t\u00e4gig im Ev. ref. Gemeindehaus. Dort werden gesch\u00e4ftliche Dinge und aktuelle Themen besprochen. Au\u00dferdem werden \u00f6ffentliche Veranstaltungen vorbereitet. Ein wichtiges Ziel ist es, in der \u00d6ffentlichkeit das Bewusstsein f\u00fcr eine gerechte Welt zu wecken. &nbsp; Der Verein 1976 bilden junge&hellip;\" \/>\n<meta property=\"og:url\" content=\"https:\/\/weltlaeden.de\/schuettorf\/ueber-uns\/\" \/>\n<meta property=\"og:site_name\" content=\"Weltladen Sch\u00fcttorf\" \/>\n<meta property=\"article:modified_time\" content=\"2022-02-05T18:32:51+00:00\" \/>\n<meta name=\"twitter:card\" content=\"summary_large_image\" \/>\n<meta name=\"twitter:label1\" content=\"Gesch\u00e4tzte Lesezeit\" \/>\n\t<meta name=\"twitter:data1\" content=\"2\u00a0Minuten\" \/>\n<script type=\"application\/ld+json\" class=\"yoast-schema-graph\">{\"@context\":\"https:\/\/schema.org\",\"@graph\":[{\"@type\":\"WebPage\",\"@id\":\"https:\/\/weltlaeden.de\/schuettorf\/ueber-uns\/\",\"url\":\"https:\/\/weltlaeden.de\/schuettorf\/ueber-uns\/\",\"name\":\"\u00dcber uns - Weltladen Sch\u00fcttorf\",\"isPartOf\":{\"@id\":\"https:\/\/weltlaeden.de\/schuettorf\/#website\"},\"datePublished\":\"2021-12-18T09:49:29+00:00\",\"dateModified\":\"2022-02-05T18:32:51+00:00\",\"breadcrumb\":{\"@id\":\"https:\/\/weltlaeden.de\/schuettorf\/ueber-uns\/#breadcrumb\"},\"inLanguage\":\"de\",\"potentialAction\":[{\"@type\":\"ReadAction\",\"target\":[\"https:\/\/weltlaeden.de\/schuettorf\/ueber-uns\/\"]}]},{\"@type\":\"BreadcrumbList\",\"@id\":\"https:\/\/weltlaeden.de\/schuettorf\/ueber-uns\/#breadcrumb\",\"itemListElement\":[{\"@type\":\"ListItem\",\"position\":1,\"name\":\"Startseite\",\"item\":\"https:\/\/weltlaeden.de\/schuettorf\/\"},{\"@type\":\"ListItem\",\"position\":2,\"name\":\"\u00dcber uns\"}]},{\"@type\":\"WebSite\",\"@id\":\"https:\/\/weltlaeden.de\/schuettorf\/#website\",\"url\":\"https:\/\/weltlaeden.de\/schuettorf\/\",\"name\":\"Weltladen Sch\u00fcttorf\",\"description\":\"Faire Produkte seit 1990\",\"potentialAction\":[{\"@type\":\"SearchAction\",\"target\":{\"@type\":\"EntryPoint\",\"urlTemplate\":\"https:\/\/weltlaeden.de\/schuettorf\/?s={search_term_string}\"},\"query-input\":{\"@type\":\"PropertyValueSpecification\",\"valueRequired\":true,\"valueName\":\"search_term_string\"}}],\"inLanguage\":\"de\"}]}<\/script>\n<!-- \/ Yoast SEO plugin. -->","yoast_head_json":{"title":"\u00dcber uns - Weltladen Sch\u00fcttorf","robots":{"index":"index","follow":"follow","max-snippet":"max-snippet:-1","max-image-preview":"max-image-preview:large","max-video-preview":"max-video-preview:-1"},"canonical":"https:\/\/weltlaeden.de\/schuettorf\/ueber-uns\/","og_locale":"de_DE","og_type":"article","og_title":"\u00dcber uns - Weltladen Sch\u00fcttorf","og_description":"[vc_row][vc_column][vc_column_text] \u00dcber uns [\/vc_column_text][\/vc_column][\/vc_row][vc_row][vc_column][vc_single_image image=&#8220;585&#8243; img_size=&#8220;medium&#8220;][vc_column_text] Die MitarbeiterInnen des Ladens arbeiten ehrenamtlich. Sie treffen sich 14-t\u00e4gig im Ev. ref. Gemeindehaus. Dort werden gesch\u00e4ftliche Dinge und aktuelle Themen besprochen. Au\u00dferdem werden \u00f6ffentliche Veranstaltungen vorbereitet. Ein wichtiges Ziel ist es, in der \u00d6ffentlichkeit das Bewusstsein f\u00fcr eine gerechte Welt zu wecken. &nbsp; Der Verein 1976 bilden junge&hellip;","og_url":"https:\/\/weltlaeden.de\/schuettorf\/ueber-uns\/","og_site_name":"Weltladen Sch\u00fcttorf","article_modified_time":"2022-02-05T18:32:51+00:00","twitter_card":"summary_large_image","twitter_misc":{"Gesch\u00e4tzte Lesezeit":"2\u00a0Minuten"},"schema":{"@context":"https:\/\/schema.org","@graph":[{"@type":"WebPage","@id":"https:\/\/weltlaeden.de\/schuettorf\/ueber-uns\/","url":"https:\/\/weltlaeden.de\/schuettorf\/ueber-uns\/","name":"\u00dcber uns - Weltladen Sch\u00fcttorf","isPartOf":{"@id":"https:\/\/weltlaeden.de\/schuettorf\/#website"},"datePublished":"2021-12-18T09:49:29+00:00","dateModified":"2022-02-05T18:32:51+00:00","breadcrumb":{"@id":"https:\/\/weltlaeden.de\/schuettorf\/ueber-uns\/#breadcrumb"},"inLanguage":"de","potentialAction":[{"@type":"ReadAction","target":["https:\/\/weltlaeden.de\/schuettorf\/ueber-uns\/"]}]},{"@type":"BreadcrumbList","@id":"https:\/\/weltlaeden.de\/schuettorf\/ueber-uns\/#breadcrumb","itemListElement":[{"@type":"ListItem","position":1,"name":"Startseite","item":"https:\/\/weltlaeden.de\/schuettorf\/"},{"@type":"ListItem","position":2,"name":"\u00dcber uns"}]},{"@type":"WebSite","@id":"https:\/\/weltlaeden.de\/schuettorf\/#website","url":"https:\/\/weltlaeden.de\/schuettorf\/","name":"Weltladen Sch\u00fcttorf","description":"Faire Produkte seit 1990","potentialAction":[{"@type":"SearchAction","target":{"@type":"EntryPoint","urlTemplate":"https:\/\/weltlaeden.de\/schuettorf\/?s={search_term_string}"},"query-input":{"@type":"PropertyValueSpecification","valueRequired":true,"valueName":"search_term_string"}}],"inLanguage":"de"}]}},"_links":{"self":[{"href":"https:\/\/weltlaeden.de\/schuettorf\/wp-json\/wp\/v2\/pages\/668","targetHints":{"allow":["GET"]}}],"collection":[{"href":"https:\/\/weltlaeden.de\/schuettorf\/wp-json\/wp\/v2\/pages"}],"about":[{"href":"https:\/\/weltlaeden.de\/schuettorf\/wp-json\/wp\/v2\/types\/page"}],"author":[{"embeddable":true,"href":"https:\/\/weltlaeden.de\/schuettorf\/wp-json\/wp\/v2\/users\/248"}],"replies":[{"embeddable":true,"href":"https:\/\/weltlaeden.de\/schuettorf\/wp-json\/wp\/v2\/comments?post=668"}],"version-history":[{"count":12,"href":"https:\/\/weltlaeden.de\/schuettorf\/wp-json\/wp\/v2\/pages\/668\/revisions"}],"predecessor-version":[{"id":720,"href":"https:\/\/weltlaeden.de\/schuettorf\/wp-json\/wp\/v2\/pages\/668\/revisions\/720"}],"wp:attachment":[{"href":"https:\/\/weltlaeden.de\/schuettorf\/wp-json\/wp\/v2\/media?parent=668"}],"curies":[{"name":"wp","href":"https:\/\/api.w.org\/{rel}","templated":true}]}}

Über uns

<div class="wpb-content-wrapper"><p>[vc_row][vc_column][vc_column_text]</p>
<h1>Über uns</h1>
<p>[/vc_column_text][/vc_column][/vc_row][vc_row][vc_column][vc_single_image image=&#8220;585&#8243; img_size=&#8220;medium&#8220;][vc_column_text]</p>
<div class="">
<div class="public-DraftStyleDefault-block public-DraftStyleDefault-ltr">Die MitarbeiterInnen des Ladens arbeiten ehrenamtlich. Sie treffen sich 14-tägig im Ev. <span id="decorator-ignored-entity-id-124">ref</span>. Gemeindehaus. Dort werden geschäftliche Dinge und aktuelle Themen besprochen. Außerdem werden öffentliche Veranstaltungen vorbereitet. Ein wichtiges Ziel ist es, in der Öffentlichkeit das Bewusstsein für eine gerechte Welt zu wecken.</div>
</div>
<p>&nbsp;</p>
<div class="">
<div class="public-DraftStyleDefault-block public-DraftStyleDefault-ltr"></div>
</div>
<div class="">
<div class="public-DraftStyleDefault-block public-DraftStyleDefault-ltr"></div>
</div>
<div class="">
<div class="public-DraftStyleDefault-block public-DraftStyleDefault-ltr"><strong>Der Verein</strong></div>
</div>
<div class="">
<div class="public-DraftStyleDefault-block public-DraftStyleDefault-ltr"></div>
</div>
<div class="">
<div class="public-DraftStyleDefault-block public-DraftStyleDefault-ltr"><strong>1976</strong> bilden junge Leute einen Arbeitskreis &#8222;Dritte Welt Laden&#8220;. Bald darauf wird das Haus in der <span id="decorator-ignored-entity-id-122">Milchstr</span>. 1 <span id="decorator-corrected-entity-id-119">bezogen</span> und ein Ladenraum <span id="decorator-corrected-entity-id-115">eingerichtet</span>.</div>
</div>
<div class="">
<div class="public-DraftStyleDefault-block public-DraftStyleDefault-ltr"></div>
</div>
<div class="">
<div class="public-DraftStyleDefault-block public-DraftStyleDefault-ltr"><strong>1987</strong> wird der Verein &#8222;Dritte Welt Laden <span id="decorator-ignored-entity-id-69">e.V.</span>&#8220; gegründet.</div>
</div>
<div class="">
<div class="public-DraftStyleDefault-block public-DraftStyleDefault-ltr"></div>
</div>
<div class="">
<div class="public-DraftStyleDefault-block public-DraftStyleDefault-ltr"><strong>1989</strong> zieht der Laden um in die alte <span id="decorator-ignored-entity-id-57">Lüttersche</span> Schmiede, <span id="decorator-ignored-entity-id-80">Vechtestr</span>. 3.</div>
</div>
<div class="">
<div class="public-DraftStyleDefault-block public-DraftStyleDefault-ltr"></div>
</div>
<div class="">
<div class="public-DraftStyleDefault-block public-DraftStyleDefault-ltr"><strong>2001</strong> wird der Laden <span id="decorator-corrected-entity-id-89">umbenannt</span> in &#8222;Eine Welt Laden <span id="decorator-ignored-entity-id-97">Schüttorf</span> <span id="decorator-ignored-entity-id-70">e.V.</span>&#8222;.</div>
<div></div>
</div>
<div class="">
<div class="public-DraftStyleDefault-block public-DraftStyleDefault-ltr"><strong>2015 </strong><span id="decorator-ignored-entity-id-104">wechselt</span> der Laden in die <span id="decorator-ignored-entity-id-110">Föhnstr</span>. 4.</div>
</div>
<div></div>
<div>
<p><strong>2022</strong> befindet sich der Eine Welt Laden im Ev.-Ref. Gemeindehaus am Friedrich-Middendorff-Platz  1, nachdem durch einen Wasserschaden  das Lokal an der Föhnstraße nicht mehr genutzt werden konnte.</p>
<p>&nbsp;</p>
<p>Der Verein ist unabhängig und sucht das Gespräch mit allen interessierten Menschen.<br />
Wir danken der Ev.Ref. Gemeinde für die uns zur Verfügung gestellten Räume.<br />
Der Verein dankt der Stadt <span id="decorator-ignored-entity-id-130">Schüttorf</span> für die jahrzehntelange Unterstützung und Fiona <span id="decorator-ignored-entity-id-135">Dunker</span> für die tatkräftige Unterstützung bei der Homepage Erstellung.</p>
</div>
<p>&nbsp;</p>
<div class="public-DraftStyleDefault-block public-DraftStyleDefault-ltr"></div>
<div class="public-DraftStyleDefault-block public-DraftStyleDefault-ltr"><strong>Ansprechpartner/in:</strong></div>
<div class="">
<div class="public-DraftStyleDefault-block public-DraftStyleDefault-ltr">Volker Dreyer <span id="decorator-ignored-entity-id-139">Tel</span>: 05923 3551</div>
</div>
<div class="">
<div class="public-DraftStyleDefault-block public-DraftStyleDefault-ltr">Maria <span id="decorator-ignored-entity-id-142">Wortmann-Ferenczy</span> <span id="decorator-ignored-entity-id-140">Tel</span>: 05923 1379</div>
</div>
<div class="">
<div class="public-DraftStyleDefault-block public-DraftStyleDefault-ltr"></div>
</div>
<div class="">
<div class="public-DraftStyleDefault-block public-DraftStyleDefault-ltr">Kontakt: eineweltladen-schuettorf@gmx.de</div>
</div>
<p>&nbsp;</p>
<div class="">
<div class="public-DraftStyleDefault-block public-DraftStyleDefault-ltr"></div>
</div>
<div class=""></div>
<div class="">
<div class="public-DraftStyleDefault-block public-DraftStyleDefault-ltr"></div>
</div>
<p>[/vc_column_text][/vc_column][/vc_row]</p>
</div>

<p>[vc_row][vc_column][vc_column_text] Über uns [/vc_column_text][/vc_column][/vc_row][vc_row][vc_column][vc_single_image image=&#8220;585&#8243; img_size=&#8220;medium&#8220;][vc_column_text] Die MitarbeiterInnen des Ladens arbeiten ehrenamtlich. Sie treffen sich 14-tägig im Ev. ref. Gemeindehaus. Dort werden geschäftliche Dinge und aktuelle Themen besprochen. Außerdem werden öffentliche Veranstaltungen vorbereitet. Ein wichtiges Ziel ist es, in der Öffentlichkeit das Bewusstsein für eine gerechte Welt zu wecken. &nbsp; Der Verein 1976 bilden junge&hellip;</p>

<!-- This site is optimized with the Yoast SEO plugin v26.8 - https://yoast.com/product/yoast-seo-wordpress/ -->
<title>Über uns - Weltladen Schüttorf</title>
<meta name="robots" content="index, follow, max-snippet:-1, max-image-preview:large, max-video-preview:-1" />
<link rel="canonical" href="https://weltlaeden.de/schuettorf/ueber-uns/" />
<meta property="og:locale" content="de_DE" />
<meta property="og:type" content="article" />
<meta property="og:title" content="Über uns - Weltladen Schüttorf" />
<meta property="og:description" content="[vc_row][vc_column][vc_column_text] Über uns [/vc_column_text][/vc_column][/vc_row][vc_row][vc_column][vc_single_image image=&#8220;585&#8243; img_size=&#8220;medium&#8220;][vc_column_text] Die MitarbeiterInnen des Ladens arbeiten ehrenamtlich. Sie treffen sich 14-tägig im Ev. ref. Gemeindehaus. Dort werden geschäftliche Dinge und aktuelle Themen besprochen. Außerdem werden öffentliche Veranstaltungen vorbereitet. Ein wichtiges Ziel ist es, in der Öffentlichkeit das Bewusstsein für eine gerechte Welt zu wecken. &nbsp; Der Verein 1976 bilden junge&hellip;" />
<meta property="og:url" content="https://weltlaeden.de/schuettorf/ueber-uns/" />
<meta property="og:site_name" content="Weltladen Schüttorf" />
<meta property="article:modified_time" content="2022-02-05T18:32:51+00:00" />
<meta name="twitter:card" content="summary_large_image" />
<meta name="twitter:label1" content="Geschätzte Lesezeit" />
	<meta name="twitter:data1" content="2 Minuten" />
<script type="application/ld+json" class="yoast-schema-graph">{"@context":"https://schema.org","@graph":[{"@type":"WebPage","@id":"https://weltlaeden.de/schuettorf/ueber-uns/","url":"https://weltlaeden.de/schuettorf/ueber-uns/","name":"Über uns - Weltladen Schüttorf","isPartOf":{"@id":"https://weltlaeden.de/schuettorf/#website"},"datePublished":"2021-12-18T09:49:29+00:00","dateModified":"2022-02-05T18:32:51+00:00","breadcrumb":{"@id":"https://weltlaeden.de/schuettorf/ueber-uns/#breadcrumb"},"inLanguage":"de","potentialAction":[{"@type":"ReadAction","target":["https://weltlaeden.de/schuettorf/ueber-uns/"]}]},{"@type":"BreadcrumbList","@id":"https://weltlaeden.de/schuettorf/ueber-uns/#breadcrumb","itemListElement":[{"@type":"ListItem","position":1,"name":"Startseite","item":"https://weltlaeden.de/schuettorf/"},{"@type":"ListItem","position":2,"name":"Über uns"}]},{"@type":"WebSite","@id":"https://weltlaeden.de/schuettorf/#website","url":"https://weltlaeden.de/schuettorf/","name":"Weltladen Schüttorf","description":"Faire Produkte seit 1990","potentialAction":[{"@type":"SearchAction","target":{"@type":"EntryPoint","urlTemplate":"https://weltlaeden.de/schuettorf/?s={search_term_string}"},"query-input":{"@type":"PropertyValueSpecification","valueRequired":true,"valueName":"search_term_string"}}],"inLanguage":"de"}]}</script>
<!-- / Yoast SEO plugin. -->

Über uns - Weltladen Schüttorf

[vc_row][vc_column][vc_column_text] Über uns [/vc_column_text][/vc_column][/vc_row][vc_row][vc_column][vc_single_image image=&#8220;585&#8243; img_size=&#8220;medium&#8220;][vc_column_text] Die MitarbeiterInnen des Ladens arbeiten ehrenamtlich. Sie treffen sich 14-tägig im Ev. ref. Gemeindehaus. Dort werden geschäftliche Dinge und aktuelle Themen besprochen. Außerdem werden öffentliche Veranstaltungen vorbereitet. Ein wichtiges Ziel ist es, in der Öffentlichkeit das Bewusstsein für eine gerechte Welt zu wecken. &nbsp; Der Verein 1976 bilden junge&hellip;

Weltladen Schüttorf
