{"id":217,"date":"2016-10-28T13:34:47","date_gmt":"2016-10-28T11:34:47","guid":{"rendered":"https:\/\/wl.heimpixel.de\/vorlage\/produkte\/"},"modified":"2021-12-19T17:11:29","modified_gmt":"2021-12-19T16:11:29","slug":"produkte","status":"publish","type":"page","link":"https:\/\/weltlaeden.de\/schuettorf\/produkte\/","title":{"rendered":"Produkte"},"content":{"rendered":"<div class=\"wpb-content-wrapper\"><p>[vc_row][vc_column][vc_column_text]<\/p>\n<h1>Unser Sortiment<\/h1>\n<p>[\/vc_column_text][vc_column_text]Unsere Produkte sind hochwertig und stammen alle aus dem Fairen Handel. Sie stehen f\u00fcr ein St\u00fcck Weltpolitik, denn sie werden unter menschenw\u00fcrdigen Bedingungen hergestellt, tragen bei zu gerechten Handelsbedingungen, verbessern Lebens- und Arbeitsbedingungen und sichern L\u00f6hne in \u00e4rmeren L\u00e4ndern.[\/vc_column_text][vc_media_grid grid_id=&#8220;vc_gid:1639930250508-dfef3fc2-f25e-6&#8243; include=&#8220;676,570,571,573,572,575,551,548,550&#8243;][vc_column_text]Unsere Lebensmittel Kaffee, Tee, Schokolade, Kakao, Honig, Wein, S\u00e4fte, Zucker, S\u00fc\u00dfes und Herzhaftes sind alle qualitativ hochwertig und zum gr\u00f6\u00dften Teil auf biologischer Basis.<\/p>\n<p>Neben den Lebensmitteln bieten wir eine gro\u00dfe Auswahl an Kunsthandwerk aus Glas, Porzellan, Ton, Metall, Textilien und weiterem nachhaltigen oder Upcycling Material an, hergestellt in Kooperativen oder von Kleinproduzentengruppen.[\/vc_column_text][\/vc_column][\/vc_row][vc_row][vc_column][vc_empty_space height=&#8220;64px&#8220;][vc_column_text]<\/p>\n<h2>Unsere Fair-Handels-Partner<\/h2>\n<p>[\/vc_column_text][vc_single_image image=&#8220;629&#8243; img_size=&#8220;400&#215;650&#8243;][\/vc_column][vc_column][vc_empty_space][\/vc_column][\/vc_row][vc_row][vc_column][vc_column_text]<\/p>\n<h2>Produkt des Monats<\/h2>\n<p>[\/vc_column_text][vc_single_image image=&#8220;644&#8243; img_size=&#8220;300&#215;300&#8243;][\/vc_column][\/vc_row]<\/p>\n<\/div>","protected":false},"excerpt":{"rendered":"<p>[vc_row][vc_column][vc_column_text] Unser Sortiment [\/vc_column_text][vc_column_text]Unsere Produkte sind hochwertig und stammen alle aus dem Fairen Handel. Sie stehen f\u00fcr ein St\u00fcck Weltpolitik, denn sie werden unter menschenw\u00fcrdigen Bedingungen hergestellt, tragen bei zu gerechten Handelsbedingungen, verbessern Lebens- und Arbeitsbedingungen und sichern L\u00f6hne in \u00e4rmeren L\u00e4ndern.[\/vc_column_text][vc_media_grid grid_id=&#8220;vc_gid:1639930250508-dfef3fc2-f25e-6&#8243; include=&#8220;676,570,571,573,572,575,551,548,550&#8243;][vc_column_text]Unsere Lebensmittel Kaffee, Tee, Schokolade, Kakao, Honig, Wein, S\u00e4fte, Zucker, S\u00fc\u00dfes und&hellip;<\/p>\n","protected":false},"author":1,"featured_media":0,"parent":0,"menu_order":12,"comment_status":"closed","ping_status":"closed","template":"","meta":{"footnotes":""},"class_list":["post-217","page","type-page","status-publish","hentry","description-off"],"yoast_head":"<!-- This site is optimized with the Yoast SEO plugin v26.8 - https:\/\/yoast.com\/product\/yoast-seo-wordpress\/ -->\n<title>Produkte - Weltladen Sch\u00fcttorf<\/title>\n<meta name=\"robots\" content=\"index, follow, max-snippet:-1, max-image-preview:large, max-video-preview:-1\" \/>\n<link rel=\"canonical\" href=\"https:\/\/weltlaeden.de\/schuettorf\/produkte\/\" \/>\n<meta property=\"og:locale\" content=\"de_DE\" \/>\n<meta property=\"og:type\" content=\"article\" \/>\n<meta property=\"og:title\" content=\"Produkte - Weltladen Sch\u00fcttorf\" \/>\n<meta property=\"og:description\" content=\"[vc_row][vc_column][vc_column_text] Unser Sortiment [\/vc_column_text][vc_column_text]Unsere Produkte sind hochwertig und stammen alle aus dem Fairen Handel. Sie stehen f\u00fcr ein St\u00fcck Weltpolitik, denn sie werden unter menschenw\u00fcrdigen Bedingungen hergestellt, tragen bei zu gerechten Handelsbedingungen, verbessern Lebens- und Arbeitsbedingungen und sichern L\u00f6hne in \u00e4rmeren L\u00e4ndern.[\/vc_column_text][vc_media_grid grid_id=&#8220;vc_gid:1639930250508-dfef3fc2-f25e-6&#8243; include=&#8220;676,570,571,573,572,575,551,548,550&#8243;][vc_column_text]Unsere Lebensmittel Kaffee, Tee, Schokolade, Kakao, Honig, Wein, S\u00e4fte, Zucker, S\u00fc\u00dfes und&hellip;\" \/>\n<meta property=\"og:url\" content=\"https:\/\/weltlaeden.de\/schuettorf\/produkte\/\" \/>\n<meta property=\"og:site_name\" content=\"Weltladen Sch\u00fcttorf\" \/>\n<meta property=\"article:modified_time\" content=\"2021-12-19T16:11:29+00:00\" \/>\n<meta name=\"twitter:card\" content=\"summary_large_image\" \/>\n<meta name=\"twitter:label1\" content=\"Gesch\u00e4tzte Lesezeit\" \/>\n\t<meta name=\"twitter:data1\" content=\"1\u00a0Minute\" \/>\n<script type=\"application\/ld+json\" class=\"yoast-schema-graph\">{\"@context\":\"https:\/\/schema.org\",\"@graph\":[{\"@type\":\"WebPage\",\"@id\":\"https:\/\/weltlaeden.de\/schuettorf\/produkte\/\",\"url\":\"https:\/\/weltlaeden.de\/schuettorf\/produkte\/\",\"name\":\"Produkte - Weltladen Sch\u00fcttorf\",\"isPartOf\":{\"@id\":\"https:\/\/weltlaeden.de\/schuettorf\/#website\"},\"datePublished\":\"2016-10-28T11:34:47+00:00\",\"dateModified\":\"2021-12-19T16:11:29+00:00\",\"breadcrumb\":{\"@id\":\"https:\/\/weltlaeden.de\/schuettorf\/produkte\/#breadcrumb\"},\"inLanguage\":\"de\",\"potentialAction\":[{\"@type\":\"ReadAction\",\"target\":[\"https:\/\/weltlaeden.de\/schuettorf\/produkte\/\"]}]},{\"@type\":\"BreadcrumbList\",\"@id\":\"https:\/\/weltlaeden.de\/schuettorf\/produkte\/#breadcrumb\",\"itemListElement\":[{\"@type\":\"ListItem\",\"position\":1,\"name\":\"Startseite\",\"item\":\"https:\/\/weltlaeden.de\/schuettorf\/\"},{\"@type\":\"ListItem\",\"position\":2,\"name\":\"Produkte\"}]},{\"@type\":\"WebSite\",\"@id\":\"https:\/\/weltlaeden.de\/schuettorf\/#website\",\"url\":\"https:\/\/weltlaeden.de\/schuettorf\/\",\"name\":\"Weltladen Sch\u00fcttorf\",\"description\":\"Faire Produkte seit 1990\",\"potentialAction\":[{\"@type\":\"SearchAction\",\"target\":{\"@type\":\"EntryPoint\",\"urlTemplate\":\"https:\/\/weltlaeden.de\/schuettorf\/?s={search_term_string}\"},\"query-input\":{\"@type\":\"PropertyValueSpecification\",\"valueRequired\":true,\"valueName\":\"search_term_string\"}}],\"inLanguage\":\"de\"}]}<\/script>\n<!-- \/ Yoast SEO plugin. -->","yoast_head_json":{"title":"Produkte - Weltladen Sch\u00fcttorf","robots":{"index":"index","follow":"follow","max-snippet":"max-snippet:-1","max-image-preview":"max-image-preview:large","max-video-preview":"max-video-preview:-1"},"canonical":"https:\/\/weltlaeden.de\/schuettorf\/produkte\/","og_locale":"de_DE","og_type":"article","og_title":"Produkte - Weltladen Sch\u00fcttorf","og_description":"[vc_row][vc_column][vc_column_text] Unser Sortiment [\/vc_column_text][vc_column_text]Unsere Produkte sind hochwertig und stammen alle aus dem Fairen Handel. Sie stehen f\u00fcr ein St\u00fcck Weltpolitik, denn sie werden unter menschenw\u00fcrdigen Bedingungen hergestellt, tragen bei zu gerechten Handelsbedingungen, verbessern Lebens- und Arbeitsbedingungen und sichern L\u00f6hne in \u00e4rmeren L\u00e4ndern.[\/vc_column_text][vc_media_grid grid_id=&#8220;vc_gid:1639930250508-dfef3fc2-f25e-6&#8243; include=&#8220;676,570,571,573,572,575,551,548,550&#8243;][vc_column_text]Unsere Lebensmittel Kaffee, Tee, Schokolade, Kakao, Honig, Wein, S\u00e4fte, Zucker, S\u00fc\u00dfes und&hellip;","og_url":"https:\/\/weltlaeden.de\/schuettorf\/produkte\/","og_site_name":"Weltladen Sch\u00fcttorf","article_modified_time":"2021-12-19T16:11:29+00:00","twitter_card":"summary_large_image","twitter_misc":{"Gesch\u00e4tzte Lesezeit":"1\u00a0Minute"},"schema":{"@context":"https:\/\/schema.org","@graph":[{"@type":"WebPage","@id":"https:\/\/weltlaeden.de\/schuettorf\/produkte\/","url":"https:\/\/weltlaeden.de\/schuettorf\/produkte\/","name":"Produkte - Weltladen Sch\u00fcttorf","isPartOf":{"@id":"https:\/\/weltlaeden.de\/schuettorf\/#website"},"datePublished":"2016-10-28T11:34:47+00:00","dateModified":"2021-12-19T16:11:29+00:00","breadcrumb":{"@id":"https:\/\/weltlaeden.de\/schuettorf\/produkte\/#breadcrumb"},"inLanguage":"de","potentialAction":[{"@type":"ReadAction","target":["https:\/\/weltlaeden.de\/schuettorf\/produkte\/"]}]},{"@type":"BreadcrumbList","@id":"https:\/\/weltlaeden.de\/schuettorf\/produkte\/#breadcrumb","itemListElement":[{"@type":"ListItem","position":1,"name":"Startseite","item":"https:\/\/weltlaeden.de\/schuettorf\/"},{"@type":"ListItem","position":2,"name":"Produkte"}]},{"@type":"WebSite","@id":"https:\/\/weltlaeden.de\/schuettorf\/#website","url":"https:\/\/weltlaeden.de\/schuettorf\/","name":"Weltladen Sch\u00fcttorf","description":"Faire Produkte seit 1990","potentialAction":[{"@type":"SearchAction","target":{"@type":"EntryPoint","urlTemplate":"https:\/\/weltlaeden.de\/schuettorf\/?s={search_term_string}"},"query-input":{"@type":"PropertyValueSpecification","valueRequired":true,"valueName":"search_term_string"}}],"inLanguage":"de"}]}},"_links":{"self":[{"href":"https:\/\/weltlaeden.de\/schuettorf\/wp-json\/wp\/v2\/pages\/217","targetHints":{"allow":["GET"]}}],"collection":[{"href":"https:\/\/weltlaeden.de\/schuettorf\/wp-json\/wp\/v2\/pages"}],"about":[{"href":"https:\/\/weltlaeden.de\/schuettorf\/wp-json\/wp\/v2\/types\/page"}],"author":[{"embeddable":true,"href":"https:\/\/weltlaeden.de\/schuettorf\/wp-json\/wp\/v2\/users\/1"}],"replies":[{"embeddable":true,"href":"https:\/\/weltlaeden.de\/schuettorf\/wp-json\/wp\/v2\/comments?post=217"}],"version-history":[{"count":44,"href":"https:\/\/weltlaeden.de\/schuettorf\/wp-json\/wp\/v2\/pages\/217\/revisions"}],"predecessor-version":[{"id":677,"href":"https:\/\/weltlaeden.de\/schuettorf\/wp-json\/wp\/v2\/pages\/217\/revisions\/677"}],"wp:attachment":[{"href":"https:\/\/weltlaeden.de\/schuettorf\/wp-json\/wp\/v2\/media?parent=217"}],"curies":[{"name":"wp","href":"https:\/\/api.w.org\/{rel}","templated":true}]}}