{"id":830,"date":"2021-11-29T20:11:02","date_gmt":"2021-11-29T19:11:02","guid":{"rendered":"https:\/\/weltlaeden.de\/schongau\/?page_id=830"},"modified":"2025-11-27T22:20:16","modified_gmt":"2025-11-27T21:20:16","slug":"unser-verein-fair-handeln-eine-welt-laden-schongau-e-v","status":"publish","type":"page","link":"https:\/\/weltlaeden.de\/schongau\/ueber-uns\/unser-verein-fair-handeln-eine-welt-laden-schongau-e-v\/","title":{"rendered":"Unser Verein: Fair Handeln \u2013 Eine-Welt-Laden Schongau e.V"},"content":{"rendered":"<div class=\"wpb-content-wrapper\"><p>[vc_row][vc_column][vc_column_text css=&#8220;&#8220;]<img loading=\"lazy\" decoding=\"async\" class=\"wp-image-831 alignleft\" src=\"https:\/\/weltlaeden.de\/schongau\/wp-content\/uploads\/sites\/170\/2021\/11\/Eine-Weltladen-Schongau-e.V.-1-146x300.png\" alt=\"\" width=\"66\" height=\"135\" srcset=\"https:\/\/weltlaeden.de\/schongau\/wp-content\/uploads\/sites\/170\/2021\/11\/Eine-Weltladen-Schongau-e.V.-1-146x300.png 146w, https:\/\/weltlaeden.de\/schongau\/wp-content\/uploads\/sites\/170\/2021\/11\/Eine-Weltladen-Schongau-e.V.-1.png 344w\" sizes=\"auto, (max-width: 66px) 100vw, 66px\" \/>Unser Ziel ist, auf die Ver\u00e4nderung ungerechter Welthandelsstrukturen hinzuwirken.<\/p>\n<h3><\/h3>\n<h3><\/h3>\n<h3><\/h3>\n<h3>Der Verein ist der Tr\u00e4ger des Weltladens Schongau<\/h3>\n<p>Ohne den Verein Fair Handeln \u2013 Eine-Welt-Laden Schongau e.V. g\u00e4be es unseren\u00a0sch\u00f6nen Weltladen in Schongau nicht.<\/p>\n<p>Wir freuen uns sehr, wenn wir Sie in unserem Verein begr\u00fc\u00dfen d\u00fcrfen und Sie dadurch den Weltladen Schongau und den fairen Handel unterst\u00fctzen.<\/p>\n<h3><a href=\"https:\/\/weltlaeden.de\/schongau\/wp-content\/uploads\/sites\/170\/2021\/12\/Eine-Weltladen-Schongau-eV-Beitrittserkl\u00e4rung.pdf\">Hier<\/a>\u00a0k\u00f6nnen Sie den Mitgliedsantrag herunterladen.<\/h3>\n<hr \/>\n<p>&nbsp;<\/p>\n<h3>Der Verein unterst\u00fctzt Entwicklungshilfeprojekte<\/h3>\n<p>So finanzieren wir aus den Mitgliedsbeitr\u00e4gen und Spenden zum Beispiel einen handwerklichen Ausbilder \u00fcber den Verein <a href=\"https:\/\/cristovive.de\/\">Cristo Vi<\/a><a href=\"https:\/\/cristovive.de\/\">ve e.V.<\/a> und einen Wassertank f\u00fcr Kleinbauern in Tansania \u00fcber den Verein <a href=\"https:\/\/www.kipepeo-afrika.de\/verein\">Kipepeo e.V.<\/a><\/p>\n<p>Durch unsere im Jahr 2021 erworbene Regenwaldpatenschaft unterst\u00fctzen wir den\u00a0<a href=\"https:\/\/regenwald-institut.de\/\" rel=\"home\">Regenwald-I<\/a><a href=\"https:\/\/regenwald-institut.de\/\" rel=\"home\">nstitut e.V.<\/a>\u00a0dabei die Bewohner im Amazonasgebiet f\u00fcr die nachhaltige Waldnutzung zu gewinnen und sie zu animieren, neben den Paran\u00fcssen auch andere Rohstoffe zu sammeln, ihnen die kontinuierliche und dauerhafte Abnahme zu garantieren und faire Preise daf\u00fcr zu bezahlen. Die dadurch generierten Einkommen sch\u00fctzen gleichzeitig das Regenwaldgebiet.<br \/>\n<img loading=\"lazy\" decoding=\"async\" class=\" wp-image-1014 aligncenter\" src=\"https:\/\/weltlaeden.de\/schongau\/wp-content\/uploads\/sites\/170\/2021\/12\/Spenden-Regenwald-Patenschaft-300x207.png\" alt=\"\" width=\"463\" height=\"320\" srcset=\"https:\/\/weltlaeden.de\/schongau\/wp-content\/uploads\/sites\/170\/2021\/12\/Spenden-Regenwald-Patenschaft-300x207.png 300w, https:\/\/weltlaeden.de\/schongau\/wp-content\/uploads\/sites\/170\/2021\/12\/Spenden-Regenwald-Patenschaft-768x529.png 768w, https:\/\/weltlaeden.de\/schongau\/wp-content\/uploads\/sites\/170\/2021\/12\/Spenden-Regenwald-Patenschaft.png 912w\" sizes=\"auto, (max-width: 463px) 100vw, 463px\" \/><\/p>\n<p>Im Jahr 2020 haben wir zudem an der Aktion\u00a0<a href=\"https:\/\/www.fairwertsteuer.de\/produkte-lieferkette\/aktion-fairwertsteuer\/\"><em>#fairwertsteuer<\/em><\/a>\u00a0teilgenommen:<br \/>\nDie Kunden des Weltladens Schongau zeigten sich solidarisch und wir konnten, mit den Einnahmen aus der Mehrwertsteuersenkung (2% des Verkaufspreises) und mit weiteren Spenden, die am schwersten von den Lockdowns betroffenen Produzenten unterst\u00fctzen.<\/p>\n<hr \/>\n<h3>Der Verein nimmt an Kampagnen teil<\/h3>\n<p>So unterst\u00fctzen wir die\u00a0<a href=\"https:\/\/lieferkettengesetz.de\/\">Initiative Lieferkettengesetz<\/a>\u00a0mit Unterschriftsaktion und Information.<\/p>\n<p>Wir organisieren Aktionen zum\u00a0<em>Weltladentag<\/em>\u00a0im Mai und zur\u00a0<em>fairen Woche<\/em>\u00a0im September. Hierzu geh\u00f6ren zum Beispiel ein faires Fr\u00fchst\u00fcck im Weltladen oder ein Marktstand am Marienplatz.<\/p>\n<hr \/>\n<h3>Der Verein informiert<\/h3>\n<ul>\n<li>\u00fcber fair gehandelte Produkte<\/li>\n<li>\u00fcber Ursachen der weltweiten Ungerechtigkeit<\/li>\n<li>zu Kultur und Lebensbedingungen in den L\u00e4ndern des S\u00fcdens<\/li>\n<\/ul>\n<p>Besuchen Sie gerne unsere <a href=\"https:\/\/weltlaeden.de\/schongau\/termine\/\">Veranstaltungen<\/a> und informieren Sie sich \u00fcber unseren <a href=\"https:\/\/weltlaeden.de\/schongau\/ueber-uns\/newsletter\/\">Newsletter<\/a>. Folgen Sie uns auch gerne auf <a href=\"https:\/\/www.instagram.com\/weltladen_schongau\/\">Instagram<\/a>.<\/p>\n<hr \/>\n<h3>Vorstand des Vereins<\/h3>\n<table>\n<tbody>\n<tr>\n<td><b>\u00a0 \u00a0 \u00a0 \u00a0<\/b><\/td>\n<td>Elke Schaur<\/td>\n<\/tr>\n<tr>\n<td><\/td>\n<td>Katrin Herz<\/td>\n<\/tr>\n<tr>\n<td><\/td>\n<td>Mechthild Gerbig<\/td>\n<\/tr>\n<tr>\n<td><\/td>\n<td>Michaela Maier<\/td>\n<\/tr>\n<tr>\n<td><\/td>\n<td>Johanna Hentschke (Kassier)<\/td>\n<\/tr>\n<\/tbody>\n<\/table>\n<hr \/>\n<h4>Wir freuen uns, neben Ihrer\u00a0<a href=\"https:\/\/weltlaeden.de\/schongau\/wp-content\/uploads\/sites\/170\/2021\/12\/Eine-Weltladen-Schongau-eV-Beitrittserkl\u00e4rung.pdf\">Mitgliedschaft,<\/a>\u00a0auch \u00fcber Ihre Spenden<\/h4>\n<p>und stellen sehr gerne eine Spendenquittung aus.<\/p>\n<h4><b>Vereinskonto:<\/b><br \/>\nFair Handeln &#8211; Eine-Welt-Laden Schongau e.V.<br \/>\nSparkasse Oberland<br \/>\nDE 34 7035 1030 0005 3128 06<\/h4>\n<hr \/>\n<h3><\/h3>\n<h3 style=\"text-align: center\">&#8222;Vereinserfolg verbreitet sich nicht von alleine.<br \/>\nEr ist immer ein Ergebnis von erfolgreicher Zusammenarbeit und dem hohen Engagement eines jeden Einzelnen.&#8220;<\/h3>\n<p style=\"text-align: center\"><em>(Lutz Gr\u00f6ger)<\/em><\/p>\n<p>[\/vc_column_text][\/vc_column][\/vc_row]<\/p>\n<\/div>","protected":false},"excerpt":{"rendered":"<p>[vc_row][vc_column][vc_column_text css=&#8220;&#8220;]Unser Ziel ist, auf die Ver\u00e4nderung ungerechter Welthandelsstrukturen hinzuwirken. Der Verein ist der Tr\u00e4ger des Weltladens Schongau Ohne den Verein Fair Handeln \u2013 Eine-Welt-Laden Schongau e.V. g\u00e4be es unseren\u00a0sch\u00f6nen Weltladen in Schongau nicht. Wir freuen uns sehr, wenn wir Sie in unserem Verein begr\u00fc\u00dfen d\u00fcrfen und Sie dadurch den Weltladen Schongau und den fairen&hellip;<\/p>\n","protected":false},"author":246,"featured_media":831,"parent":219,"menu_order":2,"comment_status":"closed","ping_status":"closed","template":"","meta":{"footnotes":""},"class_list":["post-830","page","type-page","status-publish","has-post-thumbnail","hentry","description-off"],"yoast_head":"<!-- This site is optimized with the Yoast SEO plugin v26.8 - https:\/\/yoast.com\/product\/yoast-seo-wordpress\/ -->\n<title>Unser Verein: Fair Handeln \u2013 Eine-Welt-Laden Schongau e.V - Weltladen Schongau<\/title>\n<meta name=\"description\" content=\"Der Verein ist der Tr\u00e4ger des Weltladens Schongau. Wir freuen uns sehr, wenn wir Sie in unserem Verein begr\u00fc\u00dfen d\u00fcrfen und Sie dadurch den Weltladen Schongau unterst\u00fctzen.\" \/>\n<meta name=\"robots\" content=\"index, follow, max-snippet:-1, max-image-preview:large, max-video-preview:-1\" \/>\n<link rel=\"canonical\" href=\"https:\/\/weltlaeden.de\/schongau\/ueber-uns\/unser-verein-fair-handeln-eine-welt-laden-schongau-e-v\/\" \/>\n<meta property=\"og:locale\" content=\"de_DE\" \/>\n<meta property=\"og:type\" content=\"article\" \/>\n<meta property=\"og:title\" content=\"Unser Verein: Fair Handeln \u2013 Eine-Welt-Laden Schongau e.V - Weltladen Schongau\" \/>\n<meta property=\"og:description\" content=\"Der Verein ist der Tr\u00e4ger des Weltladens Schongau. Wir freuen uns sehr, wenn wir Sie in unserem Verein begr\u00fc\u00dfen d\u00fcrfen und Sie dadurch den Weltladen Schongau unterst\u00fctzen.\" \/>\n<meta property=\"og:url\" content=\"https:\/\/weltlaeden.de\/schongau\/ueber-uns\/unser-verein-fair-handeln-eine-welt-laden-schongau-e-v\/\" \/>\n<meta property=\"og:site_name\" content=\"Weltladen Schongau\" \/>\n<meta property=\"article:modified_time\" content=\"2025-11-27T21:20:16+00:00\" \/>\n<meta property=\"og:image\" content=\"https:\/\/weltlaeden.de\/schongau\/wp-content\/uploads\/sites\/170\/2021\/11\/Eine-Weltladen-Schongau-e.V.-1.png\" \/>\n\t<meta property=\"og:image:width\" content=\"344\" \/>\n\t<meta property=\"og:image:height\" content=\"707\" \/>\n\t<meta property=\"og:image:type\" content=\"image\/png\" \/>\n<meta name=\"twitter:card\" content=\"summary_large_image\" \/>\n<meta name=\"twitter:label1\" content=\"Gesch\u00e4tzte Lesezeit\" \/>\n\t<meta name=\"twitter:data1\" content=\"3\u00a0Minuten\" \/>\n<script type=\"application\/ld+json\" class=\"yoast-schema-graph\">{\"@context\":\"https:\/\/schema.org\",\"@graph\":[{\"@type\":\"WebPage\",\"@id\":\"https:\/\/weltlaeden.de\/schongau\/ueber-uns\/unser-verein-fair-handeln-eine-welt-laden-schongau-e-v\/\",\"url\":\"https:\/\/weltlaeden.de\/schongau\/ueber-uns\/unser-verein-fair-handeln-eine-welt-laden-schongau-e-v\/\",\"name\":\"Unser Verein: Fair Handeln \u2013 Eine-Welt-Laden Schongau e.V - Weltladen Schongau\",\"isPartOf\":{\"@id\":\"https:\/\/weltlaeden.de\/schongau\/#website\"},\"primaryImageOfPage\":{\"@id\":\"https:\/\/weltlaeden.de\/schongau\/ueber-uns\/unser-verein-fair-handeln-eine-welt-laden-schongau-e-v\/#primaryimage\"},\"image\":{\"@id\":\"https:\/\/weltlaeden.de\/schongau\/ueber-uns\/unser-verein-fair-handeln-eine-welt-laden-schongau-e-v\/#primaryimage\"},\"thumbnailUrl\":\"https:\/\/weltlaeden.de\/schongau\/wp-content\/uploads\/sites\/170\/2021\/11\/Eine-Weltladen-Schongau-e.V.-1.png\",\"datePublished\":\"2021-11-29T19:11:02+00:00\",\"dateModified\":\"2025-11-27T21:20:16+00:00\",\"description\":\"Der Verein ist der Tr\u00e4ger des Weltladens Schongau. Wir freuen uns sehr, wenn wir Sie in unserem Verein begr\u00fc\u00dfen d\u00fcrfen und Sie dadurch den Weltladen Schongau unterst\u00fctzen.\",\"breadcrumb\":{\"@id\":\"https:\/\/weltlaeden.de\/schongau\/ueber-uns\/unser-verein-fair-handeln-eine-welt-laden-schongau-e-v\/#breadcrumb\"},\"inLanguage\":\"de\",\"potentialAction\":[{\"@type\":\"ReadAction\",\"target\":[\"https:\/\/weltlaeden.de\/schongau\/ueber-uns\/unser-verein-fair-handeln-eine-welt-laden-schongau-e-v\/\"]}]},{\"@type\":\"ImageObject\",\"inLanguage\":\"de\",\"@id\":\"https:\/\/weltlaeden.de\/schongau\/ueber-uns\/unser-verein-fair-handeln-eine-welt-laden-schongau-e-v\/#primaryimage\",\"url\":\"https:\/\/weltlaeden.de\/schongau\/wp-content\/uploads\/sites\/170\/2021\/11\/Eine-Weltladen-Schongau-e.V.-1.png\",\"contentUrl\":\"https:\/\/weltlaeden.de\/schongau\/wp-content\/uploads\/sites\/170\/2021\/11\/Eine-Weltladen-Schongau-e.V.-1.png\",\"width\":344,\"height\":707},{\"@type\":\"BreadcrumbList\",\"@id\":\"https:\/\/weltlaeden.de\/schongau\/ueber-uns\/unser-verein-fair-handeln-eine-welt-laden-schongau-e-v\/#breadcrumb\",\"itemListElement\":[{\"@type\":\"ListItem\",\"position\":1,\"name\":\"Startseite\",\"item\":\"https:\/\/weltlaeden.de\/schongau\/\"},{\"@type\":\"ListItem\",\"position\":2,\"name\":\"\u00dcber uns\",\"item\":\"https:\/\/weltlaeden.de\/schongau\/ueber-uns\/\"},{\"@type\":\"ListItem\",\"position\":3,\"name\":\"Unser Verein: Fair Handeln \u2013 Eine-Welt-Laden Schongau e.V\"}]},{\"@type\":\"WebSite\",\"@id\":\"https:\/\/weltlaeden.de\/schongau\/#website\",\"url\":\"https:\/\/weltlaeden.de\/schongau\/\",\"name\":\"Weltladen Schongau\",\"description\":\"Faire Produkte seit 2003 in Schongau\",\"potentialAction\":[{\"@type\":\"SearchAction\",\"target\":{\"@type\":\"EntryPoint\",\"urlTemplate\":\"https:\/\/weltlaeden.de\/schongau\/?s={search_term_string}\"},\"query-input\":{\"@type\":\"PropertyValueSpecification\",\"valueRequired\":true,\"valueName\":\"search_term_string\"}}],\"inLanguage\":\"de\"}]}<\/script>\n<!-- \/ Yoast SEO plugin. -->","yoast_head_json":{"title":"Unser Verein: Fair Handeln \u2013 Eine-Welt-Laden Schongau e.V - Weltladen Schongau","description":"Der Verein ist der Tr\u00e4ger des Weltladens Schongau. Wir freuen uns sehr, wenn wir Sie in unserem Verein begr\u00fc\u00dfen d\u00fcrfen und Sie dadurch den Weltladen Schongau unterst\u00fctzen.","robots":{"index":"index","follow":"follow","max-snippet":"max-snippet:-1","max-image-preview":"max-image-preview:large","max-video-preview":"max-video-preview:-1"},"canonical":"https:\/\/weltlaeden.de\/schongau\/ueber-uns\/unser-verein-fair-handeln-eine-welt-laden-schongau-e-v\/","og_locale":"de_DE","og_type":"article","og_title":"Unser Verein: Fair Handeln \u2013 Eine-Welt-Laden Schongau e.V - Weltladen Schongau","og_description":"Der Verein ist der Tr\u00e4ger des Weltladens Schongau. Wir freuen uns sehr, wenn wir Sie in unserem Verein begr\u00fc\u00dfen d\u00fcrfen und Sie dadurch den Weltladen Schongau unterst\u00fctzen.","og_url":"https:\/\/weltlaeden.de\/schongau\/ueber-uns\/unser-verein-fair-handeln-eine-welt-laden-schongau-e-v\/","og_site_name":"Weltladen Schongau","article_modified_time":"2025-11-27T21:20:16+00:00","og_image":[{"width":344,"height":707,"url":"https:\/\/weltlaeden.de\/schongau\/wp-content\/uploads\/sites\/170\/2021\/11\/Eine-Weltladen-Schongau-e.V.-1.png","type":"image\/png"}],"twitter_card":"summary_large_image","twitter_misc":{"Gesch\u00e4tzte Lesezeit":"3\u00a0Minuten"},"schema":{"@context":"https:\/\/schema.org","@graph":[{"@type":"WebPage","@id":"https:\/\/weltlaeden.de\/schongau\/ueber-uns\/unser-verein-fair-handeln-eine-welt-laden-schongau-e-v\/","url":"https:\/\/weltlaeden.de\/schongau\/ueber-uns\/unser-verein-fair-handeln-eine-welt-laden-schongau-e-v\/","name":"Unser Verein: Fair Handeln \u2013 Eine-Welt-Laden Schongau e.V - Weltladen Schongau","isPartOf":{"@id":"https:\/\/weltlaeden.de\/schongau\/#website"},"primaryImageOfPage":{"@id":"https:\/\/weltlaeden.de\/schongau\/ueber-uns\/unser-verein-fair-handeln-eine-welt-laden-schongau-e-v\/#primaryimage"},"image":{"@id":"https:\/\/weltlaeden.de\/schongau\/ueber-uns\/unser-verein-fair-handeln-eine-welt-laden-schongau-e-v\/#primaryimage"},"thumbnailUrl":"https:\/\/weltlaeden.de\/schongau\/wp-content\/uploads\/sites\/170\/2021\/11\/Eine-Weltladen-Schongau-e.V.-1.png","datePublished":"2021-11-29T19:11:02+00:00","dateModified":"2025-11-27T21:20:16+00:00","description":"Der Verein ist der Tr\u00e4ger des Weltladens Schongau. Wir freuen uns sehr, wenn wir Sie in unserem Verein begr\u00fc\u00dfen d\u00fcrfen und Sie dadurch den Weltladen Schongau unterst\u00fctzen.","breadcrumb":{"@id":"https:\/\/weltlaeden.de\/schongau\/ueber-uns\/unser-verein-fair-handeln-eine-welt-laden-schongau-e-v\/#breadcrumb"},"inLanguage":"de","potentialAction":[{"@type":"ReadAction","target":["https:\/\/weltlaeden.de\/schongau\/ueber-uns\/unser-verein-fair-handeln-eine-welt-laden-schongau-e-v\/"]}]},{"@type":"ImageObject","inLanguage":"de","@id":"https:\/\/weltlaeden.de\/schongau\/ueber-uns\/unser-verein-fair-handeln-eine-welt-laden-schongau-e-v\/#primaryimage","url":"https:\/\/weltlaeden.de\/schongau\/wp-content\/uploads\/sites\/170\/2021\/11\/Eine-Weltladen-Schongau-e.V.-1.png","contentUrl":"https:\/\/weltlaeden.de\/schongau\/wp-content\/uploads\/sites\/170\/2021\/11\/Eine-Weltladen-Schongau-e.V.-1.png","width":344,"height":707},{"@type":"BreadcrumbList","@id":"https:\/\/weltlaeden.de\/schongau\/ueber-uns\/unser-verein-fair-handeln-eine-welt-laden-schongau-e-v\/#breadcrumb","itemListElement":[{"@type":"ListItem","position":1,"name":"Startseite","item":"https:\/\/weltlaeden.de\/schongau\/"},{"@type":"ListItem","position":2,"name":"\u00dcber uns","item":"https:\/\/weltlaeden.de\/schongau\/ueber-uns\/"},{"@type":"ListItem","position":3,"name":"Unser Verein: Fair Handeln \u2013 Eine-Welt-Laden Schongau e.V"}]},{"@type":"WebSite","@id":"https:\/\/weltlaeden.de\/schongau\/#website","url":"https:\/\/weltlaeden.de\/schongau\/","name":"Weltladen Schongau","description":"Faire Produkte seit 2003 in Schongau","potentialAction":[{"@type":"SearchAction","target":{"@type":"EntryPoint","urlTemplate":"https:\/\/weltlaeden.de\/schongau\/?s={search_term_string}"},"query-input":{"@type":"PropertyValueSpecification","valueRequired":true,"valueName":"search_term_string"}}],"inLanguage":"de"}]}},"_links":{"self":[{"href":"https:\/\/weltlaeden.de\/schongau\/wp-json\/wp\/v2\/pages\/830","targetHints":{"allow":["GET"]}}],"collection":[{"href":"https:\/\/weltlaeden.de\/schongau\/wp-json\/wp\/v2\/pages"}],"about":[{"href":"https:\/\/weltlaeden.de\/schongau\/wp-json\/wp\/v2\/types\/page"}],"author":[{"embeddable":true,"href":"https:\/\/weltlaeden.de\/schongau\/wp-json\/wp\/v2\/users\/246"}],"replies":[{"embeddable":true,"href":"https:\/\/weltlaeden.de\/schongau\/wp-json\/wp\/v2\/comments?post=830"}],"version-history":[{"count":21,"href":"https:\/\/weltlaeden.de\/schongau\/wp-json\/wp\/v2\/pages\/830\/revisions"}],"predecessor-version":[{"id":2195,"href":"https:\/\/weltlaeden.de\/schongau\/wp-json\/wp\/v2\/pages\/830\/revisions\/2195"}],"up":[{"embeddable":true,"href":"https:\/\/weltlaeden.de\/schongau\/wp-json\/wp\/v2\/pages\/219"}],"wp:featuredmedia":[{"embeddable":true,"href":"https:\/\/weltlaeden.de\/schongau\/wp-json\/wp\/v2\/media\/831"}],"wp:attachment":[{"href":"https:\/\/weltlaeden.de\/schongau\/wp-json\/wp\/v2\/media?parent=830"}],"curies":[{"name":"wp","href":"https:\/\/api.w.org\/{rel}","templated":true}]}}