{"id":802,"date":"2021-11-26T15:40:50","date_gmt":"2021-11-26T14:40:50","guid":{"rendered":"https:\/\/weltlaeden.de\/schongau\/?page_id=802"},"modified":"2021-12-04T17:53:36","modified_gmt":"2021-12-04T16:53:36","slug":"netzwerken","status":"publish","type":"page","link":"https:\/\/weltlaeden.de\/schongau\/ueber-uns\/netzwerken\/","title":{"rendered":"Netzwerken"},"content":{"rendered":"<div class=\"wpb-content-wrapper\"><p>[vc_row][vc_column]<div class=\"wl_einzelbild\"><p><\/p><\/div>[vc_column_text]Zur Erreichung unserer Ziele sind Netzwerke und B\u00fcndnisse unverzichtbar. Nur durch gemeinsame Anstrengungen auf allen Ebenen ist dies zu leisten und hierf\u00fcr bieten Netzwerke eine geeignete Plattform.<\/p>\n<p>Wir m\u00f6chten dazu die kommunale Entwicklungszusammenarbeit zwischen Kommunen und Nichtregierungsorganisationen verbessern und ausbauen. Hierzu sind wir mit \u00fcber Regionale- wie auch \u00fcber Landes- und Bundesnetzwerke vernetzt.<\/p>\n<p>Eine Welt Netzwerk Bayern e.V.\u00a0\u25ba\u00a0<a href=\"http:\/\/www.eineweltnetzwerkbayern.de\/\" target=\"_blank\" rel=\"noopener\">www.eineweltnetzwerkbayern.de<\/a><\/p>\n<p align=\"left\">Weltl\u00e4den Iller-Lech\u00a0\u25ba\u00a0<a href=\"http:\/\/www.weltlaeden-iller-lech.de\/\" target=\"_blank\" rel=\"noopener\">www.weltlaeden-iller-lech.de<\/a><\/p>\n<p>Weltladen Dachverband \u25ba<a href=\"http:\/\/www.weltladen.de\/\" target=\"_blank\" rel=\"noopener\">www.weltladen.de<\/a><\/p>\n<p>Wir weisen die \u00d6ffentlichkeit und verantwortliche Stellen in Politik, Wirtschaft und Gesellschaft zusammen mit unseren Partnern, gegebenenfalls auch stellvertretend f\u00fcr sie auf Defizite in den Bereichen Menschenrechte, Gerechtigkeit, Frieden, Solidarit\u00e4t und Bewahrung der nat\u00fcrlichen Lebensgrundlagen hin, mit denen unsere Partner zu k\u00e4mpfen haben.<\/p>\n<p>Wir agieren sowohl aus eigener Erkenntnis und eigenem Antrieb wie auf Anfrage und aus unserem Dialog mit den Betroffenen heraus.<\/p>\n<p>Durch Informationen, Kampagnen, Petitionen und Alternativentw\u00fcrfe versuchen wir als Anwalt der Partner Einfluss auf Politik und Wirtschaft zu nehmen.[\/vc_column_text][\/vc_column][\/vc_row]<\/p>\n<\/div>","protected":false},"excerpt":{"rendered":"<p>[vc_row][vc_column][vc_column_text]Zur Erreichung unserer Ziele sind Netzwerke und B\u00fcndnisse unverzichtbar. Nur durch gemeinsame Anstrengungen auf allen Ebenen ist dies zu leisten und hierf\u00fcr bieten Netzwerke eine geeignete Plattform. Wir m\u00f6chten dazu die kommunale Entwicklungszusammenarbeit zwischen Kommunen und Nichtregierungsorganisationen verbessern und ausbauen. Hierzu sind wir mit \u00fcber Regionale- wie auch \u00fcber Landes- und Bundesnetzwerke vernetzt. Eine Welt&hellip;<\/p>\n","protected":false},"author":246,"featured_media":0,"parent":219,"menu_order":0,"comment_status":"closed","ping_status":"closed","template":"","meta":{"footnotes":""},"class_list":["post-802","page","type-page","status-publish","hentry","description-off"],"yoast_head":"<!-- This site is optimized with the Yoast SEO plugin v26.8 - https:\/\/yoast.com\/product\/yoast-seo-wordpress\/ -->\n<title>Netzwerken - Weltladen Schongau<\/title>\n<meta name=\"robots\" content=\"index, follow, max-snippet:-1, max-image-preview:large, max-video-preview:-1\" \/>\n<link rel=\"canonical\" href=\"https:\/\/weltlaeden.de\/schongau\/ueber-uns\/netzwerken\/\" \/>\n<meta property=\"og:locale\" content=\"de_DE\" \/>\n<meta property=\"og:type\" content=\"article\" \/>\n<meta property=\"og:title\" content=\"Netzwerken - Weltladen Schongau\" \/>\n<meta property=\"og:description\" content=\"[vc_row][vc_column][vc_column_text]Zur Erreichung unserer Ziele sind Netzwerke und B\u00fcndnisse unverzichtbar. Nur durch gemeinsame Anstrengungen auf allen Ebenen ist dies zu leisten und hierf\u00fcr bieten Netzwerke eine geeignete Plattform. Wir m\u00f6chten dazu die kommunale Entwicklungszusammenarbeit zwischen Kommunen und Nichtregierungsorganisationen verbessern und ausbauen. Hierzu sind wir mit \u00fcber Regionale- wie auch \u00fcber Landes- und Bundesnetzwerke vernetzt. Eine Welt&hellip;\" \/>\n<meta property=\"og:url\" content=\"https:\/\/weltlaeden.de\/schongau\/ueber-uns\/netzwerken\/\" \/>\n<meta property=\"og:site_name\" content=\"Weltladen Schongau\" \/>\n<meta property=\"article:modified_time\" content=\"2021-12-04T16:53:36+00:00\" \/>\n<meta name=\"twitter:card\" content=\"summary_large_image\" \/>\n<meta name=\"twitter:label1\" content=\"Gesch\u00e4tzte Lesezeit\" \/>\n\t<meta name=\"twitter:data1\" content=\"1\u00a0Minute\" \/>\n<script type=\"application\/ld+json\" class=\"yoast-schema-graph\">{\"@context\":\"https:\/\/schema.org\",\"@graph\":[{\"@type\":\"WebPage\",\"@id\":\"https:\/\/weltlaeden.de\/schongau\/ueber-uns\/netzwerken\/\",\"url\":\"https:\/\/weltlaeden.de\/schongau\/ueber-uns\/netzwerken\/\",\"name\":\"Netzwerken - Weltladen Schongau\",\"isPartOf\":{\"@id\":\"https:\/\/weltlaeden.de\/schongau\/#website\"},\"datePublished\":\"2021-11-26T14:40:50+00:00\",\"dateModified\":\"2021-12-04T16:53:36+00:00\",\"breadcrumb\":{\"@id\":\"https:\/\/weltlaeden.de\/schongau\/ueber-uns\/netzwerken\/#breadcrumb\"},\"inLanguage\":\"de\",\"potentialAction\":[{\"@type\":\"ReadAction\",\"target\":[\"https:\/\/weltlaeden.de\/schongau\/ueber-uns\/netzwerken\/\"]}]},{\"@type\":\"BreadcrumbList\",\"@id\":\"https:\/\/weltlaeden.de\/schongau\/ueber-uns\/netzwerken\/#breadcrumb\",\"itemListElement\":[{\"@type\":\"ListItem\",\"position\":1,\"name\":\"Startseite\",\"item\":\"https:\/\/weltlaeden.de\/schongau\/\"},{\"@type\":\"ListItem\",\"position\":2,\"name\":\"\u00dcber uns\",\"item\":\"https:\/\/weltlaeden.de\/schongau\/ueber-uns\/\"},{\"@type\":\"ListItem\",\"position\":3,\"name\":\"Netzwerken\"}]},{\"@type\":\"WebSite\",\"@id\":\"https:\/\/weltlaeden.de\/schongau\/#website\",\"url\":\"https:\/\/weltlaeden.de\/schongau\/\",\"name\":\"Weltladen Schongau\",\"description\":\"Faire Produkte seit 2003 in Schongau\",\"potentialAction\":[{\"@type\":\"SearchAction\",\"target\":{\"@type\":\"EntryPoint\",\"urlTemplate\":\"https:\/\/weltlaeden.de\/schongau\/?s={search_term_string}\"},\"query-input\":{\"@type\":\"PropertyValueSpecification\",\"valueRequired\":true,\"valueName\":\"search_term_string\"}}],\"inLanguage\":\"de\"}]}<\/script>\n<!-- \/ Yoast SEO plugin. -->","yoast_head_json":{"title":"Netzwerken - Weltladen Schongau","robots":{"index":"index","follow":"follow","max-snippet":"max-snippet:-1","max-image-preview":"max-image-preview:large","max-video-preview":"max-video-preview:-1"},"canonical":"https:\/\/weltlaeden.de\/schongau\/ueber-uns\/netzwerken\/","og_locale":"de_DE","og_type":"article","og_title":"Netzwerken - Weltladen Schongau","og_description":"[vc_row][vc_column][vc_column_text]Zur Erreichung unserer Ziele sind Netzwerke und B\u00fcndnisse unverzichtbar. Nur durch gemeinsame Anstrengungen auf allen Ebenen ist dies zu leisten und hierf\u00fcr bieten Netzwerke eine geeignete Plattform. Wir m\u00f6chten dazu die kommunale Entwicklungszusammenarbeit zwischen Kommunen und Nichtregierungsorganisationen verbessern und ausbauen. Hierzu sind wir mit \u00fcber Regionale- wie auch \u00fcber Landes- und Bundesnetzwerke vernetzt. Eine Welt&hellip;","og_url":"https:\/\/weltlaeden.de\/schongau\/ueber-uns\/netzwerken\/","og_site_name":"Weltladen Schongau","article_modified_time":"2021-12-04T16:53:36+00:00","twitter_card":"summary_large_image","twitter_misc":{"Gesch\u00e4tzte Lesezeit":"1\u00a0Minute"},"schema":{"@context":"https:\/\/schema.org","@graph":[{"@type":"WebPage","@id":"https:\/\/weltlaeden.de\/schongau\/ueber-uns\/netzwerken\/","url":"https:\/\/weltlaeden.de\/schongau\/ueber-uns\/netzwerken\/","name":"Netzwerken - Weltladen Schongau","isPartOf":{"@id":"https:\/\/weltlaeden.de\/schongau\/#website"},"datePublished":"2021-11-26T14:40:50+00:00","dateModified":"2021-12-04T16:53:36+00:00","breadcrumb":{"@id":"https:\/\/weltlaeden.de\/schongau\/ueber-uns\/netzwerken\/#breadcrumb"},"inLanguage":"de","potentialAction":[{"@type":"ReadAction","target":["https:\/\/weltlaeden.de\/schongau\/ueber-uns\/netzwerken\/"]}]},{"@type":"BreadcrumbList","@id":"https:\/\/weltlaeden.de\/schongau\/ueber-uns\/netzwerken\/#breadcrumb","itemListElement":[{"@type":"ListItem","position":1,"name":"Startseite","item":"https:\/\/weltlaeden.de\/schongau\/"},{"@type":"ListItem","position":2,"name":"\u00dcber uns","item":"https:\/\/weltlaeden.de\/schongau\/ueber-uns\/"},{"@type":"ListItem","position":3,"name":"Netzwerken"}]},{"@type":"WebSite","@id":"https:\/\/weltlaeden.de\/schongau\/#website","url":"https:\/\/weltlaeden.de\/schongau\/","name":"Weltladen Schongau","description":"Faire Produkte seit 2003 in Schongau","potentialAction":[{"@type":"SearchAction","target":{"@type":"EntryPoint","urlTemplate":"https:\/\/weltlaeden.de\/schongau\/?s={search_term_string}"},"query-input":{"@type":"PropertyValueSpecification","valueRequired":true,"valueName":"search_term_string"}}],"inLanguage":"de"}]}},"_links":{"self":[{"href":"https:\/\/weltlaeden.de\/schongau\/wp-json\/wp\/v2\/pages\/802","targetHints":{"allow":["GET"]}}],"collection":[{"href":"https:\/\/weltlaeden.de\/schongau\/wp-json\/wp\/v2\/pages"}],"about":[{"href":"https:\/\/weltlaeden.de\/schongau\/wp-json\/wp\/v2\/types\/page"}],"author":[{"embeddable":true,"href":"https:\/\/weltlaeden.de\/schongau\/wp-json\/wp\/v2\/users\/246"}],"replies":[{"embeddable":true,"href":"https:\/\/weltlaeden.de\/schongau\/wp-json\/wp\/v2\/comments?post=802"}],"version-history":[{"count":1,"href":"https:\/\/weltlaeden.de\/schongau\/wp-json\/wp\/v2\/pages\/802\/revisions"}],"predecessor-version":[{"id":803,"href":"https:\/\/weltlaeden.de\/schongau\/wp-json\/wp\/v2\/pages\/802\/revisions\/803"}],"up":[{"embeddable":true,"href":"https:\/\/weltlaeden.de\/schongau\/wp-json\/wp\/v2\/pages\/219"}],"wp:attachment":[{"href":"https:\/\/weltlaeden.de\/schongau\/wp-json\/wp\/v2\/media?parent=802"}],"curies":[{"name":"wp","href":"https:\/\/api.w.org\/{rel}","templated":true}]}}

<div class="wpb-content-wrapper"><p>[vc_row][vc_column]<div class="wl_einzelbild"><p></p></div>[vc_column_text]Zur Erreichung unserer Ziele sind Netzwerke und Bündnisse unverzichtbar. Nur durch gemeinsame Anstrengungen auf allen Ebenen ist dies zu leisten und hierfür bieten Netzwerke eine geeignete Plattform.</p>
<p>Wir möchten dazu die kommunale Entwicklungszusammenarbeit zwischen Kommunen und Nichtregierungsorganisationen verbessern und ausbauen. Hierzu sind wir mit über Regionale- wie auch über Landes- und Bundesnetzwerke vernetzt.</p>
<p>Eine Welt Netzwerk Bayern e.V. ► <a href="http://www.eineweltnetzwerkbayern.de/" target="_blank" rel="noopener">www.eineweltnetzwerkbayern.de</a></p>
<p align="left">Weltläden Iller-Lech ► <a href="http://www.weltlaeden-iller-lech.de/" target="_blank" rel="noopener">www.weltlaeden-iller-lech.de</a></p>
<p>Weltladen Dachverband ►<a href="http://www.weltladen.de/" target="_blank" rel="noopener">www.weltladen.de</a></p>
<p>Wir weisen die Öffentlichkeit und verantwortliche Stellen in Politik, Wirtschaft und Gesellschaft zusammen mit unseren Partnern, gegebenenfalls auch stellvertretend für sie auf Defizite in den Bereichen Menschenrechte, Gerechtigkeit, Frieden, Solidarität und Bewahrung der natürlichen Lebensgrundlagen hin, mit denen unsere Partner zu kämpfen haben.</p>
<p>Wir agieren sowohl aus eigener Erkenntnis und eigenem Antrieb wie auf Anfrage und aus unserem Dialog mit den Betroffenen heraus.</p>
<p>Durch Informationen, Kampagnen, Petitionen und Alternativentwürfe versuchen wir als Anwalt der Partner Einfluss auf Politik und Wirtschaft zu nehmen.[/vc_column_text][/vc_column][/vc_row]</p>
</div>

<p>[vc_row][vc_column][vc_column_text]Zur Erreichung unserer Ziele sind Netzwerke und Bündnisse unverzichtbar. Nur durch gemeinsame Anstrengungen auf allen Ebenen ist dies zu leisten und hierfür bieten Netzwerke eine geeignete Plattform. Wir möchten dazu die kommunale Entwicklungszusammenarbeit zwischen Kommunen und Nichtregierungsorganisationen verbessern und ausbauen. Hierzu sind wir mit über Regionale- wie auch über Landes- und Bundesnetzwerke vernetzt. Eine Welt&hellip;</p>

<!-- This site is optimized with the Yoast SEO plugin v26.8 - https://yoast.com/product/yoast-seo-wordpress/ -->
<title>Netzwerken - Weltladen Schongau</title>
<meta name="robots" content="index, follow, max-snippet:-1, max-image-preview:large, max-video-preview:-1" />
<link rel="canonical" href="https://weltlaeden.de/schongau/ueber-uns/netzwerken/" />
<meta property="og:locale" content="de_DE" />
<meta property="og:type" content="article" />
<meta property="og:title" content="Netzwerken - Weltladen Schongau" />
<meta property="og:description" content="[vc_row][vc_column][vc_column_text]Zur Erreichung unserer Ziele sind Netzwerke und Bündnisse unverzichtbar. Nur durch gemeinsame Anstrengungen auf allen Ebenen ist dies zu leisten und hierfür bieten Netzwerke eine geeignete Plattform. Wir möchten dazu die kommunale Entwicklungszusammenarbeit zwischen Kommunen und Nichtregierungsorganisationen verbessern und ausbauen. Hierzu sind wir mit über Regionale- wie auch über Landes- und Bundesnetzwerke vernetzt. Eine Welt&hellip;" />
<meta property="og:url" content="https://weltlaeden.de/schongau/ueber-uns/netzwerken/" />
<meta property="og:site_name" content="Weltladen Schongau" />
<meta property="article:modified_time" content="2021-12-04T16:53:36+00:00" />
<meta name="twitter:card" content="summary_large_image" />
<meta name="twitter:label1" content="Geschätzte Lesezeit" />
	<meta name="twitter:data1" content="1 Minute" />
<script type="application/ld+json" class="yoast-schema-graph">{"@context":"https://schema.org","@graph":[{"@type":"WebPage","@id":"https://weltlaeden.de/schongau/ueber-uns/netzwerken/","url":"https://weltlaeden.de/schongau/ueber-uns/netzwerken/","name":"Netzwerken - Weltladen Schongau","isPartOf":{"@id":"https://weltlaeden.de/schongau/#website"},"datePublished":"2021-11-26T14:40:50+00:00","dateModified":"2021-12-04T16:53:36+00:00","breadcrumb":{"@id":"https://weltlaeden.de/schongau/ueber-uns/netzwerken/#breadcrumb"},"inLanguage":"de","potentialAction":[{"@type":"ReadAction","target":["https://weltlaeden.de/schongau/ueber-uns/netzwerken/"]}]},{"@type":"BreadcrumbList","@id":"https://weltlaeden.de/schongau/ueber-uns/netzwerken/#breadcrumb","itemListElement":[{"@type":"ListItem","position":1,"name":"Startseite","item":"https://weltlaeden.de/schongau/"},{"@type":"ListItem","position":2,"name":"Über uns","item":"https://weltlaeden.de/schongau/ueber-uns/"},{"@type":"ListItem","position":3,"name":"Netzwerken"}]},{"@type":"WebSite","@id":"https://weltlaeden.de/schongau/#website","url":"https://weltlaeden.de/schongau/","name":"Weltladen Schongau","description":"Faire Produkte seit 2003 in Schongau","potentialAction":[{"@type":"SearchAction","target":{"@type":"EntryPoint","urlTemplate":"https://weltlaeden.de/schongau/?s={search_term_string}"},"query-input":{"@type":"PropertyValueSpecification","valueRequired":true,"valueName":"search_term_string"}}],"inLanguage":"de"}]}</script>
<!-- / Yoast SEO plugin. -->

[vc_row][vc_column][vc_column_text]Zur Erreichung unserer Ziele sind Netzwerke und Bündnisse unverzichtbar. Nur durch gemeinsame Anstrengungen auf allen Ebenen ist dies zu leisten und hierfür bieten Netzwerke eine geeignete Plattform. Wir möchten dazu die kommunale Entwicklungszusammenarbeit zwischen Kommunen und Nichtregierungsorganisationen verbessern und ausbauen. Hierzu sind wir mit über Regionale- wie auch über Landes- und Bundesnetzwerke vernetzt. Eine Welt&hellip;

Über uns
