{"id":582,"date":"2019-06-03T13:10:22","date_gmt":"2019-06-03T11:10:22","guid":{"rendered":"https:\/\/weltlaeden.de\/s-vaihingen\/tee\/"},"modified":"2019-11-04T11:53:20","modified_gmt":"2019-11-04T10:53:20","slug":"tee","status":"publish","type":"page","link":"https:\/\/weltlaeden.de\/s-vaihingen\/produkte\/produktbeschreibungen\/tee\/","title":{"rendered":"Tee"},"content":{"rendered":"<div class=\"wpb-content-wrapper\"><p>[vc_row][vc_column][vc_column_text]<a href=\"https:\/\/weltlaeden.de\/s-vaihingen\/produkte\/\">&lt;&lt;&lt; Sortiment<\/a><\/p>\n<h1>Tee<\/h1>\n<p>[\/vc_column_text][\/vc_column][\/vc_row][vc_row][vc_column][vc_single_image image=&#8220;543&#8243; img_size=&#8220;full&#8220; alignment=&#8220;center&#8220;][\/vc_column][\/vc_row][vc_row][vc_column][vc_column_text]Unsere fairen Teesorten sind vielf\u00e4ltig und aromatisch. Nachfolgend k\u00f6nnen Sie sich \u00fcber den Bearbeitungsprozess informieren.<\/p>\n<h2>Der Tee ohne Tein: Kr\u00e4utertee, Roibusch- oder Rotbuschtee, Fr\u00fcchtetee<strong><br \/>\n<\/strong><\/h2>\n<p>Diese Teesorten bezeichnen wir als Tee, enthalten jedoch keine Tein\/Koffein, da sie nicht aus der Teepflanze hergestellt werden.<br \/>\nAusgangsbasis f\u00fcr diese \u201eTeesorten\u201c sind getrocknete Kr\u00e4uter, Fr\u00fcchte und Bl\u00e4tter.<br \/>\nAuch Roibuschtee enth\u00e4lt kein Koffein. Er wird aus den Bl\u00e4ttern des Rotbusches hergestellt und v.a. in S\u00fcdafrika kultiviert.<\/p>\n<h2>Tee aus der Teepflanze: Schwarzer, Gr\u00fcner und Wei\u00dfer Tee<\/h2>\n<h3>Allgemeines<\/h3>\n<p>Der immergr\u00fcne Teestrauch ist verwandt mit der in Europa beliebten Zierpflanze Kamelie.<\/p>\n<p>Es gibt die chinesische Kamelie, die bereits seit Jahrtausenden kultiviert wird. Die Assam-Kamelie (nach ihrer Entdeckung im Urwald der Provinz Assam benannt) wird erst seit Anfang des 19. Jahrhunderts gez\u00fcchtet. Nicht zur\u00fcckgeschnitten kann sie bis zu 30 m hoch werden.<br \/>\nIn den Teeg\u00e4rten werden die Str\u00e4ucher jedoch bis auf 2 m zur\u00fcckgeschnitten.<\/p>\n<p>Die Teepflanze enth\u00e4lt, je nach Pflanzenteil, 4-5% Koffein. Die gr\u00f6\u00dften Anbaugebiete sind Assam, Ceylon und Darjeeling.[\/vc_column_text][\/vc_column][\/vc_row][vc_row][vc_column][vc_single_image image=&#8220;544&#8243; img_size=&#8220;512&#215;384&#8243; alignment=&#8220;center&#8220;][\/vc_column][\/vc_row][vc_row][vc_column][vc_column_text]<\/p>\n<h3>Teeherstellung<\/h3>\n<p>Nach dem Pfl\u00fccken werden die Bl\u00e4tter in 5 Arbeitsschritten zu Tee verarbeitet.<\/p>\n<ol>\n<li><strong>Welken:<\/strong> Bl\u00e4tter werden 10-20 Stunden auf langen Welk-Gestellen ausgebreitet. Der Wasseranteil wird dabei von 73-80% auf 65% reduziert.<\/li>\n<li><strong>Rollen:<\/strong> Beim Rollen, 20-60 Min.; werden die Blattzellen aufgebrochen, so dass Zellsaft austritt. Er bestimmt ma\u00dfgeblich Farbe und Aroma des Tees.<\/li>\n<li><strong>Fermentation:<\/strong> Bereits w\u00e4hrend der vorangegangenen Schritten hat ein Reaktionsprozess eingesetzt, der 2-5 Stunden dauert und durch den schwarzer Tee sein charakteristisches Aroma erh\u00e4lt.<\/li>\n<li><strong>Trocknen:<\/strong> Die Teebl\u00e4tter werden 20-25 Min. in Hei\u00dflufttrocknern mit bis zu 95\u00b0C getrocknet. Durch die Hitze wird die Fermentation gestoppt und die Feuchtigkeit der Teebl\u00e4tter auf ca. 4% reduziert. Der Zellsaft trocknet an den Bl\u00e4ttern und verleiht dem Tee die dunkle Farbe.<\/li>\n<li><strong>Sortieren:<\/strong> Mit mechanischen Sieben wird der Tee je nach Blattgr\u00f6\u00dfe sortiert.<\/li>\n<\/ol>\n<p>Gr\u00fcner und Wei\u00dfer Tee wird nicht fermentiert und behalten daher ihre Farbe.<br \/>\nF\u00fcr wei\u00dfen Tee werden nur die jungen Knospen mit wei\u00dfen H\u00e4rchen an der Blattunterseite verwendet. Gr\u00fcner Tee darf nie mit kochendem Wasser zubereitet werden. Das Wasser sollte auf 70\u00b0-80\u00b0C abk\u00fchlen, dauert ca. 10 Min. Beim gr\u00fcnen Tee kann man die Teebl\u00e4tter auch noch f\u00fcr einen 2. oder 3. Aufguss verwenden.[\/vc_column_text][\/vc_column][vc_column][vc_single_image image=&#8220;479&#8243; img_size=&#8220;592&#215;357&#8243; alignment=&#8220;center&#8220;][\/vc_column][\/vc_row][vc_row][vc_column][vc_column_text]Wer noch genauer nachschauen m\u00f6chte,\u00a0<a href=\"https:\/\/www.teekampagne.de\/tee\/teekunde\/teelexikon\" target=\"_blank\" rel=\"noopener\">findet hier den Link zum Teelexikon der Teekampagne. <\/a>[\/vc_column_text][\/vc_column][\/vc_row]<\/p>\n<\/div>","protected":false},"excerpt":{"rendered":"<p>[vc_row][vc_column][vc_column_text]&lt;&lt;&lt; Sortiment Tee [\/vc_column_text][\/vc_column][\/vc_row][vc_row][vc_column][vc_single_image image=&#8220;543&#8243; img_size=&#8220;full&#8220; alignment=&#8220;center&#8220;][\/vc_column][\/vc_row][vc_row][vc_column][vc_column_text]Unsere fairen Teesorten sind vielf\u00e4ltig und aromatisch. Nachfolgend k\u00f6nnen Sie sich \u00fcber den Bearbeitungsprozess informieren. Der Tee ohne Tein: Kr\u00e4utertee, Roibusch- oder Rotbuschtee, Fr\u00fcchtetee Diese Teesorten bezeichnen wir als Tee, enthalten jedoch keine Tein\/Koffein, da sie nicht aus der Teepflanze hergestellt werden. Ausgangsbasis f\u00fcr diese \u201eTeesorten\u201c sind getrocknete Kr\u00e4uter,&hellip;<\/p>\n","protected":false},"author":144,"featured_media":0,"parent":1501,"menu_order":1,"comment_status":"closed","ping_status":"closed","template":"","meta":{"footnotes":""},"class_list":["post-582","page","type-page","status-publish","hentry","description-off"],"yoast_head":"<!-- This site is optimized with the Yoast SEO plugin v26.8 - https:\/\/yoast.com\/product\/yoast-seo-wordpress\/ -->\n<title>Tee - Weltladen Stuttgart-Vaihingen<\/title>\n<meta name=\"robots\" content=\"index, follow, max-snippet:-1, max-image-preview:large, max-video-preview:-1\" \/>\n<link rel=\"canonical\" href=\"https:\/\/weltlaeden.de\/s-vaihingen\/produkte\/produktbeschreibungen\/tee\/\" \/>\n<meta property=\"og:locale\" content=\"de_DE\" \/>\n<meta property=\"og:type\" content=\"article\" \/>\n<meta property=\"og:title\" content=\"Tee - Weltladen Stuttgart-Vaihingen\" \/>\n<meta property=\"og:description\" content=\"[vc_row][vc_column][vc_column_text]&lt;&lt;&lt; Sortiment Tee [\/vc_column_text][\/vc_column][\/vc_row][vc_row][vc_column][vc_single_image image=&#8220;543&#8243; img_size=&#8220;full&#8220; alignment=&#8220;center&#8220;][\/vc_column][\/vc_row][vc_row][vc_column][vc_column_text]Unsere fairen Teesorten sind vielf\u00e4ltig und aromatisch. Nachfolgend k\u00f6nnen Sie sich \u00fcber den Bearbeitungsprozess informieren. Der Tee ohne Tein: Kr\u00e4utertee, Roibusch- oder Rotbuschtee, Fr\u00fcchtetee Diese Teesorten bezeichnen wir als Tee, enthalten jedoch keine Tein\/Koffein, da sie nicht aus der Teepflanze hergestellt werden. Ausgangsbasis f\u00fcr diese \u201eTeesorten\u201c sind getrocknete Kr\u00e4uter,&hellip;\" \/>\n<meta property=\"og:url\" content=\"https:\/\/weltlaeden.de\/s-vaihingen\/produkte\/produktbeschreibungen\/tee\/\" \/>\n<meta property=\"og:site_name\" content=\"Weltladen Stuttgart-Vaihingen\" \/>\n<meta property=\"article:publisher\" content=\"https:\/\/www.facebook.com\/weltladenstuttgartvaihingen\/\" \/>\n<meta property=\"article:modified_time\" content=\"2019-11-04T10:53:20+00:00\" \/>\n<meta name=\"twitter:card\" content=\"summary_large_image\" \/>\n<meta name=\"twitter:label1\" content=\"Gesch\u00e4tzte Lesezeit\" \/>\n\t<meta name=\"twitter:data1\" content=\"3\u00a0Minuten\" \/>\n<script type=\"application\/ld+json\" class=\"yoast-schema-graph\">{\"@context\":\"https:\/\/schema.org\",\"@graph\":[{\"@type\":\"WebPage\",\"@id\":\"https:\/\/weltlaeden.de\/s-vaihingen\/produkte\/produktbeschreibungen\/tee\/\",\"url\":\"https:\/\/weltlaeden.de\/s-vaihingen\/produkte\/produktbeschreibungen\/tee\/\",\"name\":\"Tee - Weltladen Stuttgart-Vaihingen\",\"isPartOf\":{\"@id\":\"https:\/\/weltlaeden.de\/s-vaihingen\/#website\"},\"datePublished\":\"2019-06-03T11:10:22+00:00\",\"dateModified\":\"2019-11-04T10:53:20+00:00\",\"breadcrumb\":{\"@id\":\"https:\/\/weltlaeden.de\/s-vaihingen\/produkte\/produktbeschreibungen\/tee\/#breadcrumb\"},\"inLanguage\":\"de\",\"potentialAction\":[{\"@type\":\"ReadAction\",\"target\":[\"https:\/\/weltlaeden.de\/s-vaihingen\/produkte\/produktbeschreibungen\/tee\/\"]}]},{\"@type\":\"BreadcrumbList\",\"@id\":\"https:\/\/weltlaeden.de\/s-vaihingen\/produkte\/produktbeschreibungen\/tee\/#breadcrumb\",\"itemListElement\":[{\"@type\":\"ListItem\",\"position\":1,\"name\":\"Startseite\",\"item\":\"https:\/\/weltlaeden.de\/s-vaihingen\/\"},{\"@type\":\"ListItem\",\"position\":2,\"name\":\"Sortiment\",\"item\":\"https:\/\/weltlaeden.de\/s-vaihingen\/produkte\/\"},{\"@type\":\"ListItem\",\"position\":3,\"name\":\"Produktbeschreibungen\",\"item\":\"https:\/\/weltlaeden.de\/s-vaihingen\/produkte\/produktbeschreibungen\/\"},{\"@type\":\"ListItem\",\"position\":4,\"name\":\"Tee\"}]},{\"@type\":\"WebSite\",\"@id\":\"https:\/\/weltlaeden.de\/s-vaihingen\/#website\",\"url\":\"https:\/\/weltlaeden.de\/s-vaihingen\/\",\"name\":\"Weltladen Stuttgart-Vaihingen\",\"description\":\"Faire Produkte seit 1987\",\"publisher\":{\"@id\":\"https:\/\/weltlaeden.de\/s-vaihingen\/#organization\"},\"potentialAction\":[{\"@type\":\"SearchAction\",\"target\":{\"@type\":\"EntryPoint\",\"urlTemplate\":\"https:\/\/weltlaeden.de\/s-vaihingen\/?s={search_term_string}\"},\"query-input\":{\"@type\":\"PropertyValueSpecification\",\"valueRequired\":true,\"valueName\":\"search_term_string\"}}],\"inLanguage\":\"de\"},{\"@type\":\"Organization\",\"@id\":\"https:\/\/weltlaeden.de\/s-vaihingen\/#organization\",\"name\":\"Stuttgarter Weltladen in Vaihingen\",\"url\":\"https:\/\/weltlaeden.de\/s-vaihingen\/\",\"logo\":{\"@type\":\"ImageObject\",\"inLanguage\":\"de\",\"@id\":\"https:\/\/weltlaeden.de\/s-vaihingen\/#\/schema\/logo\/image\/\",\"url\":\"https:\/\/weltlaeden.de\/s-vaihingen\/wp-content\/uploads\/sites\/90\/2019\/04\/stuttgarter-Weltladen-in-vaihingen.jpg\",\"contentUrl\":\"https:\/\/weltlaeden.de\/s-vaihingen\/wp-content\/uploads\/sites\/90\/2019\/04\/stuttgarter-Weltladen-in-vaihingen.jpg\",\"width\":2601,\"height\":1625,\"caption\":\"Stuttgarter Weltladen in Vaihingen\"},\"image\":{\"@id\":\"https:\/\/weltlaeden.de\/s-vaihingen\/#\/schema\/logo\/image\/\"},\"sameAs\":[\"https:\/\/www.facebook.com\/weltladenstuttgartvaihingen\/\"]}]}<\/script>\n<!-- \/ Yoast SEO plugin. -->","yoast_head_json":{"title":"Tee - Weltladen Stuttgart-Vaihingen","robots":{"index":"index","follow":"follow","max-snippet":"max-snippet:-1","max-image-preview":"max-image-preview:large","max-video-preview":"max-video-preview:-1"},"canonical":"https:\/\/weltlaeden.de\/s-vaihingen\/produkte\/produktbeschreibungen\/tee\/","og_locale":"de_DE","og_type":"article","og_title":"Tee - Weltladen Stuttgart-Vaihingen","og_description":"[vc_row][vc_column][vc_column_text]&lt;&lt;&lt; Sortiment Tee [\/vc_column_text][\/vc_column][\/vc_row][vc_row][vc_column][vc_single_image image=&#8220;543&#8243; img_size=&#8220;full&#8220; alignment=&#8220;center&#8220;][\/vc_column][\/vc_row][vc_row][vc_column][vc_column_text]Unsere fairen Teesorten sind vielf\u00e4ltig und aromatisch. Nachfolgend k\u00f6nnen Sie sich \u00fcber den Bearbeitungsprozess informieren. Der Tee ohne Tein: Kr\u00e4utertee, Roibusch- oder Rotbuschtee, Fr\u00fcchtetee Diese Teesorten bezeichnen wir als Tee, enthalten jedoch keine Tein\/Koffein, da sie nicht aus der Teepflanze hergestellt werden. Ausgangsbasis f\u00fcr diese \u201eTeesorten\u201c sind getrocknete Kr\u00e4uter,&hellip;","og_url":"https:\/\/weltlaeden.de\/s-vaihingen\/produkte\/produktbeschreibungen\/tee\/","og_site_name":"Weltladen Stuttgart-Vaihingen","article_publisher":"https:\/\/www.facebook.com\/weltladenstuttgartvaihingen\/","article_modified_time":"2019-11-04T10:53:20+00:00","twitter_card":"summary_large_image","twitter_misc":{"Gesch\u00e4tzte Lesezeit":"3\u00a0Minuten"},"schema":{"@context":"https:\/\/schema.org","@graph":[{"@type":"WebPage","@id":"https:\/\/weltlaeden.de\/s-vaihingen\/produkte\/produktbeschreibungen\/tee\/","url":"https:\/\/weltlaeden.de\/s-vaihingen\/produkte\/produktbeschreibungen\/tee\/","name":"Tee - Weltladen Stuttgart-Vaihingen","isPartOf":{"@id":"https:\/\/weltlaeden.de\/s-vaihingen\/#website"},"datePublished":"2019-06-03T11:10:22+00:00","dateModified":"2019-11-04T10:53:20+00:00","breadcrumb":{"@id":"https:\/\/weltlaeden.de\/s-vaihingen\/produkte\/produktbeschreibungen\/tee\/#breadcrumb"},"inLanguage":"de","potentialAction":[{"@type":"ReadAction","target":["https:\/\/weltlaeden.de\/s-vaihingen\/produkte\/produktbeschreibungen\/tee\/"]}]},{"@type":"BreadcrumbList","@id":"https:\/\/weltlaeden.de\/s-vaihingen\/produkte\/produktbeschreibungen\/tee\/#breadcrumb","itemListElement":[{"@type":"ListItem","position":1,"name":"Startseite","item":"https:\/\/weltlaeden.de\/s-vaihingen\/"},{"@type":"ListItem","position":2,"name":"Sortiment","item":"https:\/\/weltlaeden.de\/s-vaihingen\/produkte\/"},{"@type":"ListItem","position":3,"name":"Produktbeschreibungen","item":"https:\/\/weltlaeden.de\/s-vaihingen\/produkte\/produktbeschreibungen\/"},{"@type":"ListItem","position":4,"name":"Tee"}]},{"@type":"WebSite","@id":"https:\/\/weltlaeden.de\/s-vaihingen\/#website","url":"https:\/\/weltlaeden.de\/s-vaihingen\/","name":"Weltladen Stuttgart-Vaihingen","description":"Faire Produkte seit 1987","publisher":{"@id":"https:\/\/weltlaeden.de\/s-vaihingen\/#organization"},"potentialAction":[{"@type":"SearchAction","target":{"@type":"EntryPoint","urlTemplate":"https:\/\/weltlaeden.de\/s-vaihingen\/?s={search_term_string}"},"query-input":{"@type":"PropertyValueSpecification","valueRequired":true,"valueName":"search_term_string"}}],"inLanguage":"de"},{"@type":"Organization","@id":"https:\/\/weltlaeden.de\/s-vaihingen\/#organization","name":"Stuttgarter Weltladen in Vaihingen","url":"https:\/\/weltlaeden.de\/s-vaihingen\/","logo":{"@type":"ImageObject","inLanguage":"de","@id":"https:\/\/weltlaeden.de\/s-vaihingen\/#\/schema\/logo\/image\/","url":"https:\/\/weltlaeden.de\/s-vaihingen\/wp-content\/uploads\/sites\/90\/2019\/04\/stuttgarter-Weltladen-in-vaihingen.jpg","contentUrl":"https:\/\/weltlaeden.de\/s-vaihingen\/wp-content\/uploads\/sites\/90\/2019\/04\/stuttgarter-Weltladen-in-vaihingen.jpg","width":2601,"height":1625,"caption":"Stuttgarter Weltladen in Vaihingen"},"image":{"@id":"https:\/\/weltlaeden.de\/s-vaihingen\/#\/schema\/logo\/image\/"},"sameAs":["https:\/\/www.facebook.com\/weltladenstuttgartvaihingen\/"]}]}},"_links":{"self":[{"href":"https:\/\/weltlaeden.de\/s-vaihingen\/wp-json\/wp\/v2\/pages\/582","targetHints":{"allow":["GET"]}}],"collection":[{"href":"https:\/\/weltlaeden.de\/s-vaihingen\/wp-json\/wp\/v2\/pages"}],"about":[{"href":"https:\/\/weltlaeden.de\/s-vaihingen\/wp-json\/wp\/v2\/types\/page"}],"author":[{"embeddable":true,"href":"https:\/\/weltlaeden.de\/s-vaihingen\/wp-json\/wp\/v2\/users\/144"}],"replies":[{"embeddable":true,"href":"https:\/\/weltlaeden.de\/s-vaihingen\/wp-json\/wp\/v2\/comments?post=582"}],"version-history":[{"count":9,"href":"https:\/\/weltlaeden.de\/s-vaihingen\/wp-json\/wp\/v2\/pages\/582\/revisions"}],"predecessor-version":[{"id":836,"href":"https:\/\/weltlaeden.de\/s-vaihingen\/wp-json\/wp\/v2\/pages\/582\/revisions\/836"}],"up":[{"embeddable":true,"href":"https:\/\/weltlaeden.de\/s-vaihingen\/wp-json\/wp\/v2\/pages\/1501"}],"wp:attachment":[{"href":"https:\/\/weltlaeden.de\/s-vaihingen\/wp-json\/wp\/v2\/media?parent=582"}],"curies":[{"name":"wp","href":"https:\/\/api.w.org\/{rel}","templated":true}]}}