{"id":2000,"date":"2025-08-17T14:27:00","date_gmt":"2025-08-17T12:27:00","guid":{"rendered":"https:\/\/weltlaeden.de\/s-vaihingen\/?page_id=2000"},"modified":"2025-08-17T14:32:46","modified_gmt":"2025-08-17T12:32:46","slug":"capizmuschel-dekoration","status":"publish","type":"page","link":"https:\/\/weltlaeden.de\/s-vaihingen\/produkte\/produktbeschreibungen\/capizmuschel-dekoration\/","title":{"rendered":"Capizmuschel-Dekoration"},"content":{"rendered":"<div class=\"wpb-content-wrapper\"><p>[vc_row][vc_column][vc_column_text css=&#8220;&#8220;]<\/p>\n<h1 style=\"text-align: center\">Capizmuschel-Dekoration<\/h1>\n<p><img loading=\"lazy\" decoding=\"async\" class=\"wp-image-471 aligncenter\" src=\"https:\/\/weltlaeden.de\/s-vaihingen\/wp-content\/uploads\/sites\/90\/2019\/05\/Capizmuschel-1024x896.jpg\" alt=\"\" width=\"583\" height=\"510\" \/><\/p>\n<p>Diese sch\u00f6ne Muscheldekoration erinnert an Lotosbl\u00fcten und schm\u00fcckt als Objekt oder als Teelichthalter gleicherma\u00dfen. Ihre Herstellung aus der Capizmuschel ist aufwendig und eine alte Tradition auf den Philippinen.<\/p>\n<p>Die Muschelscheiben, bestechend durch ihren perlmuttartigen Glanz, werden gereinigt, zugeschnitten, im S\u00e4urebad aufgeweicht und mit Schablonen zu beliebigen Formen kombiniert. Nach der Trocknung und Brand im Ofen werden die St\u00fccke grundiert, bemalt und mit einem Kunstharz\u00fcberzug gesch\u00fctzt.<\/p>\n<p>Mit der Gr\u00fcndung kleiner Familienbetriebe auf der Insel Cebu begann die handwerkliche Fertigung von Schmuck- und Gebrauchsgegenst\u00e4nden aus Muschelkalk. Unsere Partnerin Judith Lorna hat sich mit einem eigenen Betrieb 2013 selbstst\u00e4ndig gemacht. Inzwischen kann sie f\u00fcr Mitarbeiter und Handwerker in Festanstellung sowie f\u00fcr Familien als Subunternehmer langfristig gesicherte Arbeit und gerechte Bezahlung garantieren. Die Fairtrade-Standards sind durch Kontrollen gew\u00e4hrleistet.<\/p>\n<p>[\/vc_column_text][\/vc_column][\/vc_row]<\/p>\n<\/div>","protected":false},"excerpt":{"rendered":"<p>[vc_row][vc_column][vc_column_text css=&#8220;&#8220;] Capizmuschel-Dekoration Diese sch\u00f6ne Muscheldekoration erinnert an Lotosbl\u00fcten und schm\u00fcckt als Objekt oder als Teelichthalter gleicherma\u00dfen. Ihre Herstellung aus der Capizmuschel ist aufwendig und eine alte Tradition auf den Philippinen. Die Muschelscheiben, bestechend durch ihren perlmuttartigen Glanz, werden gereinigt, zugeschnitten, im S\u00e4urebad aufgeweicht und mit Schablonen zu beliebigen Formen kombiniert. Nach der Trocknung und&hellip;<\/p>\n","protected":false},"author":136,"featured_media":471,"parent":1501,"menu_order":10,"comment_status":"closed","ping_status":"closed","template":"","meta":{"footnotes":""},"class_list":["post-2000","page","type-page","status-publish","has-post-thumbnail","hentry","description-off"],"yoast_head":"<!-- This site is optimized with the Yoast SEO plugin v26.8 - https:\/\/yoast.com\/product\/yoast-seo-wordpress\/ -->\n<title>Capizmuschel-Dekoration - Weltladen Stuttgart-Vaihingen<\/title>\n<meta name=\"robots\" content=\"index, follow, max-snippet:-1, max-image-preview:large, max-video-preview:-1\" \/>\n<link rel=\"canonical\" href=\"https:\/\/weltlaeden.de\/s-vaihingen\/produkte\/produktbeschreibungen\/capizmuschel-dekoration\/\" \/>\n<meta property=\"og:locale\" content=\"de_DE\" \/>\n<meta property=\"og:type\" content=\"article\" \/>\n<meta property=\"og:title\" content=\"Capizmuschel-Dekoration - Weltladen Stuttgart-Vaihingen\" \/>\n<meta property=\"og:description\" content=\"[vc_row][vc_column][vc_column_text css=&#8220;&#8220;] Capizmuschel-Dekoration Diese sch\u00f6ne Muscheldekoration erinnert an Lotosbl\u00fcten und schm\u00fcckt als Objekt oder als Teelichthalter gleicherma\u00dfen. Ihre Herstellung aus der Capizmuschel ist aufwendig und eine alte Tradition auf den Philippinen. Die Muschelscheiben, bestechend durch ihren perlmuttartigen Glanz, werden gereinigt, zugeschnitten, im S\u00e4urebad aufgeweicht und mit Schablonen zu beliebigen Formen kombiniert. Nach der Trocknung und&hellip;\" \/>\n<meta property=\"og:url\" content=\"https:\/\/weltlaeden.de\/s-vaihingen\/produkte\/produktbeschreibungen\/capizmuschel-dekoration\/\" \/>\n<meta property=\"og:site_name\" content=\"Weltladen Stuttgart-Vaihingen\" \/>\n<meta property=\"article:publisher\" content=\"https:\/\/www.facebook.com\/weltladenstuttgartvaihingen\/\" \/>\n<meta property=\"article:modified_time\" content=\"2025-08-17T12:32:46+00:00\" \/>\n<meta property=\"og:image\" content=\"https:\/\/weltlaeden.de\/s-vaihingen\/wp-content\/uploads\/sites\/90\/2019\/05\/Capizmuschel.jpg\" \/>\n\t<meta property=\"og:image:width\" content=\"2592\" \/>\n\t<meta property=\"og:image:height\" content=\"2268\" \/>\n\t<meta property=\"og:image:type\" content=\"image\/jpeg\" \/>\n<meta name=\"twitter:card\" content=\"summary_large_image\" \/>\n<meta name=\"twitter:label1\" content=\"Gesch\u00e4tzte Lesezeit\" \/>\n\t<meta name=\"twitter:data1\" content=\"2\u00a0Minuten\" \/>\n<script type=\"application\/ld+json\" class=\"yoast-schema-graph\">{\"@context\":\"https:\/\/schema.org\",\"@graph\":[{\"@type\":\"WebPage\",\"@id\":\"https:\/\/weltlaeden.de\/s-vaihingen\/produkte\/produktbeschreibungen\/capizmuschel-dekoration\/\",\"url\":\"https:\/\/weltlaeden.de\/s-vaihingen\/produkte\/produktbeschreibungen\/capizmuschel-dekoration\/\",\"name\":\"Capizmuschel-Dekoration - Weltladen Stuttgart-Vaihingen\",\"isPartOf\":{\"@id\":\"https:\/\/weltlaeden.de\/s-vaihingen\/#website\"},\"primaryImageOfPage\":{\"@id\":\"https:\/\/weltlaeden.de\/s-vaihingen\/produkte\/produktbeschreibungen\/capizmuschel-dekoration\/#primaryimage\"},\"image\":{\"@id\":\"https:\/\/weltlaeden.de\/s-vaihingen\/produkte\/produktbeschreibungen\/capizmuschel-dekoration\/#primaryimage\"},\"thumbnailUrl\":\"https:\/\/weltlaeden.de\/s-vaihingen\/wp-content\/uploads\/sites\/90\/2019\/05\/Capizmuschel-e1755435000540.jpg\",\"datePublished\":\"2025-08-17T12:27:00+00:00\",\"dateModified\":\"2025-08-17T12:32:46+00:00\",\"breadcrumb\":{\"@id\":\"https:\/\/weltlaeden.de\/s-vaihingen\/produkte\/produktbeschreibungen\/capizmuschel-dekoration\/#breadcrumb\"},\"inLanguage\":\"de\",\"potentialAction\":[{\"@type\":\"ReadAction\",\"target\":[\"https:\/\/weltlaeden.de\/s-vaihingen\/produkte\/produktbeschreibungen\/capizmuschel-dekoration\/\"]}]},{\"@type\":\"ImageObject\",\"inLanguage\":\"de\",\"@id\":\"https:\/\/weltlaeden.de\/s-vaihingen\/produkte\/produktbeschreibungen\/capizmuschel-dekoration\/#primaryimage\",\"url\":\"https:\/\/weltlaeden.de\/s-vaihingen\/wp-content\/uploads\/sites\/90\/2019\/05\/Capizmuschel-e1755435000540.jpg\",\"contentUrl\":\"https:\/\/weltlaeden.de\/s-vaihingen\/wp-content\/uploads\/sites\/90\/2019\/05\/Capizmuschel-e1755435000540.jpg\",\"width\":2052,\"height\":1370},{\"@type\":\"BreadcrumbList\",\"@id\":\"https:\/\/weltlaeden.de\/s-vaihingen\/produkte\/produktbeschreibungen\/capizmuschel-dekoration\/#breadcrumb\",\"itemListElement\":[{\"@type\":\"ListItem\",\"position\":1,\"name\":\"Startseite\",\"item\":\"https:\/\/weltlaeden.de\/s-vaihingen\/\"},{\"@type\":\"ListItem\",\"position\":2,\"name\":\"Sortiment\",\"item\":\"https:\/\/weltlaeden.de\/s-vaihingen\/produkte\/\"},{\"@type\":\"ListItem\",\"position\":3,\"name\":\"Produktbeschreibungen\",\"item\":\"https:\/\/weltlaeden.de\/s-vaihingen\/produkte\/produktbeschreibungen\/\"},{\"@type\":\"ListItem\",\"position\":4,\"name\":\"Capizmuschel-Dekoration\"}]},{\"@type\":\"WebSite\",\"@id\":\"https:\/\/weltlaeden.de\/s-vaihingen\/#website\",\"url\":\"https:\/\/weltlaeden.de\/s-vaihingen\/\",\"name\":\"Weltladen Stuttgart-Vaihingen\",\"description\":\"Faire Produkte seit 1987\",\"publisher\":{\"@id\":\"https:\/\/weltlaeden.de\/s-vaihingen\/#organization\"},\"potentialAction\":[{\"@type\":\"SearchAction\",\"target\":{\"@type\":\"EntryPoint\",\"urlTemplate\":\"https:\/\/weltlaeden.de\/s-vaihingen\/?s={search_term_string}\"},\"query-input\":{\"@type\":\"PropertyValueSpecification\",\"valueRequired\":true,\"valueName\":\"search_term_string\"}}],\"inLanguage\":\"de\"},{\"@type\":\"Organization\",\"@id\":\"https:\/\/weltlaeden.de\/s-vaihingen\/#organization\",\"name\":\"Stuttgarter Weltladen in Vaihingen\",\"url\":\"https:\/\/weltlaeden.de\/s-vaihingen\/\",\"logo\":{\"@type\":\"ImageObject\",\"inLanguage\":\"de\",\"@id\":\"https:\/\/weltlaeden.de\/s-vaihingen\/#\/schema\/logo\/image\/\",\"url\":\"https:\/\/weltlaeden.de\/s-vaihingen\/wp-content\/uploads\/sites\/90\/2019\/04\/stuttgarter-Weltladen-in-vaihingen.jpg\",\"contentUrl\":\"https:\/\/weltlaeden.de\/s-vaihingen\/wp-content\/uploads\/sites\/90\/2019\/04\/stuttgarter-Weltladen-in-vaihingen.jpg\",\"width\":2601,\"height\":1625,\"caption\":\"Stuttgarter Weltladen in Vaihingen\"},\"image\":{\"@id\":\"https:\/\/weltlaeden.de\/s-vaihingen\/#\/schema\/logo\/image\/\"},\"sameAs\":[\"https:\/\/www.facebook.com\/weltladenstuttgartvaihingen\/\"]}]}<\/script>\n<!-- \/ Yoast SEO plugin. -->","yoast_head_json":{"title":"Capizmuschel-Dekoration - Weltladen Stuttgart-Vaihingen","robots":{"index":"index","follow":"follow","max-snippet":"max-snippet:-1","max-image-preview":"max-image-preview:large","max-video-preview":"max-video-preview:-1"},"canonical":"https:\/\/weltlaeden.de\/s-vaihingen\/produkte\/produktbeschreibungen\/capizmuschel-dekoration\/","og_locale":"de_DE","og_type":"article","og_title":"Capizmuschel-Dekoration - Weltladen Stuttgart-Vaihingen","og_description":"[vc_row][vc_column][vc_column_text css=&#8220;&#8220;] Capizmuschel-Dekoration Diese sch\u00f6ne Muscheldekoration erinnert an Lotosbl\u00fcten und schm\u00fcckt als Objekt oder als Teelichthalter gleicherma\u00dfen. Ihre Herstellung aus der Capizmuschel ist aufwendig und eine alte Tradition auf den Philippinen. Die Muschelscheiben, bestechend durch ihren perlmuttartigen Glanz, werden gereinigt, zugeschnitten, im S\u00e4urebad aufgeweicht und mit Schablonen zu beliebigen Formen kombiniert. Nach der Trocknung und&hellip;","og_url":"https:\/\/weltlaeden.de\/s-vaihingen\/produkte\/produktbeschreibungen\/capizmuschel-dekoration\/","og_site_name":"Weltladen Stuttgart-Vaihingen","article_publisher":"https:\/\/www.facebook.com\/weltladenstuttgartvaihingen\/","article_modified_time":"2025-08-17T12:32:46+00:00","og_image":[{"width":2592,"height":2268,"url":"https:\/\/weltlaeden.de\/s-vaihingen\/wp-content\/uploads\/sites\/90\/2019\/05\/Capizmuschel.jpg","type":"image\/jpeg"}],"twitter_card":"summary_large_image","twitter_misc":{"Gesch\u00e4tzte Lesezeit":"2\u00a0Minuten"},"schema":{"@context":"https:\/\/schema.org","@graph":[{"@type":"WebPage","@id":"https:\/\/weltlaeden.de\/s-vaihingen\/produkte\/produktbeschreibungen\/capizmuschel-dekoration\/","url":"https:\/\/weltlaeden.de\/s-vaihingen\/produkte\/produktbeschreibungen\/capizmuschel-dekoration\/","name":"Capizmuschel-Dekoration - Weltladen Stuttgart-Vaihingen","isPartOf":{"@id":"https:\/\/weltlaeden.de\/s-vaihingen\/#website"},"primaryImageOfPage":{"@id":"https:\/\/weltlaeden.de\/s-vaihingen\/produkte\/produktbeschreibungen\/capizmuschel-dekoration\/#primaryimage"},"image":{"@id":"https:\/\/weltlaeden.de\/s-vaihingen\/produkte\/produktbeschreibungen\/capizmuschel-dekoration\/#primaryimage"},"thumbnailUrl":"https:\/\/weltlaeden.de\/s-vaihingen\/wp-content\/uploads\/sites\/90\/2019\/05\/Capizmuschel-e1755435000540.jpg","datePublished":"2025-08-17T12:27:00+00:00","dateModified":"2025-08-17T12:32:46+00:00","breadcrumb":{"@id":"https:\/\/weltlaeden.de\/s-vaihingen\/produkte\/produktbeschreibungen\/capizmuschel-dekoration\/#breadcrumb"},"inLanguage":"de","potentialAction":[{"@type":"ReadAction","target":["https:\/\/weltlaeden.de\/s-vaihingen\/produkte\/produktbeschreibungen\/capizmuschel-dekoration\/"]}]},{"@type":"ImageObject","inLanguage":"de","@id":"https:\/\/weltlaeden.de\/s-vaihingen\/produkte\/produktbeschreibungen\/capizmuschel-dekoration\/#primaryimage","url":"https:\/\/weltlaeden.de\/s-vaihingen\/wp-content\/uploads\/sites\/90\/2019\/05\/Capizmuschel-e1755435000540.jpg","contentUrl":"https:\/\/weltlaeden.de\/s-vaihingen\/wp-content\/uploads\/sites\/90\/2019\/05\/Capizmuschel-e1755435000540.jpg","width":2052,"height":1370},{"@type":"BreadcrumbList","@id":"https:\/\/weltlaeden.de\/s-vaihingen\/produkte\/produktbeschreibungen\/capizmuschel-dekoration\/#breadcrumb","itemListElement":[{"@type":"ListItem","position":1,"name":"Startseite","item":"https:\/\/weltlaeden.de\/s-vaihingen\/"},{"@type":"ListItem","position":2,"name":"Sortiment","item":"https:\/\/weltlaeden.de\/s-vaihingen\/produkte\/"},{"@type":"ListItem","position":3,"name":"Produktbeschreibungen","item":"https:\/\/weltlaeden.de\/s-vaihingen\/produkte\/produktbeschreibungen\/"},{"@type":"ListItem","position":4,"name":"Capizmuschel-Dekoration"}]},{"@type":"WebSite","@id":"https:\/\/weltlaeden.de\/s-vaihingen\/#website","url":"https:\/\/weltlaeden.de\/s-vaihingen\/","name":"Weltladen Stuttgart-Vaihingen","description":"Faire Produkte seit 1987","publisher":{"@id":"https:\/\/weltlaeden.de\/s-vaihingen\/#organization"},"potentialAction":[{"@type":"SearchAction","target":{"@type":"EntryPoint","urlTemplate":"https:\/\/weltlaeden.de\/s-vaihingen\/?s={search_term_string}"},"query-input":{"@type":"PropertyValueSpecification","valueRequired":true,"valueName":"search_term_string"}}],"inLanguage":"de"},{"@type":"Organization","@id":"https:\/\/weltlaeden.de\/s-vaihingen\/#organization","name":"Stuttgarter Weltladen in Vaihingen","url":"https:\/\/weltlaeden.de\/s-vaihingen\/","logo":{"@type":"ImageObject","inLanguage":"de","@id":"https:\/\/weltlaeden.de\/s-vaihingen\/#\/schema\/logo\/image\/","url":"https:\/\/weltlaeden.de\/s-vaihingen\/wp-content\/uploads\/sites\/90\/2019\/04\/stuttgarter-Weltladen-in-vaihingen.jpg","contentUrl":"https:\/\/weltlaeden.de\/s-vaihingen\/wp-content\/uploads\/sites\/90\/2019\/04\/stuttgarter-Weltladen-in-vaihingen.jpg","width":2601,"height":1625,"caption":"Stuttgarter Weltladen in Vaihingen"},"image":{"@id":"https:\/\/weltlaeden.de\/s-vaihingen\/#\/schema\/logo\/image\/"},"sameAs":["https:\/\/www.facebook.com\/weltladenstuttgartvaihingen\/"]}]}},"_links":{"self":[{"href":"https:\/\/weltlaeden.de\/s-vaihingen\/wp-json\/wp\/v2\/pages\/2000","targetHints":{"allow":["GET"]}}],"collection":[{"href":"https:\/\/weltlaeden.de\/s-vaihingen\/wp-json\/wp\/v2\/pages"}],"about":[{"href":"https:\/\/weltlaeden.de\/s-vaihingen\/wp-json\/wp\/v2\/types\/page"}],"author":[{"embeddable":true,"href":"https:\/\/weltlaeden.de\/s-vaihingen\/wp-json\/wp\/v2\/users\/136"}],"replies":[{"embeddable":true,"href":"https:\/\/weltlaeden.de\/s-vaihingen\/wp-json\/wp\/v2\/comments?post=2000"}],"version-history":[{"count":5,"href":"https:\/\/weltlaeden.de\/s-vaihingen\/wp-json\/wp\/v2\/pages\/2000\/revisions"}],"predecessor-version":[{"id":2005,"href":"https:\/\/weltlaeden.de\/s-vaihingen\/wp-json\/wp\/v2\/pages\/2000\/revisions\/2005"}],"up":[{"embeddable":true,"href":"https:\/\/weltlaeden.de\/s-vaihingen\/wp-json\/wp\/v2\/pages\/1501"}],"wp:featuredmedia":[{"embeddable":true,"href":"https:\/\/weltlaeden.de\/s-vaihingen\/wp-json\/wp\/v2\/media\/471"}],"wp:attachment":[{"href":"https:\/\/weltlaeden.de\/s-vaihingen\/wp-json\/wp\/v2\/media?parent=2000"}],"curies":[{"name":"wp","href":"https:\/\/api.w.org\/{rel}","templated":true}]}}