{"id":1938,"date":"2025-06-23T22:18:21","date_gmt":"2025-06-23T20:18:21","guid":{"rendered":"https:\/\/weltlaeden.de\/s-vaihingen\/?page_id=1938"},"modified":"2025-06-23T22:48:32","modified_gmt":"2025-06-23T20:48:32","slug":"vaihinger-schokolade","status":"publish","type":"page","link":"https:\/\/weltlaeden.de\/s-vaihingen\/produkte\/produktbeschreibungen\/vaihinger-schokolade\/","title":{"rendered":"Vaihinger Schokolade"},"content":{"rendered":"<div class=\"wpb-content-wrapper\"><p>[vc_row][vc_column][vc_column_text css=&#8220;&#8220;]<\/p>\n<h1>Vaihinger Schokolade &#8211; immer wieder neue Editionen<\/h1>\n<h2>Vaihinger Schokolade Editon Kelterberg 2023<\/h2>\n<p><img loading=\"lazy\" decoding=\"async\" class=\"alignnone wp-image-1730\" src=\"https:\/\/weltlaeden.de\/s-vaihingen\/wp-content\/uploads\/sites\/90\/2023\/09\/2023-08-28-VS-Edition-Kelterberg-2023.4-klein-891x1024.jpg\" alt=\"\" width=\"750\" height=\"862\" \/><\/p>\n<p>&nbsp;<\/p>\n<p>Fortsetzung einer Erfolgsgeschichte (siehe unten) \u2013 in Ghana und Vaihingen.<\/p>\n<p>Wie weit fairafric zwischenzeitlich in Ghana gekommen ist bez\u00fcglich der Nachhaltigkeit, sehen Sie in diesem <a href=\"https:\/\/fairafric.com\/pages\/nachhaltigkeit\" target=\"_blank\" rel=\"noopener\">Beitrag<\/a>.<\/p>\n<p>Und wir im Weltladen sind froh, dass in unserer Zusammenarbeit mit den K\u00fcnstler:innen von Kultur Am Kelterberg ein weiteres Kapitel aufgeschlagen wurde. Traditionell wurde die neue Edition beim Vaihinger Herbst vorgestellt (2023) und war dann auch im Weltladen verf\u00fcgbar.<\/p>\n<p>&nbsp;<\/p>\n<h2>Vaihinger Schokolade Editon Kelterberg 2020\/21<\/h2>\n<p><img loading=\"lazy\" decoding=\"async\" class=\"alignnone size-full wp-image-1075\" src=\"https:\/\/weltlaeden.de\/s-vaihingen\/wp-content\/uploads\/sites\/90\/2020\/12\/Vaih.Schoko-Einsteckkarten-2020-klein-e1619209973677.jpg\" alt=\"\" width=\"550\" height=\"438\" \/><\/p>\n<p>&nbsp;<\/p>\n<p>Neu war da so ziemlich alles \u2013 aber das Wichtigste bleibt unver\u00e4ndert:<br \/>\nWir verwendeten Schokolade, die von der Kakaobohne bis zur fertig verpackten Tafel aus Ghana kommt und in der neuen Fabrik von fairafric produziert wird.<br \/>\nUnd: die K\u00fcnstler:innen von Kultur Am Kelterberg haben wieder ihre Kunstwerke kostenlos zur Verf\u00fcgung gestellt zum Abdruck auf der Schokolade. Auf der Schokolade?<br \/>\nNein, die Kunst wird in den Schokoladen-Karton eingeschoben \u2013 nach dem Motto \u201e\u2026und innen Kunst\u201c.<br \/>\nSie als Kund:in k\u00f6nnen auf der R\u00fcckseite des \u201eKunst-Einschiebers\u201c Gru\u00dfworte niederschreiben, wenn Sie die Schokolade verschenken wollen, Sie k\u00f6nnen die Kunst als Buchzeichen verwenden\u2026<br \/>\nUnd: neu war auch Gewicht und Verpackung der Schokolade. Jetzt nur noch 80g (daf\u00fcr nat\u00fcrlich auch g\u00fcnstiger) und d\u00fcnner \u2013 ein noch besseres Geschmackserlebnis.[\/vc_column_text][\/vc_column][\/vc_row]<\/p>\n<\/div>","protected":false},"excerpt":{"rendered":"<p>[vc_row][vc_column][vc_column_text css=&#8220;&#8220;] Vaihinger Schokolade &#8211; immer wieder neue Editionen Vaihinger Schokolade Editon Kelterberg 2023 &nbsp; Fortsetzung einer Erfolgsgeschichte (siehe unten) \u2013 in Ghana und Vaihingen. Wie weit fairafric zwischenzeitlich in Ghana gekommen ist bez\u00fcglich der Nachhaltigkeit, sehen Sie in diesem Beitrag. Und wir im Weltladen sind froh, dass in unserer Zusammenarbeit mit den K\u00fcnstler:innen von&hellip;<\/p>\n","protected":false},"author":136,"featured_media":0,"parent":1501,"menu_order":6,"comment_status":"closed","ping_status":"closed","template":"","meta":{"footnotes":""},"class_list":["post-1938","page","type-page","status-publish","hentry","description-off"],"yoast_head":"<!-- This site is optimized with the Yoast SEO plugin v26.8 - https:\/\/yoast.com\/product\/yoast-seo-wordpress\/ -->\n<title>Vaihinger Schokolade - Weltladen Stuttgart-Vaihingen<\/title>\n<meta name=\"robots\" content=\"index, follow, max-snippet:-1, max-image-preview:large, max-video-preview:-1\" \/>\n<link rel=\"canonical\" href=\"https:\/\/weltlaeden.de\/s-vaihingen\/produkte\/produktbeschreibungen\/vaihinger-schokolade\/\" \/>\n<meta property=\"og:locale\" content=\"de_DE\" \/>\n<meta property=\"og:type\" content=\"article\" \/>\n<meta property=\"og:title\" content=\"Vaihinger Schokolade - Weltladen Stuttgart-Vaihingen\" \/>\n<meta property=\"og:description\" content=\"[vc_row][vc_column][vc_column_text css=&#8220;&#8220;] Vaihinger Schokolade &#8211; immer wieder neue Editionen Vaihinger Schokolade Editon Kelterberg 2023 &nbsp; Fortsetzung einer Erfolgsgeschichte (siehe unten) \u2013 in Ghana und Vaihingen. Wie weit fairafric zwischenzeitlich in Ghana gekommen ist bez\u00fcglich der Nachhaltigkeit, sehen Sie in diesem Beitrag. Und wir im Weltladen sind froh, dass in unserer Zusammenarbeit mit den K\u00fcnstler:innen von&hellip;\" \/>\n<meta property=\"og:url\" content=\"https:\/\/weltlaeden.de\/s-vaihingen\/produkte\/produktbeschreibungen\/vaihinger-schokolade\/\" \/>\n<meta property=\"og:site_name\" content=\"Weltladen Stuttgart-Vaihingen\" \/>\n<meta property=\"article:publisher\" content=\"https:\/\/www.facebook.com\/weltladenstuttgartvaihingen\/\" \/>\n<meta property=\"article:modified_time\" content=\"2025-06-23T20:48:32+00:00\" \/>\n<meta property=\"og:image\" content=\"https:\/\/weltlaeden.de\/s-vaihingen\/wp-content\/uploads\/sites\/90\/2023\/09\/2023-08-28-VS-Edition-Kelterberg-2023.4-klein-e1750710812781.jpg\" \/>\n\t<meta property=\"og:image:width\" content=\"1782\" \/>\n\t<meta property=\"og:image:height\" content=\"1190\" \/>\n\t<meta property=\"og:image:type\" content=\"image\/jpeg\" \/>\n<meta name=\"twitter:card\" content=\"summary_large_image\" \/>\n<meta name=\"twitter:label1\" content=\"Gesch\u00e4tzte Lesezeit\" \/>\n\t<meta name=\"twitter:data1\" content=\"2\u00a0Minuten\" \/>\n<script type=\"application\/ld+json\" class=\"yoast-schema-graph\">{\"@context\":\"https:\/\/schema.org\",\"@graph\":[{\"@type\":\"WebPage\",\"@id\":\"https:\/\/weltlaeden.de\/s-vaihingen\/produkte\/produktbeschreibungen\/vaihinger-schokolade\/\",\"url\":\"https:\/\/weltlaeden.de\/s-vaihingen\/produkte\/produktbeschreibungen\/vaihinger-schokolade\/\",\"name\":\"Vaihinger Schokolade - Weltladen Stuttgart-Vaihingen\",\"isPartOf\":{\"@id\":\"https:\/\/weltlaeden.de\/s-vaihingen\/#website\"},\"primaryImageOfPage\":{\"@id\":\"https:\/\/weltlaeden.de\/s-vaihingen\/produkte\/produktbeschreibungen\/vaihinger-schokolade\/#primaryimage\"},\"image\":{\"@id\":\"https:\/\/weltlaeden.de\/s-vaihingen\/produkte\/produktbeschreibungen\/vaihinger-schokolade\/#primaryimage\"},\"thumbnailUrl\":\"https:\/\/weltlaeden.de\/s-vaihingen\/wp-content\/uploads\/sites\/90\/2023\/09\/2023-08-28-VS-Edition-Kelterberg-2023.4-klein-891x1024.jpg\",\"datePublished\":\"2025-06-23T20:18:21+00:00\",\"dateModified\":\"2025-06-23T20:48:32+00:00\",\"breadcrumb\":{\"@id\":\"https:\/\/weltlaeden.de\/s-vaihingen\/produkte\/produktbeschreibungen\/vaihinger-schokolade\/#breadcrumb\"},\"inLanguage\":\"de\",\"potentialAction\":[{\"@type\":\"ReadAction\",\"target\":[\"https:\/\/weltlaeden.de\/s-vaihingen\/produkte\/produktbeschreibungen\/vaihinger-schokolade\/\"]}]},{\"@type\":\"ImageObject\",\"inLanguage\":\"de\",\"@id\":\"https:\/\/weltlaeden.de\/s-vaihingen\/produkte\/produktbeschreibungen\/vaihinger-schokolade\/#primaryimage\",\"url\":\"https:\/\/weltlaeden.de\/s-vaihingen\/wp-content\/uploads\/sites\/90\/2023\/09\/2023-08-28-VS-Edition-Kelterberg-2023.4-klein-e1750710812781.jpg\",\"contentUrl\":\"https:\/\/weltlaeden.de\/s-vaihingen\/wp-content\/uploads\/sites\/90\/2023\/09\/2023-08-28-VS-Edition-Kelterberg-2023.4-klein-e1750710812781.jpg\",\"width\":1782,\"height\":1190},{\"@type\":\"BreadcrumbList\",\"@id\":\"https:\/\/weltlaeden.de\/s-vaihingen\/produkte\/produktbeschreibungen\/vaihinger-schokolade\/#breadcrumb\",\"itemListElement\":[{\"@type\":\"ListItem\",\"position\":1,\"name\":\"Startseite\",\"item\":\"https:\/\/weltlaeden.de\/s-vaihingen\/\"},{\"@type\":\"ListItem\",\"position\":2,\"name\":\"Sortiment\",\"item\":\"https:\/\/weltlaeden.de\/s-vaihingen\/produkte\/\"},{\"@type\":\"ListItem\",\"position\":3,\"name\":\"Produktbeschreibungen\",\"item\":\"https:\/\/weltlaeden.de\/s-vaihingen\/produkte\/produktbeschreibungen\/\"},{\"@type\":\"ListItem\",\"position\":4,\"name\":\"Vaihinger Schokolade\"}]},{\"@type\":\"WebSite\",\"@id\":\"https:\/\/weltlaeden.de\/s-vaihingen\/#website\",\"url\":\"https:\/\/weltlaeden.de\/s-vaihingen\/\",\"name\":\"Weltladen Stuttgart-Vaihingen\",\"description\":\"Faire Produkte seit 1987\",\"publisher\":{\"@id\":\"https:\/\/weltlaeden.de\/s-vaihingen\/#organization\"},\"potentialAction\":[{\"@type\":\"SearchAction\",\"target\":{\"@type\":\"EntryPoint\",\"urlTemplate\":\"https:\/\/weltlaeden.de\/s-vaihingen\/?s={search_term_string}\"},\"query-input\":{\"@type\":\"PropertyValueSpecification\",\"valueRequired\":true,\"valueName\":\"search_term_string\"}}],\"inLanguage\":\"de\"},{\"@type\":\"Organization\",\"@id\":\"https:\/\/weltlaeden.de\/s-vaihingen\/#organization\",\"name\":\"Stuttgarter Weltladen in Vaihingen\",\"url\":\"https:\/\/weltlaeden.de\/s-vaihingen\/\",\"logo\":{\"@type\":\"ImageObject\",\"inLanguage\":\"de\",\"@id\":\"https:\/\/weltlaeden.de\/s-vaihingen\/#\/schema\/logo\/image\/\",\"url\":\"https:\/\/weltlaeden.de\/s-vaihingen\/wp-content\/uploads\/sites\/90\/2019\/04\/stuttgarter-Weltladen-in-vaihingen.jpg\",\"contentUrl\":\"https:\/\/weltlaeden.de\/s-vaihingen\/wp-content\/uploads\/sites\/90\/2019\/04\/stuttgarter-Weltladen-in-vaihingen.jpg\",\"width\":2601,\"height\":1625,\"caption\":\"Stuttgarter Weltladen in Vaihingen\"},\"image\":{\"@id\":\"https:\/\/weltlaeden.de\/s-vaihingen\/#\/schema\/logo\/image\/\"},\"sameAs\":[\"https:\/\/www.facebook.com\/weltladenstuttgartvaihingen\/\"]}]}<\/script>\n<!-- \/ Yoast SEO plugin. -->","yoast_head_json":{"title":"Vaihinger Schokolade - Weltladen Stuttgart-Vaihingen","robots":{"index":"index","follow":"follow","max-snippet":"max-snippet:-1","max-image-preview":"max-image-preview:large","max-video-preview":"max-video-preview:-1"},"canonical":"https:\/\/weltlaeden.de\/s-vaihingen\/produkte\/produktbeschreibungen\/vaihinger-schokolade\/","og_locale":"de_DE","og_type":"article","og_title":"Vaihinger Schokolade - Weltladen Stuttgart-Vaihingen","og_description":"[vc_row][vc_column][vc_column_text css=&#8220;&#8220;] Vaihinger Schokolade &#8211; immer wieder neue Editionen Vaihinger Schokolade Editon Kelterberg 2023 &nbsp; Fortsetzung einer Erfolgsgeschichte (siehe unten) \u2013 in Ghana und Vaihingen. Wie weit fairafric zwischenzeitlich in Ghana gekommen ist bez\u00fcglich der Nachhaltigkeit, sehen Sie in diesem Beitrag. Und wir im Weltladen sind froh, dass in unserer Zusammenarbeit mit den K\u00fcnstler:innen von&hellip;","og_url":"https:\/\/weltlaeden.de\/s-vaihingen\/produkte\/produktbeschreibungen\/vaihinger-schokolade\/","og_site_name":"Weltladen Stuttgart-Vaihingen","article_publisher":"https:\/\/www.facebook.com\/weltladenstuttgartvaihingen\/","article_modified_time":"2025-06-23T20:48:32+00:00","og_image":[{"width":1782,"height":1190,"url":"https:\/\/weltlaeden.de\/s-vaihingen\/wp-content\/uploads\/sites\/90\/2023\/09\/2023-08-28-VS-Edition-Kelterberg-2023.4-klein-e1750710812781.jpg","type":"image\/jpeg"}],"twitter_card":"summary_large_image","twitter_misc":{"Gesch\u00e4tzte Lesezeit":"2\u00a0Minuten"},"schema":{"@context":"https:\/\/schema.org","@graph":[{"@type":"WebPage","@id":"https:\/\/weltlaeden.de\/s-vaihingen\/produkte\/produktbeschreibungen\/vaihinger-schokolade\/","url":"https:\/\/weltlaeden.de\/s-vaihingen\/produkte\/produktbeschreibungen\/vaihinger-schokolade\/","name":"Vaihinger Schokolade - Weltladen Stuttgart-Vaihingen","isPartOf":{"@id":"https:\/\/weltlaeden.de\/s-vaihingen\/#website"},"primaryImageOfPage":{"@id":"https:\/\/weltlaeden.de\/s-vaihingen\/produkte\/produktbeschreibungen\/vaihinger-schokolade\/#primaryimage"},"image":{"@id":"https:\/\/weltlaeden.de\/s-vaihingen\/produkte\/produktbeschreibungen\/vaihinger-schokolade\/#primaryimage"},"thumbnailUrl":"https:\/\/weltlaeden.de\/s-vaihingen\/wp-content\/uploads\/sites\/90\/2023\/09\/2023-08-28-VS-Edition-Kelterberg-2023.4-klein-891x1024.jpg","datePublished":"2025-06-23T20:18:21+00:00","dateModified":"2025-06-23T20:48:32+00:00","breadcrumb":{"@id":"https:\/\/weltlaeden.de\/s-vaihingen\/produkte\/produktbeschreibungen\/vaihinger-schokolade\/#breadcrumb"},"inLanguage":"de","potentialAction":[{"@type":"ReadAction","target":["https:\/\/weltlaeden.de\/s-vaihingen\/produkte\/produktbeschreibungen\/vaihinger-schokolade\/"]}]},{"@type":"ImageObject","inLanguage":"de","@id":"https:\/\/weltlaeden.de\/s-vaihingen\/produkte\/produktbeschreibungen\/vaihinger-schokolade\/#primaryimage","url":"https:\/\/weltlaeden.de\/s-vaihingen\/wp-content\/uploads\/sites\/90\/2023\/09\/2023-08-28-VS-Edition-Kelterberg-2023.4-klein-e1750710812781.jpg","contentUrl":"https:\/\/weltlaeden.de\/s-vaihingen\/wp-content\/uploads\/sites\/90\/2023\/09\/2023-08-28-VS-Edition-Kelterberg-2023.4-klein-e1750710812781.jpg","width":1782,"height":1190},{"@type":"BreadcrumbList","@id":"https:\/\/weltlaeden.de\/s-vaihingen\/produkte\/produktbeschreibungen\/vaihinger-schokolade\/#breadcrumb","itemListElement":[{"@type":"ListItem","position":1,"name":"Startseite","item":"https:\/\/weltlaeden.de\/s-vaihingen\/"},{"@type":"ListItem","position":2,"name":"Sortiment","item":"https:\/\/weltlaeden.de\/s-vaihingen\/produkte\/"},{"@type":"ListItem","position":3,"name":"Produktbeschreibungen","item":"https:\/\/weltlaeden.de\/s-vaihingen\/produkte\/produktbeschreibungen\/"},{"@type":"ListItem","position":4,"name":"Vaihinger Schokolade"}]},{"@type":"WebSite","@id":"https:\/\/weltlaeden.de\/s-vaihingen\/#website","url":"https:\/\/weltlaeden.de\/s-vaihingen\/","name":"Weltladen Stuttgart-Vaihingen","description":"Faire Produkte seit 1987","publisher":{"@id":"https:\/\/weltlaeden.de\/s-vaihingen\/#organization"},"potentialAction":[{"@type":"SearchAction","target":{"@type":"EntryPoint","urlTemplate":"https:\/\/weltlaeden.de\/s-vaihingen\/?s={search_term_string}"},"query-input":{"@type":"PropertyValueSpecification","valueRequired":true,"valueName":"search_term_string"}}],"inLanguage":"de"},{"@type":"Organization","@id":"https:\/\/weltlaeden.de\/s-vaihingen\/#organization","name":"Stuttgarter Weltladen in Vaihingen","url":"https:\/\/weltlaeden.de\/s-vaihingen\/","logo":{"@type":"ImageObject","inLanguage":"de","@id":"https:\/\/weltlaeden.de\/s-vaihingen\/#\/schema\/logo\/image\/","url":"https:\/\/weltlaeden.de\/s-vaihingen\/wp-content\/uploads\/sites\/90\/2019\/04\/stuttgarter-Weltladen-in-vaihingen.jpg","contentUrl":"https:\/\/weltlaeden.de\/s-vaihingen\/wp-content\/uploads\/sites\/90\/2019\/04\/stuttgarter-Weltladen-in-vaihingen.jpg","width":2601,"height":1625,"caption":"Stuttgarter Weltladen in Vaihingen"},"image":{"@id":"https:\/\/weltlaeden.de\/s-vaihingen\/#\/schema\/logo\/image\/"},"sameAs":["https:\/\/www.facebook.com\/weltladenstuttgartvaihingen\/"]}]}},"_links":{"self":[{"href":"https:\/\/weltlaeden.de\/s-vaihingen\/wp-json\/wp\/v2\/pages\/1938","targetHints":{"allow":["GET"]}}],"collection":[{"href":"https:\/\/weltlaeden.de\/s-vaihingen\/wp-json\/wp\/v2\/pages"}],"about":[{"href":"https:\/\/weltlaeden.de\/s-vaihingen\/wp-json\/wp\/v2\/types\/page"}],"author":[{"embeddable":true,"href":"https:\/\/weltlaeden.de\/s-vaihingen\/wp-json\/wp\/v2\/users\/136"}],"replies":[{"embeddable":true,"href":"https:\/\/weltlaeden.de\/s-vaihingen\/wp-json\/wp\/v2\/comments?post=1938"}],"version-history":[{"count":5,"href":"https:\/\/weltlaeden.de\/s-vaihingen\/wp-json\/wp\/v2\/pages\/1938\/revisions"}],"predecessor-version":[{"id":1948,"href":"https:\/\/weltlaeden.de\/s-vaihingen\/wp-json\/wp\/v2\/pages\/1938\/revisions\/1948"}],"up":[{"embeddable":true,"href":"https:\/\/weltlaeden.de\/s-vaihingen\/wp-json\/wp\/v2\/pages\/1501"}],"wp:attachment":[{"href":"https:\/\/weltlaeden.de\/s-vaihingen\/wp-json\/wp\/v2\/media?parent=1938"}],"curies":[{"name":"wp","href":"https:\/\/api.w.org\/{rel}","templated":true}]}}