{"id":773,"date":"2022-11-12T18:21:39","date_gmt":"2022-11-12T17:21:39","guid":{"rendered":"https:\/\/weltlaeden.de\/rottenburg-am-neckar\/?page_id=773"},"modified":"2025-06-07T18:42:46","modified_gmt":"2025-06-07T16:42:46","slug":"textiles-accessoires-nuetzliches","status":"publish","type":"page","link":"https:\/\/weltlaeden.de\/rottenburg-am-neckar\/produkte\/kunsthandwerk\/textiles-accessoires-nuetzliches\/","title":{"rendered":"Textiles &amp; Accessoires &amp; N\u00fctzliches"},"content":{"rendered":"<div class=\"wpb-content-wrapper\"><p>[vc_row][vc_column][vc_column_text css=&#8220;&#8220;]<\/p>\n<h1>Textiles, Accessoires und N\u00fctzliches<\/h1>\n<p>[\/vc_column_text][\/vc_column][\/vc_row][vc_row][vc_column][vc_column_text css=&#8220;&#8220;]Wir bieten Ihnen eine Vielfalt an Textilien, die sowohl modisch als auch funktional sind. Von leichten T\u00fcchern aus Viskose, Seide oder Wolle bis hin zu warmen M\u00fctzen und Schals f\u00fcr die kalte Jahreszeit \u2013 setzen Sie modische Akzente oder genie\u00dfen Sie den Komfort von hochwertiger Handarbeit.<\/p>\n<p>F\u00fcr den Alltag haben wir elegante Taschen und praktische H\u00fcllen f\u00fcr Notebooks und Laptops, gefertigt aus edlen Seidenstoffen und attraktiven Drucken.<\/p>\n<p>Entdecken Sie auch Highlights wie Batiksch\u00fcrzen aus Zimbabwe, Tischt\u00fccher aus Mexiko und bestickte Einkaufstaschen aus Bolivien. Jedes St\u00fcck erz\u00e4hlt eine Geschichte und bringt einen Hauch von Weltkultur in Ihren Alltag.[\/vc_column_text][vc_media_grid element_width=&#8220;3&#8243; css=&#8220;.vc_custom_1732039391714{border-radius: 4px !important;}&#8220; grid_id=&#8220;vc_gid:1732039321167-728dbc5a-78d4-4&#8243; include=&#8220;1399,1400,1261,1137,1086,1162&#8243;][\/vc_column][\/vc_row]<\/p>\n<\/div>","protected":false},"excerpt":{"rendered":"<p>[vc_row][vc_column][vc_column_text css=&#8220;&#8220;] Textiles, Accessoires und N\u00fctzliches [\/vc_column_text][\/vc_column][\/vc_row][vc_row][vc_column][vc_column_text css=&#8220;&#8220;]Wir bieten Ihnen eine Vielfalt an Textilien, die sowohl modisch als auch funktional sind. Von leichten T\u00fcchern aus Viskose, Seide oder Wolle bis hin zu warmen M\u00fctzen und Schals f\u00fcr die kalte Jahreszeit \u2013 setzen Sie modische Akzente oder genie\u00dfen Sie den Komfort von hochwertiger Handarbeit. F\u00fcr den&hellip;<\/p>\n","protected":false},"author":285,"featured_media":0,"parent":769,"menu_order":8,"comment_status":"closed","ping_status":"closed","template":"","meta":{"footnotes":""},"class_list":["post-773","page","type-page","status-publish","hentry","description-off"],"yoast_head":"<!-- This site is optimized with the Yoast SEO plugin v26.8 - https:\/\/yoast.com\/product\/yoast-seo-wordpress\/ -->\n<title>Textiles &amp; Accessoires &amp; N\u00fctzliches - Weltladen Rottenburg<\/title>\n<meta name=\"description\" content=\"Entdecken Sie faire Textilien im Weltladen Rottenburg: leichte T\u00fccher, warme Schals, elegante Taschen und exotisches Kunsthandwerk.\" \/>\n<meta name=\"robots\" content=\"index, follow, max-snippet:-1, max-image-preview:large, max-video-preview:-1\" \/>\n<link rel=\"canonical\" href=\"https:\/\/weltlaeden.de\/rottenburg-am-neckar\/produkte\/kunsthandwerk\/textiles-accessoires-nuetzliches\/\" \/>\n<meta property=\"og:locale\" content=\"de_DE\" \/>\n<meta property=\"og:type\" content=\"article\" \/>\n<meta property=\"og:title\" content=\"Textiles &amp; Accessoires &amp; N\u00fctzliches - Weltladen Rottenburg\" \/>\n<meta property=\"og:description\" content=\"Entdecken Sie faire Textilien im Weltladen Rottenburg: leichte T\u00fccher, warme Schals, elegante Taschen und exotisches Kunsthandwerk.\" \/>\n<meta property=\"og:url\" content=\"https:\/\/weltlaeden.de\/rottenburg-am-neckar\/produkte\/kunsthandwerk\/textiles-accessoires-nuetzliches\/\" \/>\n<meta property=\"og:site_name\" content=\"Weltladen Rottenburg\" \/>\n<meta property=\"article:modified_time\" content=\"2025-06-07T16:42:46+00:00\" \/>\n<meta name=\"twitter:card\" content=\"summary_large_image\" \/>\n<meta name=\"twitter:label1\" content=\"Gesch\u00e4tzte Lesezeit\" \/>\n\t<meta name=\"twitter:data1\" content=\"1\u00a0Minute\" \/>\n<script type=\"application\/ld+json\" class=\"yoast-schema-graph\">{\"@context\":\"https:\/\/schema.org\",\"@graph\":[{\"@type\":\"WebPage\",\"@id\":\"https:\/\/weltlaeden.de\/rottenburg-am-neckar\/produkte\/kunsthandwerk\/textiles-accessoires-nuetzliches\/\",\"url\":\"https:\/\/weltlaeden.de\/rottenburg-am-neckar\/produkte\/kunsthandwerk\/textiles-accessoires-nuetzliches\/\",\"name\":\"Textiles &amp; Accessoires &amp; N\u00fctzliches - Weltladen Rottenburg\",\"isPartOf\":{\"@id\":\"https:\/\/weltlaeden.de\/rottenburg-am-neckar\/#website\"},\"datePublished\":\"2022-11-12T17:21:39+00:00\",\"dateModified\":\"2025-06-07T16:42:46+00:00\",\"description\":\"Entdecken Sie faire Textilien im Weltladen Rottenburg: leichte T\u00fccher, warme Schals, elegante Taschen und exotisches Kunsthandwerk.\",\"breadcrumb\":{\"@id\":\"https:\/\/weltlaeden.de\/rottenburg-am-neckar\/produkte\/kunsthandwerk\/textiles-accessoires-nuetzliches\/#breadcrumb\"},\"inLanguage\":\"de\",\"potentialAction\":[{\"@type\":\"ReadAction\",\"target\":[\"https:\/\/weltlaeden.de\/rottenburg-am-neckar\/produkte\/kunsthandwerk\/textiles-accessoires-nuetzliches\/\"]}]},{\"@type\":\"BreadcrumbList\",\"@id\":\"https:\/\/weltlaeden.de\/rottenburg-am-neckar\/produkte\/kunsthandwerk\/textiles-accessoires-nuetzliches\/#breadcrumb\",\"itemListElement\":[{\"@type\":\"ListItem\",\"position\":1,\"name\":\"Startseite\",\"item\":\"https:\/\/weltlaeden.de\/rottenburg-am-neckar\/\"},{\"@type\":\"ListItem\",\"position\":2,\"name\":\"Sortiment\",\"item\":\"https:\/\/weltlaeden.de\/rottenburg-am-neckar\/produkte\/\"},{\"@type\":\"ListItem\",\"position\":3,\"name\":\"Kunsthandwerk\",\"item\":\"https:\/\/weltlaeden.de\/rottenburg-am-neckar\/produkte\/kunsthandwerk\/\"},{\"@type\":\"ListItem\",\"position\":4,\"name\":\"Textiles &amp; Accessoires &amp; N\u00fctzliches\"}]},{\"@type\":\"WebSite\",\"@id\":\"https:\/\/weltlaeden.de\/rottenburg-am-neckar\/#website\",\"url\":\"https:\/\/weltlaeden.de\/rottenburg-am-neckar\/\",\"name\":\"Weltladen Rottenburg\",\"description\":\"Faire Produkte seit 1977\",\"potentialAction\":[{\"@type\":\"SearchAction\",\"target\":{\"@type\":\"EntryPoint\",\"urlTemplate\":\"https:\/\/weltlaeden.de\/rottenburg-am-neckar\/?s={search_term_string}\"},\"query-input\":{\"@type\":\"PropertyValueSpecification\",\"valueRequired\":true,\"valueName\":\"search_term_string\"}}],\"inLanguage\":\"de\"}]}<\/script>\n<!-- \/ Yoast SEO plugin. -->","yoast_head_json":{"title":"Textiles &amp; Accessoires &amp; N\u00fctzliches - Weltladen Rottenburg","description":"Entdecken Sie faire Textilien im Weltladen Rottenburg: leichte T\u00fccher, warme Schals, elegante Taschen und exotisches Kunsthandwerk.","robots":{"index":"index","follow":"follow","max-snippet":"max-snippet:-1","max-image-preview":"max-image-preview:large","max-video-preview":"max-video-preview:-1"},"canonical":"https:\/\/weltlaeden.de\/rottenburg-am-neckar\/produkte\/kunsthandwerk\/textiles-accessoires-nuetzliches\/","og_locale":"de_DE","og_type":"article","og_title":"Textiles &amp; Accessoires &amp; N\u00fctzliches - Weltladen Rottenburg","og_description":"Entdecken Sie faire Textilien im Weltladen Rottenburg: leichte T\u00fccher, warme Schals, elegante Taschen und exotisches Kunsthandwerk.","og_url":"https:\/\/weltlaeden.de\/rottenburg-am-neckar\/produkte\/kunsthandwerk\/textiles-accessoires-nuetzliches\/","og_site_name":"Weltladen Rottenburg","article_modified_time":"2025-06-07T16:42:46+00:00","twitter_card":"summary_large_image","twitter_misc":{"Gesch\u00e4tzte Lesezeit":"1\u00a0Minute"},"schema":{"@context":"https:\/\/schema.org","@graph":[{"@type":"WebPage","@id":"https:\/\/weltlaeden.de\/rottenburg-am-neckar\/produkte\/kunsthandwerk\/textiles-accessoires-nuetzliches\/","url":"https:\/\/weltlaeden.de\/rottenburg-am-neckar\/produkte\/kunsthandwerk\/textiles-accessoires-nuetzliches\/","name":"Textiles &amp; Accessoires &amp; N\u00fctzliches - Weltladen Rottenburg","isPartOf":{"@id":"https:\/\/weltlaeden.de\/rottenburg-am-neckar\/#website"},"datePublished":"2022-11-12T17:21:39+00:00","dateModified":"2025-06-07T16:42:46+00:00","description":"Entdecken Sie faire Textilien im Weltladen Rottenburg: leichte T\u00fccher, warme Schals, elegante Taschen und exotisches Kunsthandwerk.","breadcrumb":{"@id":"https:\/\/weltlaeden.de\/rottenburg-am-neckar\/produkte\/kunsthandwerk\/textiles-accessoires-nuetzliches\/#breadcrumb"},"inLanguage":"de","potentialAction":[{"@type":"ReadAction","target":["https:\/\/weltlaeden.de\/rottenburg-am-neckar\/produkte\/kunsthandwerk\/textiles-accessoires-nuetzliches\/"]}]},{"@type":"BreadcrumbList","@id":"https:\/\/weltlaeden.de\/rottenburg-am-neckar\/produkte\/kunsthandwerk\/textiles-accessoires-nuetzliches\/#breadcrumb","itemListElement":[{"@type":"ListItem","position":1,"name":"Startseite","item":"https:\/\/weltlaeden.de\/rottenburg-am-neckar\/"},{"@type":"ListItem","position":2,"name":"Sortiment","item":"https:\/\/weltlaeden.de\/rottenburg-am-neckar\/produkte\/"},{"@type":"ListItem","position":3,"name":"Kunsthandwerk","item":"https:\/\/weltlaeden.de\/rottenburg-am-neckar\/produkte\/kunsthandwerk\/"},{"@type":"ListItem","position":4,"name":"Textiles &amp; Accessoires &amp; N\u00fctzliches"}]},{"@type":"WebSite","@id":"https:\/\/weltlaeden.de\/rottenburg-am-neckar\/#website","url":"https:\/\/weltlaeden.de\/rottenburg-am-neckar\/","name":"Weltladen Rottenburg","description":"Faire Produkte seit 1977","potentialAction":[{"@type":"SearchAction","target":{"@type":"EntryPoint","urlTemplate":"https:\/\/weltlaeden.de\/rottenburg-am-neckar\/?s={search_term_string}"},"query-input":{"@type":"PropertyValueSpecification","valueRequired":true,"valueName":"search_term_string"}}],"inLanguage":"de"}]}},"_links":{"self":[{"href":"https:\/\/weltlaeden.de\/rottenburg-am-neckar\/wp-json\/wp\/v2\/pages\/773","targetHints":{"allow":["GET"]}}],"collection":[{"href":"https:\/\/weltlaeden.de\/rottenburg-am-neckar\/wp-json\/wp\/v2\/pages"}],"about":[{"href":"https:\/\/weltlaeden.de\/rottenburg-am-neckar\/wp-json\/wp\/v2\/types\/page"}],"author":[{"embeddable":true,"href":"https:\/\/weltlaeden.de\/rottenburg-am-neckar\/wp-json\/wp\/v2\/users\/285"}],"replies":[{"embeddable":true,"href":"https:\/\/weltlaeden.de\/rottenburg-am-neckar\/wp-json\/wp\/v2\/comments?post=773"}],"version-history":[{"count":9,"href":"https:\/\/weltlaeden.de\/rottenburg-am-neckar\/wp-json\/wp\/v2\/pages\/773\/revisions"}],"predecessor-version":[{"id":1421,"href":"https:\/\/weltlaeden.de\/rottenburg-am-neckar\/wp-json\/wp\/v2\/pages\/773\/revisions\/1421"}],"up":[{"embeddable":true,"href":"https:\/\/weltlaeden.de\/rottenburg-am-neckar\/wp-json\/wp\/v2\/pages\/769"}],"wp:attachment":[{"href":"https:\/\/weltlaeden.de\/rottenburg-am-neckar\/wp-json\/wp\/v2\/media?parent=773"}],"curies":[{"name":"wp","href":"https:\/\/api.w.org\/{rel}","templated":true}]}}