{"id":20,"date":"2016-10-14T09:05:21","date_gmt":"2016-10-14T07:05:21","guid":{"rendered":"https:\/\/wl.heimpixel.de\/rostock\/weltladen-musterdorf\/"},"modified":"2025-08-05T21:10:56","modified_gmt":"2025-08-05T19:10:56","slug":"weltladen-musterdorf","status":"publish","type":"page","link":"https:\/\/weltlaeden.de\/rostock\/","title":{"rendered":"Weltladen Rostock"},"content":{"rendered":"<div class=\"wpb-content-wrapper\"><p>[vc_row][vc_column]<div class=\"wl_einzelbild\"><p><img loading=\"lazy\" decoding=\"async\" class=\"alignnone wp-image-355\" src=\"https:\/\/weltlaeden.de\/rostock\/wp-content\/uploads\/sites\/24\/2020\/04\/DSC05078-300x200.jpg\" alt=\"\" width=\"578\" height=\"385\" srcset=\"https:\/\/weltlaeden.de\/rostock\/wp-content\/uploads\/sites\/24\/2020\/04\/DSC05078-300x200.jpg 300w, https:\/\/weltlaeden.de\/rostock\/wp-content\/uploads\/sites\/24\/2020\/04\/DSC05078-768x512.jpg 768w, https:\/\/weltlaeden.de\/rostock\/wp-content\/uploads\/sites\/24\/2020\/04\/DSC05078-1024x683.jpg 1024w, https:\/\/weltlaeden.de\/rostock\/wp-content\/uploads\/sites\/24\/2020\/04\/DSC05078.jpg 1920w\" sizes=\"auto, (max-width: 578px) 100vw, 578px\" \/><\/p><\/div>[vc_empty_space height=&#8220;20px&#8220;][\/vc_column][\/vc_row][vc_row][vc_column][vc_column_text]<\/p>\n<h1 style=\"text-align: left\">Willkommen im Weltladen im \u00d6kohaus Rostock !<\/h1>\n<p>[\/vc_column_text][vc_column_text css=&#8220;&#8220;]Liebe Kund*innen,<\/p>\n<p>wir haben immer wieder neue Produkte, schauen Sie einfach mal rein.<\/p>\n<p>Wir freuen uns auf Ihren Besuch im Weltladen.<\/p>\n<p>Unsere Handelspartner*innen im Globalen S\u00fcden brauchen die Stabilit\u00e4t des Fairen Handels mehr denn je, um weiterhin eine Perspektive zu haben. Neben dem Einkauf im Weltladen k\u00f6nnen Sie bei unseren Lieferanten online Ihre gew\u00fcnschten Produkte bestellen und nach Hause liefern lassen. <a href=\"https:\/\/shop.el-puente.de\">El Puente<\/a>, <a href=\"https:\/\/www.gepa-shop.de\">Gepa<\/a>, <a href=\"https:\/\/shop.weltpartner.de\">Weltpartner<\/a>[\/vc_column_text]<div class=\"wl_einzelbild\"><p><img loading=\"lazy\" decoding=\"async\" class=\"alignnone size-medium wp-image-376\" src=\"https:\/\/weltlaeden.de\/rostock\/wp-content\/uploads\/sites\/24\/2021\/08\/StadtkaffeeHRO-Segelschiff-aventuur-fair-bio-gesegelt-300x300.jpg\" alt=\"\" width=\"300\" height=\"300\" srcset=\"https:\/\/weltlaeden.de\/rostock\/wp-content\/uploads\/sites\/24\/2021\/08\/StadtkaffeeHRO-Segelschiff-aventuur-fair-bio-gesegelt-300x300.jpg 300w, https:\/\/weltlaeden.de\/rostock\/wp-content\/uploads\/sites\/24\/2021\/08\/StadtkaffeeHRO-Segelschiff-aventuur-fair-bio-gesegelt-150x150.jpg 150w, https:\/\/weltlaeden.de\/rostock\/wp-content\/uploads\/sites\/24\/2021\/08\/StadtkaffeeHRO-Segelschiff-aventuur-fair-bio-gesegelt-768x768.jpg 768w, https:\/\/weltlaeden.de\/rostock\/wp-content\/uploads\/sites\/24\/2021\/08\/StadtkaffeeHRO-Segelschiff-aventuur-fair-bio-gesegelt.jpg 1020w\" sizes=\"auto, (max-width: 300px) 100vw, 300px\" \/><\/p><\/div>[vc_empty_space height=&#8220;30px&#8220;][vc_column_text]<\/p>\n<h2>Was Sie auf dieser Website finden:<\/h2>\n<p>[\/vc_column_text][vc_empty_space height=&#8220;20px&#8220;][vc_row_inner][vc_column_inner width=&#8220;1\/4&#8243;]<div class=\"wl_einzelbild\"><p><img loading=\"lazy\" decoding=\"async\" class=\"alignleft size-thumbnail wp-image-nsm-3-17\" src=\"https:\/\/weltlaeden.de\/rostock\/wp-content\/uploads\/sites\/3\/2016\/11\/Lebensmittel_weltladen31-150x150.jpg\" alt=\"\" width=\"150\" height=\"150\" \/><\/p><\/div>[\/vc_column_inner][vc_column_inner width=&#8220;3\/4&#8243;][vc_column_text]<\/p>\n<h3>Produkte<\/h3>\n<p>Unsere Produkte im Weltladen sind nat\u00fcrlich alle aus Fairem Handel, dennoch kommen sie von unterschiedlichen Fair-Handels-Importeuren. <a href=\"https:\/\/weltlaeden.de\/rostock\/produkte\/\">Hier zeigen wir Ihnen unser Sortiment &#8230;<\/a>[\/vc_column_text][\/vc_column_inner][\/vc_row_inner][vc_separator][vc_row_inner][vc_column_inner width=&#8220;1\/4&#8243;]<div class=\"wl_einzelbild\"><p><img loading=\"lazy\" decoding=\"async\" class=\"alignleft size-thumbnail wp-image-nsm-3-16\" src=\"https:\/\/weltlaeden.de\/rostock\/wp-content\/uploads\/sites\/3\/2016\/11\/ElPuente_Kakaobohnen_El-Ceibo_Bolivien-150x150.jpg\" alt=\"\" width=\"150\" height=\"150\" \/><\/p><\/div>[\/vc_column_inner][vc_column_inner width=&#8220;3\/4&#8243;][vc_column_text]<\/p>\n<h3>\u00dcber uns<\/h3>\n<p>Wer wir sind, warum wir uns f\u00fcr Fairen Handel engagieren und wie man bei uns mitmachen kann &#8211; <a href=\"https:\/\/weltlaeden.de\/rostock\/ueber-uns\/\">hier stellen wir uns vor &#8230;<\/a>[\/vc_column_text][\/vc_column_inner][\/vc_row_inner][vc_separator][vc_row_inner][vc_column_inner width=&#8220;1\/4&#8243;]<div class=\"wl_einzelbild\"><p><img loading=\"lazy\" decoding=\"async\" class=\"alignleft size-thumbnail wp-image-nsm-3-15\" src=\"https:\/\/weltlaeden.de\/rostock\/wp-content\/uploads\/sites\/3\/2016\/11\/FairerHandel_ElPuente_Fingerpuppen_EccoExe_Peru-150x150.jpg\" alt=\"\" width=\"150\" height=\"150\" \/><\/p><\/div>[\/vc_column_inner][vc_column_inner width=&#8220;3\/4&#8243;][vc_column_text]<\/p>\n<h3>Fairer Handel<\/h3>\n<p>Was meint Fairer Handel \u00fcberhaupt? Welche Kriterien m\u00fcssen eingehalten werden und wer \u00fcberpr\u00fcft diese? <a href=\"https:\/\/weltlaeden.de\/rostock\/fairer-handel\/\">Erfahren Sie mehr &#8230;<\/a>[\/vc_column_text][\/vc_column_inner][\/vc_row_inner][vc_separator][vc_row_inner][vc_column_inner width=&#8220;1\/4&#8243;]<div class=\"wl_einzelbild\"><p><img loading=\"lazy\" decoding=\"async\" class=\"alignleft size-thumbnail wp-image-nsm-3-19\" src=\"https:\/\/weltlaeden.de\/rostock\/wp-content\/uploads\/sites\/3\/2016\/11\/Termine-150x150.jpg\" alt=\"\" width=\"150\" height=\"150\" \/><\/p><\/div>[\/vc_column_inner][vc_column_inner width=&#8220;3\/4&#8243;][vc_column_text]<\/p>\n<h3>Termine<\/h3>\n<p>Bei uns ist immer etwas los! Wir treffen uns regelm\u00e4\u00dfig zu Teamsitzungen und Fortbildungen, organisieren aber auch immer mal wieder eine Veranstaltung zum Fairen Handel und verwandten Themen. <a href=\"https:\/\/weltlaeden.de\/rostock\/termine\/\">Hier erfahren Sie was bei uns los ist \u2026<\/a><br \/>\n[\/vc_column_text][\/vc_column_inner][\/vc_row_inner][vc_separator][\/vc_column][\/vc_row][vc_row][vc_column][vc_empty_space][vc_row_inner][vc_column_inner][vc_column_text][\/vc_column_text][\/vc_column_inner][\/vc_row_inner]<!-- This slideshow output is generated with Advanced post slider a multipurpose responsive WordPress slideshow plugin - http:\/\/www.wpcue.com\/wordpress-plugins\/advanced-post-slider\/ -->\r\n<style>\r\n#advps_container3 .bx-wrapper .bx-viewport {\r\n\t\tbackground:#ffffff;\r\n}\r\n#advps_container3 .bx-wrapper .bx-pager{\r\n\ttext-align: right;\r\n\tpadding-right:5px;\r\n}\r\n#advps_container3 .bx-wrapper .bx-pager\r\n{\r\n\tbottom:-35px;\r\n\tz-index:999;\r\n}\r\n#advps_container3 .bx-wrapper .bx-controls-auto\r\n{\r\n\tbottom:6px;\r\n}\r\n#advps_container3 .bx-wrapper .bx-controls.bx-has-controls-auto.bx-has-pager .bx-pager {\r\n\ttext-align: right;\r\n}\r\n#advps_container3 .bx-wrapper .bx-controls-auto {\r\n\tz-index:99999;\r\n\ttext-align:center;width:100%;}\r\n\r\n#advps_container3 .bx-wrapper .bx-pager.bx-default-pager a {\r\n\tbackground: #666;\r\n\ttext-indent: -9999px;\r\n\tdisplay: block;\r\n\twidth: 10px;\r\n\theight: 10px;\r\n\tmargin: 0 5px;\r\n\toutline: 0;\r\n\t-moz-border-radius: 5px;\r\n\t-webkit-border-radius: 5px;\r\n\tborder-radius: 5px;\r\n\ttext-align:left;\r\n}\r\n#advps_container3 .bx-wrapper .bx-pager.bx-default-pager a:hover,\r\n#advps_container3 .bx-wrapper .bx-pager.bx-default-pager a.active {\r\n\tbackground: #000;\r\n}\r\n\r\n\/* thumbnail pager*\/\r\n#advps_container3 #bx-pager\r\n{\r\n\twidth:100%;\r\n\tposition:absolute;\r\n\tbottom:-35px;\r\n    text-align: right;\r\n\tz-index: 9999;\r\n}\r\n#advps_container3 #bx-pager a img\r\n{\r\n\tborder: 1px solid #CCCCCC;\r\n    padding: 3px;\r\n}\r\n#advps_container3 #bx-pager a:hover img, #advps_container3 #bx-pager a.active img\r\n{\r\n\tborder: 1px solid #666666;\r\n}\r\n\/* medai queries *\/\r\n#advps_container3 .advs-title,#advps_container3 .advs-title a\r\n{\r\n\tfont-size:20px;\r\n\tline-height:26px;\r\n}\r\n#advps_container3 .advps-slide p\r\n{\r\n\tfont-size:15px;\r\n\tline-height:22px;\r\n}\r\n@media screen and (max-width: 1024px){\r\n\t#advps_container3 .advs-title,#advps_container3 .advs-title a\r\n\t{\r\n\t\tfont-size:16px;\r\n\t\tline-height:26px;\r\n\t}\r\n\t#advps_container3 .advps-slide p\r\n\t{\r\n\t\tfont-size:15px;\r\n\t\tline-height:22px;\r\n\t}\r\n}\r\n@media screen and (max-width: 768px){\r\n\t#advps_container3 h2.advs-title, #advps_container3 h2.advs-title a\r\n\t{\r\n\t\tfont-size:16px;\r\n\t\tline-height:20px;\r\n\t}\r\n\t#advps_container3 .advps-slide p\r\n\t{\r\n\t\tfont-size:14px;\r\n\t\tline-height:18px;\r\n\t}\r\n}\r\n@media screen and (max-width: 650px){\r\n\t#advps_container3 h2.advs-title, #advps_container3 h2.advs-title a\r\n\t{\r\n\t\tfont-size:15px;\r\n\t\tline-height:18px;\r\n\t}\r\n\t#advps_container3 .advps-slide p\r\n\t{\r\n\t\tfont-size:13px;\r\n\t\tline-height:15px;\r\n\t}\r\n}\r\n@media screen and (max-width: 480px){\r\n\t#advps_container3 h2.advs-title, #advps_container3 h2.advs-title a\r\n\t{\r\n\t\tfont-size:13px;\r\n\t\tline-height:14px;\r\n\t}\r\n\t#advps_container3 .advps-slide p\r\n\t{\r\n\t\tfont-size:12px;\r\n\t\tline-height:13px;\r\n\t}\r\n}\r\n@media screen and (max-width: 320px){\r\n\t#advps_container3 h2.advs-title, #advps_container3 h2.advs-title a\r\n\t{\r\n\t\tfont-size:12px;\r\n\t\tline-height:13px;\r\n\t}\r\n\t#advps_container3 .advps-slide p\r\n\t{\r\n\t\tfont-size:11px;\r\n\t\tline-height:12px;\r\n\t}\r\n}\r\n<\/style>\r\n<script type=\"text\/javascript\">\r\n\t\tjQuery(document).ready(function($){\r\n\t\t\t$('#advpsslideshow_3').bxSlider({\r\n\t\t\t\tuseCSS:1,\r\n\t\t\t\tslideMargin: 0,\r\n\t\t\t\tspeed: 2000,\t\t\t\t\r\n\t\t\t\t\t\t\t\tmode: 'fade',\r\n\t\t\t\t\t\t\t\t\t\t\t\tauto: 1,\r\n\t\t\t\tautoHover: 1,\r\n\t\t\t\tpause: 10000,\r\n\t\t\t\teasing: 'linear',\r\n\t\t\t\tcontrols: 0,\r\n\t\t\t\tpager: 1,\r\n  \t\t\t\tautoControls: 0\t\t\t\t\t\t\t});\r\n\t\t\t\t\t\t\t$(\"#advpsslideshow_3 .advs-title a\").hover(function(){\r\n\t\t\t\t\t$(this).css('color','#5e5e5e');\r\n\t\t\t\t},function(){\r\n\t\t\t\t\t$(this).css('color','#ff7c00');\r\n\t\t\t\t});\r\n\t\t\t\t\t\t$(\"#advpsslideshow_3 .advps-slide\").hover(function(){\r\n\t\t\t\t  \t\t\t},function(){\r\n\t\t\t\t\t\t\t});\r\n\t\t});\r\n\t<\/script>\r\n<div id=\"advps_container3\" class=\"advps-slide-container\" style=\"overflow:hidden;max-width:1000px;\">\r\n \r\n  <div id=\"advpsslideshow_3\">\r\n      <\/div>\r\n  <\/div><!-- end advps-slide-container -->\r\n<!-- \/ Advanced post slider a multipurpose responsive slideshow plugin -->\r\n[\/vc_column][\/vc_row]<\/p>\n<\/div>","protected":false},"excerpt":{"rendered":"<p>[vc_row][vc_column][vc_empty_space height=&#8220;20px&#8220;][\/vc_column][\/vc_row][vc_row][vc_column][vc_column_text] Willkommen im Weltladen im \u00d6kohaus Rostock ! [\/vc_column_text][vc_column_text css=&#8220;&#8220;]Liebe Kund*innen, wir haben immer wieder neue Produkte, schauen Sie einfach mal rein. Wir freuen&hellip;<\/p>\n","protected":false},"author":1,"featured_media":0,"parent":0,"menu_order":0,"comment_status":"closed","ping_status":"closed","template":"","meta":{"footnotes":""},"class_list":["post-20","page","type-page","status-publish","hentry","description-off"],"_links":{"self":[{"href":"https:\/\/weltlaeden.de\/rostock\/wp-json\/wp\/v2\/pages\/20","targetHints":{"allow":["GET"]}}],"collection":[{"href":"https:\/\/weltlaeden.de\/rostock\/wp-json\/wp\/v2\/pages"}],"about":[{"href":"https:\/\/weltlaeden.de\/rostock\/wp-json\/wp\/v2\/types\/page"}],"author":[{"embeddable":true,"href":"https:\/\/weltlaeden.de\/rostock\/wp-json\/wp\/v2\/users\/1"}],"replies":[{"embeddable":true,"href":"https:\/\/weltlaeden.de\/rostock\/wp-json\/wp\/v2\/comments?post=20"}],"version-history":[{"count":43,"href":"https:\/\/weltlaeden.de\/rostock\/wp-json\/wp\/v2\/pages\/20\/revisions"}],"predecessor-version":[{"id":477,"href":"https:\/\/weltlaeden.de\/rostock\/wp-json\/wp\/v2\/pages\/20\/revisions\/477"}],"wp:attachment":[{"href":"https:\/\/weltlaeden.de\/rostock\/wp-json\/wp\/v2\/media?parent=20"}],"curies":[{"name":"wp","href":"https:\/\/api.w.org\/{rel}","templated":true}]}}

<div class="wpb-content-wrapper"><p>[vc_row][vc_column]<div class="wl_einzelbild"><p><img loading="lazy" decoding="async" class="alignnone wp-image-355" src="https://weltlaeden.de/rostock/wp-content/uploads/sites/24/2020/04/DSC05078-300x200.jpg" alt="" width="578" height="385" srcset="https://weltlaeden.de/rostock/wp-content/uploads/sites/24/2020/04/DSC05078-300x200.jpg 300w, https://weltlaeden.de/rostock/wp-content/uploads/sites/24/2020/04/DSC05078-768x512.jpg 768w, https://weltlaeden.de/rostock/wp-content/uploads/sites/24/2020/04/DSC05078-1024x683.jpg 1024w, https://weltlaeden.de/rostock/wp-content/uploads/sites/24/2020/04/DSC05078.jpg 1920w" sizes="auto, (max-width: 578px) 100vw, 578px" /></p></div>[vc_empty_space height=&#8220;20px&#8220;][/vc_column][/vc_row][vc_row][vc_column][vc_column_text]</p>
<h1 style="text-align: left">Willkommen im Weltladen im Ökohaus Rostock !</h1>
<p>[/vc_column_text][vc_column_text css=&#8220;&#8220;]Liebe Kund*innen,</p>
<p>wir haben immer wieder neue Produkte, schauen Sie einfach mal rein.</p>
<p>Wir freuen uns auf Ihren Besuch im Weltladen.</p>
<p>Unsere Handelspartner*innen im Globalen Süden brauchen die Stabilität des Fairen Handels mehr denn je, um weiterhin eine Perspektive zu haben. Neben dem Einkauf im Weltladen können Sie bei unseren Lieferanten online Ihre gewünschten Produkte bestellen und nach Hause liefern lassen. <a href="https://shop.el-puente.de">El Puente</a>, <a href="https://www.gepa-shop.de">Gepa</a>, <a href="https://shop.weltpartner.de">Weltpartner</a>[/vc_column_text]<div class="wl_einzelbild"><p><img loading="lazy" decoding="async" class="alignnone size-medium wp-image-376" src="https://weltlaeden.de/rostock/wp-content/uploads/sites/24/2021/08/StadtkaffeeHRO-Segelschiff-aventuur-fair-bio-gesegelt-300x300.jpg" alt="" width="300" height="300" srcset="https://weltlaeden.de/rostock/wp-content/uploads/sites/24/2021/08/StadtkaffeeHRO-Segelschiff-aventuur-fair-bio-gesegelt-300x300.jpg 300w, https://weltlaeden.de/rostock/wp-content/uploads/sites/24/2021/08/StadtkaffeeHRO-Segelschiff-aventuur-fair-bio-gesegelt-150x150.jpg 150w, https://weltlaeden.de/rostock/wp-content/uploads/sites/24/2021/08/StadtkaffeeHRO-Segelschiff-aventuur-fair-bio-gesegelt-768x768.jpg 768w, https://weltlaeden.de/rostock/wp-content/uploads/sites/24/2021/08/StadtkaffeeHRO-Segelschiff-aventuur-fair-bio-gesegelt.jpg 1020w" sizes="auto, (max-width: 300px) 100vw, 300px" /></p></div>[vc_empty_space height=&#8220;30px&#8220;][vc_column_text]</p>
<h2>Was Sie auf dieser Website finden:</h2>
<p>[/vc_column_text][vc_empty_space height=&#8220;20px&#8220;][vc_row_inner][vc_column_inner width=&#8220;1/4&#8243;]<div class="wl_einzelbild"><p><img loading="lazy" decoding="async" class="alignleft size-thumbnail wp-image-nsm-3-17" src="https://weltlaeden.de/rostock/wp-content/uploads/sites/3/2016/11/Lebensmittel_weltladen31-150x150.jpg" alt="" width="150" height="150" /></p></div>[/vc_column_inner][vc_column_inner width=&#8220;3/4&#8243;][vc_column_text]</p>
<h3>Produkte</h3>
<p>Unsere Produkte im Weltladen sind natürlich alle aus Fairem Handel, dennoch kommen sie von unterschiedlichen Fair-Handels-Importeuren. <a href="https://weltlaeden.de/rostock/produkte/">Hier zeigen wir Ihnen unser Sortiment &#8230;</a>[/vc_column_text][/vc_column_inner][/vc_row_inner][vc_separator][vc_row_inner][vc_column_inner width=&#8220;1/4&#8243;]<div class="wl_einzelbild"><p><img loading="lazy" decoding="async" class="alignleft size-thumbnail wp-image-nsm-3-16" src="https://weltlaeden.de/rostock/wp-content/uploads/sites/3/2016/11/ElPuente_Kakaobohnen_El-Ceibo_Bolivien-150x150.jpg" alt="" width="150" height="150" /></p></div>[/vc_column_inner][vc_column_inner width=&#8220;3/4&#8243;][vc_column_text]</p>
<h3>Über uns</h3>
<p>Wer wir sind, warum wir uns für Fairen Handel engagieren und wie man bei uns mitmachen kann &#8211; <a href="https://weltlaeden.de/rostock/ueber-uns/">hier stellen wir uns vor &#8230;</a>[/vc_column_text][/vc_column_inner][/vc_row_inner][vc_separator][vc_row_inner][vc_column_inner width=&#8220;1/4&#8243;]<div class="wl_einzelbild"><p><img loading="lazy" decoding="async" class="alignleft size-thumbnail wp-image-nsm-3-15" src="https://weltlaeden.de/rostock/wp-content/uploads/sites/3/2016/11/FairerHandel_ElPuente_Fingerpuppen_EccoExe_Peru-150x150.jpg" alt="" width="150" height="150" /></p></div>[/vc_column_inner][vc_column_inner width=&#8220;3/4&#8243;][vc_column_text]</p>
<h3>Fairer Handel</h3>
<p>Was meint Fairer Handel überhaupt? Welche Kriterien müssen eingehalten werden und wer überprüft diese? <a href="https://weltlaeden.de/rostock/fairer-handel/">Erfahren Sie mehr &#8230;</a>[/vc_column_text][/vc_column_inner][/vc_row_inner][vc_separator][vc_row_inner][vc_column_inner width=&#8220;1/4&#8243;]<div class="wl_einzelbild"><p><img loading="lazy" decoding="async" class="alignleft size-thumbnail wp-image-nsm-3-19" src="https://weltlaeden.de/rostock/wp-content/uploads/sites/3/2016/11/Termine-150x150.jpg" alt="" width="150" height="150" /></p></div>[/vc_column_inner][vc_column_inner width=&#8220;3/4&#8243;][vc_column_text]</p>
<h3>Termine</h3>
<p>Bei uns ist immer etwas los! Wir treffen uns regelmäßig zu Teamsitzungen und Fortbildungen, organisieren aber auch immer mal wieder eine Veranstaltung zum Fairen Handel und verwandten Themen. <a href="https://weltlaeden.de/rostock/termine/">Hier erfahren Sie was bei uns los ist …</a><br />
[/vc_column_text][/vc_column_inner][/vc_row_inner][vc_separator][/vc_column][/vc_row][vc_row][vc_column][vc_empty_space][vc_row_inner][vc_column_inner][vc_column_text][/vc_column_text][/vc_column_inner][/vc_row_inner]<!-- This slideshow output is generated with Advanced post slider a multipurpose responsive WordPress slideshow plugin - http://www.wpcue.com/wordpress-plugins/advanced-post-slider/ -->
<style>
#advps_container3 .bx-wrapper .bx-viewport {
		background:#ffffff;
}
#advps_container3 .bx-wrapper .bx-pager{
	text-align: right;
	padding-right:5px;
}
#advps_container3 .bx-wrapper .bx-pager
{
	bottom:-35px;
	z-index:999;
}
#advps_container3 .bx-wrapper .bx-controls-auto
{
	bottom:6px;
}
#advps_container3 .bx-wrapper .bx-controls.bx-has-controls-auto.bx-has-pager .bx-pager {
	text-align: right;
}
#advps_container3 .bx-wrapper .bx-controls-auto {
	z-index:99999;
	text-align:center;width:100%;}

#advps_container3 .bx-wrapper .bx-pager.bx-default-pager a {
	background: #666;
	text-indent: -9999px;
	display: block;
	width: 10px;
	height: 10px;
	margin: 0 5px;
	outline: 0;
	-moz-border-radius: 5px;
	-webkit-border-radius: 5px;
	border-radius: 5px;
	text-align:left;
}
#advps_container3 .bx-wrapper .bx-pager.bx-default-pager a:hover,
#advps_container3 .bx-wrapper .bx-pager.bx-default-pager a.active {
	background: #000;
}

/* thumbnail pager*/
#advps_container3 #bx-pager
{
	width:100%;
	position:absolute;
	bottom:-35px;
    text-align: right;
	z-index: 9999;
}
#advps_container3 #bx-pager a img
{
	border: 1px solid #CCCCCC;
    padding: 3px;
}
#advps_container3 #bx-pager a:hover img, #advps_container3 #bx-pager a.active img
{
	border: 1px solid #666666;
}
/* medai queries */
#advps_container3 .advs-title,#advps_container3 .advs-title a
{
	font-size:20px;
	line-height:26px;
}
#advps_container3 .advps-slide p
{
	font-size:15px;
	line-height:22px;
}
@media screen and (max-width: 1024px){
	#advps_container3 .advs-title,#advps_container3 .advs-title a
	{
		font-size:16px;
		line-height:26px;
	}
	#advps_container3 .advps-slide p
	{
		font-size:15px;
		line-height:22px;
	}
}
@media screen and (max-width: 768px){
	#advps_container3 h2.advs-title, #advps_container3 h2.advs-title a
	{
		font-size:16px;
		line-height:20px;
	}
	#advps_container3 .advps-slide p
	{
		font-size:14px;
		line-height:18px;
	}
}
@media screen and (max-width: 650px){
	#advps_container3 h2.advs-title, #advps_container3 h2.advs-title a
	{
		font-size:15px;
		line-height:18px;
	}
	#advps_container3 .advps-slide p
	{
		font-size:13px;
		line-height:15px;
	}
}
@media screen and (max-width: 480px){
	#advps_container3 h2.advs-title, #advps_container3 h2.advs-title a
	{
		font-size:13px;
		line-height:14px;
	}
	#advps_container3 .advps-slide p
	{
		font-size:12px;
		line-height:13px;
	}
}
@media screen and (max-width: 320px){
	#advps_container3 h2.advs-title, #advps_container3 h2.advs-title a
	{
		font-size:12px;
		line-height:13px;
	}
	#advps_container3 .advps-slide p
	{
		font-size:11px;
		line-height:12px;
	}
}
</style>
<script type="text/javascript">
		jQuery(document).ready(function($){
			$('#advpsslideshow_3').bxSlider({
				useCSS:1,
				slideMargin: 0,
				speed: 2000,				
								mode: 'fade',
												auto: 1,
				autoHover: 1,
				pause: 10000,
				easing: 'linear',
				controls: 0,
				pager: 1,
  				autoControls: 0							});
							$("#advpsslideshow_3 .advs-title a").hover(function(){
					$(this).css('color','#5e5e5e');
				},function(){
					$(this).css('color','#ff7c00');
				});
						$("#advpsslideshow_3 .advps-slide").hover(function(){
				  			},function(){
							});
		});
	</script>
<div id="advps_container3" class="advps-slide-container" style="overflow:hidden;max-width:1000px;">
 
  <div id="advpsslideshow_3">
      </div>
  </div><!-- end advps-slide-container -->
<!-- / Advanced post slider a multipurpose responsive slideshow plugin -->
[/vc_column][/vc_row]</p>
</div>

<p>[vc_row][vc_column][vc_empty_space height=&#8220;20px&#8220;][/vc_column][/vc_row][vc_row][vc_column][vc_column_text] Willkommen im Weltladen im Ökohaus Rostock ! [/vc_column_text][vc_column_text css=&#8220;&#8220;]Liebe Kund*innen, wir haben immer wieder neue Produkte, schauen Sie einfach mal rein. Wir freuen&hellip;</p>
