{"id":219,"date":"2016-10-28T13:34:47","date_gmt":"2016-10-28T11:34:47","guid":{"rendered":"https:\/\/wl.heimpixel.de\/vorlage\/ueber-uns\/"},"modified":"2020-01-08T11:33:18","modified_gmt":"2020-01-08T10:33:18","slug":"ueber-uns","status":"publish","type":"page","link":"https:\/\/weltlaeden.de\/rodenkirchen\/ueber-uns\/","title":{"rendered":"\u00dcber uns"},"content":{"rendered":"<div class=\"wpb-content-wrapper\"><p>[vc_row][vc_column]<div class=\"wl_einzelbild\"><p><img loading=\"lazy\" decoding=\"async\" class=\"aligncenter size-full wp-image-448\" src=\"https:\/\/weltlaeden.de\/rodenkirchen\/wp-content\/uploads\/sites\/93\/2019\/04\/board-game-challenge-chess-209728_1200x519-e1555324787982.png\" alt=\"\" width=\"787\" height=\"340\" \/><\/p><\/div>[vc_empty_space][vc_column_text]<\/p>\n<h1>\u00dcber die Weltgruppe Rodenkirchen<\/h1>\n<p>[\/vc_column_text][vc_column_text]Die Weltgruppe der <a href=\"https:\/\/www.kirche-rodenkirchen.de\/\" target=\"_blank\" rel=\"noopener\">evangelischen Kirchengemeinde Rodenkirchen<\/a> hat sich seit ihrer Gr\u00fcndung im Jahre 1996 st\u00e4ndig weiterentwickelt.<\/p>\n<p><strong>Aktuell engagieren sich 10 ehrenamtliche Mitarbeiter in unserem Team.<\/strong><\/p>\n<p><strong>Zielsetzung<\/strong>:<\/p>\n<p>Umsetzung des Fair-Trade-Gedankens und der Nachhaltigkeitsziele durch:<\/p>\n<ul>\n<li>den Verkauf fair gehandelter Produkte aus aller Welt.<\/li>\n<li>Spenden: Die \u00dcbersch\u00fcsse werden f\u00fcr Entwicklungshilfe-Projekte gespendet. Regelm\u00e4\u00dfig wird durch monatliche Beitr\u00e4ge ein Patenkind in Afrika \u00fcber die <a href=\"https:\/\/www.kindernothilfe.de\/\" target=\"_blank\" rel=\"noopener\">Kindernothilfe<\/a> unterst\u00fctzt.<\/li>\n<li>Bewusstseinsbildung bei der Bev\u00f6lkerung &#8211; Sensibilisierung der Konsumenten f\u00fcr die Themen Nachhaltigkeit, Fairer Handel, Regionalit\u00e4t\u2026<\/li>\n<li>Mitarbeit in der Steuerungsgruppe der Gemeinde Stadland zur Unterst\u00fctzung des Projektes <a href=\"https:\/\/www.fairtraderegionunterweser.de\/\" target=\"_blank\" rel=\"noopener\">Fair-Trade-Region Unterweser<\/a>.<\/li>\n<\/ul>\n<p>Dabei geht es um die Verbesserung der wirtschaftlichen Rahmenbedingungen sowohl global als auch regional, also Verkn\u00fcpfung von Fair-Trade und Regionalit\u00e4t.<\/p>\n<p>&nbsp;<\/p>\n<p><strong>Der Weltladen der Weltgruppe Rodenkirchen befindet sich im Rathaus der <a href=\"http:\/\/www.stadland.de\/staticsite\/staticsite.php?menuid=411&amp;topmenu=282\" target=\"_blank\" rel=\"noopener\">Gemeinde Stadland<\/a>. <\/strong><\/p>\n<p>&nbsp;<\/p>\n<p><img loading=\"lazy\" decoding=\"async\" class=\"alignnone size-medium wp-image-553\" src=\"https:\/\/weltlaeden.de\/rodenkirchen\/wp-content\/uploads\/sites\/93\/2019\/12\/rathaus_gemeinde_stadland-rodenkirchen-300x182.jpg\" alt=\"\" width=\"300\" height=\"182\" srcset=\"https:\/\/weltlaeden.de\/rodenkirchen\/wp-content\/uploads\/sites\/93\/2019\/12\/rathaus_gemeinde_stadland-rodenkirchen-300x182.jpg 300w, https:\/\/weltlaeden.de\/rodenkirchen\/wp-content\/uploads\/sites\/93\/2019\/12\/rathaus_gemeinde_stadland-rodenkirchen-768x467.jpg 768w, https:\/\/weltlaeden.de\/rodenkirchen\/wp-content\/uploads\/sites\/93\/2019\/12\/rathaus_gemeinde_stadland-rodenkirchen-1024x622.jpg 1024w, https:\/\/weltlaeden.de\/rodenkirchen\/wp-content\/uploads\/sites\/93\/2019\/12\/rathaus_gemeinde_stadland-rodenkirchen.jpg 1920w\" sizes=\"auto, (max-width: 300px) 100vw, 300px\" \/><\/p>\n<p><strong>Die Weltgruppe Rodenkirchen ist Mitglied im Weltladen Dachverband.<\/strong>[\/vc_column_text][\/vc_column][\/vc_row][vc_row][vc_column][vc_empty_space][vc_column_text]<\/p>\n<h1>Mitmachen bei der Weltgruppe Rodenkirchen<\/h1>\n<p>[\/vc_column_text][vc_column_text]<strong>Wir suchen<\/strong> Menschen, die Lust haben, sich ehrenamtlich f\u00fcr eine offene, transparente, \u00f6kologische und nachhaltige Form des Wirtschaftens zu engagieren. Unser Team trifft sich jeden 1. Dienstag im Monat. Wir panen die Termine und \u00fcberlegen gemeinsam, wer sich wo einbringen will. Jeder macht das,\u00a0 was er mag,\u00a0 und investiert nur soviel Zeit, wie er will und kann. Wir informieren uns gegenseitig zu allen Fragen rund um den fairen Handel und unterhalten Kontakte zu anderen Weltl\u00e4den oder Gruppen.<\/p>\n<p><strong>Wir bieten<\/strong> ein nettes Team aus Engagierten mit vielf\u00e4ltigen M\u00f6glichkeiten, sich selbst einzubringen. Eine Gemeinschaft, die Dich herzlich aufnimmt, einarbeitet und bei Fragen zur Verf\u00fcgung steht. Fortbildungsm\u00f6glichkeiten nach Deinen Interessen und Aufgaben.<\/p>\n<p><strong>Ansprechpartner\/in:<\/strong><br \/>\nUlrike Riesener<br \/>\nMellumstr.12, 26935 Stadland<\/p>\n<p>Tel.:01724327515<\/p>\n<p>ulrike-riesener@gmx.de<\/p>\n<p>&nbsp;<\/p>\n<p><strong>\u00a0<\/strong>[\/vc_column_text][\/vc_column][\/vc_row]<\/p>\n<\/div>","protected":false},"excerpt":{"rendered":"<p>[vc_row][vc_column][vc_empty_space][vc_column_text] \u00dcber die Weltgruppe Rodenkirchen [\/vc_column_text][vc_column_text]Die Weltgruppe der evangelischen Kirchengemeinde Rodenkirchen hat sich seit ihrer Gr\u00fcndung im Jahre 1996 st\u00e4ndig weiterentwickelt. Aktuell engagieren sich 10 ehrenamtliche Mitarbeiter in unserem Team. Zielsetzung: Umsetzung des Fair-Trade-Gedankens und der Nachhaltigkeitsziele durch: den Verkauf fair gehandelter Produkte aus aller Welt. Spenden: Die \u00dcbersch\u00fcsse werden f\u00fcr Entwicklungshilfe-Projekte gespendet. Regelm\u00e4\u00dfig wird&hellip;<\/p>\n","protected":false},"author":1,"featured_media":0,"parent":0,"menu_order":4,"comment_status":"closed","ping_status":"closed","template":"","meta":{"footnotes":""},"class_list":["post-219","page","type-page","status-publish","hentry","description-off"],"yoast_head":"<!-- This site is optimized with the Yoast SEO plugin v26.8 - https:\/\/yoast.com\/product\/yoast-seo-wordpress\/ -->\n<title>\u00dcber uns - Weltgruppe Rodenkirchen<\/title>\n<meta name=\"robots\" content=\"index, follow, max-snippet:-1, max-image-preview:large, max-video-preview:-1\" \/>\n<link rel=\"canonical\" href=\"https:\/\/weltlaeden.de\/rodenkirchen\/ueber-uns\/\" \/>\n<meta property=\"og:locale\" content=\"de_DE\" \/>\n<meta property=\"og:type\" content=\"article\" \/>\n<meta property=\"og:title\" content=\"\u00dcber uns - Weltgruppe Rodenkirchen\" \/>\n<meta property=\"og:description\" content=\"[vc_row][vc_column][vc_empty_space][vc_column_text] \u00dcber die Weltgruppe Rodenkirchen [\/vc_column_text][vc_column_text]Die Weltgruppe der evangelischen Kirchengemeinde Rodenkirchen hat sich seit ihrer Gr\u00fcndung im Jahre 1996 st\u00e4ndig weiterentwickelt. Aktuell engagieren sich 10 ehrenamtliche Mitarbeiter in unserem Team. Zielsetzung: Umsetzung des Fair-Trade-Gedankens und der Nachhaltigkeitsziele durch: den Verkauf fair gehandelter Produkte aus aller Welt. Spenden: Die \u00dcbersch\u00fcsse werden f\u00fcr Entwicklungshilfe-Projekte gespendet. Regelm\u00e4\u00dfig wird&hellip;\" \/>\n<meta property=\"og:url\" content=\"https:\/\/weltlaeden.de\/rodenkirchen\/ueber-uns\/\" \/>\n<meta property=\"og:site_name\" content=\"Weltgruppe Rodenkirchen\" \/>\n<meta property=\"article:modified_time\" content=\"2020-01-08T10:33:18+00:00\" \/>\n<meta property=\"og:image\" content=\"https:\/\/weltlaeden.de\/rodenkirchen\/wp-content\/uploads\/sites\/93\/2019\/04\/board-game-challenge-chess-209728_1200x519-e1555324787982.png\" \/>\n<meta name=\"twitter:card\" content=\"summary_large_image\" \/>\n<meta name=\"twitter:label1\" content=\"Gesch\u00e4tzte Lesezeit\" \/>\n\t<meta name=\"twitter:data1\" content=\"2\u00a0Minuten\" \/>\n<script type=\"application\/ld+json\" class=\"yoast-schema-graph\">{\"@context\":\"https:\/\/schema.org\",\"@graph\":[{\"@type\":\"WebPage\",\"@id\":\"https:\/\/weltlaeden.de\/rodenkirchen\/ueber-uns\/\",\"url\":\"https:\/\/weltlaeden.de\/rodenkirchen\/ueber-uns\/\",\"name\":\"\u00dcber uns - Weltgruppe Rodenkirchen\",\"isPartOf\":{\"@id\":\"https:\/\/weltlaeden.de\/rodenkirchen\/#website\"},\"primaryImageOfPage\":{\"@id\":\"https:\/\/weltlaeden.de\/rodenkirchen\/ueber-uns\/#primaryimage\"},\"image\":{\"@id\":\"https:\/\/weltlaeden.de\/rodenkirchen\/ueber-uns\/#primaryimage\"},\"thumbnailUrl\":\"https:\/\/weltlaeden.de\/rodenkirchen\/wp-content\/uploads\/sites\/93\/2019\/04\/board-game-challenge-chess-209728_1200x519-e1555324787982.png\",\"datePublished\":\"2016-10-28T11:34:47+00:00\",\"dateModified\":\"2020-01-08T10:33:18+00:00\",\"breadcrumb\":{\"@id\":\"https:\/\/weltlaeden.de\/rodenkirchen\/ueber-uns\/#breadcrumb\"},\"inLanguage\":\"de\",\"potentialAction\":[{\"@type\":\"ReadAction\",\"target\":[\"https:\/\/weltlaeden.de\/rodenkirchen\/ueber-uns\/\"]}]},{\"@type\":\"ImageObject\",\"inLanguage\":\"de\",\"@id\":\"https:\/\/weltlaeden.de\/rodenkirchen\/ueber-uns\/#primaryimage\",\"url\":\"https:\/\/weltlaeden.de\/rodenkirchen\/wp-content\/uploads\/sites\/93\/2019\/04\/board-game-challenge-chess-209728_1200x519-e1555324787982.png\",\"contentUrl\":\"https:\/\/weltlaeden.de\/rodenkirchen\/wp-content\/uploads\/sites\/93\/2019\/04\/board-game-challenge-chess-209728_1200x519-e1555324787982.png\",\"width\":787,\"height\":340},{\"@type\":\"BreadcrumbList\",\"@id\":\"https:\/\/weltlaeden.de\/rodenkirchen\/ueber-uns\/#breadcrumb\",\"itemListElement\":[{\"@type\":\"ListItem\",\"position\":1,\"name\":\"Startseite\",\"item\":\"https:\/\/weltlaeden.de\/rodenkirchen\/\"},{\"@type\":\"ListItem\",\"position\":2,\"name\":\"\u00dcber uns\"}]},{\"@type\":\"WebSite\",\"@id\":\"https:\/\/weltlaeden.de\/rodenkirchen\/#website\",\"url\":\"https:\/\/weltlaeden.de\/rodenkirchen\/\",\"name\":\"Weltgruppe Rodenkirchen\",\"description\":\"Fairer Handel global und regional\",\"potentialAction\":[{\"@type\":\"SearchAction\",\"target\":{\"@type\":\"EntryPoint\",\"urlTemplate\":\"https:\/\/weltlaeden.de\/rodenkirchen\/?s={search_term_string}\"},\"query-input\":{\"@type\":\"PropertyValueSpecification\",\"valueRequired\":true,\"valueName\":\"search_term_string\"}}],\"inLanguage\":\"de\"}]}<\/script>\n<!-- \/ Yoast SEO plugin. -->","yoast_head_json":{"title":"\u00dcber uns - Weltgruppe Rodenkirchen","robots":{"index":"index","follow":"follow","max-snippet":"max-snippet:-1","max-image-preview":"max-image-preview:large","max-video-preview":"max-video-preview:-1"},"canonical":"https:\/\/weltlaeden.de\/rodenkirchen\/ueber-uns\/","og_locale":"de_DE","og_type":"article","og_title":"\u00dcber uns - Weltgruppe Rodenkirchen","og_description":"[vc_row][vc_column][vc_empty_space][vc_column_text] \u00dcber die Weltgruppe Rodenkirchen [\/vc_column_text][vc_column_text]Die Weltgruppe der evangelischen Kirchengemeinde Rodenkirchen hat sich seit ihrer Gr\u00fcndung im Jahre 1996 st\u00e4ndig weiterentwickelt. Aktuell engagieren sich 10 ehrenamtliche Mitarbeiter in unserem Team. Zielsetzung: Umsetzung des Fair-Trade-Gedankens und der Nachhaltigkeitsziele durch: den Verkauf fair gehandelter Produkte aus aller Welt. Spenden: Die \u00dcbersch\u00fcsse werden f\u00fcr Entwicklungshilfe-Projekte gespendet. Regelm\u00e4\u00dfig wird&hellip;","og_url":"https:\/\/weltlaeden.de\/rodenkirchen\/ueber-uns\/","og_site_name":"Weltgruppe Rodenkirchen","article_modified_time":"2020-01-08T10:33:18+00:00","og_image":[{"url":"https:\/\/weltlaeden.de\/rodenkirchen\/wp-content\/uploads\/sites\/93\/2019\/04\/board-game-challenge-chess-209728_1200x519-e1555324787982.png","type":"","width":"","height":""}],"twitter_card":"summary_large_image","twitter_misc":{"Gesch\u00e4tzte Lesezeit":"2\u00a0Minuten"},"schema":{"@context":"https:\/\/schema.org","@graph":[{"@type":"WebPage","@id":"https:\/\/weltlaeden.de\/rodenkirchen\/ueber-uns\/","url":"https:\/\/weltlaeden.de\/rodenkirchen\/ueber-uns\/","name":"\u00dcber uns - Weltgruppe Rodenkirchen","isPartOf":{"@id":"https:\/\/weltlaeden.de\/rodenkirchen\/#website"},"primaryImageOfPage":{"@id":"https:\/\/weltlaeden.de\/rodenkirchen\/ueber-uns\/#primaryimage"},"image":{"@id":"https:\/\/weltlaeden.de\/rodenkirchen\/ueber-uns\/#primaryimage"},"thumbnailUrl":"https:\/\/weltlaeden.de\/rodenkirchen\/wp-content\/uploads\/sites\/93\/2019\/04\/board-game-challenge-chess-209728_1200x519-e1555324787982.png","datePublished":"2016-10-28T11:34:47+00:00","dateModified":"2020-01-08T10:33:18+00:00","breadcrumb":{"@id":"https:\/\/weltlaeden.de\/rodenkirchen\/ueber-uns\/#breadcrumb"},"inLanguage":"de","potentialAction":[{"@type":"ReadAction","target":["https:\/\/weltlaeden.de\/rodenkirchen\/ueber-uns\/"]}]},{"@type":"ImageObject","inLanguage":"de","@id":"https:\/\/weltlaeden.de\/rodenkirchen\/ueber-uns\/#primaryimage","url":"https:\/\/weltlaeden.de\/rodenkirchen\/wp-content\/uploads\/sites\/93\/2019\/04\/board-game-challenge-chess-209728_1200x519-e1555324787982.png","contentUrl":"https:\/\/weltlaeden.de\/rodenkirchen\/wp-content\/uploads\/sites\/93\/2019\/04\/board-game-challenge-chess-209728_1200x519-e1555324787982.png","width":787,"height":340},{"@type":"BreadcrumbList","@id":"https:\/\/weltlaeden.de\/rodenkirchen\/ueber-uns\/#breadcrumb","itemListElement":[{"@type":"ListItem","position":1,"name":"Startseite","item":"https:\/\/weltlaeden.de\/rodenkirchen\/"},{"@type":"ListItem","position":2,"name":"\u00dcber uns"}]},{"@type":"WebSite","@id":"https:\/\/weltlaeden.de\/rodenkirchen\/#website","url":"https:\/\/weltlaeden.de\/rodenkirchen\/","name":"Weltgruppe Rodenkirchen","description":"Fairer Handel global und regional","potentialAction":[{"@type":"SearchAction","target":{"@type":"EntryPoint","urlTemplate":"https:\/\/weltlaeden.de\/rodenkirchen\/?s={search_term_string}"},"query-input":{"@type":"PropertyValueSpecification","valueRequired":true,"valueName":"search_term_string"}}],"inLanguage":"de"}]}},"_links":{"self":[{"href":"https:\/\/weltlaeden.de\/rodenkirchen\/wp-json\/wp\/v2\/pages\/219","targetHints":{"allow":["GET"]}}],"collection":[{"href":"https:\/\/weltlaeden.de\/rodenkirchen\/wp-json\/wp\/v2\/pages"}],"about":[{"href":"https:\/\/weltlaeden.de\/rodenkirchen\/wp-json\/wp\/v2\/types\/page"}],"author":[{"embeddable":true,"href":"https:\/\/weltlaeden.de\/rodenkirchen\/wp-json\/wp\/v2\/users\/1"}],"replies":[{"embeddable":true,"href":"https:\/\/weltlaeden.de\/rodenkirchen\/wp-json\/wp\/v2\/comments?post=219"}],"version-history":[{"count":21,"href":"https:\/\/weltlaeden.de\/rodenkirchen\/wp-json\/wp\/v2\/pages\/219\/revisions"}],"predecessor-version":[{"id":593,"href":"https:\/\/weltlaeden.de\/rodenkirchen\/wp-json\/wp\/v2\/pages\/219\/revisions\/593"}],"wp:attachment":[{"href":"https:\/\/weltlaeden.de\/rodenkirchen\/wp-json\/wp\/v2\/media?parent=219"}],"curies":[{"name":"wp","href":"https:\/\/api.w.org\/{rel}","templated":true}]}}