{"id":219,"date":"2016-10-28T13:34:47","date_gmt":"2016-10-28T11:34:47","guid":{"rendered":"https:\/\/wl.heimpixel.de\/vorlage\/ueber-uns\/"},"modified":"2024-11-28T13:58:03","modified_gmt":"2024-11-28T12:58:03","slug":"ueber-uns","status":"publish","type":"page","link":"https:\/\/weltlaeden.de\/rimpar\/ueber-uns\/","title":{"rendered":"\u00dcber uns"},"content":{"rendered":"<div class=\"wpb-content-wrapper\"><p>[vc_row][vc_column]<div class=\"wl_einzelbild\"><p><img loading=\"lazy\" decoding=\"async\" class=\"aligncenter wp-image-1222 size-full\" src=\"https:\/\/weltlaeden.de\/rimpar\/wp-content\/uploads\/sites\/199\/2024\/11\/WL-Vorstand-9-2023-by-Romi-F.Bundschuh-4.jpg\" alt=\"\" width=\"2432\" height=\"1824\" srcset=\"https:\/\/weltlaeden.de\/rimpar\/wp-content\/uploads\/sites\/199\/2024\/11\/WL-Vorstand-9-2023-by-Romi-F.Bundschuh-4.jpg 2432w, https:\/\/weltlaeden.de\/rimpar\/wp-content\/uploads\/sites\/199\/2024\/11\/WL-Vorstand-9-2023-by-Romi-F.Bundschuh-4-300x225.jpg 300w, https:\/\/weltlaeden.de\/rimpar\/wp-content\/uploads\/sites\/199\/2024\/11\/WL-Vorstand-9-2023-by-Romi-F.Bundschuh-4-1024x768.jpg 1024w, https:\/\/weltlaeden.de\/rimpar\/wp-content\/uploads\/sites\/199\/2024\/11\/WL-Vorstand-9-2023-by-Romi-F.Bundschuh-4-768x576.jpg 768w, https:\/\/weltlaeden.de\/rimpar\/wp-content\/uploads\/sites\/199\/2024\/11\/WL-Vorstand-9-2023-by-Romi-F.Bundschuh-4-1536x1152.jpg 1536w, https:\/\/weltlaeden.de\/rimpar\/wp-content\/uploads\/sites\/199\/2024\/11\/WL-Vorstand-9-2023-by-Romi-F.Bundschuh-4-2048x1536.jpg 2048w\" sizes=\"auto, (max-width: 2432px) 100vw, 2432px\" \/><\/p><\/div>[vc_empty_space][vc_column_text css=&#8220;&#8220;]<\/p>\n<h1>\u00dcber den Weltladen Rimpar<\/h1>\n<p>Schon seit ca. 2015 gab es Bestrebungen, unsere Marktgemeinde zu einer &#8222;Fair-Trade-Gemeinde&#8220; zu machen und im Rahmen dieser Entwicklung auch einen Weltladen mit fair gehandelten Produkten in Rimpar zu etablieren.<\/p>\n<p>Es dauerte aber noch einige Jahre und viel Vorbereitungsarbeit in Zusammenarbeit mit dem damaligen B\u00fcrgermeister Burkard Losert bis es 2020 so weit war :-). Der Verein Weltladen Rimpar e.V. wurde gegr\u00fcndet und ist ehrenamtlich verantworlich f\u00fcr den Weltladen Rimpar.<\/p>\n<p>Mit Hilfe der Gemeinde &#8211; inzwischen mit dem B\u00fcrgermeister Bernhard Weidner &#8211; konnten tolle R\u00e4umlichkeiten im Herzen der Gemeinde in der Niederhoferstra\u00dfe 9 gefunden werden.<\/p>\n<p>Aber vor der Er\u00f6ffnung gab es noch viel zu tun &#8211; Satzung, Gemeinn\u00fctzigkeit, Steuerfragen usw. bereiteten uns einen Haufen Arbeit :-), durch die Gemeinde wurde der Laden noch renoviert, durch Spenden (insbesondere der Firma Z\u00fcrrlein) konnte ein Wasseranschluss mit Sp\u00fclbecken und Durchlauferhitzer eingebaut werden und die Toilette renoviert werden. Durch zahlreiche flei\u00dfige H\u00e4nde wurden Regale und andere Einrichtungsgegenst\u00e4nde g\u00fcnstig besorgt und aufgebaut. Durch ein gro\u00dfe Spendenaktion (mit Unterst\u00fctzung der VR Bank Rimpar) konnte ein tolles Sortiment zusammengestellt werden.<\/p>\n<p>Im Oktober 2021 war dann endlich die Er\u00f6ffnung des Ladens im Beisein von Landrat Thomas Ebert, den B\u00fcrgermeistern der Gemeinde Rimpar, vielen Gemeinderatsmitgliedern und zahlreichen Rimparer B\u00fcrgerinnen und B\u00fcrgern.<\/p>\n<p>Und seither wird st\u00e4ndig weiter verbessert, angepasst, abgestimmt und das Sortiment an den W\u00fcnschen unserer Kundinnen und Kunden angepasst, so dass inzwischen der Weltladen Rimpar eine feste Institution f\u00fcr die ganz besonderen Eink\u00e4ufe in unserer Gemeinde wurde.<\/p>\n<p>Bild oben:<\/p>\n<p>Der am 15. September 2023 bei der Mitgliederversammlung des Weltladen Rimpar e.V. neuformierte Vorstand traf sich am 5. Oktober zur konstituierenden Sitzung in den Ladenr\u00e4umlichkeiten an der Niederhoferstra\u00dfe 9. Auf dem Bild (v.l.n.r.): Mario Gr\u00f6mling (Vertreter der Gemeinde), Annette R\u00fcckert (Vertreterin des Ladens), Eva-Maria Schorno (Co-Vorsitzende), Susanne M\u00f6hrlein (Vertreterin des Ladens), Anni Lindner (Beisitzerin), Elmar Gr\u00f6mling (Kassier), Robert Bundschuh (Co-Vorsitzender) sowie Xaver Schorno (Schriftf\u00fchrer).<\/p>\n<p><em>Bild: Romi Bundschuh<\/em><\/p>\n<p>&nbsp;<\/p>\n<p>Foto Gr\u00fcndungsmitglieder Dezember 2020:<\/p>\n<p><img loading=\"lazy\" decoding=\"async\" class=\"alignnone size-medium wp-image-627\" src=\"https:\/\/weltlaeden.de\/rimpar\/wp-content\/uploads\/sites\/199\/2023\/02\/Foto-Gruendermitglieder-Weltladen-Rimpar-by-Imke-Bieber6144-300x174.jpg\" alt=\"\" width=\"300\" height=\"174\" srcset=\"https:\/\/weltlaeden.de\/rimpar\/wp-content\/uploads\/sites\/199\/2023\/02\/Foto-Gruendermitglieder-Weltladen-Rimpar-by-Imke-Bieber6144-300x174.jpg 300w, https:\/\/weltlaeden.de\/rimpar\/wp-content\/uploads\/sites\/199\/2023\/02\/Foto-Gruendermitglieder-Weltladen-Rimpar-by-Imke-Bieber6144-1024x593.jpg 1024w, https:\/\/weltlaeden.de\/rimpar\/wp-content\/uploads\/sites\/199\/2023\/02\/Foto-Gruendermitglieder-Weltladen-Rimpar-by-Imke-Bieber6144-768x445.jpg 768w, https:\/\/weltlaeden.de\/rimpar\/wp-content\/uploads\/sites\/199\/2023\/02\/Foto-Gruendermitglieder-Weltladen-Rimpar-by-Imke-Bieber6144-1536x890.jpg 1536w, https:\/\/weltlaeden.de\/rimpar\/wp-content\/uploads\/sites\/199\/2023\/02\/Foto-Gruendermitglieder-Weltladen-Rimpar-by-Imke-Bieber6144-scaled.jpg 2048w\" sizes=\"auto, (max-width: 300px) 100vw, 300px\" \/><\/p>\n<p>&nbsp;<\/p>\n<p>Vorbereitungen f\u00fcr die Ladener\u00f6ffnung:<\/p>\n<p>&nbsp;<\/p>\n<p><img loading=\"lazy\" decoding=\"async\" class=\"alignnone wp-image-685\" src=\"https:\/\/weltlaeden.de\/rimpar\/wp-content\/uploads\/sites\/199\/2023\/02\/WeltladenFensterputz6.2.21-by-Eva-Schorno-8-300x165.jpg\" alt=\"\" width=\"410\" height=\"226\" srcset=\"https:\/\/weltlaeden.de\/rimpar\/wp-content\/uploads\/sites\/199\/2023\/02\/WeltladenFensterputz6.2.21-by-Eva-Schorno-8-300x165.jpg 300w, https:\/\/weltlaeden.de\/rimpar\/wp-content\/uploads\/sites\/199\/2023\/02\/WeltladenFensterputz6.2.21-by-Eva-Schorno-8-1024x564.jpg 1024w, https:\/\/weltlaeden.de\/rimpar\/wp-content\/uploads\/sites\/199\/2023\/02\/WeltladenFensterputz6.2.21-by-Eva-Schorno-8-768x423.jpg 768w, https:\/\/weltlaeden.de\/rimpar\/wp-content\/uploads\/sites\/199\/2023\/02\/WeltladenFensterputz6.2.21-by-Eva-Schorno-8-1536x846.jpg 1536w, https:\/\/weltlaeden.de\/rimpar\/wp-content\/uploads\/sites\/199\/2023\/02\/WeltladenFensterputz6.2.21-by-Eva-Schorno-8-scaled.jpg 2048w\" sizes=\"auto, (max-width: 410px) 100vw, 410px\" \/><img loading=\"lazy\" decoding=\"async\" class=\"alignnone size-medium wp-image-671\" src=\"https:\/\/weltlaeden.de\/rimpar\/wp-content\/uploads\/sites\/199\/2023\/02\/Sofa-3-300x225.jpg\" alt=\"\" width=\"300\" height=\"225\" \/><img loading=\"lazy\" decoding=\"async\" class=\"alignnone wp-image-633\" src=\"https:\/\/weltlaeden.de\/rimpar\/wp-content\/uploads\/sites\/199\/2023\/02\/IMG_20210531_095531-225x300.jpg\" alt=\"\" width=\"169\" height=\"225\" srcset=\"https:\/\/weltlaeden.de\/rimpar\/wp-content\/uploads\/sites\/199\/2023\/02\/IMG_20210531_095531-225x300.jpg 225w, https:\/\/weltlaeden.de\/rimpar\/wp-content\/uploads\/sites\/199\/2023\/02\/IMG_20210531_095531-768x1024.jpg 768w, https:\/\/weltlaeden.de\/rimpar\/wp-content\/uploads\/sites\/199\/2023\/02\/IMG_20210531_095531-1152x1536.jpg 1152w, https:\/\/weltlaeden.de\/rimpar\/wp-content\/uploads\/sites\/199\/2023\/02\/IMG_20210531_095531-scaled.jpg 1536w\" sizes=\"auto, (max-width: 169px) 100vw, 169px\" \/><\/p>\n<p>&nbsp;<\/p>\n<p>Ladener\u00f6ffnung mit Landrat Thomas Ebert Oktober 2021:<\/p>\n<p><img loading=\"lazy\" decoding=\"async\" class=\"alignnone size-medium wp-image-619\" src=\"https:\/\/weltlaeden.de\/rimpar\/wp-content\/uploads\/sites\/199\/2023\/02\/Eroeffnung-12-300x225.jpg\" alt=\"\" width=\"300\" height=\"225\" srcset=\"https:\/\/weltlaeden.de\/rimpar\/wp-content\/uploads\/sites\/199\/2023\/02\/Eroeffnung-12-300x225.jpg 300w, https:\/\/weltlaeden.de\/rimpar\/wp-content\/uploads\/sites\/199\/2023\/02\/Eroeffnung-12-1024x768.jpg 1024w, https:\/\/weltlaeden.de\/rimpar\/wp-content\/uploads\/sites\/199\/2023\/02\/Eroeffnung-12-768x576.jpg 768w, https:\/\/weltlaeden.de\/rimpar\/wp-content\/uploads\/sites\/199\/2023\/02\/Eroeffnung-12-1536x1151.jpg 1536w, https:\/\/weltlaeden.de\/rimpar\/wp-content\/uploads\/sites\/199\/2023\/02\/Eroeffnung-12.jpg 1581w\" sizes=\"auto, (max-width: 300px) 100vw, 300px\" \/><img loading=\"lazy\" decoding=\"async\" class=\"alignnone size-medium wp-image-618\" src=\"https:\/\/weltlaeden.de\/rimpar\/wp-content\/uploads\/sites\/199\/2023\/02\/Eroeffnung-11-300x225.jpg\" alt=\"\" width=\"300\" height=\"225\" srcset=\"https:\/\/weltlaeden.de\/rimpar\/wp-content\/uploads\/sites\/199\/2023\/02\/Eroeffnung-11-300x225.jpg 300w, https:\/\/weltlaeden.de\/rimpar\/wp-content\/uploads\/sites\/199\/2023\/02\/Eroeffnung-11-1024x767.jpg 1024w, https:\/\/weltlaeden.de\/rimpar\/wp-content\/uploads\/sites\/199\/2023\/02\/Eroeffnung-11-768x576.jpg 768w, https:\/\/weltlaeden.de\/rimpar\/wp-content\/uploads\/sites\/199\/2023\/02\/Eroeffnung-11.jpg 1489w\" sizes=\"auto, (max-width: 300px) 100vw, 300px\" \/><img loading=\"lazy\" decoding=\"async\" class=\"alignnone size-medium wp-image-622\" src=\"https:\/\/weltlaeden.de\/rimpar\/wp-content\/uploads\/sites\/199\/2023\/02\/Eroeffnung-15-300x225.jpg\" alt=\"\" width=\"300\" height=\"225\" srcset=\"https:\/\/weltlaeden.de\/rimpar\/wp-content\/uploads\/sites\/199\/2023\/02\/Eroeffnung-15-300x225.jpg 300w, https:\/\/weltlaeden.de\/rimpar\/wp-content\/uploads\/sites\/199\/2023\/02\/Eroeffnung-15-1024x768.jpg 1024w, https:\/\/weltlaeden.de\/rimpar\/wp-content\/uploads\/sites\/199\/2023\/02\/Eroeffnung-15-768x576.jpg 768w, https:\/\/weltlaeden.de\/rimpar\/wp-content\/uploads\/sites\/199\/2023\/02\/Eroeffnung-15-1536x1151.jpg 1536w\" sizes=\"auto, (max-width: 300px) 100vw, 300px\" \/>[\/vc_column_text][\/vc_column][\/vc_row][vc_row][vc_column][vc_empty_space][vc_column_text]<\/p>\n<h1>Mitmachen im Weltladen Rimpar<\/h1>\n<p>[\/vc_column_text][vc_column_text]Haben Sie Interesse an einer ehrenamtlichen T\u00e4tigkeit bei uns? H\u00e4tten Sie Spa\u00df daran als Ladner:in einmal pro Woche in unserem Weltladen die wundersch\u00f6nen Dinge zu verkaufen? Oder k\u00f6nnten Sie sich ein Engagement im Vorstand vorstellen? Aber auch einzelne Aktionen, ganz indivduell sind bei uns m\u00f6glich! Bitte kommen Sie einfach auf uns zu!<\/p>\n<p><strong>Ansprechpartnerin:<\/strong><\/p>\n<p>Eva-Maria Schorno und Robert Bundschuh<\/p>\n<p>info@weltladen-rimpar.de<\/p>\n<p><strong>Wir freuen uns auf Sie!<br \/>\n<\/strong>[\/vc_column_text][\/vc_column][vc_column][\/vc_column][\/vc_row][vc_row][vc_column][vc_column_text]<\/p>\n<h1>Beitrittserkl\u00e4rung Weltladen Rimpar<\/h1>\n<p>Sie m\u00f6chten Mitglied des Weltladens Rimpar werden! Wunderbar! Hier k\u00f6nnen Sie das Beitrittsformular ausdrucken. Wenn Sie es ausgef\u00fcllt haben, k\u00f6nnen Sie es im Weltladen abgeben oder an folgende Adresse schicken: Eva-Maria Schorno, Co-Vorsitzende Weltladen Rimpar, Am Scheuerberg 12, 97222 Rimpar. Vielen Dank! Der Jahresbeitrag betr\u00e4gt derzeit: 10 Euro f\u00fcr Einzelmitglieder, 20 Euro f\u00fcr die Familienmitgliedschaft, 50 Euro f\u00fcr juristische Personen. Selbstverst\u00e4ndlich k\u00f6nnen Sie freiwillig auch einen h\u00f6heren Betrag einbezahlen.<\/p>\n<p><a href=\"https:\/\/weltlaeden.de\/rimpar\/wp-content\/uploads\/sites\/199\/2023\/10\/Weltladen-Rimpar-Beitrittserklaerung.pdf\" target=\"_blank\" rel=\"noopener\">Weltladen Rimpar Beitrittserkl\u00e4rung<\/a><\/p>\n<p>&nbsp;<\/p>\n<h1>Satzung Weltladen Rimpar<\/h1>\n<p>M\u00f6chten Sie sich genauer \u00fcber Ziel und Zweck sowie Organisation des Weltladens Rimpar informieren? Mit einem Klick ist das m\u00f6glich\u2026<\/p>\n<p><a href=\"https:\/\/weltlaeden.de\/rimpar\/wp-content\/uploads\/sites\/199\/2023\/10\/Satzung-Weltladen.pdf\" target=\"_blank\" rel=\"noopener\">Satzung Weltladen<\/a><\/p>\n<p>[\/vc_column_text][\/vc_column][\/vc_row]<\/p>\n<\/div>","protected":false},"excerpt":{"rendered":"<p>[vc_row][vc_column][vc_empty_space][vc_column_text css=&#8220;&#8220;] \u00dcber den Weltladen Rimpar Schon seit ca. 2015 gab es Bestrebungen, unsere Marktgemeinde zu einer &#8222;Fair-Trade-Gemeinde&#8220; zu machen und im Rahmen dieser Entwicklung auch einen Weltladen mit fair gehandelten Produkten in Rimpar zu etablieren. Es dauerte aber noch einige Jahre und viel Vorbereitungsarbeit in Zusammenarbeit mit dem damaligen B\u00fcrgermeister Burkard Losert bis es&hellip;<\/p>\n","protected":false},"author":1,"featured_media":0,"parent":0,"menu_order":7,"comment_status":"closed","ping_status":"closed","template":"","meta":{"footnotes":""},"class_list":["post-219","page","type-page","status-publish","hentry","description-off"],"yoast_head":"<!-- This site is optimized with the Yoast SEO plugin v26.8 - https:\/\/yoast.com\/product\/yoast-seo-wordpress\/ -->\n<title>\u00dcber uns - Weltladen Rimpar<\/title>\n<meta name=\"robots\" content=\"index, follow, max-snippet:-1, max-image-preview:large, max-video-preview:-1\" \/>\n<link rel=\"canonical\" href=\"https:\/\/weltlaeden.de\/rimpar\/ueber-uns\/\" \/>\n<meta property=\"og:locale\" content=\"de_DE\" \/>\n<meta property=\"og:type\" content=\"article\" \/>\n<meta property=\"og:title\" content=\"\u00dcber uns - Weltladen Rimpar\" \/>\n<meta property=\"og:description\" content=\"[vc_row][vc_column][vc_empty_space][vc_column_text css=&#8220;&#8220;] \u00dcber den Weltladen Rimpar Schon seit ca. 2015 gab es Bestrebungen, unsere Marktgemeinde zu einer &#8222;Fair-Trade-Gemeinde&#8220; zu machen und im Rahmen dieser Entwicklung auch einen Weltladen mit fair gehandelten Produkten in Rimpar zu etablieren. Es dauerte aber noch einige Jahre und viel Vorbereitungsarbeit in Zusammenarbeit mit dem damaligen B\u00fcrgermeister Burkard Losert bis es&hellip;\" \/>\n<meta property=\"og:url\" content=\"https:\/\/weltlaeden.de\/rimpar\/ueber-uns\/\" \/>\n<meta property=\"og:site_name\" content=\"Weltladen Rimpar\" \/>\n<meta property=\"article:modified_time\" content=\"2024-11-28T12:58:03+00:00\" \/>\n<meta property=\"og:image\" content=\"https:\/\/weltlaeden.de\/rimpar\/wp-content\/uploads\/sites\/199\/2024\/11\/WL-Vorstand-9-2023-by-Romi-F.Bundschuh-4.jpg\" \/>\n\t<meta property=\"og:image:width\" content=\"2432\" \/>\n\t<meta property=\"og:image:height\" content=\"1824\" \/>\n\t<meta property=\"og:image:type\" content=\"image\/jpeg\" \/>\n<meta name=\"twitter:card\" content=\"summary_large_image\" \/>\n<meta name=\"twitter:label1\" content=\"Gesch\u00e4tzte Lesezeit\" \/>\n\t<meta name=\"twitter:data1\" content=\"4\u00a0Minuten\" \/>\n<script type=\"application\/ld+json\" class=\"yoast-schema-graph\">{\"@context\":\"https:\/\/schema.org\",\"@graph\":[{\"@type\":\"WebPage\",\"@id\":\"https:\/\/weltlaeden.de\/rimpar\/ueber-uns\/\",\"url\":\"https:\/\/weltlaeden.de\/rimpar\/ueber-uns\/\",\"name\":\"\u00dcber uns - Weltladen Rimpar\",\"isPartOf\":{\"@id\":\"https:\/\/weltlaeden.de\/rimpar\/#website\"},\"primaryImageOfPage\":{\"@id\":\"https:\/\/weltlaeden.de\/rimpar\/ueber-uns\/#primaryimage\"},\"image\":{\"@id\":\"https:\/\/weltlaeden.de\/rimpar\/ueber-uns\/#primaryimage\"},\"thumbnailUrl\":\"https:\/\/weltlaeden.de\/rimpar\/wp-content\/uploads\/sites\/199\/2024\/11\/WL-Vorstand-9-2023-by-Romi-F.Bundschuh-4.jpg\",\"datePublished\":\"2016-10-28T11:34:47+00:00\",\"dateModified\":\"2024-11-28T12:58:03+00:00\",\"breadcrumb\":{\"@id\":\"https:\/\/weltlaeden.de\/rimpar\/ueber-uns\/#breadcrumb\"},\"inLanguage\":\"de\",\"potentialAction\":[{\"@type\":\"ReadAction\",\"target\":[\"https:\/\/weltlaeden.de\/rimpar\/ueber-uns\/\"]}]},{\"@type\":\"ImageObject\",\"inLanguage\":\"de\",\"@id\":\"https:\/\/weltlaeden.de\/rimpar\/ueber-uns\/#primaryimage\",\"url\":\"https:\/\/weltlaeden.de\/rimpar\/wp-content\/uploads\/sites\/199\/2024\/11\/WL-Vorstand-9-2023-by-Romi-F.Bundschuh-4.jpg\",\"contentUrl\":\"https:\/\/weltlaeden.de\/rimpar\/wp-content\/uploads\/sites\/199\/2024\/11\/WL-Vorstand-9-2023-by-Romi-F.Bundschuh-4.jpg\",\"width\":2432,\"height\":1824},{\"@type\":\"BreadcrumbList\",\"@id\":\"https:\/\/weltlaeden.de\/rimpar\/ueber-uns\/#breadcrumb\",\"itemListElement\":[{\"@type\":\"ListItem\",\"position\":1,\"name\":\"Startseite\",\"item\":\"https:\/\/weltlaeden.de\/rimpar\/\"},{\"@type\":\"ListItem\",\"position\":2,\"name\":\"\u00dcber uns\"}]},{\"@type\":\"WebSite\",\"@id\":\"https:\/\/weltlaeden.de\/rimpar\/#website\",\"url\":\"https:\/\/weltlaeden.de\/rimpar\/\",\"name\":\"Weltladen Rimpar\",\"description\":\"Faire Produkte seit 2020\",\"potentialAction\":[{\"@type\":\"SearchAction\",\"target\":{\"@type\":\"EntryPoint\",\"urlTemplate\":\"https:\/\/weltlaeden.de\/rimpar\/?s={search_term_string}\"},\"query-input\":{\"@type\":\"PropertyValueSpecification\",\"valueRequired\":true,\"valueName\":\"search_term_string\"}}],\"inLanguage\":\"de\"}]}<\/script>\n<!-- \/ Yoast SEO plugin. -->","yoast_head_json":{"title":"\u00dcber uns - Weltladen Rimpar","robots":{"index":"index","follow":"follow","max-snippet":"max-snippet:-1","max-image-preview":"max-image-preview:large","max-video-preview":"max-video-preview:-1"},"canonical":"https:\/\/weltlaeden.de\/rimpar\/ueber-uns\/","og_locale":"de_DE","og_type":"article","og_title":"\u00dcber uns - Weltladen Rimpar","og_description":"[vc_row][vc_column][vc_empty_space][vc_column_text css=&#8220;&#8220;] \u00dcber den Weltladen Rimpar Schon seit ca. 2015 gab es Bestrebungen, unsere Marktgemeinde zu einer &#8222;Fair-Trade-Gemeinde&#8220; zu machen und im Rahmen dieser Entwicklung auch einen Weltladen mit fair gehandelten Produkten in Rimpar zu etablieren. Es dauerte aber noch einige Jahre und viel Vorbereitungsarbeit in Zusammenarbeit mit dem damaligen B\u00fcrgermeister Burkard Losert bis es&hellip;","og_url":"https:\/\/weltlaeden.de\/rimpar\/ueber-uns\/","og_site_name":"Weltladen Rimpar","article_modified_time":"2024-11-28T12:58:03+00:00","og_image":[{"width":2432,"height":1824,"url":"https:\/\/weltlaeden.de\/rimpar\/wp-content\/uploads\/sites\/199\/2024\/11\/WL-Vorstand-9-2023-by-Romi-F.Bundschuh-4.jpg","type":"image\/jpeg"}],"twitter_card":"summary_large_image","twitter_misc":{"Gesch\u00e4tzte Lesezeit":"4\u00a0Minuten"},"schema":{"@context":"https:\/\/schema.org","@graph":[{"@type":"WebPage","@id":"https:\/\/weltlaeden.de\/rimpar\/ueber-uns\/","url":"https:\/\/weltlaeden.de\/rimpar\/ueber-uns\/","name":"\u00dcber uns - Weltladen Rimpar","isPartOf":{"@id":"https:\/\/weltlaeden.de\/rimpar\/#website"},"primaryImageOfPage":{"@id":"https:\/\/weltlaeden.de\/rimpar\/ueber-uns\/#primaryimage"},"image":{"@id":"https:\/\/weltlaeden.de\/rimpar\/ueber-uns\/#primaryimage"},"thumbnailUrl":"https:\/\/weltlaeden.de\/rimpar\/wp-content\/uploads\/sites\/199\/2024\/11\/WL-Vorstand-9-2023-by-Romi-F.Bundschuh-4.jpg","datePublished":"2016-10-28T11:34:47+00:00","dateModified":"2024-11-28T12:58:03+00:00","breadcrumb":{"@id":"https:\/\/weltlaeden.de\/rimpar\/ueber-uns\/#breadcrumb"},"inLanguage":"de","potentialAction":[{"@type":"ReadAction","target":["https:\/\/weltlaeden.de\/rimpar\/ueber-uns\/"]}]},{"@type":"ImageObject","inLanguage":"de","@id":"https:\/\/weltlaeden.de\/rimpar\/ueber-uns\/#primaryimage","url":"https:\/\/weltlaeden.de\/rimpar\/wp-content\/uploads\/sites\/199\/2024\/11\/WL-Vorstand-9-2023-by-Romi-F.Bundschuh-4.jpg","contentUrl":"https:\/\/weltlaeden.de\/rimpar\/wp-content\/uploads\/sites\/199\/2024\/11\/WL-Vorstand-9-2023-by-Romi-F.Bundschuh-4.jpg","width":2432,"height":1824},{"@type":"BreadcrumbList","@id":"https:\/\/weltlaeden.de\/rimpar\/ueber-uns\/#breadcrumb","itemListElement":[{"@type":"ListItem","position":1,"name":"Startseite","item":"https:\/\/weltlaeden.de\/rimpar\/"},{"@type":"ListItem","position":2,"name":"\u00dcber uns"}]},{"@type":"WebSite","@id":"https:\/\/weltlaeden.de\/rimpar\/#website","url":"https:\/\/weltlaeden.de\/rimpar\/","name":"Weltladen Rimpar","description":"Faire Produkte seit 2020","potentialAction":[{"@type":"SearchAction","target":{"@type":"EntryPoint","urlTemplate":"https:\/\/weltlaeden.de\/rimpar\/?s={search_term_string}"},"query-input":{"@type":"PropertyValueSpecification","valueRequired":true,"valueName":"search_term_string"}}],"inLanguage":"de"}]}},"_links":{"self":[{"href":"https:\/\/weltlaeden.de\/rimpar\/wp-json\/wp\/v2\/pages\/219","targetHints":{"allow":["GET"]}}],"collection":[{"href":"https:\/\/weltlaeden.de\/rimpar\/wp-json\/wp\/v2\/pages"}],"about":[{"href":"https:\/\/weltlaeden.de\/rimpar\/wp-json\/wp\/v2\/types\/page"}],"author":[{"embeddable":true,"href":"https:\/\/weltlaeden.de\/rimpar\/wp-json\/wp\/v2\/users\/1"}],"replies":[{"embeddable":true,"href":"https:\/\/weltlaeden.de\/rimpar\/wp-json\/wp\/v2\/comments?post=219"}],"version-history":[{"count":31,"href":"https:\/\/weltlaeden.de\/rimpar\/wp-json\/wp\/v2\/pages\/219\/revisions"}],"predecessor-version":[{"id":1224,"href":"https:\/\/weltlaeden.de\/rimpar\/wp-json\/wp\/v2\/pages\/219\/revisions\/1224"}],"wp:attachment":[{"href":"https:\/\/weltlaeden.de\/rimpar\/wp-json\/wp\/v2\/media?parent=219"}],"curies":[{"name":"wp","href":"https:\/\/api.w.org\/{rel}","templated":true}]}}