{"id":784,"date":"2019-07-29T17:13:31","date_gmt":"2019-07-29T15:13:31","guid":{"rendered":"https:\/\/weltlaeden.de\/reutlingen\/kaffee-7\/"},"modified":"2022-01-21T14:16:11","modified_gmt":"2022-01-21T13:16:11","slug":"t-bag","status":"publish","type":"page","link":"https:\/\/weltlaeden.de\/reutlingen\/t-bag\/","title":{"rendered":"T-Bag"},"content":{"rendered":"<div class=\"wpb-content-wrapper\"><p>[vc_row][vc_column][vc_empty_space][vc_column_text]<\/p>\n<h1>Ehemaliges T-Bag-Projekt (2005-2021)<\/h1>\n<div id=\"attachment_696\" style=\"width: 310px\" class=\"wp-caption alignleft\"><img loading=\"lazy\" decoding=\"async\" aria-describedby=\"caption-attachment-696\" class=\"size-medium wp-image-732 alignleft\" src=\"https:\/\/weltlaeden.de\/reutlingen\/wp-content\/uploads\/sites\/79\/2019\/07\/2018-04-22-teabag-WKF_0202-Quadratisch-300x300.jpg\" alt=\"\" width=\"300\" height=\"300\" srcset=\"https:\/\/weltlaeden.de\/reutlingen\/wp-content\/uploads\/sites\/79\/2019\/07\/2018-04-22-teabag-WKF_0202-Quadratisch-300x300.jpg 300w, https:\/\/weltlaeden.de\/reutlingen\/wp-content\/uploads\/sites\/79\/2019\/07\/2018-04-22-teabag-WKF_0202-Quadratisch-150x150.jpg 150w, https:\/\/weltlaeden.de\/reutlingen\/wp-content\/uploads\/sites\/79\/2019\/07\/2018-04-22-teabag-WKF_0202-Quadratisch-768x768.jpg 768w, https:\/\/weltlaeden.de\/reutlingen\/wp-content\/uploads\/sites\/79\/2019\/07\/2018-04-22-teabag-WKF_0202-Quadratisch-1024x1024.jpg 1024w\" sizes=\"auto, (max-width: 300px) 100vw, 300px\" \/><p id=\"caption-attachment-696\" class=\"wp-caption-text\">Foto: Original T-Bag Designs CC<\/p><\/div>\n<p>Der Weltladen Reutlingen ist Direktimporteur reizvoller Produkte von <a href=\"https:\/\/tbagdesigns.co.za\/\" target=\"_blank\" rel=\"noopener\"><strong>Original T-Bag Designs CC<\/strong><\/a> aus S\u00fcdafrika.<\/p>\n<p>Gebrauchte, getrocknete und entleerte Papier-Teebeutel werden hier dekorativ bemalt und schm\u00fccken dann Gru\u00dfkarten, T\u00fcten, Untersetzer und andere Artikel. Die ca. 25 Angestellten, vor allem Frauen, leben in der informellen Siedlung Imizamo Yethu in Hout Bay \/ Kapstadt.<\/p>\n<p>Durch ihr Einkommen k\u00f6nnen sie die Lebenssituation ihrer Familien deutlich verbessern. Und nicht nur das. Auch ihr Selbstbewusstsein wird durch ihre kunsthandwerkliche T\u00e4tigkeit gest\u00e4rkt. Mit Stolz blicken sie auf ihre Werke.<\/p>\n<p>Ein Team aus unserem Laden bezieht seit 2005 Waren von dort. Wir verkaufen sie in Reutlingen, beliefern aber auch andere Weltl\u00e4den und Privatpersonen damit.<\/p>\n<p>&nbsp;<\/p>\n<h2>Wie geht es weiter mit unserem T-Bag-Projekt?<\/h2>\n<h3>Mitteilung vom 31.08.2021<\/h3>\n<p>\u00dcberraschenderweise haben sich in Hout Bay nun doch neue Akteure gefunden, welche die Idee, mit gebrauchten Teebeuteln Kunsthandwerk herzustellen, fortf\u00fchren wollen. Auf der <a href=\"https:\/\/tbagdesigns.co.za\/\" target=\"_blank\" rel=\"noopener\"><strong>s\u00fcdafrikanischen Website<\/strong><\/a> hei\u00dft es gegenw\u00e4rtig dazu: <strong>\u201eAfter closure in 2020 due to the Covid-19 pandemic the business was revived in late 2021 to recover lost jobs with the support of Cham\u00e4leon Reisen of Berlin and Karmal Books of Cape Town.\u201c<\/strong> Diese Entwicklung ist h\u00f6chst erfreulich, und sie m\u00f6ge von Erfolg und Best\u00e4ndigkeit f\u00fcr m\u00f6glichst viele Menschen aus Imizamo Yethu sein!<br \/>\nUnser Team im Weltladen Reutlingen hat noch Restbest\u00e4nde anzubieten. In Zukunft stellen wir aber den Vertrieb f\u00fcr Deutschland ein.<br \/>\nDie E-Mail-Adresse des T-Bag-Projekts wird im Januar 2022 abgemeldet werden.<\/p>\n<h3>Mitteilung vom 26.05.2021<\/h3>\n<p>Leider hat Jill Heyes kein tragf\u00e4higes Nachfolgeangebot erhalten. Daraufhin verkaufte sie den gr\u00f6\u00dften Teil ihrer Lagerwaren vor Weihnachten. Auch in der darauffogenden Zeit gab es bedauerlicherweise kein &#8222;T-Bag-Wunder&#8220; mehr, auf das wir noch gehofft hatten. Das Ausbleiben der sonst \u00fcblichen Jahreslieferung im Sp\u00e4tfr\u00fchling wird uns momentan besonders bewusst.<br \/>\nEs bleibt uns nur, unsere Best\u00e4nde abzuverkaufen. Ihnen bietet sich noch bei etlichen Produkten die Chance, Ihre Vorr\u00e4te aufzustocken, wenngleich einzelne Warengruppen bereits ausgelaufen sind.<\/p>\n<h3>Corona-News vom 05.08.2020<\/h3>\n<p>Auch in 2020 konnten die Produzent*innen \u2013 trotz des s\u00fcdafrikanischen Lockdowns am 27. M\u00e4rz \u2013 unsere Jahresbestellung noch mit besonderem Einsatz abschlie\u00dfen, so dass wir einen gr\u00f6\u00dferen Vorrat an T-Bag-Waren am Lager haben.<br \/>\nDanach informierte uns Jill Heyes, die Gr\u00fcnderin von Original T-Bag Designs, \u00fcber ihre Lage: Sie hatte sich gezwungen gesehen, den Betrieb einzustellen. Nachdem u.a. die Schulen geschlossen worden waren, hielt sie es f\u00fcr wichtiger, dass ihre Mitarbeiter*innen sich zu Hause &#8211; d.h. unter den extrem beschr\u00e4nkten Bedingungen in Imizamo Yethu mit meist nur einem Raum pro Familie und ohne flie\u00dfend Wasser &#8211; um ihre Kinder k\u00fcmmerten. Au\u00dferdem blieben die Touristen aufgrund der Corona-Situation aus. Die zuletzt 19 Angestellten erhielten trotzdem noch einige Zeit ihren Lohn; aber bevor das Unternehmen in Insolvenz zu geraten drohte, schloss Jill schweren Herzens beide L\u00e4den und die Werkstatt. F\u00fcr sie war immer wichtig, den Menschen Arbeit und dadurch Selbstvertrauen zu geben.<br \/>\nIm Moment besch\u00e4ftigt sie noch einzelne Personen mit Heimarbeitsauftr\u00e4gen, um das vorhandene Material aufzubrauchen. Sie selbst (in den Sechzigern) wollte sich schon l\u00e4nger zur\u00fcckziehen und suchte jemanden, der den Betrieb fortf\u00fchrt. Vielleicht klappt das nach dem Abflauen der Pandemie, und ihr Wunsch ist, dass die ehemaligen Mitarbeiter*innen wieder eingestellt werden k\u00f6nnen.<br \/>\nDas hoffen auch wir von Herzen; wir m\u00f6chten den Kontakt sehr gern aufrechterhalten.<\/p>\n<\/div>","protected":false},"excerpt":{"rendered":"<p>[vc_row][vc_column][vc_empty_space][vc_column_text] Ehemaliges T-Bag-Projekt (2005-2021) Der Weltladen Reutlingen ist Direktimporteur reizvoller Produkte von Original T-Bag Designs CC aus S\u00fcdafrika. Gebrauchte, getrocknete und entleerte Papier-Teebeutel werden hier dekorativ bemalt und schm\u00fccken dann Gru\u00dfkarten, T\u00fcten, Untersetzer und andere Artikel. Die ca. 25 Angestellten, vor allem Frauen, leben in der informellen Siedlung Imizamo Yethu in Hout Bay \/ Kapstadt.&hellip;<\/p>\n","protected":false},"author":14,"featured_media":0,"parent":0,"menu_order":23,"comment_status":"closed","ping_status":"closed","template":"","meta":{"footnotes":""},"class_list":["post-784","page","type-page","status-publish","hentry","description-off"],"yoast_head":"<!-- This site is optimized with the Yoast SEO plugin v26.8 - https:\/\/yoast.com\/product\/yoast-seo-wordpress\/ -->\n<title>T-Bag - Weltladen Reutlingen<\/title>\n<meta name=\"description\" content=\"Der Weltladen Reutlingen ist Direktimporteur reizvoller Produkte von Original T-Bag Designs CC aus S\u00fcdafrika (www.tbagdesigns.co.za).\" \/>\n<meta name=\"robots\" content=\"index, follow, max-snippet:-1, max-image-preview:large, max-video-preview:-1\" \/>\n<link rel=\"canonical\" href=\"https:\/\/weltlaeden.de\/reutlingen\/t-bag\/\" \/>\n<meta property=\"og:locale\" content=\"de_DE\" \/>\n<meta property=\"og:type\" content=\"article\" \/>\n<meta property=\"og:title\" content=\"T-Bag - Weltladen Reutlingen\" \/>\n<meta property=\"og:description\" content=\"Der Weltladen Reutlingen ist Direktimporteur reizvoller Produkte von Original T-Bag Designs CC aus S\u00fcdafrika (www.tbagdesigns.co.za).\" \/>\n<meta property=\"og:url\" content=\"https:\/\/weltlaeden.de\/reutlingen\/t-bag\/\" \/>\n<meta property=\"og:site_name\" content=\"Weltladen Reutlingen\" \/>\n<meta property=\"article:modified_time\" content=\"2022-01-21T13:16:11+00:00\" \/>\n<meta property=\"og:image\" content=\"https:\/\/weltlaeden.de\/reutlingen\/wp-content\/uploads\/sites\/79\/2019\/07\/2018-04-22-teabag-WKF_0202-Quadratisch-300x300.jpg\" \/>\n<meta name=\"twitter:card\" content=\"summary_large_image\" \/>\n<meta name=\"twitter:label1\" content=\"Gesch\u00e4tzte Lesezeit\" \/>\n\t<meta name=\"twitter:data1\" content=\"3\u00a0Minuten\" \/>\n<script type=\"application\/ld+json\" class=\"yoast-schema-graph\">{\"@context\":\"https:\/\/schema.org\",\"@graph\":[{\"@type\":\"WebPage\",\"@id\":\"https:\/\/weltlaeden.de\/reutlingen\/t-bag\/\",\"url\":\"https:\/\/weltlaeden.de\/reutlingen\/t-bag\/\",\"name\":\"T-Bag - Weltladen Reutlingen\",\"isPartOf\":{\"@id\":\"https:\/\/weltlaeden.de\/reutlingen\/#website\"},\"primaryImageOfPage\":{\"@id\":\"https:\/\/weltlaeden.de\/reutlingen\/t-bag\/#primaryimage\"},\"image\":{\"@id\":\"https:\/\/weltlaeden.de\/reutlingen\/t-bag\/#primaryimage\"},\"thumbnailUrl\":\"https:\/\/weltlaeden.de\/reutlingen\/wp-content\/uploads\/sites\/79\/2019\/07\/2018-04-22-teabag-WKF_0202-Quadratisch-300x300.jpg\",\"datePublished\":\"2019-07-29T15:13:31+00:00\",\"dateModified\":\"2022-01-21T13:16:11+00:00\",\"description\":\"Der Weltladen Reutlingen ist Direktimporteur reizvoller Produkte von Original T-Bag Designs CC aus S\u00fcdafrika (www.tbagdesigns.co.za).\",\"breadcrumb\":{\"@id\":\"https:\/\/weltlaeden.de\/reutlingen\/t-bag\/#breadcrumb\"},\"inLanguage\":\"de\",\"potentialAction\":[{\"@type\":\"ReadAction\",\"target\":[\"https:\/\/weltlaeden.de\/reutlingen\/t-bag\/\"]}]},{\"@type\":\"ImageObject\",\"inLanguage\":\"de\",\"@id\":\"https:\/\/weltlaeden.de\/reutlingen\/t-bag\/#primaryimage\",\"url\":\"https:\/\/weltlaeden.de\/reutlingen\/wp-content\/uploads\/sites\/79\/2019\/07\/2018-04-22-teabag-WKF_0202-Quadratisch.jpg\",\"contentUrl\":\"https:\/\/weltlaeden.de\/reutlingen\/wp-content\/uploads\/sites\/79\/2019\/07\/2018-04-22-teabag-WKF_0202-Quadratisch.jpg\",\"width\":5409,\"height\":5409},{\"@type\":\"BreadcrumbList\",\"@id\":\"https:\/\/weltlaeden.de\/reutlingen\/t-bag\/#breadcrumb\",\"itemListElement\":[{\"@type\":\"ListItem\",\"position\":1,\"name\":\"Startseite\",\"item\":\"https:\/\/weltlaeden.de\/reutlingen\/\"},{\"@type\":\"ListItem\",\"position\":2,\"name\":\"T-Bag\"}]},{\"@type\":\"WebSite\",\"@id\":\"https:\/\/weltlaeden.de\/reutlingen\/#website\",\"url\":\"https:\/\/weltlaeden.de\/reutlingen\/\",\"name\":\"Weltladen Reutlingen\",\"description\":\"Faire Produkte seit 1990\",\"potentialAction\":[{\"@type\":\"SearchAction\",\"target\":{\"@type\":\"EntryPoint\",\"urlTemplate\":\"https:\/\/weltlaeden.de\/reutlingen\/?s={search_term_string}\"},\"query-input\":{\"@type\":\"PropertyValueSpecification\",\"valueRequired\":true,\"valueName\":\"search_term_string\"}}],\"inLanguage\":\"de\"}]}<\/script>\n<!-- \/ Yoast SEO plugin. -->","yoast_head_json":{"title":"T-Bag - Weltladen Reutlingen","description":"Der Weltladen Reutlingen ist Direktimporteur reizvoller Produkte von Original T-Bag Designs CC aus S\u00fcdafrika (www.tbagdesigns.co.za).","robots":{"index":"index","follow":"follow","max-snippet":"max-snippet:-1","max-image-preview":"max-image-preview:large","max-video-preview":"max-video-preview:-1"},"canonical":"https:\/\/weltlaeden.de\/reutlingen\/t-bag\/","og_locale":"de_DE","og_type":"article","og_title":"T-Bag - Weltladen Reutlingen","og_description":"Der Weltladen Reutlingen ist Direktimporteur reizvoller Produkte von Original T-Bag Designs CC aus S\u00fcdafrika (www.tbagdesigns.co.za).","og_url":"https:\/\/weltlaeden.de\/reutlingen\/t-bag\/","og_site_name":"Weltladen Reutlingen","article_modified_time":"2022-01-21T13:16:11+00:00","og_image":[{"url":"https:\/\/weltlaeden.de\/reutlingen\/wp-content\/uploads\/sites\/79\/2019\/07\/2018-04-22-teabag-WKF_0202-Quadratisch-300x300.jpg","type":"","width":"","height":""}],"twitter_card":"summary_large_image","twitter_misc":{"Gesch\u00e4tzte Lesezeit":"3\u00a0Minuten"},"schema":{"@context":"https:\/\/schema.org","@graph":[{"@type":"WebPage","@id":"https:\/\/weltlaeden.de\/reutlingen\/t-bag\/","url":"https:\/\/weltlaeden.de\/reutlingen\/t-bag\/","name":"T-Bag - Weltladen Reutlingen","isPartOf":{"@id":"https:\/\/weltlaeden.de\/reutlingen\/#website"},"primaryImageOfPage":{"@id":"https:\/\/weltlaeden.de\/reutlingen\/t-bag\/#primaryimage"},"image":{"@id":"https:\/\/weltlaeden.de\/reutlingen\/t-bag\/#primaryimage"},"thumbnailUrl":"https:\/\/weltlaeden.de\/reutlingen\/wp-content\/uploads\/sites\/79\/2019\/07\/2018-04-22-teabag-WKF_0202-Quadratisch-300x300.jpg","datePublished":"2019-07-29T15:13:31+00:00","dateModified":"2022-01-21T13:16:11+00:00","description":"Der Weltladen Reutlingen ist Direktimporteur reizvoller Produkte von Original T-Bag Designs CC aus S\u00fcdafrika (www.tbagdesigns.co.za).","breadcrumb":{"@id":"https:\/\/weltlaeden.de\/reutlingen\/t-bag\/#breadcrumb"},"inLanguage":"de","potentialAction":[{"@type":"ReadAction","target":["https:\/\/weltlaeden.de\/reutlingen\/t-bag\/"]}]},{"@type":"ImageObject","inLanguage":"de","@id":"https:\/\/weltlaeden.de\/reutlingen\/t-bag\/#primaryimage","url":"https:\/\/weltlaeden.de\/reutlingen\/wp-content\/uploads\/sites\/79\/2019\/07\/2018-04-22-teabag-WKF_0202-Quadratisch.jpg","contentUrl":"https:\/\/weltlaeden.de\/reutlingen\/wp-content\/uploads\/sites\/79\/2019\/07\/2018-04-22-teabag-WKF_0202-Quadratisch.jpg","width":5409,"height":5409},{"@type":"BreadcrumbList","@id":"https:\/\/weltlaeden.de\/reutlingen\/t-bag\/#breadcrumb","itemListElement":[{"@type":"ListItem","position":1,"name":"Startseite","item":"https:\/\/weltlaeden.de\/reutlingen\/"},{"@type":"ListItem","position":2,"name":"T-Bag"}]},{"@type":"WebSite","@id":"https:\/\/weltlaeden.de\/reutlingen\/#website","url":"https:\/\/weltlaeden.de\/reutlingen\/","name":"Weltladen Reutlingen","description":"Faire Produkte seit 1990","potentialAction":[{"@type":"SearchAction","target":{"@type":"EntryPoint","urlTemplate":"https:\/\/weltlaeden.de\/reutlingen\/?s={search_term_string}"},"query-input":{"@type":"PropertyValueSpecification","valueRequired":true,"valueName":"search_term_string"}}],"inLanguage":"de"}]}},"_links":{"self":[{"href":"https:\/\/weltlaeden.de\/reutlingen\/wp-json\/wp\/v2\/pages\/784","targetHints":{"allow":["GET"]}}],"collection":[{"href":"https:\/\/weltlaeden.de\/reutlingen\/wp-json\/wp\/v2\/pages"}],"about":[{"href":"https:\/\/weltlaeden.de\/reutlingen\/wp-json\/wp\/v2\/types\/page"}],"author":[{"embeddable":true,"href":"https:\/\/weltlaeden.de\/reutlingen\/wp-json\/wp\/v2\/users\/14"}],"replies":[{"embeddable":true,"href":"https:\/\/weltlaeden.de\/reutlingen\/wp-json\/wp\/v2\/comments?post=784"}],"version-history":[{"count":28,"href":"https:\/\/weltlaeden.de\/reutlingen\/wp-json\/wp\/v2\/pages\/784\/revisions"}],"predecessor-version":[{"id":2101,"href":"https:\/\/weltlaeden.de\/reutlingen\/wp-json\/wp\/v2\/pages\/784\/revisions\/2101"}],"wp:attachment":[{"href":"https:\/\/weltlaeden.de\/reutlingen\/wp-json\/wp\/v2\/media?parent=784"}],"curies":[{"name":"wp","href":"https:\/\/api.w.org\/{rel}","templated":true}]}}