{"id":771,"date":"2019-07-29T17:03:55","date_gmt":"2019-07-29T15:03:55","guid":{"rendered":"https:\/\/weltlaeden.de\/reutlingen\/kaffee-3\/"},"modified":"2026-03-30T16:46:28","modified_gmt":"2026-03-30T14:46:28","slug":"suesse-versuchungen","status":"publish","type":"page","link":"https:\/\/weltlaeden.de\/reutlingen\/suesse-versuchungen\/","title":{"rendered":"S\u00fc\u00dfe Versuchungen"},"content":{"rendered":"<div class=\"wpb-content-wrapper\"><p>[vc_row][vc_column][vc_empty_space][vc_column_text]<\/p>\n<h1>S\u00fc\u00dfe Versuchungen<\/h1>\n<p><img loading=\"lazy\" decoding=\"async\" class=\"size-medium wp-image-743 alignleft\" src=\"https:\/\/weltlaeden.de\/reutlingen\/wp-content\/uploads\/sites\/79\/2026\/03\/SuesseVersuchungen-2026.jpg\" alt=\"\" width=\"300\" height=\"300\" \/><strong>Gro\u00dfe Auswahl und fair gehandelt<\/strong><\/p>\n<ul>\n<li>Kakao und Trinkschokolade<\/li>\n<li>Schokolade in vielen Geschmacksrichtungen<\/li>\n<li>Zotter Schokolade und Reutlinger Stadtschokolade<\/li>\n<li>Schokoriegel<\/li>\n<li>Kekse und Geb\u00e4ck<\/li>\n<li>Confiserie und Tartuffi<\/li>\n<\/ul>\n<p>Die meisten Rohstoffe f\u00fcr die so beliebten S\u00fc\u00dfwaren wachsen nicht bei uns, sondern werden importiert. Hier ist der Faire Handel ein Segen.[\/vc_column_text][\/vc_column][\/vc_row]<\/li>\n<\/ul>\n<\/div>","protected":false},"excerpt":{"rendered":"<p>[vc_row][vc_column][vc_empty_space][vc_column_text] S\u00fc\u00dfe Versuchungen Gro\u00dfe Auswahl und fair gehandelt Kakao und Trinkschokolade Schokolade in vielen Geschmacksrichtungen Zotter Schokolade und Reutlinger Stadtschokolade Schokoriegel Kekse und Geb\u00e4ck Confiserie und Tartuffi Die meisten Rohstoffe f\u00fcr die so beliebten S\u00fc\u00dfwaren wachsen nicht bei uns, sondern werden importiert. Hier ist der Faire Handel ein Segen.[\/vc_column_text][\/vc_column][\/vc_row]<\/p>\n","protected":false},"author":14,"featured_media":0,"parent":0,"menu_order":19,"comment_status":"closed","ping_status":"closed","template":"","meta":{"footnotes":""},"class_list":["post-771","page","type-page","status-publish","hentry","description-off"],"yoast_head":"<!-- This site is optimized with the Yoast SEO plugin v26.8 - https:\/\/yoast.com\/product\/yoast-seo-wordpress\/ -->\n<title>S\u00fc\u00dfe Versuchungen - Weltladen Reutlingen<\/title>\n<meta name=\"description\" content=\"Kakao, Schokolade, Schokoriegel, Kekse, Confiserie. Die meisten Rohstoffe f\u00fcr die so beliebten S\u00fc\u00dfwaren wachsen nicht bei uns, sondern werden importiert. Hier ist der Faire Handel ein Segen.\" \/>\n<meta name=\"robots\" content=\"index, follow, max-snippet:-1, max-image-preview:large, max-video-preview:-1\" \/>\n<link rel=\"canonical\" href=\"https:\/\/weltlaeden.de\/reutlingen\/suesse-versuchungen\/\" \/>\n<meta property=\"og:locale\" content=\"de_DE\" \/>\n<meta property=\"og:type\" content=\"article\" \/>\n<meta property=\"og:title\" content=\"S\u00fc\u00dfe Versuchungen - Weltladen Reutlingen\" \/>\n<meta property=\"og:description\" content=\"Kakao, Schokolade, Schokoriegel, Kekse, Confiserie. Die meisten Rohstoffe f\u00fcr die so beliebten S\u00fc\u00dfwaren wachsen nicht bei uns, sondern werden importiert. Hier ist der Faire Handel ein Segen.\" \/>\n<meta property=\"og:url\" content=\"https:\/\/weltlaeden.de\/reutlingen\/suesse-versuchungen\/\" \/>\n<meta property=\"og:site_name\" content=\"Weltladen Reutlingen\" \/>\n<meta property=\"article:modified_time\" content=\"2026-03-30T14:46:28+00:00\" \/>\n<meta property=\"og:image\" content=\"https:\/\/weltlaeden.de\/reutlingen\/wp-content\/uploads\/sites\/79\/2019\/07\/S\u00fc\u00dfeVersuchungen.jpg\" \/>\n\t<meta property=\"og:image:width\" content=\"2560\" \/>\n\t<meta property=\"og:image:height\" content=\"2560\" \/>\n\t<meta property=\"og:image:type\" content=\"image\/jpeg\" \/>\n<meta name=\"twitter:card\" content=\"summary_large_image\" \/>\n<meta name=\"twitter:label1\" content=\"Gesch\u00e4tzte Lesezeit\" \/>\n\t<meta name=\"twitter:data1\" content=\"1\u00a0Minute\" \/>\n<script type=\"application\/ld+json\" class=\"yoast-schema-graph\">{\"@context\":\"https:\/\/schema.org\",\"@graph\":[{\"@type\":\"WebPage\",\"@id\":\"https:\/\/weltlaeden.de\/reutlingen\/suesse-versuchungen\/\",\"url\":\"https:\/\/weltlaeden.de\/reutlingen\/suesse-versuchungen\/\",\"name\":\"S\u00fc\u00dfe Versuchungen - Weltladen Reutlingen\",\"isPartOf\":{\"@id\":\"https:\/\/weltlaeden.de\/reutlingen\/#website\"},\"primaryImageOfPage\":{\"@id\":\"https:\/\/weltlaeden.de\/reutlingen\/suesse-versuchungen\/#primaryimage\"},\"image\":{\"@id\":\"https:\/\/weltlaeden.de\/reutlingen\/suesse-versuchungen\/#primaryimage\"},\"thumbnailUrl\":\"https:\/\/weltlaeden.de\/reutlingen\/wp-content\/uploads\/sites\/79\/2026\/03\/SuesseVersuchungen-2026.jpg\",\"datePublished\":\"2019-07-29T15:03:55+00:00\",\"dateModified\":\"2026-03-30T14:46:28+00:00\",\"description\":\"Kakao, Schokolade, Schokoriegel, Kekse, Confiserie. Die meisten Rohstoffe f\u00fcr die so beliebten S\u00fc\u00dfwaren wachsen nicht bei uns, sondern werden importiert. Hier ist der Faire Handel ein Segen.\",\"breadcrumb\":{\"@id\":\"https:\/\/weltlaeden.de\/reutlingen\/suesse-versuchungen\/#breadcrumb\"},\"inLanguage\":\"de\",\"potentialAction\":[{\"@type\":\"ReadAction\",\"target\":[\"https:\/\/weltlaeden.de\/reutlingen\/suesse-versuchungen\/\"]}]},{\"@type\":\"ImageObject\",\"inLanguage\":\"de\",\"@id\":\"https:\/\/weltlaeden.de\/reutlingen\/suesse-versuchungen\/#primaryimage\",\"url\":\"https:\/\/weltlaeden.de\/reutlingen\/wp-content\/uploads\/sites\/79\/2019\/07\/S\u00fc\u00dfeVersuchungen.jpg\",\"contentUrl\":\"https:\/\/weltlaeden.de\/reutlingen\/wp-content\/uploads\/sites\/79\/2019\/07\/S\u00fc\u00dfeVersuchungen.jpg\",\"width\":2560,\"height\":2560},{\"@type\":\"BreadcrumbList\",\"@id\":\"https:\/\/weltlaeden.de\/reutlingen\/suesse-versuchungen\/#breadcrumb\",\"itemListElement\":[{\"@type\":\"ListItem\",\"position\":1,\"name\":\"Startseite\",\"item\":\"https:\/\/weltlaeden.de\/reutlingen\/\"},{\"@type\":\"ListItem\",\"position\":2,\"name\":\"S\u00fc\u00dfe Versuchungen\"}]},{\"@type\":\"WebSite\",\"@id\":\"https:\/\/weltlaeden.de\/reutlingen\/#website\",\"url\":\"https:\/\/weltlaeden.de\/reutlingen\/\",\"name\":\"Weltladen Reutlingen\",\"description\":\"Faire Produkte seit 1990\",\"potentialAction\":[{\"@type\":\"SearchAction\",\"target\":{\"@type\":\"EntryPoint\",\"urlTemplate\":\"https:\/\/weltlaeden.de\/reutlingen\/?s={search_term_string}\"},\"query-input\":{\"@type\":\"PropertyValueSpecification\",\"valueRequired\":true,\"valueName\":\"search_term_string\"}}],\"inLanguage\":\"de\"}]}<\/script>\n<!-- \/ Yoast SEO plugin. -->","yoast_head_json":{"title":"S\u00fc\u00dfe Versuchungen - Weltladen Reutlingen","description":"Kakao, Schokolade, Schokoriegel, Kekse, Confiserie. Die meisten Rohstoffe f\u00fcr die so beliebten S\u00fc\u00dfwaren wachsen nicht bei uns, sondern werden importiert. Hier ist der Faire Handel ein Segen.","robots":{"index":"index","follow":"follow","max-snippet":"max-snippet:-1","max-image-preview":"max-image-preview:large","max-video-preview":"max-video-preview:-1"},"canonical":"https:\/\/weltlaeden.de\/reutlingen\/suesse-versuchungen\/","og_locale":"de_DE","og_type":"article","og_title":"S\u00fc\u00dfe Versuchungen - Weltladen Reutlingen","og_description":"Kakao, Schokolade, Schokoriegel, Kekse, Confiserie. Die meisten Rohstoffe f\u00fcr die so beliebten S\u00fc\u00dfwaren wachsen nicht bei uns, sondern werden importiert. Hier ist der Faire Handel ein Segen.","og_url":"https:\/\/weltlaeden.de\/reutlingen\/suesse-versuchungen\/","og_site_name":"Weltladen Reutlingen","article_modified_time":"2026-03-30T14:46:28+00:00","og_image":[{"width":2560,"height":2560,"url":"https:\/\/weltlaeden.de\/reutlingen\/wp-content\/uploads\/sites\/79\/2019\/07\/S\u00fc\u00dfeVersuchungen.jpg","type":"image\/jpeg"}],"twitter_card":"summary_large_image","twitter_misc":{"Gesch\u00e4tzte Lesezeit":"1\u00a0Minute"},"schema":{"@context":"https:\/\/schema.org","@graph":[{"@type":"WebPage","@id":"https:\/\/weltlaeden.de\/reutlingen\/suesse-versuchungen\/","url":"https:\/\/weltlaeden.de\/reutlingen\/suesse-versuchungen\/","name":"S\u00fc\u00dfe Versuchungen - Weltladen Reutlingen","isPartOf":{"@id":"https:\/\/weltlaeden.de\/reutlingen\/#website"},"primaryImageOfPage":{"@id":"https:\/\/weltlaeden.de\/reutlingen\/suesse-versuchungen\/#primaryimage"},"image":{"@id":"https:\/\/weltlaeden.de\/reutlingen\/suesse-versuchungen\/#primaryimage"},"thumbnailUrl":"https:\/\/weltlaeden.de\/reutlingen\/wp-content\/uploads\/sites\/79\/2026\/03\/SuesseVersuchungen-2026.jpg","datePublished":"2019-07-29T15:03:55+00:00","dateModified":"2026-03-30T14:46:28+00:00","description":"Kakao, Schokolade, Schokoriegel, Kekse, Confiserie. Die meisten Rohstoffe f\u00fcr die so beliebten S\u00fc\u00dfwaren wachsen nicht bei uns, sondern werden importiert. Hier ist der Faire Handel ein Segen.","breadcrumb":{"@id":"https:\/\/weltlaeden.de\/reutlingen\/suesse-versuchungen\/#breadcrumb"},"inLanguage":"de","potentialAction":[{"@type":"ReadAction","target":["https:\/\/weltlaeden.de\/reutlingen\/suesse-versuchungen\/"]}]},{"@type":"ImageObject","inLanguage":"de","@id":"https:\/\/weltlaeden.de\/reutlingen\/suesse-versuchungen\/#primaryimage","url":"https:\/\/weltlaeden.de\/reutlingen\/wp-content\/uploads\/sites\/79\/2019\/07\/S\u00fc\u00dfeVersuchungen.jpg","contentUrl":"https:\/\/weltlaeden.de\/reutlingen\/wp-content\/uploads\/sites\/79\/2019\/07\/S\u00fc\u00dfeVersuchungen.jpg","width":2560,"height":2560},{"@type":"BreadcrumbList","@id":"https:\/\/weltlaeden.de\/reutlingen\/suesse-versuchungen\/#breadcrumb","itemListElement":[{"@type":"ListItem","position":1,"name":"Startseite","item":"https:\/\/weltlaeden.de\/reutlingen\/"},{"@type":"ListItem","position":2,"name":"S\u00fc\u00dfe Versuchungen"}]},{"@type":"WebSite","@id":"https:\/\/weltlaeden.de\/reutlingen\/#website","url":"https:\/\/weltlaeden.de\/reutlingen\/","name":"Weltladen Reutlingen","description":"Faire Produkte seit 1990","potentialAction":[{"@type":"SearchAction","target":{"@type":"EntryPoint","urlTemplate":"https:\/\/weltlaeden.de\/reutlingen\/?s={search_term_string}"},"query-input":{"@type":"PropertyValueSpecification","valueRequired":true,"valueName":"search_term_string"}}],"inLanguage":"de"}]}},"_links":{"self":[{"href":"https:\/\/weltlaeden.de\/reutlingen\/wp-json\/wp\/v2\/pages\/771","targetHints":{"allow":["GET"]}}],"collection":[{"href":"https:\/\/weltlaeden.de\/reutlingen\/wp-json\/wp\/v2\/pages"}],"about":[{"href":"https:\/\/weltlaeden.de\/reutlingen\/wp-json\/wp\/v2\/types\/page"}],"author":[{"embeddable":true,"href":"https:\/\/weltlaeden.de\/reutlingen\/wp-json\/wp\/v2\/users\/14"}],"replies":[{"embeddable":true,"href":"https:\/\/weltlaeden.de\/reutlingen\/wp-json\/wp\/v2\/comments?post=771"}],"version-history":[{"count":5,"href":"https:\/\/weltlaeden.de\/reutlingen\/wp-json\/wp\/v2\/pages\/771\/revisions"}],"predecessor-version":[{"id":2824,"href":"https:\/\/weltlaeden.de\/reutlingen\/wp-json\/wp\/v2\/pages\/771\/revisions\/2824"}],"wp:attachment":[{"href":"https:\/\/weltlaeden.de\/reutlingen\/wp-json\/wp\/v2\/media?parent=771"}],"curies":[{"name":"wp","href":"https:\/\/api.w.org\/{rel}","templated":true}]}}