{"id":2831,"date":"2026-04-20T08:43:27","date_gmt":"2026-04-20T06:43:27","guid":{"rendered":"https:\/\/weltlaeden.de\/reutlingen\/fruehsommer-modepraesentation-2025-2\/"},"modified":"2026-04-20T09:33:10","modified_gmt":"2026-04-20T07:33:10","slug":"fruehsommer-modepraesentation-2026","status":"publish","type":"page","link":"https:\/\/weltlaeden.de\/reutlingen\/fruehsommer-modepraesentation-2026\/","title":{"rendered":"Fr\u00fchsommer-Modepr\u00e4sentation 2026"},"content":{"rendered":"<div class=\"wpb-content-wrapper\"><p>[vc_row][vc_column][vc_column_text css=&#8220;&#8220;]<\/p>\n<h1>Fr\u00fchsommer-Modepr\u00e4sentation 2026<\/h1>\n<p>Zu sehen ist eine Auswahl an stilvoller Mode, hergestellt aus umwelt- und hautfreundlichen Materialien, nachhaltig produziert und fair gehandelt. Fair und chic geht gut zusammen.<\/p>\n\n\t\t\t<style type='text\/css'>\n\t\t\t\t#gallery-1 {\n\t\t\t\t\tmargin: auto;\n\t\t\t\t}\n\t\t\t\t#gallery-1 .gallery-item {\n\t\t\t\t\tfloat: left;\n\t\t\t\t\tmargin-top: 10px;\n\t\t\t\t\ttext-align: center;\n\t\t\t\t\twidth: 33%;\n\t\t\t\t}\n\t\t\t\t#gallery-1 img {\n\t\t\t\t\tborder: 2px solid #cfcfcf;\n\t\t\t\t}\n\t\t\t\t#gallery-1 .gallery-caption {\n\t\t\t\t\tmargin-left: 0;\n\t\t\t\t}\n\t\t\t\t\/* see gallery_shortcode() in wp-includes\/media.php *\/\n\t\t\t<\/style>\n\t\t<div id='gallery-1' class='dt-gallery-container gallery galleryid-2831 gallery-columns-3 gallery-size-thumbnail'><dl class='gallery-item'>\n\t\t\t\t<dt class='gallery-icon portrait'>\n\t\t\t\t\t<a class=\"rollover rollover-zoom dt-pswp-item\" title=\"Sommermode-2026_8861\" data-dt-img-description=\"\" data-large_image_width=\"1024\" data-large_image_height=\"1534\"href='https:\/\/weltlaeden.de\/reutlingen\/wp-content\/uploads\/sites\/79\/2026\/04\/Sommermode-2026_8861.jpg'><img loading=\"lazy\" decoding=\"async\" width=\"150\" height=\"150\" src=\"https:\/\/weltlaeden.de\/reutlingen\/wp-content\/uploads\/sites\/79\/2026\/04\/Sommermode-2026_8861-150x150.jpg\" class=\"attachment-thumbnail size-thumbnail\" alt=\"\" \/><\/a>\n\t\t\t\t<\/dt><\/dl><dl class='gallery-item'>\n\t\t\t\t<dt class='gallery-icon portrait'>\n\t\t\t\t\t<a class=\"rollover rollover-zoom dt-pswp-item\" title=\"Sommermode-2026_8878\" data-dt-img-description=\"\" data-large_image_width=\"1024\" data-large_image_height=\"1534\"href='https:\/\/weltlaeden.de\/reutlingen\/wp-content\/uploads\/sites\/79\/2026\/04\/Sommermode-2026_8878.jpg'><img loading=\"lazy\" decoding=\"async\" width=\"150\" height=\"150\" src=\"https:\/\/weltlaeden.de\/reutlingen\/wp-content\/uploads\/sites\/79\/2026\/04\/Sommermode-2026_8878-150x150.jpg\" class=\"attachment-thumbnail size-thumbnail\" alt=\"\" \/><\/a>\n\t\t\t\t<\/dt><\/dl><dl class='gallery-item'>\n\t\t\t\t<dt class='gallery-icon portrait'>\n\t\t\t\t\t<a class=\"rollover rollover-zoom dt-pswp-item\" title=\"Sommermode-2026_8885\" data-dt-img-description=\"\" data-large_image_width=\"1024\" data-large_image_height=\"1534\"href='https:\/\/weltlaeden.de\/reutlingen\/wp-content\/uploads\/sites\/79\/2026\/04\/Sommermode-2026_8885.jpg'><img loading=\"lazy\" decoding=\"async\" width=\"150\" height=\"150\" src=\"https:\/\/weltlaeden.de\/reutlingen\/wp-content\/uploads\/sites\/79\/2026\/04\/Sommermode-2026_8885-150x150.jpg\" class=\"attachment-thumbnail size-thumbnail\" alt=\"\" \/><\/a>\n\t\t\t\t<\/dt><\/dl><br style=\"clear: both\" \/><dl class='gallery-item'>\n\t\t\t\t<dt class='gallery-icon portrait'>\n\t\t\t\t\t<a class=\"rollover rollover-zoom dt-pswp-item\" title=\"Sommermode-2026_8932\" data-dt-img-description=\"\" data-large_image_width=\"1024\" data-large_image_height=\"1534\"href='https:\/\/weltlaeden.de\/reutlingen\/wp-content\/uploads\/sites\/79\/2026\/04\/Sommermode-2026_8932.jpg'><img loading=\"lazy\" decoding=\"async\" width=\"150\" height=\"150\" src=\"https:\/\/weltlaeden.de\/reutlingen\/wp-content\/uploads\/sites\/79\/2026\/04\/Sommermode-2026_8932-150x150.jpg\" class=\"attachment-thumbnail size-thumbnail\" alt=\"\" \/><\/a>\n\t\t\t\t<\/dt><\/dl><dl class='gallery-item'>\n\t\t\t\t<dt class='gallery-icon portrait'>\n\t\t\t\t\t<a class=\"rollover rollover-zoom dt-pswp-item\" title=\"Sommermode-2026_8934\" data-dt-img-description=\"\" data-large_image_width=\"1024\" data-large_image_height=\"1534\"href='https:\/\/weltlaeden.de\/reutlingen\/wp-content\/uploads\/sites\/79\/2026\/04\/Sommermode-2026_8934.jpg'><img loading=\"lazy\" decoding=\"async\" width=\"150\" height=\"150\" src=\"https:\/\/weltlaeden.de\/reutlingen\/wp-content\/uploads\/sites\/79\/2026\/04\/Sommermode-2026_8934-150x150.jpg\" class=\"attachment-thumbnail size-thumbnail\" alt=\"\" \/><\/a>\n\t\t\t\t<\/dt><\/dl><dl class='gallery-item'>\n\t\t\t\t<dt class='gallery-icon portrait'>\n\t\t\t\t\t<a class=\"rollover rollover-zoom dt-pswp-item\" title=\"Sommermode-2026_8937\" data-dt-img-description=\"\" data-large_image_width=\"1024\" data-large_image_height=\"1223\"href='https:\/\/weltlaeden.de\/reutlingen\/wp-content\/uploads\/sites\/79\/2026\/04\/Sommermode-2026_8937.jpg'><img loading=\"lazy\" decoding=\"async\" width=\"150\" height=\"150\" src=\"https:\/\/weltlaeden.de\/reutlingen\/wp-content\/uploads\/sites\/79\/2026\/04\/Sommermode-2026_8937-150x150.jpg\" class=\"attachment-thumbnail size-thumbnail\" alt=\"\" \/><\/a>\n\t\t\t\t<\/dt><\/dl><br style=\"clear: both\" \/><dl class='gallery-item'>\n\t\t\t\t<dt class='gallery-icon portrait'>\n\t\t\t\t\t<a class=\"rollover rollover-zoom dt-pswp-item\" title=\"Sommermode-2026_8950\" data-dt-img-description=\"\" data-large_image_width=\"1024\" data-large_image_height=\"1534\"href='https:\/\/weltlaeden.de\/reutlingen\/wp-content\/uploads\/sites\/79\/2026\/04\/Sommermode-2026_8950.jpg'><img loading=\"lazy\" decoding=\"async\" width=\"150\" height=\"150\" src=\"https:\/\/weltlaeden.de\/reutlingen\/wp-content\/uploads\/sites\/79\/2026\/04\/Sommermode-2026_8950-150x150.jpg\" class=\"attachment-thumbnail size-thumbnail\" alt=\"\" \/><\/a>\n\t\t\t\t<\/dt><\/dl><dl class='gallery-item'>\n\t\t\t\t<dt class='gallery-icon portrait'>\n\t\t\t\t\t<a class=\"rollover rollover-zoom dt-pswp-item\" title=\"Sommermode-2026_8958\" data-dt-img-description=\"\" data-large_image_width=\"1024\" data-large_image_height=\"1534\"href='https:\/\/weltlaeden.de\/reutlingen\/wp-content\/uploads\/sites\/79\/2026\/04\/Sommermode-2026_8958.jpg'><img loading=\"lazy\" decoding=\"async\" width=\"150\" height=\"150\" src=\"https:\/\/weltlaeden.de\/reutlingen\/wp-content\/uploads\/sites\/79\/2026\/04\/Sommermode-2026_8958-150x150.jpg\" class=\"attachment-thumbnail size-thumbnail\" alt=\"\" \/><\/a>\n\t\t\t\t<\/dt><\/dl><dl class='gallery-item'>\n\t\t\t\t<dt class='gallery-icon portrait'>\n\t\t\t\t\t<a class=\"rollover rollover-zoom dt-pswp-item\" title=\"Sommermode-2026_9060\" data-dt-img-description=\"\" data-large_image_width=\"1024\" data-large_image_height=\"1534\"href='https:\/\/weltlaeden.de\/reutlingen\/wp-content\/uploads\/sites\/79\/2026\/04\/Sommermode-2026_9060.jpg'><img loading=\"lazy\" decoding=\"async\" width=\"150\" height=\"150\" src=\"https:\/\/weltlaeden.de\/reutlingen\/wp-content\/uploads\/sites\/79\/2026\/04\/Sommermode-2026_9060-150x150.jpg\" class=\"attachment-thumbnail size-thumbnail\" alt=\"\" \/><\/a>\n\t\t\t\t<\/dt><\/dl><br style=\"clear: both\" \/><dl class='gallery-item'>\n\t\t\t\t<dt class='gallery-icon portrait'>\n\t\t\t\t\t<a class=\"rollover rollover-zoom dt-pswp-item\" title=\"Sommermode-2026_9084\" data-dt-img-description=\"\" data-large_image_width=\"1024\" data-large_image_height=\"1215\"href='https:\/\/weltlaeden.de\/reutlingen\/wp-content\/uploads\/sites\/79\/2026\/04\/Sommermode-2026_9084.jpg'><img loading=\"lazy\" decoding=\"async\" width=\"150\" height=\"150\" src=\"https:\/\/weltlaeden.de\/reutlingen\/wp-content\/uploads\/sites\/79\/2026\/04\/Sommermode-2026_9084-150x150.jpg\" class=\"attachment-thumbnail size-thumbnail\" alt=\"\" \/><\/a>\n\t\t\t\t<\/dt><\/dl><dl class='gallery-item'>\n\t\t\t\t<dt class='gallery-icon portrait'>\n\t\t\t\t\t<a class=\"rollover rollover-zoom dt-pswp-item\" title=\"Sommermode-2026_9091\" data-dt-img-description=\"\" data-large_image_width=\"1024\" data-large_image_height=\"1534\"href='https:\/\/weltlaeden.de\/reutlingen\/wp-content\/uploads\/sites\/79\/2026\/04\/Sommermode-2026_9091.jpg'><img loading=\"lazy\" decoding=\"async\" width=\"150\" height=\"150\" src=\"https:\/\/weltlaeden.de\/reutlingen\/wp-content\/uploads\/sites\/79\/2026\/04\/Sommermode-2026_9091-150x150.jpg\" class=\"attachment-thumbnail size-thumbnail\" alt=\"\" \/><\/a>\n\t\t\t\t<\/dt><\/dl><dl class='gallery-item'>\n\t\t\t\t<dt class='gallery-icon portrait'>\n\t\t\t\t\t<a class=\"rollover rollover-zoom dt-pswp-item\" title=\"Sommermode-2026_9120\" data-dt-img-description=\"\" data-large_image_width=\"1024\" data-large_image_height=\"1534\"href='https:\/\/weltlaeden.de\/reutlingen\/wp-content\/uploads\/sites\/79\/2026\/04\/Sommermode-2026_9120.jpg'><img loading=\"lazy\" decoding=\"async\" width=\"150\" height=\"150\" src=\"https:\/\/weltlaeden.de\/reutlingen\/wp-content\/uploads\/sites\/79\/2026\/04\/Sommermode-2026_9120-150x150.jpg\" class=\"attachment-thumbnail size-thumbnail\" alt=\"\" \/><\/a>\n\t\t\t\t<\/dt><\/dl><br style=\"clear: both\" \/><dl class='gallery-item'>\n\t\t\t\t<dt class='gallery-icon landscape'>\n\t\t\t\t\t<a class=\"rollover rollover-zoom dt-pswp-item\" title=\"Sommermode-2026_8920\" data-dt-img-description=\"\" data-large_image_width=\"1534\" data-large_image_height=\"1024\"href='https:\/\/weltlaeden.de\/reutlingen\/wp-content\/uploads\/sites\/79\/2026\/04\/Sommermode-2026_8920.jpg'><img loading=\"lazy\" decoding=\"async\" width=\"150\" height=\"150\" src=\"https:\/\/weltlaeden.de\/reutlingen\/wp-content\/uploads\/sites\/79\/2026\/04\/Sommermode-2026_8920-150x150.jpg\" class=\"attachment-thumbnail size-thumbnail\" alt=\"\" \/><\/a>\n\t\t\t\t<\/dt><\/dl><dl class='gallery-item'>\n\t\t\t\t<dt class='gallery-icon landscape'>\n\t\t\t\t\t<a class=\"rollover rollover-zoom dt-pswp-item\" title=\"Sommermode-2026_8966\" data-dt-img-description=\"\" data-large_image_width=\"1534\" data-large_image_height=\"1024\"href='https:\/\/weltlaeden.de\/reutlingen\/wp-content\/uploads\/sites\/79\/2026\/04\/Sommermode-2026_8966.jpg'><img loading=\"lazy\" decoding=\"async\" width=\"150\" height=\"150\" src=\"https:\/\/weltlaeden.de\/reutlingen\/wp-content\/uploads\/sites\/79\/2026\/04\/Sommermode-2026_8966-150x150.jpg\" class=\"attachment-thumbnail size-thumbnail\" alt=\"\" \/><\/a>\n\t\t\t\t<\/dt><\/dl><dl class='gallery-item'>\n\t\t\t\t<dt class='gallery-icon landscape'>\n\t\t\t\t\t<a class=\"rollover rollover-zoom dt-pswp-item\" title=\"Sommermode-2026_9052\" data-dt-img-description=\"\" data-large_image_width=\"1534\" data-large_image_height=\"1024\"href='https:\/\/weltlaeden.de\/reutlingen\/wp-content\/uploads\/sites\/79\/2026\/04\/Sommermode-2026_9052.jpg'><img loading=\"lazy\" decoding=\"async\" width=\"150\" height=\"150\" src=\"https:\/\/weltlaeden.de\/reutlingen\/wp-content\/uploads\/sites\/79\/2026\/04\/Sommermode-2026_9052-150x150.jpg\" class=\"attachment-thumbnail size-thumbnail\" alt=\"\" \/><\/a>\n\t\t\t\t<\/dt><\/dl><br style=\"clear: both\" \/><dl class='gallery-item'>\n\t\t\t\t<dt class='gallery-icon landscape'>\n\t\t\t\t\t<a class=\"rollover rollover-zoom dt-pswp-item\" title=\"Sommermode-2026_9172\" data-dt-img-description=\"\" data-large_image_width=\"1534\" data-large_image_height=\"1024\"href='https:\/\/weltlaeden.de\/reutlingen\/wp-content\/uploads\/sites\/79\/2026\/04\/Sommermode-2026_9172.jpg'><img loading=\"lazy\" decoding=\"async\" width=\"150\" height=\"150\" src=\"https:\/\/weltlaeden.de\/reutlingen\/wp-content\/uploads\/sites\/79\/2026\/04\/Sommermode-2026_9172-150x150.jpg\" class=\"attachment-thumbnail size-thumbnail\" alt=\"\" \/><\/a>\n\t\t\t\t<\/dt><\/dl><dl class='gallery-item'>\n\t\t\t\t<dt class='gallery-icon landscape'>\n\t\t\t\t\t<a class=\"rollover rollover-zoom dt-pswp-item\" title=\"Sommermode-2026_9042\" data-dt-img-description=\"\" data-large_image_width=\"1534\" data-large_image_height=\"1024\"href='https:\/\/weltlaeden.de\/reutlingen\/wp-content\/uploads\/sites\/79\/2026\/04\/Sommermode-2026_9042.jpg'><img loading=\"lazy\" decoding=\"async\" width=\"150\" height=\"150\" src=\"https:\/\/weltlaeden.de\/reutlingen\/wp-content\/uploads\/sites\/79\/2026\/04\/Sommermode-2026_9042-150x150.jpg\" class=\"attachment-thumbnail size-thumbnail\" alt=\"\" \/><\/a>\n\t\t\t\t<\/dt><\/dl><dl class='gallery-item'>\n\t\t\t\t<dt class='gallery-icon landscape'>\n\t\t\t\t\t<a class=\"rollover rollover-zoom dt-pswp-item\" title=\"Sommermode-2026_9027\" data-dt-img-description=\"\" data-large_image_width=\"1554\" data-large_image_height=\"1024\"href='https:\/\/weltlaeden.de\/reutlingen\/wp-content\/uploads\/sites\/79\/2026\/04\/Sommermode-2026_9027.jpg'><img loading=\"lazy\" decoding=\"async\" width=\"150\" height=\"150\" src=\"https:\/\/weltlaeden.de\/reutlingen\/wp-content\/uploads\/sites\/79\/2026\/04\/Sommermode-2026_9027-150x150.jpg\" class=\"attachment-thumbnail size-thumbnail\" alt=\"\" \/><\/a>\n\t\t\t\t<\/dt><\/dl><br style=\"clear: both\" \/>\n\t\t\t<\/div>\n\n<p>[\/vc_column_text][\/vc_column][\/vc_row][vc_row][vc_column][\/vc_column][\/vc_row][vc_row][vc_column][vc_column_text]<\/p>\n<p>Bilder: \u00a9 Manfred Bahnm\u00fcller[\/vc_column_text][\/vc_column][\/vc_row]<\/p>\n<\/div>","protected":false},"excerpt":{"rendered":"<p>[vc_row][vc_column][vc_column_text css=&#8220;&#8220;] Fr\u00fchsommer-Modepr\u00e4sentation 2026 Zu sehen ist eine Auswahl an stilvoller Mode, hergestellt aus umwelt- und hautfreundlichen Materialien, nachhaltig produziert und fair gehandelt. Fair und chic geht gut zusammen. [\/vc_column_text][\/vc_column][\/vc_row][vc_row][vc_column][\/vc_column][\/vc_row][vc_row][vc_column][vc_column_text] Bilder: \u00a9 Manfred Bahnm\u00fcller[\/vc_column_text][\/vc_column][\/vc_row]<\/p>\n","protected":false},"author":14,"featured_media":0,"parent":0,"menu_order":12,"comment_status":"closed","ping_status":"closed","template":"","meta":{"footnotes":""},"class_list":["post-2831","page","type-page","status-publish","hentry","description-off"],"yoast_head":"<!-- This site is optimized with the Yoast SEO plugin v26.8 - https:\/\/yoast.com\/product\/yoast-seo-wordpress\/ -->\n<title>Fr\u00fchsommer-Modepr\u00e4sentation 2026 - Weltladen Reutlingen<\/title>\n<meta name=\"robots\" content=\"index, follow, max-snippet:-1, max-image-preview:large, max-video-preview:-1\" \/>\n<link rel=\"canonical\" href=\"https:\/\/weltlaeden.de\/reutlingen\/fruehsommer-modepraesentation-2026\/\" \/>\n<meta property=\"og:locale\" content=\"de_DE\" \/>\n<meta property=\"og:type\" content=\"article\" \/>\n<meta property=\"og:title\" content=\"Fr\u00fchsommer-Modepr\u00e4sentation 2026 - Weltladen Reutlingen\" \/>\n<meta property=\"og:description\" content=\"[vc_row][vc_column][vc_column_text css=&#8220;&#8220;] Fr\u00fchsommer-Modepr\u00e4sentation 2026 Zu sehen ist eine Auswahl an stilvoller Mode, hergestellt aus umwelt- und hautfreundlichen Materialien, nachhaltig produziert und fair gehandelt. Fair und chic geht gut zusammen. [\/vc_column_text][\/vc_column][\/vc_row][vc_row][vc_column][\/vc_column][\/vc_row][vc_row][vc_column][vc_column_text] Bilder: \u00a9 Manfred Bahnm\u00fcller[\/vc_column_text][\/vc_column][\/vc_row]\" \/>\n<meta property=\"og:url\" content=\"https:\/\/weltlaeden.de\/reutlingen\/fruehsommer-modepraesentation-2026\/\" \/>\n<meta property=\"og:site_name\" content=\"Weltladen Reutlingen\" \/>\n<meta property=\"article:modified_time\" content=\"2026-04-20T07:33:10+00:00\" \/>\n<meta name=\"twitter:card\" content=\"summary_large_image\" \/>\n<meta name=\"twitter:label1\" content=\"Gesch\u00e4tzte Lesezeit\" \/>\n\t<meta name=\"twitter:data1\" content=\"1\u00a0Minute\" \/>\n<script type=\"application\/ld+json\" class=\"yoast-schema-graph\">{\"@context\":\"https:\/\/schema.org\",\"@graph\":[{\"@type\":\"WebPage\",\"@id\":\"https:\/\/weltlaeden.de\/reutlingen\/fruehsommer-modepraesentation-2026\/\",\"url\":\"https:\/\/weltlaeden.de\/reutlingen\/fruehsommer-modepraesentation-2026\/\",\"name\":\"Fr\u00fchsommer-Modepr\u00e4sentation 2026 - Weltladen Reutlingen\",\"isPartOf\":{\"@id\":\"https:\/\/weltlaeden.de\/reutlingen\/#website\"},\"datePublished\":\"2026-04-20T06:43:27+00:00\",\"dateModified\":\"2026-04-20T07:33:10+00:00\",\"breadcrumb\":{\"@id\":\"https:\/\/weltlaeden.de\/reutlingen\/fruehsommer-modepraesentation-2026\/#breadcrumb\"},\"inLanguage\":\"de\",\"potentialAction\":[{\"@type\":\"ReadAction\",\"target\":[\"https:\/\/weltlaeden.de\/reutlingen\/fruehsommer-modepraesentation-2026\/\"]}]},{\"@type\":\"BreadcrumbList\",\"@id\":\"https:\/\/weltlaeden.de\/reutlingen\/fruehsommer-modepraesentation-2026\/#breadcrumb\",\"itemListElement\":[{\"@type\":\"ListItem\",\"position\":1,\"name\":\"Startseite\",\"item\":\"https:\/\/weltlaeden.de\/reutlingen\/\"},{\"@type\":\"ListItem\",\"position\":2,\"name\":\"Fr\u00fchsommer-Modepr\u00e4sentation 2026\"}]},{\"@type\":\"WebSite\",\"@id\":\"https:\/\/weltlaeden.de\/reutlingen\/#website\",\"url\":\"https:\/\/weltlaeden.de\/reutlingen\/\",\"name\":\"Weltladen Reutlingen\",\"description\":\"Faire Produkte seit 1990\",\"potentialAction\":[{\"@type\":\"SearchAction\",\"target\":{\"@type\":\"EntryPoint\",\"urlTemplate\":\"https:\/\/weltlaeden.de\/reutlingen\/?s={search_term_string}\"},\"query-input\":{\"@type\":\"PropertyValueSpecification\",\"valueRequired\":true,\"valueName\":\"search_term_string\"}}],\"inLanguage\":\"de\"}]}<\/script>\n<!-- \/ Yoast SEO plugin. -->","yoast_head_json":{"title":"Fr\u00fchsommer-Modepr\u00e4sentation 2026 - Weltladen Reutlingen","robots":{"index":"index","follow":"follow","max-snippet":"max-snippet:-1","max-image-preview":"max-image-preview:large","max-video-preview":"max-video-preview:-1"},"canonical":"https:\/\/weltlaeden.de\/reutlingen\/fruehsommer-modepraesentation-2026\/","og_locale":"de_DE","og_type":"article","og_title":"Fr\u00fchsommer-Modepr\u00e4sentation 2026 - Weltladen Reutlingen","og_description":"[vc_row][vc_column][vc_column_text css=&#8220;&#8220;] Fr\u00fchsommer-Modepr\u00e4sentation 2026 Zu sehen ist eine Auswahl an stilvoller Mode, hergestellt aus umwelt- und hautfreundlichen Materialien, nachhaltig produziert und fair gehandelt. Fair und chic geht gut zusammen. [\/vc_column_text][\/vc_column][\/vc_row][vc_row][vc_column][\/vc_column][\/vc_row][vc_row][vc_column][vc_column_text] Bilder: \u00a9 Manfred Bahnm\u00fcller[\/vc_column_text][\/vc_column][\/vc_row]","og_url":"https:\/\/weltlaeden.de\/reutlingen\/fruehsommer-modepraesentation-2026\/","og_site_name":"Weltladen Reutlingen","article_modified_time":"2026-04-20T07:33:10+00:00","twitter_card":"summary_large_image","twitter_misc":{"Gesch\u00e4tzte Lesezeit":"1\u00a0Minute"},"schema":{"@context":"https:\/\/schema.org","@graph":[{"@type":"WebPage","@id":"https:\/\/weltlaeden.de\/reutlingen\/fruehsommer-modepraesentation-2026\/","url":"https:\/\/weltlaeden.de\/reutlingen\/fruehsommer-modepraesentation-2026\/","name":"Fr\u00fchsommer-Modepr\u00e4sentation 2026 - Weltladen Reutlingen","isPartOf":{"@id":"https:\/\/weltlaeden.de\/reutlingen\/#website"},"datePublished":"2026-04-20T06:43:27+00:00","dateModified":"2026-04-20T07:33:10+00:00","breadcrumb":{"@id":"https:\/\/weltlaeden.de\/reutlingen\/fruehsommer-modepraesentation-2026\/#breadcrumb"},"inLanguage":"de","potentialAction":[{"@type":"ReadAction","target":["https:\/\/weltlaeden.de\/reutlingen\/fruehsommer-modepraesentation-2026\/"]}]},{"@type":"BreadcrumbList","@id":"https:\/\/weltlaeden.de\/reutlingen\/fruehsommer-modepraesentation-2026\/#breadcrumb","itemListElement":[{"@type":"ListItem","position":1,"name":"Startseite","item":"https:\/\/weltlaeden.de\/reutlingen\/"},{"@type":"ListItem","position":2,"name":"Fr\u00fchsommer-Modepr\u00e4sentation 2026"}]},{"@type":"WebSite","@id":"https:\/\/weltlaeden.de\/reutlingen\/#website","url":"https:\/\/weltlaeden.de\/reutlingen\/","name":"Weltladen Reutlingen","description":"Faire Produkte seit 1990","potentialAction":[{"@type":"SearchAction","target":{"@type":"EntryPoint","urlTemplate":"https:\/\/weltlaeden.de\/reutlingen\/?s={search_term_string}"},"query-input":{"@type":"PropertyValueSpecification","valueRequired":true,"valueName":"search_term_string"}}],"inLanguage":"de"}]}},"_links":{"self":[{"href":"https:\/\/weltlaeden.de\/reutlingen\/wp-json\/wp\/v2\/pages\/2831","targetHints":{"allow":["GET"]}}],"collection":[{"href":"https:\/\/weltlaeden.de\/reutlingen\/wp-json\/wp\/v2\/pages"}],"about":[{"href":"https:\/\/weltlaeden.de\/reutlingen\/wp-json\/wp\/v2\/types\/page"}],"author":[{"embeddable":true,"href":"https:\/\/weltlaeden.de\/reutlingen\/wp-json\/wp\/v2\/users\/14"}],"replies":[{"embeddable":true,"href":"https:\/\/weltlaeden.de\/reutlingen\/wp-json\/wp\/v2\/comments?post=2831"}],"version-history":[{"count":2,"href":"https:\/\/weltlaeden.de\/reutlingen\/wp-json\/wp\/v2\/pages\/2831\/revisions"}],"predecessor-version":[{"id":2851,"href":"https:\/\/weltlaeden.de\/reutlingen\/wp-json\/wp\/v2\/pages\/2831\/revisions\/2851"}],"wp:attachment":[{"href":"https:\/\/weltlaeden.de\/reutlingen\/wp-json\/wp\/v2\/media?parent=2831"}],"curies":[{"name":"wp","href":"https:\/\/api.w.org\/{rel}","templated":true}]}}