{"version":"1.0","provider_name":"Weltladen Reutlingen","provider_url":"https:\/\/weltlaeden.de\/reutlingen","title":"Ausstellung \u201eAmahoro Burundi\" - Weltladen Reutlingen","type":"rich","width":600,"height":338,"html":"<blockquote class=\"wp-embedded-content\" data-secret=\"POoonoZ1Qp\"><a href=\"https:\/\/weltlaeden.de\/reutlingen\/termin\/ausstellung-amahoro-burundi\/\">Ausstellung \u201eAmahoro Burundi&#8220;<\/a><\/blockquote><iframe sandbox=\"allow-scripts\" security=\"restricted\" src=\"https:\/\/weltlaeden.de\/reutlingen\/termin\/ausstellung-amahoro-burundi\/embed\/#?secret=POoonoZ1Qp\" width=\"600\" height=\"338\" title=\"&#8222;Ausstellung \u201eAmahoro Burundi&#8220;&#8220; &#8211; Weltladen Reutlingen\" data-secret=\"POoonoZ1Qp\" frameborder=\"0\" marginwidth=\"0\" marginheight=\"0\" scrolling=\"no\" class=\"wp-embedded-content\"><\/iframe><script>\n\/*! This file is auto-generated *\/\n!function(d,l){\"use strict\";l.querySelector&&d.addEventListener&&\"undefined\"!=typeof URL&&(d.wp=d.wp||{},d.wp.receiveEmbedMessage||(d.wp.receiveEmbedMessage=function(e){var t=e.data;if((t||t.secret||t.message||t.value)&&!\/[^a-zA-Z0-9]\/.test(t.secret)){for(var s,r,n,a=l.querySelectorAll('iframe[data-secret=\"'+t.secret+'\"]'),o=l.querySelectorAll('blockquote[data-secret=\"'+t.secret+'\"]'),c=new RegExp(\"^https?:$\",\"i\"),i=0;i<o.length;i++)o[i].style.display=\"none\";for(i=0;i<a.length;i++)s=a[i],e.source===s.contentWindow&&(s.removeAttribute(\"style\"),\"height\"===t.message?(1e3<(r=parseInt(t.value,10))?r=1e3:~~r<200&&(r=200),s.height=r):\"link\"===t.message&&(r=new URL(s.getAttribute(\"src\")),n=new URL(t.value),c.test(n.protocol))&&n.host===r.host&&l.activeElement===s&&(d.top.location.href=t.value))}},d.addEventListener(\"message\",d.wp.receiveEmbedMessage,!1),l.addEventListener(\"DOMContentLoaded\",function(){for(var e,t,s=l.querySelectorAll(\"iframe.wp-embedded-content\"),r=0;r<s.length;r++)(t=(e=s[r]).getAttribute(\"data-secret\"))||(t=Math.random().toString(36).substring(2,12),e.src+=\"#?secret=\"+t,e.setAttribute(\"data-secret\",t)),e.contentWindow.postMessage({message:\"ready\",secret:t},\"*\")},!1)))}(window,document);\n<\/script>\n","description":"&#8230; erz\u00e4hlt mit eindrucksvollen Bildern Geschichten aus dem Leben der Menschen in einem der \u00e4rmsten L\u00e4nder der Welt und von Projekten, die Hoffnung machen. Fast die H\u00e4lfte der Bev\u00f6lkerung ist noch keine 15 Jahre alt. Die junge Generation braucht Perspektiven. Hier setzt die Partnerschaft mit Projekten der Stiftung Entwicklungszusammenarbeit Baden-W\u00fcrttemberg (SEZ) an. Dazu geh\u00f6rt zum&hellip;"}

&#8230; erzählt mit eindrucksvollen Bildern Geschichten aus dem Leben der Menschen in einem der ärmsten Länder der Welt und von Projekten, die Hoffnung machen. Fast die Hälfte der Bevölkerung ist noch keine 15 Jahre alt. Die junge Generation braucht Perspektiven. Hier setzt die Partnerschaft mit Projekten der Stiftung Entwicklungszusammenarbeit Baden-Württemberg (SEZ) an. Dazu gehört zum&hellip;
