{"version":"1.0","provider_name":"Weltladen Reutlingen","provider_url":"https:\/\/weltlaeden.de\/reutlingen","title":"Fairer Handel - Weltladen Reutlingen","type":"rich","width":600,"height":338,"html":"<blockquote class=\"wp-embedded-content\" data-secret=\"30KtlccwOX\"><a href=\"https:\/\/weltlaeden.de\/reutlingen\/fairer-handel\/\">Fairer Handel<\/a><\/blockquote><iframe sandbox=\"allow-scripts\" security=\"restricted\" src=\"https:\/\/weltlaeden.de\/reutlingen\/fairer-handel\/embed\/#?secret=30KtlccwOX\" width=\"600\" height=\"338\" title=\"&#8222;Fairer Handel&#8220; &#8211; Weltladen Reutlingen\" data-secret=\"30KtlccwOX\" frameborder=\"0\" marginwidth=\"0\" marginheight=\"0\" scrolling=\"no\" class=\"wp-embedded-content\"><\/iframe><script>\n\/*! This file is auto-generated *\/\n!function(d,l){\"use strict\";l.querySelector&&d.addEventListener&&\"undefined\"!=typeof URL&&(d.wp=d.wp||{},d.wp.receiveEmbedMessage||(d.wp.receiveEmbedMessage=function(e){var t=e.data;if((t||t.secret||t.message||t.value)&&!\/[^a-zA-Z0-9]\/.test(t.secret)){for(var s,r,n,a=l.querySelectorAll('iframe[data-secret=\"'+t.secret+'\"]'),o=l.querySelectorAll('blockquote[data-secret=\"'+t.secret+'\"]'),c=new RegExp(\"^https?:$\",\"i\"),i=0;i<o.length;i++)o[i].style.display=\"none\";for(i=0;i<a.length;i++)s=a[i],e.source===s.contentWindow&&(s.removeAttribute(\"style\"),\"height\"===t.message?(1e3<(r=parseInt(t.value,10))?r=1e3:~~r<200&&(r=200),s.height=r):\"link\"===t.message&&(r=new URL(s.getAttribute(\"src\")),n=new URL(t.value),c.test(n.protocol))&&n.host===r.host&&l.activeElement===s&&(d.top.location.href=t.value))}},d.addEventListener(\"message\",d.wp.receiveEmbedMessage,!1),l.addEventListener(\"DOMContentLoaded\",function(){for(var e,t,s=l.querySelectorAll(\"iframe.wp-embedded-content\"),r=0;r<s.length;r++)(t=(e=s[r]).getAttribute(\"data-secret\"))||(t=Math.random().toString(36).substring(2,12),e.src+=\"#?secret=\"+t,e.setAttribute(\"data-secret\",t)),e.contentWindow.postMessage({message:\"ready\",secret:t},\"*\")},!1)))}(window,document);\n<\/script>\n","description":"Durch faire Preise Armut \u00fcberwindenDie Idee ist in den 1970er Jahren in Europa entstanden. Heute ist der Faire Handel eine gro\u00dfe weltweite Bewegung. Sie setzt sich f\u00fcr gerechtere Regeln im Welthandel ein. Unter den ungerechten Strukturen der Weltwirtschaft leiden besonders die Kleinproduzent*innen. Sie bekommen f\u00fcr ihre Produkte so wenig, dass sie kaum davon leben k\u00f6nnen. Hier setzt der Faire Handel an.","thumbnail_url":"https:\/\/weltlaeden.de\/reutlingen\/wp-content\/uploads\/sites\/79\/2019\/07\/collage_FairerHandel_EA.jpg","thumbnail_width":787,"thumbnail_height":340}

Durch faire Preise Armut überwindenDie Idee ist in den 1970er Jahren in Europa entstanden. Heute ist der Faire Handel eine große weltweite Bewegung. Sie setzt sich für gerechtere Regeln im Welthandel ein. Unter den ungerechten Strukturen der Weltwirtschaft leiden besonders die Kleinproduzent*innen. Sie bekommen für ihre Produkte so wenig, dass sie kaum davon leben können. Hier setzt der Faire Handel an.
