{"id":1543,"date":"2025-02-10T10:37:25","date_gmt":"2025-02-10T09:37:25","guid":{"rendered":"https:\/\/weltlaeden.de\/rendsburg\/?page_id=1543"},"modified":"2025-02-10T10:48:07","modified_gmt":"2025-02-10T09:48:07","slug":"neuigkeiten","status":"publish","type":"page","link":"https:\/\/weltlaeden.de\/rendsburg\/neuigkeiten\/","title":{"rendered":"Neuigkeiten"},"content":{"rendered":"<div class=\"wpb-content-wrapper\"><p>[vc_row][vc_column][vc_column_text css=&#8220;&#8220;]<\/p>\n<h1>Neuigkeiten<\/h1>\n<p>[\/vc_column_text][\/vc_column][\/vc_row][vc_row][vc_column]<style type=\"text\/css\" data-type=\"the7_shortcodes-inline-css\">.blog-shortcode.blog-masonry-shortcode-id-13de5b6098a37c39de388598d3a6e043.dividers-on.classic-layout-list article {\n  padding-top: 0;\n}\n.blog-shortcode.blog-masonry-shortcode-id-13de5b6098a37c39de388598d3a6e043.dividers-on.classic-layout-list article:first-of-type {\n  margin-top: 0;\n  padding-top: 0;\n}\n.blog-shortcode.blog-masonry-shortcode-id-13de5b6098a37c39de388598d3a6e043.classic-layout-list.mode-list .post-entry-content {\n  width: calc(100% - );\n}\n.blog-shortcode.blog-masonry-shortcode-id-13de5b6098a37c39de388598d3a6e043.classic-layout-list.mode-list .no-img .post-entry-content {\n  width: 100%;\n}\n.blog-shortcode.blog-masonry-shortcode-id-13de5b6098a37c39de388598d3a6e043 .filter-bg-decoration .filter-categories a.act {\n  color: #fff;\n}\n.blog-shortcode.blog-masonry-shortcode-id-13de5b6098a37c39de388598d3a6e043:not(.mode-masonry) article:first-of-type,\n.blog-shortcode.blog-masonry-shortcode-id-13de5b6098a37c39de388598d3a6e043:not(.mode-masonry) article.visible.first:not(.product) {\n  margin-top: 0;\n}\n.blog-shortcode.blog-masonry-shortcode-id-13de5b6098a37c39de388598d3a6e043.dividers-on:not(.mode-masonry) article {\n  margin-top: 0;\n}\n.blog-shortcode.blog-masonry-shortcode-id-13de5b6098a37c39de388598d3a6e043.dividers-on:not(.mode-masonry) article:first-of-type,\n.blog-shortcode.blog-masonry-shortcode-id-13de5b6098a37c39de388598d3a6e043.dividers-on:not(.mode-masonry) article.visible.first:not(.product) {\n  margin-top: 0;\n  padding-top: 0;\n}\n.blog-shortcode.blog-masonry-shortcode-id-13de5b6098a37c39de388598d3a6e043 .post-thumbnail-wrap {\n  padding: 0px 0px 0px 0px;\n}\n.blog-shortcode.blog-masonry-shortcode-id-13de5b6098a37c39de388598d3a6e043.enable-bg-rollover .post-thumbnail-rollover:after {\n  background: -webkit-linear-gradient();\n  background: linear-gradient();\n}\n.blog-shortcode.blog-masonry-shortcode-id-13de5b6098a37c39de388598d3a6e043 .gallery-zoom-ico {\n  width: 44px;\n  height: 44px;\n  line-height: 44px;\n  border-radius: 100px;\n  margin: -22px 0 0 -22px;\n  border-width: 0px;\n  color: #ffffff;\n}\n.bottom-overlap-layout-list.blog-shortcode.blog-masonry-shortcode-id-13de5b6098a37c39de388598d3a6e043 .gallery-zoom-ico {\n  margin-top: -72px;\n}\n.gradient-overlay-layout-list.blog-shortcode.blog-masonry-shortcode-id-13de5b6098a37c39de388598d3a6e043 .gallery-zoom-ico,\n.content-rollover-layout-list.blog-shortcode.blog-masonry-shortcode-id-13de5b6098a37c39de388598d3a6e043 .gallery-zoom-ico {\n  margin: 0 0 10px;\n}\n.content-align-center.gradient-overlay-layout-list.blog-shortcode.blog-masonry-shortcode-id-13de5b6098a37c39de388598d3a6e043 .gallery-zoom-ico,\n.content-align-center.content-rollover-layout-list.blog-shortcode.blog-masonry-shortcode-id-13de5b6098a37c39de388598d3a6e043 .gallery-zoom-ico {\n  margin: 0 auto 10px;\n}\n.dt-icon-bg-on.blog-shortcode.blog-masonry-shortcode-id-13de5b6098a37c39de388598d3a6e043 .gallery-zoom-ico {\n  background: rgba(255,255,255,0.3);\n  box-shadow: none;\n}\n.blog-shortcode.blog-masonry-shortcode-id-13de5b6098a37c39de388598d3a6e043 .gallery-zoom-ico > span,\n.blog-shortcode.blog-masonry-shortcode-id-13de5b6098a37c39de388598d3a6e043 .gallery-zoom-ico:before {\n  font-size: 32px;\n  line-height: 44px;\n}\n.blog-shortcode.blog-masonry-shortcode-id-13de5b6098a37c39de388598d3a6e043 .gallery-zoom-ico > span,\n.blog-shortcode.blog-masonry-shortcode-id-13de5b6098a37c39de388598d3a6e043 .gallery-zoom-ico:before {\n  color: #ffffff;\n}\n.blog-shortcode.blog-masonry-shortcode-id-13de5b6098a37c39de388598d3a6e043 .entry-title,\n.blog-shortcode.blog-masonry-shortcode-id-13de5b6098a37c39de388598d3a6e043.owl-carousel .entry-title {\n  margin-bottom: 5px;\n  font-weight: bold;\n}\n.blog-shortcode.blog-masonry-shortcode-id-13de5b6098a37c39de388598d3a6e043 .entry-meta {\n  margin-bottom: 15px;\n}\n.blog-shortcode.blog-masonry-shortcode-id-13de5b6098a37c39de388598d3a6e043 .portfolio-categories {\n  margin-bottom: 15px;\n}\n.blog-shortcode.blog-masonry-shortcode-id-13de5b6098a37c39de388598d3a6e043 .entry-excerpt {\n  margin-bottom: 5px;\n}\n.blog-shortcode.blog-masonry-shortcode-id-13de5b6098a37c39de388598d3a6e043:not(.centered-layout-list) .post-entry-content {\n  padding: 25px 30px 30px 30px;\n}\n.blog-shortcode.blog-masonry-shortcode-id-13de5b6098a37c39de388598d3a6e043:not(.centered-layout-list):not(.content-bg-on):not(.mode-list) .no-img .post-entry-content {\n  padding: 0;\n}\n@media screen and (max-width: ) {\n  .blog-shortcode.blog-masonry-shortcode-id-13de5b6098a37c39de388598d3a6e043 article {\n    -ms-flex-flow: column nowrap;\n    flex-flow: column nowrap;\n    margin-top: 20px;\n  }\n  .blog-shortcode.blog-masonry-shortcode-id-13de5b6098a37c39de388598d3a6e043.dividers-on article {\n    border: none;\n  }\n  .blog-shortcode.blog-masonry-shortcode-id-13de5b6098a37c39de388598d3a6e043.content-bg-on.centered-layout-list article {\n    padding: 0;\n  }\n  .blog-shortcode.blog-masonry-shortcode-id-13de5b6098a37c39de388598d3a6e043.blog-shortcode.dividers-on article,\n  .blog-shortcode.blog-masonry-shortcode-id-13de5b6098a37c39de388598d3a6e043.dividers-on.classic-layout-list article {\n    margin-top: 20px;\n    padding: 0;\n  }\n  .blog-shortcode.blog-masonry-shortcode-id-13de5b6098a37c39de388598d3a6e043.blog-shortcode.dividers-on article:first-of-type,\n  .blog-shortcode.blog-masonry-shortcode-id-13de5b6098a37c39de388598d3a6e043.dividers-on.classic-layout-list article:first-of-type {\n    padding: 0;\n  }\n  #page .blog-shortcode.blog-masonry-shortcode-id-13de5b6098a37c39de388598d3a6e043 .post-thumbnail-wrap,\n  #page .blog-shortcode.blog-masonry-shortcode-id-13de5b6098a37c39de388598d3a6e043 .post-entry-content {\n    width: 100%;\n    margin: 0;\n    top: 0;\n  }\n  #page .blog-shortcode.blog-masonry-shortcode-id-13de5b6098a37c39de388598d3a6e043 .post-thumbnail-wrap {\n    padding: 0;\n  }\n  #page .blog-shortcode.blog-masonry-shortcode-id-13de5b6098a37c39de388598d3a6e043 .post-entry-content:after {\n    display: none;\n  }\n  #page .blog-shortcode.blog-masonry-shortcode-id-13de5b6098a37c39de388598d3a6e043 .project-even .post-thumbnail-wrap,\n  #page .blog-shortcode.blog-masonry-shortcode-id-13de5b6098a37c39de388598d3a6e043.centered-layout-list .post-thumbnail-wrap {\n    -ms-flex-order: 0;\n    order: 0;\n  }\n  #page .blog-shortcode.blog-masonry-shortcode-id-13de5b6098a37c39de388598d3a6e043.centered-layout-list .post-entry-title-content {\n    -ms-flex-order: 1;\n    order: 1;\n    width: 100%;\n    padding: 20px 20px 0;\n  }\n  #page .blog-shortcode.blog-masonry-shortcode-id-13de5b6098a37c39de388598d3a6e043.centered-layout-list .post-entry-content {\n    -ms-flex-order: 2;\n    order: 2;\n    padding-top: 0;\n  }\n  #page .blog-shortcode.blog-masonry-shortcode-id-13de5b6098a37c39de388598d3a6e043 .fancy-categories {\n    top: 10px;\n    left: 10px;\n    bottom: auto;\n    right: auto;\n  }\n  #page .blog-shortcode.blog-masonry-shortcode-id-13de5b6098a37c39de388598d3a6e043 .fancy-date a {\n    top: 10px;\n    right: 10px;\n    left: auto;\n    bottom: auto;\n  }\n  #page .blog-shortcode.blog-masonry-shortcode-id-13de5b6098a37c39de388598d3a6e043 .post-entry-content {\n    padding: 20px;\n  }\n  #page .blog-shortcode.blog-masonry-shortcode-id-13de5b6098a37c39de388598d3a6e043 .entry-title {\n    margin: 3px 0 5px;\n    font-size: 20px;\n    line-height: 26px;\n  }\n  #page .blog-shortcode.blog-masonry-shortcode-id-13de5b6098a37c39de388598d3a6e043 .entry-meta {\n    margin: 5px 0 5px;\n  }\n  #page .blog-shortcode.blog-masonry-shortcode-id-13de5b6098a37c39de388598d3a6e043 .entry-excerpt {\n    margin: 15px 0 0;\n  }\n  #page .blog-shortcode.blog-masonry-shortcode-id-13de5b6098a37c39de388598d3a6e043 .post-details {\n    margin: 5px 0 10px;\n  }\n  #page .blog-shortcode.blog-masonry-shortcode-id-13de5b6098a37c39de388598d3a6e043 .post-details.details-type-link {\n    margin-bottom: 2px;\n  }\n}<\/style><div class=\"blog-shortcode blog-masonry-shortcode-id-13de5b6098a37c39de388598d3a6e043 mode-masonry classic-layout-list content-bg-on jquery-filter scale-img dt-icon-bg-off resize-by-browser-width loading-effect-none description-under-image \" data-padding=\"15px\" data-cur-page=\"1\" data-post-limit=\"-1\" data-pagination-mode=\"none\" data-desktop-columns-num=\"2\" data-v-tablet-columns-num=\"2\" data-h-tablet-columns-num=\"2\" data-phone-columns-num=\"1\" data-width=\"0px\" data-columns=\"0\"><div class=\"iso-container\" ><div class=\"visible wf-cell iso-item\" data-post-id=\"1625\" data-date=\"2025-07-12T16:25:37+02:00\" data-name=\"Rendsburg: Weiterhin Fair-Trade-Stadt\"><article class=\"post project-odd visible post-1625 type-post status-publish format-standard has-post-thumbnail hentry category-neues category-8\" data-name=\"Rendsburg: Weiterhin Fair-Trade-Stadt\" data-date=\"2025-07-12T16:25:37+02:00\">\n\n<div class=\"post-thumbnail-wrap\">\n\t<div class=\"post-thumbnail\">\n\t\t\n\t\t\n\t\t<a href=\"https:\/\/weltlaeden.de\/rendsburg\/rendsburg-weiterhin-fair-trade-stadt\/\" class=\"post-thumbnail-rollover layzr-bg layzr-bg\" ><img fetchpriority=\"high\" decoding=\"async\" class=\"iso-lazy-load preload-me iso-lazy-load aspect\" src=\"data:image\/svg+xml,%3Csvg%20xmlns%3D&#39;http%3A%2F%2Fwww.w3.org%2F2000%2Fsvg&#39;%20viewBox%3D&#39;0%200%20533%20355&#39;%2F%3E\" data-src=\"https:\/\/weltlaeden.de\/rendsburg\/wp-content\/uploads\/sites\/23\/2025\/07\/2025-XX-XX-Medieninformation-Titelerneuerung-Fairtrade-Stadt-Foto-533x355.jpg\" data-srcset=\"https:\/\/weltlaeden.de\/rendsburg\/wp-content\/uploads\/sites\/23\/2025\/07\/2025-XX-XX-Medieninformation-Titelerneuerung-Fairtrade-Stadt-Foto-533x355.jpg 533w\" loading=\"eager\" style=\"--ratio: 533 \/ 355\" sizes=\"(max-width: 533px) 100vw, 533px\" alt=\"\" title=\"2025-XX-XX-Medieninformation-Titelerneuerung-Fairtrade-Stadt-Foto\" width=\"533\" height=\"355\"  \/><\/a>\t<\/div>\n<\/div>\n\n\n<div class=\"post-entry-content\">\n\n\t<h3 class=\"entry-title\">\n\t\t<a href=\"https:\/\/weltlaeden.de\/rendsburg\/rendsburg-weiterhin-fair-trade-stadt\/\" title=\"Rendsburg: Weiterhin Fair-Trade-Stadt\" rel=\"bookmark\">Rendsburg: Weiterhin Fair-Trade-Stadt<\/a>\n\t<\/h3>\n\n\t<div class=\"entry-meta\"><a href=\"https:\/\/weltlaeden.de\/rendsburg\/2025\/07\/12\/\" title=\"16:25\" class=\"data-link\" rel=\"bookmark\"><time class=\"entry-date updated\" datetime=\"2025-07-12T16:25:37+02:00\">12. Juli 2025<\/time><\/a><\/div>\n\t<div class=\"entry-excerpt\"><p>Rendsburg erh\u00e4lt erneut den Titel \u201eFairtrade-Stadt\u201c Die Stadt Rendsburg darf sich erneut \u00fcber die Auszeichnung \u201eFairtrade-Stadt\u201c freuen, die ihr am 3. Juli vom Fairtrade Deutschland e.V. f\u00fcr weitere zwei Jahre verliehen wurde. \u201eDie erneute Titelerweiterung ist eine Anerkennung f\u00fcr unsere kontinuierlichen Bem\u00fchungen, fair gehandelte Produkte in der Stadt zu verankern\u201c, erkl\u00e4ren Janet S\u00f6nnichsen, B\u00fcrgermeisterin der&hellip;<\/p>\n<\/div>\n\t\n<a href=\"https:\/\/weltlaeden.de\/rendsburg\/rendsburg-weiterhin-fair-trade-stadt\/\" class=\"dt-btn-s dt-btn post-details details-type-btn\" aria-label=\"Read more about Rendsburg: Weiterhin Fair-Trade-Stadt\">Mehr erfahren<i class=\"dt-icon-the7-arrow-03\" aria-hidden=\"true\"><\/i><\/a>\n\n<\/div><\/article><\/div><div class=\"visible wf-cell iso-item\" data-post-id=\"1612\" data-date=\"2025-05-05T15:42:09+02:00\" data-name=\"Aktion zum Weltladentag 2025\"><article class=\"post project-odd visible post-1612 type-post status-publish format-standard has-post-thumbnail hentry category-neues category-8\" data-name=\"Aktion zum Weltladentag 2025\" data-date=\"2025-05-05T15:42:09+02:00\">\n\n<div class=\"post-thumbnail-wrap\">\n\t<div class=\"post-thumbnail\">\n\t\t\n\t\t\n\t\t<a href=\"https:\/\/weltlaeden.de\/rendsburg\/aktion-zum-weltladentag-2025\/\" class=\"post-thumbnail-rollover layzr-bg layzr-bg\" ><img decoding=\"async\" class=\"iso-lazy-load preload-me iso-lazy-load aspect\" src=\"data:image\/svg+xml,%3Csvg%20xmlns%3D&#39;http%3A%2F%2Fwww.w3.org%2F2000%2Fsvg&#39;%20viewBox%3D&#39;0%200%20400%20266&#39;%2F%3E\" data-src=\"https:\/\/weltlaeden.de\/rendsburg\/wp-content\/uploads\/sites\/23\/2025\/05\/2025-05-10-WL-Tag-Schoki-fuers-Klima-400x266.png\" data-srcset=\"https:\/\/weltlaeden.de\/rendsburg\/wp-content\/uploads\/sites\/23\/2025\/05\/2025-05-10-WL-Tag-Schoki-fuers-Klima-400x266.png 400w\" loading=\"eager\" style=\"--ratio: 400 \/ 266\" sizes=\"(max-width: 400px) 100vw, 400px\" alt=\"\" title=\"2025-05-10 WL-Tag Schoki f\u00fcrs Klima\" width=\"400\" height=\"266\"  \/><\/a>\t<\/div>\n<\/div>\n\n\n<div class=\"post-entry-content\">\n\n\t<h3 class=\"entry-title\">\n\t\t<a href=\"https:\/\/weltlaeden.de\/rendsburg\/aktion-zum-weltladentag-2025\/\" title=\"Aktion zum Weltladentag 2025\" rel=\"bookmark\">Aktion zum Weltladentag 2025<\/a>\n\t<\/h3>\n\n\t<div class=\"entry-meta\"><a href=\"https:\/\/weltlaeden.de\/rendsburg\/2025\/05\/05\/\" title=\"15:42\" class=\"data-link\" rel=\"bookmark\"><time class=\"entry-date updated\" datetime=\"2025-05-05T15:42:09+02:00\">5. Mai 2025<\/time><\/a><\/div>\n\t<div class=\"entry-excerpt\"><p>Schoki f\u00fcrs Klima ?\u00a0 \u00a0Kauf ich euch ab ! Der Weltladentag 2025 r\u00fcckt den Zusammenhang von Kakao-Anbau, fairen Preisen und Klima-gerechtigkeit in den Mittelpunkt. Am Sonnabend, den 10.Mai l\u00e4dt der Weltladen Rendsburg von 10 &#8211; 12.30 Uhr vor dem Fachgesch\u00e4ft f\u00fcr den Fairen Handel zu einem Informationsstand ein. Spielerisch kommen Fairtrade-Akteure mit den G\u00e4sten ins&hellip;<\/p>\n<\/div>\n\t\n<a href=\"https:\/\/weltlaeden.de\/rendsburg\/aktion-zum-weltladentag-2025\/\" class=\"dt-btn-s dt-btn post-details details-type-btn\" aria-label=\"Read more about Aktion zum Weltladentag 2025\">Mehr erfahren<i class=\"dt-icon-the7-arrow-03\" aria-hidden=\"true\"><\/i><\/a>\n\n<\/div><\/article><\/div><div class=\"visible wf-cell iso-item\" data-post-id=\"1593\" data-date=\"2025-02-24T14:32:23+01:00\" data-name=\"Sprechen wir \u00fcber Mikrokredite\"><article class=\"post project-odd visible post-1593 type-post status-publish format-standard has-post-thumbnail hentry category-neues category-8\" data-name=\"Sprechen wir \u00fcber Mikrokredite\" data-date=\"2025-02-24T14:32:23+01:00\">\n\n<div class=\"post-thumbnail-wrap\">\n\t<div class=\"post-thumbnail\">\n\t\t\n\t\t\n\t\t<a href=\"https:\/\/weltlaeden.de\/rendsburg\/sprechen-wir-ueber-mikrokredite\/\" class=\"post-thumbnail-rollover layzr-bg layzr-bg\" ><img decoding=\"async\" class=\"iso-lazy-load preload-me iso-lazy-load aspect\" src=\"data:image\/svg+xml,%3Csvg%20xmlns%3D&#39;http%3A%2F%2Fwww.w3.org%2F2000%2Fsvg&#39;%20viewBox%3D&#39;0%200%20546%20364&#39;%2F%3E\" data-src=\"https:\/\/weltlaeden.de\/rendsburg\/wp-content\/uploads\/sites\/23\/2025\/02\/2025-04-19-Foto-zur-Mikrokredite-mit-Nachweis-546x364.jpg\" data-srcset=\"https:\/\/weltlaeden.de\/rendsburg\/wp-content\/uploads\/sites\/23\/2025\/02\/2025-04-19-Foto-zur-Mikrokredite-mit-Nachweis-546x364.jpg 546w\" loading=\"eager\" style=\"--ratio: 546 \/ 364\" sizes=\"(max-width: 546px) 100vw, 546px\" alt=\"\" title=\"2025-04-19 Foto zur Mikrokredite mit Nachweis\" width=\"546\" height=\"364\"  \/><\/a>\t<\/div>\n<\/div>\n\n\n<div class=\"post-entry-content\">\n\n\t<h3 class=\"entry-title\">\n\t\t<a href=\"https:\/\/weltlaeden.de\/rendsburg\/sprechen-wir-ueber-mikrokredite\/\" title=\"Sprechen wir \u00fcber Mikrokredite\" rel=\"bookmark\">Sprechen wir \u00fcber Mikrokredite<\/a>\n\t<\/h3>\n\n\t<div class=\"entry-meta\"><a href=\"https:\/\/weltlaeden.de\/rendsburg\/2025\/02\/24\/\" title=\"14:32\" class=\"data-link\" rel=\"bookmark\"><time class=\"entry-date updated\" datetime=\"2025-02-24T14:32:23+01:00\">24. Februar 2025<\/time><\/a><\/div>\n\t<div class=\"entry-excerpt\"><p>Am Mittwoch, den 19.M\u00e4rz &#8217;25 spricht die Bildungsreferentin Daniela Martin von Oikocredit um 19 Uhr im Weltladen Rendsburg. Mikrokredite sollen kleine Unternehmen st\u00e4rken, Armut in L\u00e4ndern des Globalen S\u00fcdens verringern und vor allem Frauen ein Einkommen und mehr Selbst\u00e4ndigkeit erm\u00f6glichen. Lange Zeit ist dieses entwicklungspolitische Instrument als besonders wirksam und Gerechtigkeits-f\u00f6rdernd wertgesch\u00e4tzt worden. Doch kritische&hellip;<\/p>\n<\/div>\n\t\n<a href=\"https:\/\/weltlaeden.de\/rendsburg\/sprechen-wir-ueber-mikrokredite\/\" class=\"dt-btn-s dt-btn post-details details-type-btn\" aria-label=\"Read more about Sprechen wir \u00fcber Mikrokredite\">Mehr erfahren<i class=\"dt-icon-the7-arrow-03\" aria-hidden=\"true\"><\/i><\/a>\n\n<\/div><\/article><\/div><div class=\"visible wf-cell iso-item\" data-post-id=\"1566\" data-date=\"2025-02-10T11:30:21+01:00\" data-name=\"Gew\u00fcrze - Wei\u00dft Du, wo der Pfeffer w\u00e4chst ?\"><article class=\"post project-odd visible post-1566 type-post status-publish format-standard has-post-thumbnail hentry category-neues category-8\" data-name=\"Gew\u00fcrze &#8211; Wei\u00dft Du, wo der Pfeffer w\u00e4chst ?\" data-date=\"2025-02-10T11:30:21+01:00\">\n\n<div class=\"post-thumbnail-wrap\">\n\t<div class=\"post-thumbnail\">\n\t\t\n\t\t\n\t\t<a href=\"https:\/\/weltlaeden.de\/rendsburg\/gewuerze-weisst-du-wo-der-pfeffer-waechst\/\" class=\"post-thumbnail-rollover layzr-bg layzr-bg\" ><img decoding=\"async\" class=\"iso-lazy-load preload-me iso-lazy-load aspect\" src=\"data:image\/svg+xml,%3Csvg%20xmlns%3D&#39;http%3A%2F%2Fwww.w3.org%2F2000%2Fsvg&#39;%20viewBox%3D&#39;0%200%20768%20512&#39;%2F%3E\" data-src=\"https:\/\/weltlaeden.de\/rendsburg\/wp-content\/uploads\/sites\/23\/2025\/02\/2025-02-Gewuerze-Zanzibar-Royal-Curry-scaled-768x512.jpg\" data-srcset=\"https:\/\/weltlaeden.de\/rendsburg\/wp-content\/uploads\/sites\/23\/2025\/02\/2025-02-Gewuerze-Zanzibar-Royal-Curry-scaled-768x512.jpg 768w, https:\/\/weltlaeden.de\/rendsburg\/wp-content\/uploads\/sites\/23\/2025\/02\/2025-02-Gewuerze-Zanzibar-Royal-Curry-scaled-1152x768.jpg 1152w\" loading=\"eager\" style=\"--ratio: 768 \/ 512\" sizes=\"(max-width: 768px) 100vw, 768px\" alt=\"\" title=\"2025-02 Gew\u00fcrze Zanzibar Royal Curry\" width=\"768\" height=\"512\"  \/><\/a>\t<\/div>\n<\/div>\n\n\n<div class=\"post-entry-content\">\n\n\t<h3 class=\"entry-title\">\n\t\t<a href=\"https:\/\/weltlaeden.de\/rendsburg\/gewuerze-weisst-du-wo-der-pfeffer-waechst\/\" title=\"Gew\u00fcrze &#8211; Wei\u00dft Du, wo der Pfeffer w\u00e4chst ?\" rel=\"bookmark\">Gew\u00fcrze &#8211; Wei\u00dft Du, wo der Pfeffer w\u00e4chst ?<\/a>\n\t<\/h3>\n\n\t<div class=\"entry-meta\"><a href=\"https:\/\/weltlaeden.de\/rendsburg\/2025\/02\/10\/\" title=\"11:30\" class=\"data-link\" rel=\"bookmark\"><time class=\"entry-date updated\" datetime=\"2025-02-10T11:30:21+01:00\">10. Februar 2025<\/time><\/a><\/div>\n\t<div class=\"entry-excerpt\"><p>In der Angebotspalette eines Weltladens sind auch Gew\u00fcrze zu finden. Was wei\u00df ich eigentlich \u00fcber den Ursprung und \u00fcber die Herkunft der Gew\u00fcrze, die ich nat\u00fcrlich auch in unserer K\u00fcche habe ?<\/p>\n<\/div>\n\t\n<a href=\"https:\/\/weltlaeden.de\/rendsburg\/gewuerze-weisst-du-wo-der-pfeffer-waechst\/\" class=\"dt-btn-s dt-btn post-details details-type-btn\" aria-label=\"Read more about Gew\u00fcrze &#8211; Wei\u00dft Du, wo der Pfeffer w\u00e4chst ?\">Mehr erfahren<i class=\"dt-icon-the7-arrow-03\" aria-hidden=\"true\"><\/i><\/a>\n\n<\/div><\/article><\/div><div class=\"visible wf-cell iso-item\" data-post-id=\"1545\" data-date=\"2025-01-20T14:57:45+01:00\" data-name=\"Miteinander fair-bunden: Gutes vor Ort tun\"><article class=\"post project-odd visible post-1545 type-post status-publish format-standard has-post-thumbnail hentry category-neues category-8\" data-name=\"Miteinander fair-bunden: Gutes vor Ort tun\" data-date=\"2025-01-20T14:57:45+01:00\">\n\n<div class=\"post-thumbnail-wrap\">\n\t<div class=\"post-thumbnail\">\n\t\t\n\t\t\n\t\t<a href=\"https:\/\/weltlaeden.de\/rendsburg\/miteinander-fair-bunden\/\" class=\"post-thumbnail-rollover layzr-bg layzr-bg\" ><img decoding=\"async\" class=\"iso-lazy-load preload-me iso-lazy-load aspect\" src=\"data:image\/svg+xml,%3Csvg%20xmlns%3D&#39;http%3A%2F%2Fwww.w3.org%2F2000%2Fsvg&#39;%20viewBox%3D&#39;0%200%20600%20400&#39;%2F%3E\" data-src=\"https:\/\/weltlaeden.de\/rendsburg\/wp-content\/uploads\/sites\/23\/2025\/02\/2025-01-20_spendenuebergabe_tafel_kaffeetante-600x400-1.jpg\" data-srcset=\"https:\/\/weltlaeden.de\/rendsburg\/wp-content\/uploads\/sites\/23\/2025\/02\/2025-01-20_spendenuebergabe_tafel_kaffeetante-600x400-1.jpg 600w\" loading=\"eager\" style=\"--ratio: 600 \/ 400\" sizes=\"(max-width: 600px) 100vw, 600px\" alt=\"\" title=\"2025-01-20_spenden\u00fcbergabe_tafel_kaffeetante 600&#215;400\" width=\"600\" height=\"400\"  \/><\/a>\t<\/div>\n<\/div>\n\n\n<div class=\"post-entry-content\">\n\n\t<h3 class=\"entry-title\">\n\t\t<a href=\"https:\/\/weltlaeden.de\/rendsburg\/miteinander-fair-bunden\/\" title=\"Miteinander fair-bunden: Gutes vor Ort tun\" rel=\"bookmark\">Miteinander fair-bunden: Gutes vor Ort tun<\/a>\n\t<\/h3>\n\n\t<div class=\"entry-meta\"><a href=\"https:\/\/weltlaeden.de\/rendsburg\/2025\/01\/20\/\" title=\"14:57\" class=\"data-link\" rel=\"bookmark\"><time class=\"entry-date updated\" datetime=\"2025-01-20T14:57:45+01:00\">20. Januar 2025<\/time><\/a><\/div>\n\t<div class=\"entry-excerpt\"><p>Vor kurzem erhielt die Rendsburger Tafel eine Spende, die eingesammelt werden konnte bei den miteinander fair-bundenen Aktivit\u00e4ten der \u201eKaffeetante\u201c auf dem Markt in der Nordmarkhalle, der Steuerungsgruppe Fairtrade-Stadt Rendsburg sowie des Weltladens Rendsburg.<\/p>\n<\/div>\n\t\n<a href=\"https:\/\/weltlaeden.de\/rendsburg\/miteinander-fair-bunden\/\" class=\"dt-btn-s dt-btn post-details details-type-btn\" aria-label=\"Read more about Miteinander fair-bunden: Gutes vor Ort tun\">Mehr erfahren<i class=\"dt-icon-the7-arrow-03\" aria-hidden=\"true\"><\/i><\/a>\n\n<\/div><\/article><\/div><\/div><!-- iso-container|iso-grid --><\/div>[\/vc_column][\/vc_row]<\/p>\n<\/div>","protected":false},"excerpt":{"rendered":"<p>[vc_row][vc_column][vc_column_text css=&#8220;&#8220;] Neuigkeiten [\/vc_column_text][\/vc_column][\/vc_row][vc_row][vc_column][\/vc_column][\/vc_row]<\/p>\n","protected":false},"author":252,"featured_media":0,"parent":0,"menu_order":18,"comment_status":"closed","ping_status":"closed","template":"","meta":{"footnotes":""},"class_list":["post-1543","page","type-page","status-publish","hentry","description-off"],"_links":{"self":[{"href":"https:\/\/weltlaeden.de\/rendsburg\/wp-json\/wp\/v2\/pages\/1543","targetHints":{"allow":["GET"]}}],"collection":[{"href":"https:\/\/weltlaeden.de\/rendsburg\/wp-json\/wp\/v2\/pages"}],"about":[{"href":"https:\/\/weltlaeden.de\/rendsburg\/wp-json\/wp\/v2\/types\/page"}],"author":[{"embeddable":true,"href":"https:\/\/weltlaeden.de\/rendsburg\/wp-json\/wp\/v2\/users\/252"}],"replies":[{"embeddable":true,"href":"https:\/\/weltlaeden.de\/rendsburg\/wp-json\/wp\/v2\/comments?post=1543"}],"version-history":[{"count":2,"href":"https:\/\/weltlaeden.de\/rendsburg\/wp-json\/wp\/v2\/pages\/1543\/revisions"}],"predecessor-version":[{"id":1547,"href":"https:\/\/weltlaeden.de\/rendsburg\/wp-json\/wp\/v2\/pages\/1543\/revisions\/1547"}],"wp:attachment":[{"href":"https:\/\/weltlaeden.de\/rendsburg\/wp-json\/wp\/v2\/media?parent=1543"}],"curies":[{"name":"wp","href":"https:\/\/api.w.org\/{rel}","templated":true}]}}