{"id":829,"date":"2021-03-31T14:49:33","date_gmt":"2021-03-31T12:49:33","guid":{"rendered":"https:\/\/weltlaeden.de\/ottensen\/?page_id=829"},"modified":"2021-09-16T11:23:17","modified_gmt":"2021-09-16T09:23:17","slug":"sonnenglas","status":"publish","type":"page","link":"https:\/\/weltlaeden.de\/ottensen\/produkte\/sonnenglas\/","title":{"rendered":"Sonnenglas"},"content":{"rendered":"<div class=\"wpb-content-wrapper\"><p>[vc_row][vc_column width=&#8220;2\/3&#8243;][vc_column_text]<strong>SONNENGLAS<\/strong><\/p>\n<p>Das SONNENGLAS\u00ae ist ein echtes Fair-Trade Produkt aus S\u00fcdafrika. Die SONNENGLAS\u00ae Produktion hat bisher \u00fcber 65 Vollzeit-Arbeitspl\u00e4tze f\u00fcr zuvor arbeitslose M\u00e4nner und Frauen aus Alexandra und Soweto geschaffen; sie stellen es zum Gro\u00dfteil in Handarbeit her. Das garantiert h\u00f6chste Qualit\u00e4t und lange Lebensdauer.<\/p>\n<p>Das Prinzip dieser Solarlampe ist simpel und geradezu genial: Das SONNENGLAS\u00ae ist mit LEDs ausgestattet, die \u00fcber ein Solar-Sonnenmodul im Deckel aufgeladen werden. Wenn es in der Sonne steht, wird der integrierte Akku aufgeladen und die LEDs spenden dann f\u00fcr viele Stunden \u2013 mindestens 24 h bei voller Aufladung &#8211; weiches und helles Licht.<\/p>\n<p>&nbsp;<\/p>\n<p>Bei uns erh\u00e4ltlich sind zwei Varianten \u2013 das gro\u00dfe Sonnenglas Classic (1l) und das kleine Sonnenglas Mini (250 ml).<\/p>\n<p>&nbsp;<\/p>\n<p>[\/vc_column_text][\/vc_column][vc_column width=&#8220;1\/3&#8243;]<div class=\"wl_einzelbild\"><p><img loading=\"lazy\" decoding=\"async\" class=\"alignnone size-medium wp-image-830\" src=\"https:\/\/weltlaeden.de\/ottensen\/wp-content\/uploads\/sites\/13\/2021\/03\/sonnenglas-beide-200x300.jpg\" alt=\"\" width=\"200\" height=\"300\" srcset=\"https:\/\/weltlaeden.de\/ottensen\/wp-content\/uploads\/sites\/13\/2021\/03\/sonnenglas-beide-200x300.jpg 200w, https:\/\/weltlaeden.de\/ottensen\/wp-content\/uploads\/sites\/13\/2021\/03\/sonnenglas-beide.jpg 400w\" sizes=\"auto, (max-width: 200px) 100vw, 200px\" \/><\/p><\/div>[\/vc_column][\/vc_row]<\/p>\n<\/div>","protected":false},"excerpt":{"rendered":"<p>[vc_row][vc_column width=&#8220;2\/3&#8243;][vc_column_text]SONNENGLAS Das SONNENGLAS\u00ae ist ein echtes Fair-Trade Produkt aus S\u00fcdafrika. Die SONNENGLAS\u00ae Produktion hat bisher \u00fcber 65 Vollzeit-Arbeitspl\u00e4tze f\u00fcr zuvor arbeitslose M\u00e4nner und Frauen aus Alexandra und Soweto geschaffen; sie stellen es zum Gro\u00dfteil in Handarbeit her. Das garantiert h\u00f6chste Qualit\u00e4t und lange Lebensdauer. Das Prinzip dieser Solarlampe ist simpel und geradezu genial: Das&hellip;<\/p>\n","protected":false},"author":141,"featured_media":0,"parent":217,"menu_order":9,"comment_status":"closed","ping_status":"closed","template":"","meta":{"footnotes":""},"class_list":["post-829","page","type-page","status-publish","hentry","description-off"],"_links":{"self":[{"href":"https:\/\/weltlaeden.de\/ottensen\/wp-json\/wp\/v2\/pages\/829","targetHints":{"allow":["GET"]}}],"collection":[{"href":"https:\/\/weltlaeden.de\/ottensen\/wp-json\/wp\/v2\/pages"}],"about":[{"href":"https:\/\/weltlaeden.de\/ottensen\/wp-json\/wp\/v2\/types\/page"}],"author":[{"embeddable":true,"href":"https:\/\/weltlaeden.de\/ottensen\/wp-json\/wp\/v2\/users\/141"}],"replies":[{"embeddable":true,"href":"https:\/\/weltlaeden.de\/ottensen\/wp-json\/wp\/v2\/comments?post=829"}],"version-history":[{"count":1,"href":"https:\/\/weltlaeden.de\/ottensen\/wp-json\/wp\/v2\/pages\/829\/revisions"}],"predecessor-version":[{"id":831,"href":"https:\/\/weltlaeden.de\/ottensen\/wp-json\/wp\/v2\/pages\/829\/revisions\/831"}],"up":[{"embeddable":true,"href":"https:\/\/weltlaeden.de\/ottensen\/wp-json\/wp\/v2\/pages\/217"}],"wp:attachment":[{"href":"https:\/\/weltlaeden.de\/ottensen\/wp-json\/wp\/v2\/media?parent=829"}],"curies":[{"name":"wp","href":"https:\/\/api.w.org\/{rel}","templated":true}]}}