{"id":23,"date":"2016-10-14T09:05:47","date_gmt":"2016-10-14T07:05:21","guid":{"rendered":"https:\/\/wl.heimpixel.de\/ottensen\/termine\/"},"modified":"2021-09-16T11:23:17","modified_gmt":"2021-09-16T09:23:17","slug":"termine-uebersicht","status":"publish","type":"page","link":"https:\/\/weltlaeden.de\/ottensen\/termine-uebersicht\/","title":{"rendered":"Termine"},"content":{"rendered":"<div class=\"wpb-content-wrapper\"><p>[vc_row][vc_column]<div class=\"wl_einzelbild\"><p><img loading=\"lazy\" decoding=\"async\" class=\"alignnone size-full wp-image-nsm-3-19\" src=\"https:\/\/weltlaeden.de\/ottensen\/wp-content\/uploads\/sites\/3\/2016\/11\/Termine.jpg\" alt=\"\" width=\"1200\" height=\"519\" \/><\/p><\/div>[vc_empty_space height=&#8220;30px&#8220;][vc_column_text]<\/p>\n<h1>Termine<\/h1>\n<h4><\/h4>\n<p>[\/vc_column_text][vc_empty_space height=&#8220;30px&#8220;][\/vc_column][\/vc_row][vc_row][vc_column width=&#8220;2\/3&#8243;][vc_column_text]<\/p>\n<h2>Kommende Termine<\/h2>\n<p>[\/vc_column_text]<ul class=\"termine-page current aktuell\">[vc_empty_space height=&#8220;30px&#8220;][vc_column_text]<\/p>\n<h2>Vergangene Termine<\/h2>\n<p>[\/vc_column_text]<ul class=\"termine-page past vergangen\"><li><h5 class=\"termine-titel\"><a href=\"https:\/\/weltlaeden.de\/ottensen\/termin\/schokofahrt-nach-dem-segelschiff-aufs-fahrrad\/\">Schokofahrt &#8211; nach dem Segelschiff aufs Fahrrad<\/a><\/h5><p class=\"termine-date\">Mi., 17.09.2025, 19:30<\/p><p class=\"termine-auszug\">Mit dem <strong>Segelschiff\u00a0 \"Tres Hombres\"<\/strong> werden Kakaobohnen aus der Dominikanischen Republik nach Amsterdam transportiert. Daraus hergestellte Schokoladen werden mit <strong>Lastenfahrr\u00e4dern<\/strong> v\u00f6llig emissionsfrei nach Deutschland transportiert. Die Schokoladen k\u00f6nnen im Rahmen der Veranstaltung im Weltladen probiert und gekauft werden. <strong>Reisebericht<\/strong> von Michael Zynda<p class=termine-ort\"><small>Ort: <i>Weltladen Ottensen, Bahrenfelder Str. 176, 22765 Hamburg<\/i><\/small><\/p><\/li><li><h5 class=\"termine-titel\"><a href=\"https:\/\/weltlaeden.de\/ottensen\/termin\/afrika-lesung-mit-lutz-van-dijk\/\">Afrika &#8211; Lesung mit Lutz van Dijk<\/a><\/h5><p class=\"termine-date\">Fr., 06.06.2025, 20:00<\/p><p class=\"termine-auszug\">Der renommierte und engagierte Autor Lutz van Dijk liest aus seinem neuen Buch: <strong>Afrika - Geschichte und Vielfalt eines Kontinents.<\/strong><p class=termine-ort\"><small>Ort: <i>Weltladen Ottensen, Bahrenfelder Str. 176, 22765 Hamburg<\/i><\/small><\/p><\/li><li><h5 class=\"termine-titel\"><a href=\"https:\/\/weltlaeden.de\/ottensen\/termin\/faire-woche-unter-segeln\/\">Faire Woche: Unter Segeln<\/a><\/h5><p class=\"termine-date\">Fr., 29.09.2023, 14:00<\/p><p class=\"termine-auszug\">Peggy Merkur informiert bei uns im Laden \u00fcber den Warentransport unter Segeln.<\/li><li><h5 class=\"termine-titel\"><a href=\"https:\/\/weltlaeden.de\/ottensen\/termin\/nicaragua-quelle-der-kaffeerevolution\/\">Nicaragua \u2013 Quelle der Kaffeerevolution<\/a><\/h5><p class=\"termine-date\">Fr., 04.11.2022, 20:00<\/p><p class=\"termine-auszug\">Noch immer ist Nicaragua weit vorne beim Kaffee. Jolver Mendoza und Jens Klein pr\u00e4sentieren neue Formen internationaler Solidarit\u00e4t im Kaffeeanbau und der Vermarktung. Stichwort: Solidarische Landwirtschaft. Referenten: Jolver Mendoza und Jens Klein &nbsp;<p class=termine-ort\"><small>Ort: <i>Weltladen Ottensen<\/i><\/small><\/p><\/li><li><h5 class=\"termine-titel\"><a href=\"https:\/\/weltlaeden.de\/ottensen\/termin\/faire-woche-2022-utamsi\/\">Faire Woche 2022: Utamsi<\/a><\/h5><p class=\"termine-date\">Sa., 24.09.2022, 11:00<\/p><p class=\"termine-auszug\"><strong>24Morin Kamga Fobissie<\/strong>, der Gr\u00fcnder der Firma <strong>Utamtsi aus Kamerun<\/strong>, bittet zum Probieren von Spitzenkaffees aus dem Hochland Kameruns. Exklusive Begegnung mit dem Experten dieser K\u00f6stlichkeit.<p class=termine-ort\"><small>Ort: <i>Weltladen Ottensen<\/i><\/small><\/p><\/li><li><h5 class=\"termine-titel\"><a href=\"https:\/\/weltlaeden.de\/ottensen\/termin\/faire-woche-2022-deutsche-kolonialpolitik-in-afrika\/\">Faire Woche 2022: Deutsche Kolonialpolitik in Afrika<\/a><\/h5><p class=\"termine-date\">Di., 13.09.2022, 20:00<\/p><p class=\"termine-auszug\"><strong>Dr. Lutz van Dijk<\/strong>, ein deutsch-niederl\u00e4ndischer Historiker, seit \u00fcber 20 Jahren in S\u00fcdafrika zuhause, liest aus seinem <strong>Buch \"Afrika - Geschichte eines bunten Kontinents\"<\/strong> und steht f\u00fcr ein Gespr\u00e4ch zur Verf\u00fcgung.<p class=termine-ort\"><small>Ort: <i>Weltladen Ottensen<\/i><\/small><\/p><\/li><li><h5 class=\"termine-titel\"><a href=\"https:\/\/weltlaeden.de\/ottensen\/termin\/faire-woche-2020\/\">Faire Woche 2020<\/a><\/h5><p class=\"termine-date\">Fr., 11.09.2020 bis 25.09.2020<\/p><p class=\"termine-auszug\">Das Thema der Fairen Woche in diesem Jahr ist <a href=\"https:\/\/www.faire-woche.de\/die-faire-woche\/faire-woche-2020\/jahresthema-2020\" target=\"_blank\" rel=\"noopener\">\"Nachhaltige\/r Konsum und Produktion\"<\/a> - wir stellen deshalb exemplarisch in unserem Laden Produkte aus dem Regenwald vor. Kommt vorbei und lasst euch \u00fcberraschen - wir freuen uns \u00fcber euren Besuch!<\/li><li><h5 class=\"termine-titel\"><a href=\"https:\/\/weltlaeden.de\/ottensen\/termin\/winterfest-im-weltladen\/\">Winterfest im Weltladen<\/a><\/h5><p class=\"termine-date\">Sa., 11.01.2020, 11:00 bis 11.01.2020, 18:00<\/p><p class=\"termine-auszug\">Wir laden ein zum Winterfest am kommenden Samstag, dem 11.01.2020 von 11:00-18:00. Es gibt 10% Rabatt auf alle Handwerks-Artikel.<\/li><li><h5 class=\"termine-titel\"><a href=\"https:\/\/weltlaeden.de\/ottensen\/termin\/klimastreik-29-11\/\">Klimastreik 29.11.<\/a><\/h5><p class=\"termine-date\">Fr., 29.11.2019, 12:00<\/p><p class=\"termine-auszug\">\"Fridays for Future\" ruft zum 4. Globalen Klimastreik auf - am 29.11. findet eine Gro\u00dfdemonstration in Hamburg statt. Aus diesen Grund \u00f6ffnen wir unseren Laden erst um 14h.<p class=termine-ort\"><small>Ort: <i>Hamburg-R\u00f6dingsmarkt<\/i><\/small><\/p><\/li><li><h5 class=\"termine-titel\"><a href=\"https:\/\/weltlaeden.de\/ottensen\/termin\/kochen-mit-kakao-aus-peru-in-der-rindermarkthalle\/\">Kochen mit Kakao aus Peru in der Rindermarkthalle<\/a><\/h5><p class=\"termine-date\">Sa., 28.09.2019, 10:00 bis 28.09.2019, 17:00<\/p><p class=\"termine-auszug\">Es war noch nie so lecker, Gutes zu tun! Der Weltladen Ottensen l\u00e4dt ein zum Kochevent mit PER\u00da PURO. Das Mini-Start Up importiert direkt und ohne Zwischenh\u00e4ndler den seltenen Ur-Kakao Chuncho aus Peru, l\u00e4sst den Kakao weiterverarbeiten und daraus z.B. die erste lagen- und sortenreine Jahrgangsschokolade herstellen. Im Rahmen der Fairen Woche zeigt PER\u00da PURO, wo Kakao herkommt, wie man ihn klima- und biodiversit\u00e4ts-freundlich anbauen und daraus Gro\u00dfartiges zaubern kann. Es gibt Kakao-Nibs, Bohnen, Kakaomasse, Schokolade und leckere Kakao-Gerichte.<p class=termine-ort\"><small>Ort: <i>Rindermarkthalle St. Pauli, Neuer Kamp 31, 20359 HH<\/i><\/small><\/p><\/li><li><h5 class=\"termine-titel\"><a href=\"https:\/\/weltlaeden.de\/ottensen\/termin\/swahili-records-praesentiert-swahili-arts-exhibition\/\">Swahili Records pr\u00e4sentiert \u201eSwahili Arts Exhibition\u201c<\/a><\/h5><p class=\"termine-date\">Sa., 14.09.2019, 19:00 bis 28.09.2019<\/p><p class=\"termine-auszug\">Vernissage &amp; Verkauf mit Live Swahili Musik von Manuuh Swai (Tansania) und Dokumentarfilm \u201eWax Batik mit Filex Msalu\u201c. Swahili Records ist ein unabh\u00e4ngiges Plattenlabel, das sich auf traditionelle und zeitgen\u00f6ssische ostafrikanische Kunst, Musik und Kultur spezialisiert hat. Das Team ist auch Manager, Booking Agent und Eventmanagement und arbeitet intensiv daran, Ostafrika mit dem Rest der Welt zu verbinden. Au\u00dferdem engagiert sich das Label in kommunikativer Arbeit vor Ort, um die Sensibilit\u00e4t von Kunst und Kultur in den Regionen zu st\u00e4rken. Angeboten werden Wax Art Batiks &amp; Tinga Tinga des K\u00fcnstlers Filex Msalu (Arusha), handgemachte Trommeln des K\u00fcnstlers Hamza Lukta (Tanga), sowohl Massai Schmuck von Maa Production (Arusha) als auch traditionelle Wickelt\u00fccher Kanga und Massaishuka.<p class=termine-ort\"><small>Ort: <i>Weltladen Ottensen, Bahrenfelder Str. 176<\/i><\/small><\/p><\/li><li><h5 class=\"termine-titel\"><a href=\"https:\/\/weltlaeden.de\/ottensen\/termin\/winterevent\/\">Winterevent<\/a><\/h5><p class=\"termine-date\">Sa., 12.01.2019, 11:00<\/p><p class=\"termine-auszug\">20% Rabatt auf alle Schals, M\u00fctzen, Handschuhe, Taschen und Schmuck - Kaffee- und Tee-Verk\u00f6stigung &nbsp;<\/li><li><h5 class=\"termine-titel\"><a href=\"https:\/\/weltlaeden.de\/ottensen\/termin\/faire-woche-fairtrade-gold\/\">Faire Woche &#8211; Fairtrade Gold<\/a><\/h5><p class=\"termine-date\">Do., 20.09.2018, 20:00<\/p><p class=\"termine-auszug\">ES IST NICHT ALLES GOLD WAS GL\u00c4NZT! Als erster Goldschmied in Deutschland verarbeitet Jan Spille \u00f6ko-faires\u00a0Gold und Silber. Auf regelm\u00e4\u00dfigen Bergbaureisen besuchen er und sein\u00a0Team Goldsch\u00fcrfer_Innen und ihre Familien. \u201eWir wollen die Menschen\u00a0kennen lernen deren faires Gold und Silber wir verarbeiten.\u201c Neben dem\u00a0\u00f6kologisch- und sozialgerechten Bergbau werden sie auch immer wieder\u00a0mit konventionellem Goldbergbau konfrontiert \u2013 wo ausbeuterische\u00a0Kinderarbeit, soziale Ausbeutung und gravierende Umweltzerst\u00f6rung an\u00a0der Tagesordnung sind. In einem Bilder-Vortrag berichtet er von den Erfahrungen\u00a0und stellt die verschiedenen Gold-Konzepte vor, die in seinem\u00a0Hamburger Atelier verarbeitet werden. VERANSTALTER: Weltladen Ottensen e.V. und <a href=\"https:\/\/www.janspille.de\" target=\"_blank\" rel=\"noopener\">Jan Spille<\/a><\/li><li><h5 class=\"termine-titel\"><a href=\"https:\/\/weltlaeden.de\/ottensen\/termin\/der-faire-handel-und-das-gemeinwohl-oekonomische-veraenderungen-durch-sozialethischen-handel\/\">Der Faire Handel und das Gemeinwohl &#8211; \u00f6konomische Ver\u00e4nderungen durch sozialethischen Handel<\/a><\/h5><p class=\"termine-date\">Sa., 15.09.2018, 17:00<\/p><p class=\"termine-auszug\">Der Faire Handel und das Gemeinwohl - \u00f6konomische Ver\u00e4nderungen durch sozialethischen Handel. Diskussion mit\u00a0<strong>Dr. Anke Butscher<\/strong> \u2013 corsus Unternehmensberatung und GW\u00d6-Beraterin,\u00a0<strong>Anna Wolf<\/strong> \u2013 El Puente (GW\u00d6-bilanzierte Fairhandels-Importorganisation),\u00a0<strong>Nelson Perez<\/strong> \u2013 ANAPQUI (Quinoa-Handelspartner von El Puente),\u00a0Moderation:\u00a0<strong>Karin Heuer<\/strong> \u2013 Referentin f\u00fcr Umwelt + Bildung Veranstaltung der Arbeitsstelle FairTradeStadtHamburg\u00a0in der Rathauspassage Hamburg<\/li><li><h5 class=\"termine-titel\"><a href=\"https:\/\/weltlaeden.de\/ottensen\/termin\/salsa-tanzkurs-im-weltladen-2\/\">Salsa-Tanzkurs im Weltladen<\/a><\/h5><p class=\"termine-date\">Fr., 14.09.2018, 20:00<\/p><p class=\"termine-auszug\">Salsa tanzen mit Mariama! Seien Sie bereit und bringen Sie die Tanzfl\u00e4che zum Beben \u2013 alleine oder als Paar! Hier verbinden sich Fairer Handel, Emotion und Rhythmus mit der Freude am Tanz! Eintritt frei.<\/li><li><h5 class=\"termine-titel\"><a href=\"https:\/\/weltlaeden.de\/ottensen\/termin\/kunst-altonale-2018\/\">kunst altonale 2018<\/a><\/h5><p class=\"termine-date\">So., 17.06.2018, 20:00<\/p><p class=\"termine-auszug\">altonale 20: Kunst im Schaufenster vom 01. bis 17. Juni. Mitmachen bei der Auswahl des Publikumspreises - Teilnahmekarten in unserem Laden.<\/li><li><h5 class=\"termine-titel\"><a href=\"https:\/\/weltlaeden.de\/ottensen\/termin\/mangos-fuer-menschenrechte\/\">Mangos f\u00fcr Menschenrechte!<\/a><\/h5><p class=\"termine-date\">Mi., 25.04.2018, 20:00<\/p><p class=\"termine-auszug\"><strong>PREDA<\/strong> ist eine philippinische Menschenrechts- und Fair-Handels-Organisation, die - u.a. mit dem Verkauf von Mangos - missbrauchten und ausgebeuteten Kindern und Jugendlichen hilft. Andreas Fischer (Hamburg) berichtet am 25.4. ab 20 Uhr \u00fcber die Wirkungen des Fairen Handels bei PREDA. Eintritt frei. &nbsp;<\/li><li><h5 class=\"termine-titel\"><a href=\"https:\/\/weltlaeden.de\/ottensen\/termin\/fairer-brunch\/\">Fairer Brunch<\/a><\/h5><p class=\"termine-date\">Sa., 30.09.2017, 11:00<\/p><p class=\"termine-auszug\">Kommen Sie zum Fairen Brunch in den Weltladen! Denn so lecker kann Weltverbessern sein! Samstag, 30. September, 11-16 Uhr. Eintritt frei. Spenden willkommen.<\/li><li><h5 class=\"termine-titel\"><a href=\"https:\/\/weltlaeden.de\/ottensen\/termin\/salsa-tanzkurs-im-weltladen\/\">Salsa-Tanzkurs im Weltladen!<\/a><\/h5><p class=\"termine-date\">Fr., 15.09.2017, 20:00<\/p><p class=\"termine-auszug\"><strong>Salsa tanzen mit Mariama! Seien Sie bereit und bringen Sie die Tanzfl\u00e4che zum Beben - alleine oder als Paar! Hier verbinden sich Fairer Handel, Emotion und Rhythmus mit der Freude am Tanz!<\/strong> <strong>Eintritt frei.<\/strong><\/li><li><h5 class=\"termine-titel\"><a href=\"https:\/\/weltlaeden.de\/ottensen\/termin\/g20-protestwelle\/\">G20-Protestwelle<\/a><\/h5><p class=\"termine-date\">So., 02.07.2017, 12:00<\/p><p class=\"termine-auszug\">Trump, Putin, Erdogan &amp; Co.: Anfang Juli treffen die Staats- und Regierungschefs der wichtigsten Industrie- und Schwellenl\u00e4nder in Hamburg zum G20-Gipfel zusammen. In Zeiten von zunehmendem Nationalismus ist internationale Kooperation dringend n\u00f6tig, um Hungersn\u00f6te, Ungleichheit, Klimawandel, Kriege und Vertreibungen zu bek\u00e4mpfen. Doch die bisherige neoliberale Politik der G20 ignoriert diese globalen Probleme und liefert keine L\u00f6sungen. Deshalb rufen wir in einem breiten zivilgesellschaftlichen B\u00fcndnis f\u00fcr Sonntag, den 2. Juli, zu einer Protestwelle nach Hamburg auf. Gemeinsam fordern wir: Gerechten Welthandel schaffen \u2013 Klima retten \u2013 Soziale Ungleichheit bek\u00e4mpfen \u2013 Demokratie st\u00e4rken! Kurz vor dem G20-Gipfel streiten wir f\u00fcr die Demokratie und eine progressive Politik. Wir wollen die Globalisierung im Sinne der B\u00fcrger_innen gestalten. Zwei Monate vor der Bundestagswahl fordern wir einen Politikwechsel. In der Hafenstadt Hamburg lassen wir zu Lande und zu Wasser eine Protestwelle von zehntausenden Menschen entstehen. Machen Sie mit! Tragen auch Sie am 2. Juli Ihren Protest [...] <a href=\"https:\/\/weltlaeden.de\/ottensen\/termin\/g20-protestwelle\/\"><small>[WEITERLESEN]<\/small><\/a><\/p><\/li><li><h5 class=\"termine-titel\"><a href=\"https:\/\/weltlaeden.de\/ottensen\/termin\/g20-wer-sind-sie-und-was-wollen-sie\/\">G20 &#8211; wer sind sie und was wollen sie?<\/a><\/h5><p class=\"termine-date\">Mi., 17.05.2017, 19:30<\/p><p class=\"termine-auszug\">Trump, Putin, Erdogan und viele weitere Staatschefs (von Deutschland \u00fcber China bis S\u00fcdafrika) kommen am 7. und 8. Juli 2017 nach Hamburg zum G20-Gipfel zusammen. <strong>19 L\u00e4nder und die EU \u2013 eine m\u00e4chtige Gruppe:<\/strong> 2\/3 der Weltbev\u00f6lkerung 85% der weltweiten Wirtschaftsleistung (Bruttoinlandsprodukt) 80% des Welthandels 80% der weltweiten CO2-Emissionen . Aber was wollen die G20? Wie legitim sind sie als Gremium? Gibt es \u00fcberhaupt gemeinsame (handelspolitische) Themen und Projekte? Welche Probleme k\u00f6nnte eine bessere Zusammenarbeit der G20 l\u00f6sen, welche Probleme schafft die Fixierung auf wirtschaftliches Wachstum? Ist TTIP wirklich \u201egestorben\u201c? Und haben Weltl\u00e4den, Fair-H\u00e4ndler und Nichtregierungsorganisationen nicht die kl\u00fcgeren Ideen f\u00fcr eine bessere Welt? Der Weltladen Ottensen hat zwei Fachfrauen vom Forum Umwelt und Entwicklung aus Berlin eingeladen, um gemeinsam zu informieren, \u00fcber die (fragw\u00fcrdigen) handelspolitischen Projekte der G20 zu diskutieren und \u00fcber Protestm\u00f6glichkeiten zu reden. <strong>Nelly Grotefendt<\/strong> ist Referentin f\u00fcr Internationale Handelspolitik, <strong>Marie-Luise Abshagen<\/strong> ist Referentin f\u00fcr nachhaltige Entwicklung [...] <a href=\"https:\/\/weltlaeden.de\/ottensen\/termin\/g20-wer-sind-sie-und-was-wollen-sie\/\"><small>[WEITERLESEN]<\/small><\/a><\/p><\/li><li><h5 class=\"termine-titel\"><a href=\"https:\/\/weltlaeden.de\/ottensen\/termin\/bitter-grapes-dokumentarfilm\/\">Bitter Grapes (Dokumentarfilm)<\/a><\/h5><p class=\"termine-date\">Fr., 12.05.2017, 17:30<\/p><p class=\"termine-auszug\">\u00dcber 20 Jahre nach Ende der Apartheid ist S\u00fcdafrika in die TOP 8 der Weinexporteure aufgestiegen. Doch die Arbeitsbedingungen auf den Weinfarmen haben sich kaum ge\u00e4ndert, und vier F\u00fcnftel der landwirtschaftlichen Fl\u00e4che befinden sich nach wie vor in der Hand einer wei\u00dfen Minderheit. Der d\u00e4nische Dokumentarfilmer <strong>Tom Heinemann <\/strong>(rechts im Bild), schon zweimal ausgezeichnet als \u201eherausragender investigativer Journalist\u201c), zeigt in \u201eBitter Grapes \u2013 Slavery in the vineyards\u201c, welchen Preis die Arbeiter_innen f\u00fcr die sonnenverw\u00f6hnten Weine aus der Kap-Region zahlen m\u00fcssen \u2013 und wie es gelang, in D\u00e4nemark einige dieser unter schweren Arbeitsrechtsverletzungen produzierten Weine aus den Supermarkt-Regalen zu verbannen. Tom Heinemann sprach mit Arbeiter_innen, mit Gewerkschafter_innen, mit dem Management der Weinfarmen und dem \u201eethischen Agrarhandelsverband\u201c WIETA \u2013 und wird, in Kooperation mit dem Weltladen Ottensen, am Freitag, 12.5.17, im Zeise Kino anwesend sein, um mit uns zu diskutieren. Der Film wird in englischsprachiger Fassung gezeigt. Die anschlie\u00dfende Diskussion wird \u00fcbersetzt, [...] <a href=\"https:\/\/weltlaeden.de\/ottensen\/termin\/bitter-grapes-dokumentarfilm\/\"><small>[WEITERLESEN]<\/small><\/a><\/p><\/li><li><h5 class=\"termine-titel\"><a href=\"https:\/\/weltlaeden.de\/ottensen\/termin\/afrika-geschichte-eines-bunten-kontinents-lesung\/\">Afrika \u2013 Geschichte eines bunten Kontinents (Lesung)<\/a><\/h5><p class=\"termine-date\">Di., 02.05.2017, 19:30<\/p><p class=\"termine-auszug\">Autor <strong>Lutz van Dijk<\/strong> aus Kapstadt liest (auf deutsch) aus seinem Buch \"Afrika - Geschichte eines bunten Kontinents. Neu erz\u00e4hlt mit afrikanischen Stimmen\u201c. Ein Abend gegen das Klischee vom schwarzen Kontinent! Eintritt frei - Spenden willkommen. Gut war's - und voll war's: \u00a0\u00a0<\/li><\/ul>[\/vc_column][\/vc_row]<\/p>\n<\/div>","protected":false},"excerpt":{"rendered":"<p>[vc_row][vc_column][vc_empty_space height=&#8220;30px&#8220;][vc_column_text] Termine [\/vc_column_text][vc_empty_space height=&#8220;30px&#8220;][\/vc_column][\/vc_row][vc_row][vc_column width=&#8220;2\/3&#8243;][vc_column_text] Kommende Termine [\/vc_column_text][vc_empty_space height=&#8220;30px&#8220;][vc_column_text] Vergangene Termine [\/vc_column_text][\/vc_column][\/vc_row]<\/p>\n","protected":false},"author":1,"featured_media":0,"parent":0,"menu_order":16,"comment_status":"closed","ping_status":"closed","template":"","meta":{"footnotes":""},"class_list":["post-23","page","type-page","status-publish","hentry","description-off"],"_links":{"self":[{"href":"https:\/\/weltlaeden.de\/ottensen\/wp-json\/wp\/v2\/pages\/23","targetHints":{"allow":["GET"]}}],"collection":[{"href":"https:\/\/weltlaeden.de\/ottensen\/wp-json\/wp\/v2\/pages"}],"about":[{"href":"https:\/\/weltlaeden.de\/ottensen\/wp-json\/wp\/v2\/types\/page"}],"author":[{"embeddable":true,"href":"https:\/\/weltlaeden.de\/ottensen\/wp-json\/wp\/v2\/users\/1"}],"replies":[{"embeddable":true,"href":"https:\/\/weltlaeden.de\/ottensen\/wp-json\/wp\/v2\/comments?post=23"}],"version-history":[{"count":13,"href":"https:\/\/weltlaeden.de\/ottensen\/wp-json\/wp\/v2\/pages\/23\/revisions"}],"predecessor-version":[{"id":181,"href":"https:\/\/weltlaeden.de\/ottensen\/wp-json\/wp\/v2\/pages\/23\/revisions\/181"}],"wp:attachment":[{"href":"https:\/\/weltlaeden.de\/ottensen\/wp-json\/wp\/v2\/media?parent=23"}],"curies":[{"name":"wp","href":"https:\/\/api.w.org\/{rel}","templated":true}]}}