{"id":872,"date":"2019-06-04T09:41:06","date_gmt":"2019-06-04T07:41:29","guid":{"rendered":"https:\/\/weltlaeden.de\/osterstrasse\/produkte\/fairclusiv-juni\/"},"modified":"2026-04-02T17:36:47","modified_gmt":"2026-04-02T15:36:47","slug":"fairclusiv","status":"publish","type":"page","link":"https:\/\/weltlaeden.de\/osterstrasse\/produkte\/fairclusiv\/","title":{"rendered":"Fairclusiv: April"},"content":{"rendered":"<div class=\"wpb-content-wrapper\"><p>[vc_row][vc_column][vc_column_text]<\/p>\n<h1>Fairclusiv: Besonderes Produkt im April<\/h1>\n<p>Hier stellen wir Ihnen jeden Monat ein oder mehrere ausgew\u00e4hlte hochwertige Produkte aus <a href=\"https:\/\/weltlaeden.de\/osterstrasse\/produkte\/kunsthandwerk\/\">unserem Kunsthandwerks- oder Textilbereich<\/a> vor. Gerade in der aktuellen Krise ist es wichtig, den Fairen Handel vor Ort weiter zu st\u00e4rken. Denn die Folgen der Pandemie treffen Kunsthandwerker*innen im Globalen S\u00fcden besonders stark.[\/vc_column_text][vc_empty_space][vc_column_text]<\/p>\n<h2 data-prosemirror-content-type=\"node\" data-prosemirror-node-name=\"paragraph\" data-prosemirror-node-block=\"true\" data-pm-slice=\"1 1 []\"><strong>Laptoptasche aus recyceltem Kunststoff\u00a0<\/strong><\/h2>\n<h3 data-prosemirror-content-type=\"node\" data-prosemirror-node-name=\"paragraph\" data-prosemirror-node-block=\"true\" data-pm-slice=\"1 1 []\">(ca. 35,0 x 27,0 x 3,59 cm)<\/h3>\n<h3 data-prosemirror-content-type=\"node\" data-prosemirror-node-name=\"paragraph\" data-prosemirror-node-block=\"true\">Preis: 27,90 \u20ac<\/h3>\n<h2 data-prosemirror-content-type=\"node\" data-prosemirror-node-name=\"paragraph\" data-prosemirror-node-block=\"true\" data-pm-slice=\"1 1 []\"><strong data-prosemirror-content-type=\"mark\" data-prosemirror-mark-name=\"strong\"><img loading=\"lazy\" decoding=\"async\" class=\"alignnone size-full wp-image-4019\" src=\"https:\/\/weltlaeden.de\/osterstrasse\/wp-content\/uploads\/sites\/17\/2026\/04\/laptop_lh_16200_gelb_1.jpg\" alt=\"\" width=\"600\" height=\"532\" srcset=\"https:\/\/weltlaeden.de\/osterstrasse\/wp-content\/uploads\/sites\/17\/2026\/04\/laptop_lh_16200_gelb_1.jpg 600w, https:\/\/weltlaeden.de\/osterstrasse\/wp-content\/uploads\/sites\/17\/2026\/04\/laptop_lh_16200_gelb_1-300x266.jpg 300w\" sizes=\"auto, (max-width: 600px) 100vw, 600px\" \/><\/strong><\/h2>\n<h2 data-prosemirror-content-type=\"node\" data-prosemirror-node-name=\"paragraph\" data-prosemirror-node-block=\"true\" data-pm-slice=\"1 1 []\"><\/h2>\n<h2 data-prosemirror-content-type=\"node\" data-prosemirror-node-name=\"paragraph\" data-prosemirror-node-block=\"true\" data-pm-slice=\"1 1 []\"><strong data-prosemirror-content-type=\"mark\" data-prosemirror-mark-name=\"strong\">Handelspartner: Madhya Kalikata Shilpangan (MKS) \/ Indien<\/strong><\/h2>\n<p data-prosemirror-content-type=\"node\" data-prosemirror-node-name=\"paragraph\" data-prosemirror-node-block=\"true\" data-pm-slice=\"1 1 []\">Madhya Kalikata Shilpangan (MKS) wurde 1994 in Kolkata gegr\u00fcndet. Es will kleinen Betrieben einen Zugang zu M\u00e4rkten im Fair-Handelsbereich erm\u00f6glichen, damit regelm\u00e4\u00dfige und ausreichende Einkommen erzielt werden k\u00f6nnen. Besondere Zielgruppen sind Frauen und Personen mit k\u00f6rperlichen Einschr\u00e4nkungen. MKS unterst\u00fctzt 31 Handwerkergruppen in Kolkata mit Umgebung und Varanasi mit finanziellen Vorleistungen, technischer Hilfe, Marketingberatung sowie Fortbildung und der F\u00f6rderung bei der Bildung von Handwerkergemeinschaften, in denen auch f\u00fcr au\u00dferschulische Bildungsarbeit und berufsbezogene Bildung gesorgt wird.<\/p>\n<p data-prosemirror-content-type=\"node\" data-prosemirror-node-name=\"paragraph\" data-prosemirror-node-block=\"true\">Die Schwerpunkte der Produkte sind Leder und handgewebte Textilien. MKS ist Mitglied der WFTO. Die wasserabweisende Laptoptasche wurde aus gesammelten PET Flaschen hergestellt.<\/p>\n<p>&nbsp;<\/p>\n<hr \/>\n<p>&nbsp;<\/p>\n<p>&nbsp;<\/p>\n<p>&nbsp;<\/p>\n<p>[\/vc_column_text][vc_empty_space][\/vc_column][vc_column][\/vc_column][\/vc_row]<\/p>\n<\/div>","protected":false},"excerpt":{"rendered":"<p>[vc_row][vc_column][vc_column_text] Fairclusiv: Besonderes Produkt im April Hier stellen wir Ihnen jeden Monat ein oder mehrere ausgew\u00e4hlte hochwertige Produkte aus unserem Kunsthandwerks- oder Textilbereich vor. Gerade in der aktuellen Krise ist es wichtig, den Fairen Handel vor Ort weiter zu st\u00e4rken. Denn die Folgen der Pandemie treffen Kunsthandwerker*innen im Globalen S\u00fcden besonders stark.[\/vc_column_text][vc_empty_space][vc_column_text] Laptoptasche aus recyceltem&hellip;<\/p>\n","protected":false},"author":97,"featured_media":0,"parent":217,"menu_order":42,"comment_status":"closed","ping_status":"closed","template":"","meta":{"footnotes":""},"class_list":["post-872","page","type-page","status-publish","hentry","description-off"],"_links":{"self":[{"href":"https:\/\/weltlaeden.de\/osterstrasse\/wp-json\/wp\/v2\/pages\/872","targetHints":{"allow":["GET"]}}],"collection":[{"href":"https:\/\/weltlaeden.de\/osterstrasse\/wp-json\/wp\/v2\/pages"}],"about":[{"href":"https:\/\/weltlaeden.de\/osterstrasse\/wp-json\/wp\/v2\/types\/page"}],"author":[{"embeddable":true,"href":"https:\/\/weltlaeden.de\/osterstrasse\/wp-json\/wp\/v2\/users\/97"}],"replies":[{"embeddable":true,"href":"https:\/\/weltlaeden.de\/osterstrasse\/wp-json\/wp\/v2\/comments?post=872"}],"version-history":[{"count":224,"href":"https:\/\/weltlaeden.de\/osterstrasse\/wp-json\/wp\/v2\/pages\/872\/revisions"}],"predecessor-version":[{"id":4023,"href":"https:\/\/weltlaeden.de\/osterstrasse\/wp-json\/wp\/v2\/pages\/872\/revisions\/4023"}],"up":[{"embeddable":true,"href":"https:\/\/weltlaeden.de\/osterstrasse\/wp-json\/wp\/v2\/pages\/217"}],"wp:attachment":[{"href":"https:\/\/weltlaeden.de\/osterstrasse\/wp-json\/wp\/v2\/media?parent=872"}],"curies":[{"name":"wp","href":"https:\/\/api.w.org\/{rel}","templated":true}]}}