{"id":3556,"date":"2024-10-21T11:35:40","date_gmt":"2024-10-21T09:35:40","guid":{"rendered":"https:\/\/weltlaeden.de\/osterstrasse\/?page_id=3556"},"modified":"2026-01-30T13:14:09","modified_gmt":"2026-01-30T12:14:09","slug":"service","status":"publish","type":"page","link":"https:\/\/weltlaeden.de\/osterstrasse\/produkte\/service\/","title":{"rendered":"Service"},"content":{"rendered":"<h1><span style=\"color: #000000\">Serviceprodukte\/Serviceleistungen<\/span><\/h1>\n<p>&nbsp;<\/p>\n<h2><strong>Bestellm\u00f6glichkeiten<\/strong><\/h2>\n<p>Ihre Gr\u00f6\u00dfe ist nicht dabei? Sprechen Sie uns gerne jederzeit an und wir bestellen f\u00fcr Sie Ihr Wunschprodukt.<\/p>\n<p>&nbsp;<\/p>\n<h2><\/h2>\n<h2><strong><span style=\"color: #000000\">Geschenkgutschein als pers\u00f6nliches Pr\u00e4sent<\/span><\/strong><\/h2>\n<p>Der Gutschein des Weltladen Osterstrasse kann in beliebiger H\u00f6he ausgestellt und nur bei uns eingel\u00f6st werden. Da Teileinl\u00f6sungen m\u00f6glich sind, kann die beschenkte Person den Gutschein auch f\u00fcr den kleinen Einkauf nutzen.<\/p>\n<p>Der Gutschein des Weltladen-Dachverbands kann bei uns noch bis 2027 eingel\u00f6st werden.<\/p>\n<h2><strong><span style=\"color: #000000\"><br \/>\nIndividuelle Geschenke<\/span><\/strong><\/h2>\n<p>M\u00f6chten Sie f\u00fcr Ihre Angestellten, ihre Freundschaftsgruppe oder die Familie Geschenkk\u00f6rbe oder Geschenkt\u00fcten f\u00fcllen? Wir helfen Ihnen bei der Zusammenstellung und haben geeignete K\u00f6rbe oder Geschenkt\u00fcten in verschiedenen Ausf\u00fchrungen zur Auswahl. Kommen Sie einfach vorbei und sprechen uns an!<\/p>\n<h2><strong><span style=\"color: #000000\"><br \/>\nSchenken und beschenkt werden<\/span><\/strong><\/h2>\n<p>Wollen Sie etwas schenken: Zu einem Geburtstag, f\u00fcr Kolleg*innen, zur Hochzeit oder einfach nur f\u00fcr sich selbst: Hinterlegen Sie bei uns einen Korb mit Herzensdingen, aus dem Ihre Lieben sich etwas ausw\u00e4hlen k\u00f6nnen.<\/p>\n<h2><strong><span style=\"color: #000000\"><br \/>\nRegelm\u00e4\u00dfige Bestellungen<\/span><\/strong><\/h2>\n<p>M\u00f6chten Sie regelm\u00e4\u00dfig f\u00fcr sich oder ihr Unternehmen gr\u00f6\u00dfere Mengen eines oder mehrerer Produkte bestellen, bieten wir Sonderkonditionen an. Sprechen Sie uns an.<\/p>\n","protected":false},"excerpt":{"rendered":"<p>Serviceprodukte\/Serviceleistungen &nbsp; Bestellm\u00f6glichkeiten Ihre Gr\u00f6\u00dfe ist nicht dabei? Sprechen Sie uns gerne jederzeit an und wir bestellen f\u00fcr Sie Ihr Wunschprodukt. &nbsp; Geschenkgutschein als pers\u00f6nliches Pr\u00e4sent Der Gutschein des Weltladen Osterstrasse kann in beliebiger H\u00f6he ausgestellt und nur bei uns eingel\u00f6st werden. Da Teileinl\u00f6sungen m\u00f6glich sind, kann die beschenkte Person den Gutschein auch f\u00fcr den&hellip;<\/p>\n","protected":false},"author":24,"featured_media":0,"parent":217,"menu_order":43,"comment_status":"closed","ping_status":"closed","template":"","meta":{"footnotes":""},"class_list":["post-3556","page","type-page","status-publish","hentry","description-off"],"_links":{"self":[{"href":"https:\/\/weltlaeden.de\/osterstrasse\/wp-json\/wp\/v2\/pages\/3556","targetHints":{"allow":["GET"]}}],"collection":[{"href":"https:\/\/weltlaeden.de\/osterstrasse\/wp-json\/wp\/v2\/pages"}],"about":[{"href":"https:\/\/weltlaeden.de\/osterstrasse\/wp-json\/wp\/v2\/types\/page"}],"author":[{"embeddable":true,"href":"https:\/\/weltlaeden.de\/osterstrasse\/wp-json\/wp\/v2\/users\/24"}],"replies":[{"embeddable":true,"href":"https:\/\/weltlaeden.de\/osterstrasse\/wp-json\/wp\/v2\/comments?post=3556"}],"version-history":[{"count":15,"href":"https:\/\/weltlaeden.de\/osterstrasse\/wp-json\/wp\/v2\/pages\/3556\/revisions"}],"predecessor-version":[{"id":3978,"href":"https:\/\/weltlaeden.de\/osterstrasse\/wp-json\/wp\/v2\/pages\/3556\/revisions\/3978"}],"up":[{"embeddable":true,"href":"https:\/\/weltlaeden.de\/osterstrasse\/wp-json\/wp\/v2\/pages\/217"}],"wp:attachment":[{"href":"https:\/\/weltlaeden.de\/osterstrasse\/wp-json\/wp\/v2\/media?parent=3556"}],"curies":[{"name":"wp","href":"https:\/\/api.w.org\/{rel}","templated":true}]}}