{"id":3255,"date":"2023-11-15T18:42:59","date_gmt":"2023-11-15T17:42:59","guid":{"rendered":"https:\/\/weltlaeden.de\/osterstrasse\/?page_id=3255"},"modified":"2026-01-30T13:14:09","modified_gmt":"2026-01-30T12:14:09","slug":"liebe-freundinnen-des-fairen-handels-wir-brauchen-ihre-unterstuetzung","status":"publish","type":"page","link":"https:\/\/weltlaeden.de\/osterstrasse\/liebe-freundinnen-des-fairen-handels-wir-brauchen-ihre-unterstuetzung\/","title":{"rendered":"Mitmachen!"},"content":{"rendered":"<div class=\"wpb-content-wrapper\"><p>[vc_row][vc_column][vc_column_text css=&#8220;&#8220;]<\/p>\n<h1 style=\"text-align: left\">Liebe Freund*innen des Fairen Handels.<\/h1>\n<p><img loading=\"lazy\" decoding=\"async\" class=\"alignnone wp-image-3394\" src=\"https:\/\/weltlaeden.de\/osterstrasse\/wp-content\/uploads\/sites\/17\/2024\/07\/WL_Button_01.jpg\" alt=\"\" width=\"599\" height=\"627\" \/><\/p>\n<h2><\/h2>\n<h1 id=\"team\">Wir suchen dich f\u00fcr FAIR\u00e4nderung!<\/h1>\n<h2>Mach mit und komm in unser Team!<\/h2>\n<p><strong>Wir suchen<\/strong> weitere Menschen, die Lust haben, sich ehrenamtlich f\u00fcr einen gerechteren Welthandel zu engagieren. Ob im Verkauf, bei Schaufenstergestaltung und Warenpr\u00e4sentation, Sortimentsplanung und Einkauf, \u00d6ffentlichkeits- und Bildungsarbeit oder bei politischen Kampagnen \u2013 die M\u00f6glichkeiten, in unserem Team mitzumachen, sind vielf\u00e4ltig!<\/p>\n<p>&nbsp;<\/p>\n<p><strong>Momentan suchen wir vor allem freundliche<\/strong><\/p>\n<h2><strong>Mitarbeiter*innen f\u00fcr den Verkauf<\/strong>.<\/h2>\n<p>Du bist erste Ansprechpartner*in f\u00fcr die Kund*innen, Anlaufstelle f\u00fcr Anfragen jeglicher Art und repr\u00e4sentierst unseren Weltladen nach au\u00dfen. Zu deinen Hauptaufgaben geh\u00f6ren die Beratung von Kund*innen, der Verkauf von Waren \u00fcber die Computer-Kasse und die Abrechnung. Zudem bist du f\u00fcr die allgemeine Ordnung im Weltladen sowie f\u00fcr die Warenannahme und -auff\u00fcllung zust\u00e4ndig. Wir begleiten dich dabei.<\/p>\n<p>Unser Weltladen ist von Montag bis Samstag von 10-19 bzw. 18 Uhr ge\u00f6ffnet. Die Verkaufstage sind in je drei Schichten unterteilt; nach M\u00f6glichkeit solltest du eine Schicht pro Woche (ca. 3,5 Std.) \u00fcbernehmen.<\/p>\n<p>&nbsp;<\/p>\n<p><strong>Au\u00dferdem suchen wir<\/strong><\/p>\n<h2><strong>Mitarbeiter*innen, die Aufgaben \u00fcbernehmen k\u00f6nnen, bei denen PC-Kenntnisse gefragt sind<\/strong><\/h2>\n<p>sowie<\/p>\n<h2><strong>Mitarbeiter*innen f\u00fcr die Lohnbuchhaltung<br \/>\n<\/strong><\/h2>\n<p>Mithilfe bei der Eingabe im Warenwirtschaftssystem und beim Monatsabschluss.<\/p>\n<p>&nbsp;<\/p>\n<h2><strong>Interessiert?<\/strong><\/h2>\n<p>Dann gerne im Weltladen vorbeikommen, anrufen (040-440821)<br \/>\noder mailen: <a href=\"mailto:info@weltladen-osterstrasse.de\">info@weltladen-osterstrasse.de<\/a><br \/>\nAnsprechpartnerin: Barbara Goldacker<\/p>\n<p><strong>\u00a0<\/strong><\/p>\n<p><strong>\u00a0<\/strong><\/p>\n<h2><strong>Sie gehen in Ihren wohlverdienten Ruhestand, und sind auf der Suche nach einem neuen Bet\u00e4tigungsfeld?<\/strong><\/h2>\n<p>Wir suchen offene und engagierte Menschen, die einen reichhaltigen Erfahrungsschatz aus ihren bisherigen Lebensjahren mitbringen und mit Freude den Schritt in ein neues Leben wagen wollen. F\u00fcr eine ehrenamtliche T\u00e4tigkeit m\u00fcssen Sie bei uns nur mindestens 3 \u00bd Stunden w\u00f6chentlich einplanen.<\/p>\n<p>Ansprechpartnerin: Barbara Goldacker<br \/>\nunter: <a href=\"mailto:info@weltladen-osterstrasse.de\">info@weltladen-osterstrasse.de<\/a><\/p>\n<p>&nbsp;<\/p>\n<p><strong>Wir bieten<\/strong> ein nettes Team aus Engagierten, regelm\u00e4\u00dfigen Austausch bei monatlichen Teamtreffen, Grundkurse und Fortbildungen zur Welt des Fairen Handels.<\/p>\n<p>Unser Team besteht aus etwa 40 Personen im Alter von 30 bis 80 Jahren, die alle ehrenamtlich arbeiten. Bei uns kannst du deine Kompetenzen einbringen und in neuen Bereichen dazulernen. Mit deiner Bereitschaft dich f\u00fcr den Fairen Handel einzusetzen, machst du einen Unterschied auf dem Weg zu einer gerechteren Welt!<\/p>\n<p><strong>\u00a0<\/strong><\/p>\n<p>&nbsp;<\/p>\n<h2><strong>Schulpraktikum im Weltladen<\/strong><\/h2>\n<p>Bist du Sch\u00fclerin oder Sch\u00fcler einer Hamburger Schule und suchst einen Praktikumsplatz in Hamburg? Der Weltladen Osterstra\u00dfe im Hellkamp 16 bietet die M\u00f6glichkeit f\u00fcr ein Schulpraktikum an.<br \/>\nWenn du also an entwicklungspolitischen Themen und den Prinzipien des Fairen Handels interessiert bist, dann wende dich an uns mit einer kurzen schriftlichen Bewerbung. Um N\u00e4heres zu besprechen, wirst du dann zu einem Gespr\u00e4ch eingeladen.<br \/>\nWir erwarten von Dir ein Interesse am Fairen Handel, eine gewisse Eigenst\u00e4ndigkeit beim Arbeiten und allgemein die Bereitschaft sich zu engagieren und dein Wissen zum Thema Welthandel zu erweitern. Wir sind ein Team von ehrenamtlich t\u00e4tigen Mitarbeiter*innen mit unterschiedlichen Aufgaben. Du solltest also auch die F\u00e4higkeit mitbringen, dich in ein Team einzuf\u00fcgen und offen zu sein f\u00fcr verschiedene Erfahrungen in einem Fachgesch\u00e4ft f\u00fcr Fairen Handel. Als Einzelhandelsgesch\u00e4ft speziell mit Produkten aus dem Globalen S\u00fcden haben wir im Bereich des immer schwieriger werdenden Einzelhandels nat\u00fcrlich besonders zu k\u00e4mpfen.<\/p>\n<p>Ansprechpartnerinnen: Heidburg Behling, Barbara Goldacker<br \/>\nunter: <a href=\"mailto:info@weltladen-osterstrasse.de\">info@weltladen-osterstrasse.de<\/a><\/p>\n<h3><\/h3>\n<h3><\/h3>\n<h2><strong>Wir freuen uns!<br \/>\nFAIR\u00e4nderung tut gut!<br \/>\n<\/strong><\/h2>\n<p>&nbsp;<\/p>\n<p>&nbsp;<\/p>\n<p>&nbsp;<\/p>\n<p>&nbsp;<\/p>\n<h1><\/h1>\n<p>&nbsp;<\/p>\n<\/div>","protected":false},"excerpt":{"rendered":"<p>[vc_row][vc_column][vc_column_text css=&#8220;&#8220;] Liebe Freund*innen des Fairen Handels. Wir suchen dich f\u00fcr FAIR\u00e4nderung! Mach mit und komm in unser Team! Wir suchen weitere Menschen, die Lust haben, sich ehrenamtlich f\u00fcr einen gerechteren Welthandel zu engagieren. Ob im Verkauf, bei Schaufenstergestaltung und Warenpr\u00e4sentation, Sortimentsplanung und Einkauf, \u00d6ffentlichkeits- und Bildungsarbeit oder bei politischen Kampagnen \u2013 die M\u00f6glichkeiten, in&hellip;<\/p>\n","protected":false},"author":24,"featured_media":0,"parent":0,"menu_order":46,"comment_status":"closed","ping_status":"closed","template":"","meta":{"footnotes":""},"class_list":["post-3255","page","type-page","status-publish","hentry","description-off"],"_links":{"self":[{"href":"https:\/\/weltlaeden.de\/osterstrasse\/wp-json\/wp\/v2\/pages\/3255","targetHints":{"allow":["GET"]}}],"collection":[{"href":"https:\/\/weltlaeden.de\/osterstrasse\/wp-json\/wp\/v2\/pages"}],"about":[{"href":"https:\/\/weltlaeden.de\/osterstrasse\/wp-json\/wp\/v2\/types\/page"}],"author":[{"embeddable":true,"href":"https:\/\/weltlaeden.de\/osterstrasse\/wp-json\/wp\/v2\/users\/24"}],"replies":[{"embeddable":true,"href":"https:\/\/weltlaeden.de\/osterstrasse\/wp-json\/wp\/v2\/comments?post=3255"}],"version-history":[{"count":57,"href":"https:\/\/weltlaeden.de\/osterstrasse\/wp-json\/wp\/v2\/pages\/3255\/revisions"}],"predecessor-version":[{"id":3973,"href":"https:\/\/weltlaeden.de\/osterstrasse\/wp-json\/wp\/v2\/pages\/3255\/revisions\/3973"}],"wp:attachment":[{"href":"https:\/\/weltlaeden.de\/osterstrasse\/wp-json\/wp\/v2\/media?parent=3255"}],"curies":[{"name":"wp","href":"https:\/\/api.w.org\/{rel}","templated":true}]}}

<div class="wpb-content-wrapper"><p>[vc_row][vc_column][vc_column_text css=&#8220;&#8220;]</p>
<h1 style="text-align: left">Liebe Freund*innen des Fairen Handels.</h1>
<p><img loading="lazy" decoding="async" class="alignnone wp-image-3394" src="https://weltlaeden.de/osterstrasse/wp-content/uploads/sites/17/2024/07/WL_Button_01.jpg" alt="" width="599" height="627" /></p>
<h2></h2>
<h1 id="team">Wir suchen dich für FAIRänderung!</h1>
<h2>Mach mit und komm in unser Team!</h2>
<p><strong>Wir suchen</strong> weitere Menschen, die Lust haben, sich ehrenamtlich für einen gerechteren Welthandel zu engagieren. Ob im Verkauf, bei Schaufenstergestaltung und Warenpräsentation, Sortimentsplanung und Einkauf, Öffentlichkeits- und Bildungsarbeit oder bei politischen Kampagnen – die Möglichkeiten, in unserem Team mitzumachen, sind vielfältig!</p>
<p>&nbsp;</p>
<p><strong>Momentan suchen wir vor allem freundliche</strong></p>
<h2><strong>Mitarbeiter*innen für den Verkauf</strong>.</h2>
<p>Du bist erste Ansprechpartner*in für die Kund*innen, Anlaufstelle für Anfragen jeglicher Art und repräsentierst unseren Weltladen nach außen. Zu deinen Hauptaufgaben gehören die Beratung von Kund*innen, der Verkauf von Waren über die Computer-Kasse und die Abrechnung. Zudem bist du für die allgemeine Ordnung im Weltladen sowie für die Warenannahme und -auffüllung zuständig. Wir begleiten dich dabei.</p>
<p>Unser Weltladen ist von Montag bis Samstag von 10-19 bzw. 18 Uhr geöffnet. Die Verkaufstage sind in je drei Schichten unterteilt; nach Möglichkeit solltest du eine Schicht pro Woche (ca. 3,5 Std.) übernehmen.</p>
<p>&nbsp;</p>
<p><strong>Außerdem suchen wir</strong></p>
<h2><strong>Mitarbeiter*innen, die Aufgaben übernehmen können, bei denen PC-Kenntnisse gefragt sind</strong></h2>
<p>sowie</p>
<h2><strong>Mitarbeiter*innen für die Lohnbuchhaltung<br />
</strong></h2>
<p>Mithilfe bei der Eingabe im Warenwirtschaftssystem und beim Monatsabschluss.</p>
<p>&nbsp;</p>
<h2><strong>Interessiert?</strong></h2>
<p>Dann gerne im Weltladen vorbeikommen, anrufen (040-440821)<br />
oder mailen: <a href="mailto:info@weltladen-osterstrasse.de">info@weltladen-osterstrasse.de</a><br />
Ansprechpartnerin: Barbara Goldacker</p>
<p><strong> </strong></p>
<p><strong> </strong></p>
<h2><strong>Sie gehen in Ihren wohlverdienten Ruhestand, und sind auf der Suche nach einem neuen Betätigungsfeld?</strong></h2>
<p>Wir suchen offene und engagierte Menschen, die einen reichhaltigen Erfahrungsschatz aus ihren bisherigen Lebensjahren mitbringen und mit Freude den Schritt in ein neues Leben wagen wollen. Für eine ehrenamtliche Tätigkeit müssen Sie bei uns nur mindestens 3 ½ Stunden wöchentlich einplanen.</p>
<p>Ansprechpartnerin: Barbara Goldacker<br />
unter: <a href="mailto:info@weltladen-osterstrasse.de">info@weltladen-osterstrasse.de</a></p>
<p>&nbsp;</p>
<p><strong>Wir bieten</strong> ein nettes Team aus Engagierten, regelmäßigen Austausch bei monatlichen Teamtreffen, Grundkurse und Fortbildungen zur Welt des Fairen Handels.</p>
<p>Unser Team besteht aus etwa 40 Personen im Alter von 30 bis 80 Jahren, die alle ehrenamtlich arbeiten. Bei uns kannst du deine Kompetenzen einbringen und in neuen Bereichen dazulernen. Mit deiner Bereitschaft dich für den Fairen Handel einzusetzen, machst du einen Unterschied auf dem Weg zu einer gerechteren Welt!</p>
<p><strong> </strong></p>
<p>&nbsp;</p>
<h2><strong>Schulpraktikum im Weltladen</strong></h2>
<p>Bist du Schülerin oder Schüler einer Hamburger Schule und suchst einen Praktikumsplatz in Hamburg? Der Weltladen Osterstraße im Hellkamp 16 bietet die Möglichkeit für ein Schulpraktikum an.<br />
Wenn du also an entwicklungspolitischen Themen und den Prinzipien des Fairen Handels interessiert bist, dann wende dich an uns mit einer kurzen schriftlichen Bewerbung. Um Näheres zu besprechen, wirst du dann zu einem Gespräch eingeladen.<br />
Wir erwarten von Dir ein Interesse am Fairen Handel, eine gewisse Eigenständigkeit beim Arbeiten und allgemein die Bereitschaft sich zu engagieren und dein Wissen zum Thema Welthandel zu erweitern. Wir sind ein Team von ehrenamtlich tätigen Mitarbeiter*innen mit unterschiedlichen Aufgaben. Du solltest also auch die Fähigkeit mitbringen, dich in ein Team einzufügen und offen zu sein für verschiedene Erfahrungen in einem Fachgeschäft für Fairen Handel. Als Einzelhandelsgeschäft speziell mit Produkten aus dem Globalen Süden haben wir im Bereich des immer schwieriger werdenden Einzelhandels natürlich besonders zu kämpfen.</p>
<p>Ansprechpartnerinnen: Heidburg Behling, Barbara Goldacker<br />
unter: <a href="mailto:info@weltladen-osterstrasse.de">info@weltladen-osterstrasse.de</a></p>
<h3></h3>
<h3></h3>
<h2><strong>Wir freuen uns!<br />
FAIRänderung tut gut!<br />
</strong></h2>
<p>&nbsp;</p>
<p>&nbsp;</p>
<p>&nbsp;</p>
<p>&nbsp;</p>
<h1></h1>
<p>&nbsp;</p>
</div>

<p>[vc_row][vc_column][vc_column_text css=&#8220;&#8220;] Liebe Freund*innen des Fairen Handels. Wir suchen dich für FAIRänderung! Mach mit und komm in unser Team! Wir suchen weitere Menschen, die Lust haben, sich ehrenamtlich für einen gerechteren Welthandel zu engagieren. Ob im Verkauf, bei Schaufenstergestaltung und Warenpräsentation, Sortimentsplanung und Einkauf, Öffentlichkeits- und Bildungsarbeit oder bei politischen Kampagnen – die Möglichkeiten, in&hellip;</p>
