{"id":2214,"date":"2021-04-30T15:49:47","date_gmt":"2021-04-30T13:49:01","guid":{"rendered":"https:\/\/weltlaeden.de\/osterstrasse\/produkte\/produkte-des-monats-2\/"},"modified":"2026-03-01T12:27:11","modified_gmt":"2026-03-01T11:27:11","slug":"preda","status":"publish","type":"page","link":"https:\/\/weltlaeden.de\/osterstrasse\/produkte\/lebensmittel\/preda\/","title":{"rendered":"Mango-Produkte von PREDA von den Philippinen"},"content":{"rendered":"<div class=\"wpb-content-wrapper\"><p>[vc_row][vc_column]<div class=\"wl_einzelbild\"><p><img loading=\"lazy\" decoding=\"async\" class=\"alignleft wp-image-2243 size-full\" src=\"https:\/\/weltlaeden.de\/osterstrasse\/wp-content\/uploads\/sites\/17\/2021\/05\/FH_Kinderrechte_Preda_Beitragsbild2.jpg\" alt=\"\" width=\"1134\" height=\"567\" srcset=\"https:\/\/weltlaeden.de\/osterstrasse\/wp-content\/uploads\/sites\/17\/2021\/05\/FH_Kinderrechte_Preda_Beitragsbild2.jpg 1134w, https:\/\/weltlaeden.de\/osterstrasse\/wp-content\/uploads\/sites\/17\/2021\/05\/FH_Kinderrechte_Preda_Beitragsbild2-300x150.jpg 300w, https:\/\/weltlaeden.de\/osterstrasse\/wp-content\/uploads\/sites\/17\/2021\/05\/FH_Kinderrechte_Preda_Beitragsbild2-768x384.jpg 768w, https:\/\/weltlaeden.de\/osterstrasse\/wp-content\/uploads\/sites\/17\/2021\/05\/FH_Kinderrechte_Preda_Beitragsbild2-1024x512.jpg 1024w\" sizes=\"auto, (max-width: 1134px) 100vw, 1134px\" \/><\/p><\/div>[vc_empty_space][vc_column_text]<\/p>\n<h1>Mango-Produkte von den Philippinen<strong><br \/>\n<\/strong><\/h1>\n<p>Die Kinderschutzorganisation PREDA wurde 1974 von Menschenrechtspreistr\u00e4ger Pater Shay Cullen auf den Philippinen gegr\u00fcndet. Bis heute ist die Stiftung Anlaufstelle und Therapiezentrum f\u00fcr sexuell missbrauchte sowie ehemals inhaftierte Kinder. Diese Arbeit unterst\u00fctzen wir durch den Verkauf der WeltPartner-Mango-Produkte. Das Mango-Projekt von PREDA und WeltPartner bietet \u00fcber 500 Kleinb\u00e4uer*innen und deren Familien auf den Philippinen eine Perspektive. Dadurch wird Landflucht verhindert und ein Armutskreislauf durchbrochen. 10% des Verkaufspreises der Mango-Produkte verbleiben bei PREDA. Damit werden der Ausbau der Therapie-Arbeit gef\u00f6rdert und Kinderrechte vor Ort gest\u00e4rkt.<\/p>\n<p>Die philippinische Carabao-Mango z\u00e4hlt unter den weltweit etwa 300 Mangoarten zu den schmackhaftesten Sorten. Mango-Schnitze eignen sich wunderbar f\u00fcr Fr\u00fcchte-Gazpacho, Mangoparfait oder Kuchen &#8211; die M\u00f6glichkeiten sind unbegrenzt.[\/vc_column_text][\/vc_column][\/vc_row][vc_row][vc_column width=&#8220;1\/2&#8243;]<div class=\"wl_einzelbild\"><p><img loading=\"lazy\" decoding=\"async\" class=\"alignleft wp-image-2244 size-full\" src=\"https:\/\/weltlaeden.de\/osterstrasse\/wp-content\/uploads\/sites\/17\/2021\/05\/WL_Sprechblase_06_21.jpg\" alt=\"\" width=\"886\" height=\"886\" srcset=\"https:\/\/weltlaeden.de\/osterstrasse\/wp-content\/uploads\/sites\/17\/2021\/05\/WL_Sprechblase_06_21.jpg 886w, https:\/\/weltlaeden.de\/osterstrasse\/wp-content\/uploads\/sites\/17\/2021\/05\/WL_Sprechblase_06_21-150x150.jpg 150w, https:\/\/weltlaeden.de\/osterstrasse\/wp-content\/uploads\/sites\/17\/2021\/05\/WL_Sprechblase_06_21-300x300.jpg 300w, https:\/\/weltlaeden.de\/osterstrasse\/wp-content\/uploads\/sites\/17\/2021\/05\/WL_Sprechblase_06_21-768x768.jpg 768w\" sizes=\"auto, (max-width: 886px) 100vw, 886px\" \/><\/p><\/div>[vc_empty_space][\/vc_column][vc_column width=&#8220;1\/2&#8243;]<div class=\"wl_einzelbild\"><p><\/p><\/div>\n<div id=\"attachment_2245\" style=\"width: 860px\" class=\"wp-caption alignleft\"><img loading=\"lazy\" decoding=\"async\" aria-describedby=\"caption-attachment-2245\" class=\"wp-image-2245 size-full\" src=\"https:\/\/weltlaeden.de\/osterstrasse\/wp-content\/uploads\/sites\/17\/2021\/05\/Susan-Cohig-bei-der-Mangoernte-cWeltPartner-eG-www.weltpartner.de_.jpg\" alt=\"\" width=\"850\" height=\"850\" srcset=\"https:\/\/weltlaeden.de\/osterstrasse\/wp-content\/uploads\/sites\/17\/2021\/05\/Susan-Cohig-bei-der-Mangoernte-cWeltPartner-eG-www.weltpartner.de_.jpg 850w, https:\/\/weltlaeden.de\/osterstrasse\/wp-content\/uploads\/sites\/17\/2021\/05\/Susan-Cohig-bei-der-Mangoernte-cWeltPartner-eG-www.weltpartner.de_-150x150.jpg 150w, https:\/\/weltlaeden.de\/osterstrasse\/wp-content\/uploads\/sites\/17\/2021\/05\/Susan-Cohig-bei-der-Mangoernte-cWeltPartner-eG-www.weltpartner.de_-300x300.jpg 300w, https:\/\/weltlaeden.de\/osterstrasse\/wp-content\/uploads\/sites\/17\/2021\/05\/Susan-Cohig-bei-der-Mangoernte-cWeltPartner-eG-www.weltpartner.de_-768x768.jpg 768w\" sizes=\"auto, (max-width: 850px) 100vw, 850px\" \/><p id=\"caption-attachment-2245\" class=\"wp-caption-text\">Susan Cohig bei der Mangoernte (Foto: WeltPartner eG &#8211; www.weltpartner.de)<\/p><\/div>\n<p>&nbsp;<\/p>\n<p>&nbsp;<\/p>\n<p>&nbsp;<\/p>\n<p>&nbsp;<\/p>\n<p>&nbsp;<\/p>\n<p>&nbsp;<\/p>\n<p>&nbsp;<\/p>\n<p>&nbsp;<\/p>\n<p>&nbsp;<\/p>\n<p>&nbsp;<\/p>\n<p>&nbsp;<\/p>\n<p>&nbsp;<\/p>\n<p>&nbsp;<\/p>\n<p>&nbsp;<\/p>\n<p>&nbsp;<\/p>\n<p>&nbsp;<\/p>\n<p>&nbsp;<\/p>\n<p>&nbsp;<\/p>\n<p>&nbsp;<\/p>\n<p>&nbsp;<\/p>\n<p>&nbsp;<\/p>\n<p>&nbsp;<\/p>\n<p>&nbsp;<\/p>\n<p>&nbsp;<\/p>\n<p>&nbsp;<\/p>\n<p>&nbsp;<\/p>\n<p><img loading=\"lazy\" decoding=\"async\" class=\"alignnone size-full wp-image-3999\" src=\"https:\/\/weltlaeden.de\/osterstrasse\/wp-content\/uploads\/sites\/17\/2026\/03\/20260129_115731.png\" alt=\"\" width=\"454\" height=\"435\" srcset=\"https:\/\/weltlaeden.de\/osterstrasse\/wp-content\/uploads\/sites\/17\/2026\/03\/20260129_115731.png 454w, https:\/\/weltlaeden.de\/osterstrasse\/wp-content\/uploads\/sites\/17\/2026\/03\/20260129_115731-300x287.png 300w\" sizes=\"auto, (max-width: 454px) 100vw, 454px\" \/><img loading=\"lazy\" decoding=\"async\" class=\"wp-image-1624 alignleft\" src=\"https:\/\/weltlaeden.de\/osterstrasse\/wp-content\/uploads\/sites\/17\/2020\/12\/ph8-14-130.jpg\" alt=\"\" width=\"763\" height=\"763\" srcset=\"https:\/\/weltlaeden.de\/osterstrasse\/wp-content\/uploads\/sites\/17\/2020\/12\/ph8-14-130.jpg 1000w, https:\/\/weltlaeden.de\/osterstrasse\/wp-content\/uploads\/sites\/17\/2020\/12\/ph8-14-130-150x150.jpg 150w, https:\/\/weltlaeden.de\/osterstrasse\/wp-content\/uploads\/sites\/17\/2020\/12\/ph8-14-130-300x300.jpg 300w, https:\/\/weltlaeden.de\/osterstrasse\/wp-content\/uploads\/sites\/17\/2020\/12\/ph8-14-130-768x768.jpg 768w\" sizes=\"auto, (max-width: 763px) 100vw, 763px\" \/><\/p>\n<\/div>","protected":false},"excerpt":{"rendered":"<p>[vc_row][vc_column][vc_empty_space][vc_column_text] Mango-Produkte von den Philippinen Die Kinderschutzorganisation PREDA wurde 1974 von Menschenrechtspreistr\u00e4ger Pater Shay Cullen auf den Philippinen gegr\u00fcndet. Bis heute ist die Stiftung Anlaufstelle und Therapiezentrum f\u00fcr sexuell missbrauchte sowie ehemals inhaftierte Kinder. Diese Arbeit unterst\u00fctzen wir durch den Verkauf der WeltPartner-Mango-Produkte. Das Mango-Projekt von PREDA und WeltPartner bietet \u00fcber 500 Kleinb\u00e4uer*innen und deren&hellip;<\/p>\n","protected":false},"author":24,"featured_media":1456,"parent":1251,"menu_order":5,"comment_status":"closed","ping_status":"closed","template":"","meta":{"footnotes":""},"class_list":["post-2214","page","type-page","status-publish","has-post-thumbnail","hentry","description-off"],"_links":{"self":[{"href":"https:\/\/weltlaeden.de\/osterstrasse\/wp-json\/wp\/v2\/pages\/2214","targetHints":{"allow":["GET"]}}],"collection":[{"href":"https:\/\/weltlaeden.de\/osterstrasse\/wp-json\/wp\/v2\/pages"}],"about":[{"href":"https:\/\/weltlaeden.de\/osterstrasse\/wp-json\/wp\/v2\/types\/page"}],"author":[{"embeddable":true,"href":"https:\/\/weltlaeden.de\/osterstrasse\/wp-json\/wp\/v2\/users\/24"}],"replies":[{"embeddable":true,"href":"https:\/\/weltlaeden.de\/osterstrasse\/wp-json\/wp\/v2\/comments?post=2214"}],"version-history":[{"count":25,"href":"https:\/\/weltlaeden.de\/osterstrasse\/wp-json\/wp\/v2\/pages\/2214\/revisions"}],"predecessor-version":[{"id":4013,"href":"https:\/\/weltlaeden.de\/osterstrasse\/wp-json\/wp\/v2\/pages\/2214\/revisions\/4013"}],"up":[{"embeddable":true,"href":"https:\/\/weltlaeden.de\/osterstrasse\/wp-json\/wp\/v2\/pages\/1251"}],"wp:featuredmedia":[{"embeddable":true,"href":"https:\/\/weltlaeden.de\/osterstrasse\/wp-json\/wp\/v2\/media\/1456"}],"wp:attachment":[{"href":"https:\/\/weltlaeden.de\/osterstrasse\/wp-json\/wp\/v2\/media?parent=2214"}],"curies":[{"name":"wp","href":"https:\/\/api.w.org\/{rel}","templated":true}]}}